{"id":21373,"date":"2015-03-19T01:00:00","date_gmt":"2015-03-19T00:00:00","guid":{"rendered":"https:\/\/dreyersforlag.forenteforlag.no\/produkt\/via-francigena\/"},"modified":"2025-08-27T07:49:36","modified_gmt":"2025-08-27T05:49:36","slug":"via-francigena","status":"publish","type":"product","link":"https:\/\/staging.forenteforlag.no\/dreyers\/produkt\/via-francigena\/","title":{"rendered":"Via Francigena"},"content":{"rendered":"<p>Rundt \u00e5r 1150 begav islendingen Nikolaus Bergs\u00f8nn seg ut p\u00e5 en farefull ferd fra Island til Det Hellige Land. Han fikk nedskrevet sine beretninger fra den lange reiseruten og etterlot seg dermed en av middelalderens mest ber\u00f8mte veivisere for pilegrimer og andre reisende. <\/p>\n<p>I dag kan vi i Italia f\u00f8lge Nikolaus vandringsrute fra St. Bernhard-passet til Roma. Den nylig gjenopprettete pilegrimsruten Via Francigena bygger for en stor del p\u00e5 den islandske pilegrimens detaljerte notater. I 1994 utnevnte Europar\u00e5det den til en av de europeiske kulturrutene, og den italienske regjeringen bevilget midler til \u00e5 restaurere og merke ruten. <\/p>\n<p>Veien f\u00f8rer gjennom varierte kulturlandskap i Piemonte og Toscana, over h\u00f8ye fjell og \u00f8de skoger, og gjennom vakre byer som Aosta, Vercelli, Pavia, Piacenza, Pietrasanta, Lucca, San Gimignano, Siena, San Quirico, Bolsena, Viterbo, Sutri og til slutt Roma. Overalt finner vi kulturminner og kunst i kirker, klostre og borger. Takket v\u00e6re regionale og lokale entusiaster g\u00e5r man trygt p\u00e5 den godt merkete Via Francigena. Ruten speiler ogs\u00e5 dagens italienske skaperevne med utstillinger, festivaler og lokal gastronomi. <\/p>\n<p>Lise Foss bok er en kombinasjon av en kulturhistorisk reiseskildring og guidebok, der hun underveis trekker paralleller til abbed Nikolaus og middelalderens pilegrimsreise. <\/p>\n","protected":false},"excerpt":{"rendered":"<p>Rundt \u00e5r 1150 begav islendingen Nikolaus Bergs\u00f8nn seg ut p\u00e5 en farefull ferd fra Island til Det Hellige Land. Han fikk nedskrevet sine beretninger fra den lange reiseruten og etterlot seg dermed en av middelalderens mest ber\u00f8mte veivisere for pilegrimer og andre reisende. I dag kan vi i Italia f\u00f8lge Nikolaus vandringsrute fra St. Bernhard-passet [&hellip;]<\/p>\n","protected":false},"featured_media":24015,"template":"","meta":{"_acf_changed":false,"inline_featured_image":false},"product_brand":[],"product_cat":[1785,30],"product_tag":[362,838,882,650,1024],"class_list":{"0":"post-21373","1":"product","2":"type-product","3":"status-publish","4":"has-post-thumbnail","6":"product_cat-fripris","7":"product_cat-reise-og-geografi","8":"product_tag-faglitteratur","9":"product_tag-fotturer","10":"product_tag-geografi-og-reiser","11":"product_tag-italia","12":"product_tag-pilegrimsreiser","13":"pa_format-mykperm","15":"first","16":"instock","17":"shipping-taxable","18":"purchasable","19":"product-type-simple"},"acf":{"anmeldelse":null},"yoast_head":"<!-- This site is optimized with the Yoast SEO plugin v26.6 - https:\/\/yoast.com\/wordpress\/plugins\/seo\/ -->\n<title>Via Francigena - Dreyers Forlag<\/title>\n<meta name=\"robots\" content=\"noindex, follow, max-snippet:-1, max-image-preview:large, max-video-preview:-1\" \/>\n<meta property=\"og:locale\" content=\"nb_NO\" \/>\n<meta property=\"og:type\" content=\"article\" \/>\n<meta property=\"og:title\" content=\"Via Francigena - Dreyers Forlag\" \/>\n<meta property=\"og:description\" content=\"Rundt \u00e5r 1150 begav islendingen Nikolaus Bergs\u00f8nn seg ut p\u00e5 en farefull ferd fra Island til Det Hellige Land. Han fikk nedskrevet sine beretninger fra den lange reiseruten og etterlot seg dermed en av middelalderens mest ber\u00f8mte veivisere for pilegrimer og andre reisende. I dag kan vi i Italia f\u00f8lge Nikolaus vandringsrute fra St. Bernhard-passet [&hellip;]\" \/>\n<meta property=\"og:url\" content=\"https:\/\/staging.forenteforlag.no\/dreyers\/produkt\/via-francigena\/\" \/>\n<meta property=\"og:site_name\" content=\"Dreyers Forlag\" \/>\n<meta property=\"article:modified_time\" content=\"2025-08-27T05:49:36+00:00\" \/>\n<meta property=\"og:image\" content=\"https:\/\/staging.forenteforlag.no\/dreyers\/wp-content\/uploads\/sites\/2\/2025\/08\/jpg-5463.jpg\" \/>\n\t<meta property=\"og:image:width\" content=\"525\" \/>\n\t<meta property=\"og:image:height\" content=\"815\" \/>\n\t<meta property=\"og:image:type\" content=\"image\/jpeg\" \/>\n<meta name=\"twitter:card\" content=\"summary_large_image\" \/>\n<meta name=\"twitter:label1\" content=\"Ansl. lesetid\" \/>\n\t<meta name=\"twitter:data1\" content=\"1 minutt\" \/>\n<script type=\"application\/ld+json\" class=\"yoast-schema-graph\">{\"@context\":\"https:\/\/schema.org\",\"@graph\":[{\"@type\":\"WebPage\",\"@id\":\"https:\/\/staging.forenteforlag.no\/dreyers\/produkt\/via-francigena\/\",\"url\":\"https:\/\/staging.forenteforlag.no\/dreyers\/produkt\/via-francigena\/\",\"name\":\"Via Francigena - Dreyers Forlag\",\"isPartOf\":{\"@id\":\"https:\/\/staging.forenteforlag.no\/dreyers\/#website\"},\"primaryImageOfPage\":{\"@id\":\"https:\/\/staging.forenteforlag.no\/dreyers\/produkt\/via-francigena\/#primaryimage\"},\"image\":{\"@id\":\"https:\/\/staging.forenteforlag.no\/dreyers\/produkt\/via-francigena\/#primaryimage\"},\"thumbnailUrl\":\"https:\/\/staging.forenteforlag.no\/dreyers\/wp-content\/uploads\/sites\/2\/2025\/08\/jpg-5463.jpg\",\"datePublished\":\"2015-03-19T00:00:00+00:00\",\"dateModified\":\"2025-08-27T05:49:36+00:00\",\"breadcrumb\":{\"@id\":\"https:\/\/staging.forenteforlag.no\/dreyers\/produkt\/via-francigena\/#breadcrumb\"},\"inLanguage\":\"nb-NO\",\"potentialAction\":[{\"@type\":\"ReadAction\",\"target\":[\"https:\/\/staging.forenteforlag.no\/dreyers\/produkt\/via-francigena\/\"]}]},{\"@type\":\"ImageObject\",\"inLanguage\":\"nb-NO\",\"@id\":\"https:\/\/staging.forenteforlag.no\/dreyers\/produkt\/via-francigena\/#primaryimage\",\"url\":\"https:\/\/staging.forenteforlag.no\/dreyers\/wp-content\/uploads\/sites\/2\/2025\/08\/jpg-5463.jpg\",\"contentUrl\":\"https:\/\/staging.forenteforlag.no\/dreyers\/wp-content\/uploads\/sites\/2\/2025\/08\/jpg-5463.jpg\",\"width\":525,\"height\":815},{\"@type\":\"BreadcrumbList\",\"@id\":\"https:\/\/staging.forenteforlag.no\/dreyers\/produkt\/via-francigena\/#breadcrumb\",\"itemListElement\":[{\"@type\":\"ListItem\",\"position\":1,\"name\":\"Hjem\",\"item\":\"https:\/\/staging.forenteforlag.no\/dreyers\/\"},{\"@type\":\"ListItem\",\"position\":2,\"name\":\"Alle b\u00f8ker\",\"item\":\"https:\/\/staging.forenteforlag.no\/dreyers\/butikk\/\"},{\"@type\":\"ListItem\",\"position\":3,\"name\":\"Via Francigena\"}]},{\"@type\":\"WebSite\",\"@id\":\"https:\/\/staging.forenteforlag.no\/dreyers\/#website\",\"url\":\"https:\/\/staging.forenteforlag.no\/dreyers\/\",\"name\":\"Dreyers Forlag\",\"description\":\"\",\"potentialAction\":[{\"@type\":\"SearchAction\",\"target\":{\"@type\":\"EntryPoint\",\"urlTemplate\":\"https:\/\/staging.forenteforlag.no\/dreyers\/?s={search_term_string}\"},\"query-input\":{\"@type\":\"PropertyValueSpecification\",\"valueRequired\":true,\"valueName\":\"search_term_string\"}}],\"inLanguage\":\"nb-NO\"}]}<\/script>\n<!-- \/ Yoast SEO plugin. -->","yoast_head_json":{"title":"Via Francigena - Dreyers Forlag","robots":{"index":"noindex","follow":"follow","max-snippet":"max-snippet:-1","max-image-preview":"max-image-preview:large","max-video-preview":"max-video-preview:-1"},"og_locale":"nb_NO","og_type":"article","og_title":"Via Francigena - Dreyers Forlag","og_description":"Rundt \u00e5r 1150 begav islendingen Nikolaus Bergs\u00f8nn seg ut p\u00e5 en farefull ferd fra Island til Det Hellige Land. Han fikk nedskrevet sine beretninger fra den lange reiseruten og etterlot seg dermed en av middelalderens mest ber\u00f8mte veivisere for pilegrimer og andre reisende. I dag kan vi i Italia f\u00f8lge Nikolaus vandringsrute fra St. Bernhard-passet [&hellip;]","og_url":"https:\/\/staging.forenteforlag.no\/dreyers\/produkt\/via-francigena\/","og_site_name":"Dreyers Forlag","article_modified_time":"2025-08-27T05:49:36+00:00","og_image":[{"width":525,"height":815,"url":"https:\/\/staging.forenteforlag.no\/dreyers\/wp-content\/uploads\/sites\/2\/2025\/08\/jpg-5463.jpg","type":"image\/jpeg"}],"twitter_card":"summary_large_image","twitter_misc":{"Ansl. lesetid":"1 minutt"},"schema":{"@context":"https:\/\/schema.org","@graph":[{"@type":"WebPage","@id":"https:\/\/staging.forenteforlag.no\/dreyers\/produkt\/via-francigena\/","url":"https:\/\/staging.forenteforlag.no\/dreyers\/produkt\/via-francigena\/","name":"Via Francigena - Dreyers Forlag","isPartOf":{"@id":"https:\/\/staging.forenteforlag.no\/dreyers\/#website"},"primaryImageOfPage":{"@id":"https:\/\/staging.forenteforlag.no\/dreyers\/produkt\/via-francigena\/#primaryimage"},"image":{"@id":"https:\/\/staging.forenteforlag.no\/dreyers\/produkt\/via-francigena\/#primaryimage"},"thumbnailUrl":"https:\/\/staging.forenteforlag.no\/dreyers\/wp-content\/uploads\/sites\/2\/2025\/08\/jpg-5463.jpg","datePublished":"2015-03-19T00:00:00+00:00","dateModified":"2025-08-27T05:49:36+00:00","breadcrumb":{"@id":"https:\/\/staging.forenteforlag.no\/dreyers\/produkt\/via-francigena\/#breadcrumb"},"inLanguage":"nb-NO","potentialAction":[{"@type":"ReadAction","target":["https:\/\/staging.forenteforlag.no\/dreyers\/produkt\/via-francigena\/"]}]},{"@type":"ImageObject","inLanguage":"nb-NO","@id":"https:\/\/staging.forenteforlag.no\/dreyers\/produkt\/via-francigena\/#primaryimage","url":"https:\/\/staging.forenteforlag.no\/dreyers\/wp-content\/uploads\/sites\/2\/2025\/08\/jpg-5463.jpg","contentUrl":"https:\/\/staging.forenteforlag.no\/dreyers\/wp-content\/uploads\/sites\/2\/2025\/08\/jpg-5463.jpg","width":525,"height":815},{"@type":"BreadcrumbList","@id":"https:\/\/staging.forenteforlag.no\/dreyers\/produkt\/via-francigena\/#breadcrumb","itemListElement":[{"@type":"ListItem","position":1,"name":"Hjem","item":"https:\/\/staging.forenteforlag.no\/dreyers\/"},{"@type":"ListItem","position":2,"name":"Alle b\u00f8ker","item":"https:\/\/staging.forenteforlag.no\/dreyers\/butikk\/"},{"@type":"ListItem","position":3,"name":"Via Francigena"}]},{"@type":"WebSite","@id":"https:\/\/staging.forenteforlag.no\/dreyers\/#website","url":"https:\/\/staging.forenteforlag.no\/dreyers\/","name":"Dreyers Forlag","description":"","potentialAction":[{"@type":"SearchAction","target":{"@type":"EntryPoint","urlTemplate":"https:\/\/staging.forenteforlag.no\/dreyers\/?s={search_term_string}"},"query-input":{"@type":"PropertyValueSpecification","valueRequired":true,"valueName":"search_term_string"}}],"inLanguage":"nb-NO"}]}},"_links":{"self":[{"href":"https:\/\/staging.forenteforlag.no\/dreyers\/wp-json\/wp\/v2\/product\/21373","targetHints":{"allow":["GET"]}}],"collection":[{"href":"https:\/\/staging.forenteforlag.no\/dreyers\/wp-json\/wp\/v2\/product"}],"about":[{"href":"https:\/\/staging.forenteforlag.no\/dreyers\/wp-json\/wp\/v2\/types\/product"}],"wp:featuredmedia":[{"embeddable":true,"href":"https:\/\/staging.forenteforlag.no\/dreyers\/wp-json\/wp\/v2\/media\/24015"}],"wp:attachment":[{"href":"https:\/\/staging.forenteforlag.no\/dreyers\/wp-json\/wp\/v2\/media?parent=21373"}],"wp:term":[{"taxonomy":"product_brand","embeddable":true,"href":"https:\/\/staging.forenteforlag.no\/dreyers\/wp-json\/wp\/v2\/product_brand?post=21373"},{"taxonomy":"product_cat","embeddable":true,"href":"https:\/\/staging.forenteforlag.no\/dreyers\/wp-json\/wp\/v2\/product_cat?post=21373"},{"taxonomy":"product_tag","embeddable":true,"href":"https:\/\/staging.forenteforlag.no\/dreyers\/wp-json\/wp\/v2\/product_tag?post=21373"}],"curies":[{"name":"wp","href":"https:\/\/api.w.org\/{rel}","templated":true}]}}

<p>Rundt år 1150 begav islendingen Nikolaus Bergsønn seg ut på en farefull ferd fra Island til Det Hellige Land. Han fikk nedskrevet sine beretninger fra den lange reiseruten og etterlot seg dermed en av middelalderens mest berømte veivisere for pilegrimer og andre reisende. </p>
<p>I dag kan vi i Italia følge Nikolaus vandringsrute fra St. Bernhard-passet til Roma. Den nylig gjenopprettete pilegrimsruten Via Francigena bygger for en stor del på den islandske pilegrimens detaljerte notater. I 1994 utnevnte Europarådet den til en av de europeiske kulturrutene, og den italienske regjeringen bevilget midler til å restaurere og merke ruten. </p>
<p>Veien fører gjennom varierte kulturlandskap i Piemonte og Toscana, over høye fjell og øde skoger, og gjennom vakre byer som Aosta, Vercelli, Pavia, Piacenza, Pietrasanta, Lucca, San Gimignano, Siena, San Quirico, Bolsena, Viterbo, Sutri og til slutt Roma. Overalt finner vi kulturminner og kunst i kirker, klostre og borger. Takket være regionale og lokale entusiaster går man trygt på den godt merkete Via Francigena. Ruten speiler også dagens italienske skaperevne med utstillinger, festivaler og lokal gastronomi. </p>
<p>Lise Foss bok er en kombinasjon av en kulturhistorisk reiseskildring og guidebok, der hun underveis trekker paralleller til abbed Nikolaus og middelalderens pilegrimsreise. </p>

<p>Rundt år 1150 begav islendingen Nikolaus Bergsønn seg ut på en farefull ferd fra Island til Det Hellige Land. Han fikk nedskrevet sine beretninger fra den lange reiseruten og etterlot seg dermed en av middelalderens mest berømte veivisere for pilegrimer og andre reisende. I dag kan vi i Italia følge Nikolaus vandringsrute fra St. Bernhard-passet [&hellip;]</p>

<!-- This site is optimized with the Yoast SEO plugin v26.6 - https://yoast.com/wordpress/plugins/seo/ -->
<title>Via Francigena - Dreyers Forlag</title>
<meta name="robots" content="noindex, follow, max-snippet:-1, max-image-preview:large, max-video-preview:-1" />
<meta property="og:locale" content="nb_NO" />
<meta property="og:type" content="article" />
<meta property="og:title" content="Via Francigena - Dreyers Forlag" />
<meta property="og:description" content="Rundt år 1150 begav islendingen Nikolaus Bergsønn seg ut på en farefull ferd fra Island til Det Hellige Land. Han fikk nedskrevet sine beretninger fra den lange reiseruten og etterlot seg dermed en av middelalderens mest berømte veivisere for pilegrimer og andre reisende. I dag kan vi i Italia følge Nikolaus vandringsrute fra St. Bernhard-passet [&hellip;]" />
<meta property="og:url" content="https://staging.forenteforlag.no/dreyers/produkt/via-francigena/" />
<meta property="og:site_name" content="Dreyers Forlag" />
<meta property="article:modified_time" content="2025-08-27T05:49:36+00:00" />
<meta property="og:image" content="https://staging.forenteforlag.no/dreyers/wp-content/uploads/sites/2/2025/08/jpg-5463.jpg" />
	<meta property="og:image:width" content="525" />
	<meta property="og:image:height" content="815" />
	<meta property="og:image:type" content="image/jpeg" />
<meta name="twitter:card" content="summary_large_image" />
<meta name="twitter:label1" content="Ansl. lesetid" />
	<meta name="twitter:data1" content="1 minutt" />
<script type="application/ld+json" class="yoast-schema-graph">{"@context":"https://schema.org","@graph":[{"@type":"WebPage","@id":"https://staging.forenteforlag.no/dreyers/produkt/via-francigena/","url":"https://staging.forenteforlag.no/dreyers/produkt/via-francigena/","name":"Via Francigena - Dreyers Forlag","isPartOf":{"@id":"https://staging.forenteforlag.no/dreyers/#website"},"primaryImageOfPage":{"@id":"https://staging.forenteforlag.no/dreyers/produkt/via-francigena/#primaryimage"},"image":{"@id":"https://staging.forenteforlag.no/dreyers/produkt/via-francigena/#primaryimage"},"thumbnailUrl":"https://staging.forenteforlag.no/dreyers/wp-content/uploads/sites/2/2025/08/jpg-5463.jpg","datePublished":"2015-03-19T00:00:00+00:00","dateModified":"2025-08-27T05:49:36+00:00","breadcrumb":{"@id":"https://staging.forenteforlag.no/dreyers/produkt/via-francigena/#breadcrumb"},"inLanguage":"nb-NO","potentialAction":[{"@type":"ReadAction","target":["https://staging.forenteforlag.no/dreyers/produkt/via-francigena/"]}]},{"@type":"ImageObject","inLanguage":"nb-NO","@id":"https://staging.forenteforlag.no/dreyers/produkt/via-francigena/#primaryimage","url":"https://staging.forenteforlag.no/dreyers/wp-content/uploads/sites/2/2025/08/jpg-5463.jpg","contentUrl":"https://staging.forenteforlag.no/dreyers/wp-content/uploads/sites/2/2025/08/jpg-5463.jpg","width":525,"height":815},{"@type":"BreadcrumbList","@id":"https://staging.forenteforlag.no/dreyers/produkt/via-francigena/#breadcrumb","itemListElement":[{"@type":"ListItem","position":1,"name":"Hjem","item":"https://staging.forenteforlag.no/dreyers/"},{"@type":"ListItem","position":2,"name":"Alle bøker","item":"https://staging.forenteforlag.no/dreyers/butikk/"},{"@type":"ListItem","position":3,"name":"Via Francigena"}]},{"@type":"WebSite","@id":"https://staging.forenteforlag.no/dreyers/#website","url":"https://staging.forenteforlag.no/dreyers/","name":"Dreyers Forlag","description":"","potentialAction":[{"@type":"SearchAction","target":{"@type":"EntryPoint","urlTemplate":"https://staging.forenteforlag.no/dreyers/?s={search_term_string}"},"query-input":{"@type":"PropertyValueSpecification","valueRequired":true,"valueName":"search_term_string"}}],"inLanguage":"nb-NO"}]}</script>
<!-- / Yoast SEO plugin. -->

Rundt år 1150 begav islendingen Nikolaus Bergsønn seg ut på en farefull ferd fra Island til Det Hellige Land. Han fikk nedskrevet sine beretninger fra den lange reiseruten og etterlot seg dermed en av middelalderens mest berømte veivisere for pilegrimer og andre reisende. I dag kan vi i Italia følge Nikolaus vandringsrute fra St. Bernhard-passet [&hellip;]

Alle bøker
