{"id":21371,"date":"2015-04-24T02:00:00","date_gmt":"2015-04-24T00:00:00","guid":{"rendered":"https:\/\/dreyersforlag.forenteforlag.no\/produkt\/skal-landet-gro-att\/"},"modified":"2025-08-27T07:55:01","modified_gmt":"2025-08-27T05:55:01","slug":"skal-landet-gro-att","status":"publish","type":"product","link":"https:\/\/staging.forenteforlag.no\/dreyers\/produkt\/skal-landet-gro-att\/","title":{"rendered":"Skal landet gro att?"},"content":{"rendered":"\n<p>Kvifor skal vi ha jordbruk i Noreg? I eit land av stein og fjell, kor regnet sl\u00e5st med nordavinden, vi har blitt vane med fem veker ferie og ei l\u00f8nsutbetaling som kj\u00f8per oss fri fr\u00e5 den strevsame vegen mellom jord og bord? Kvifor skal vi f\u00f8 p\u00e5 b\u00f8nder som produserer den dyraste maten i verda, n\u00e5r verda st\u00e5r i k\u00f8 for \u00e5 selje produkta sine til landet med alle oljepengane? <\/p>\n<p>Fordi alle m\u00e5 bidra med mat til ei veksande verd. Og fordi norsk jordbruk har potensial til \u00e5 bli ikkje berre bra, men best &#8211; men d\u00e5 m\u00e5 det ei reell kursendring til. <\/p>\n<p>Alle vil ha norsk mat produsert p\u00e5 norske ressursar. Likevel vert matproduksjonen v\u00e5r meir og meir basert p\u00e5 import. 70 \u00e5r med vekst- og volumpolitikk har gitt oss eit svakt jordbruk med liten forankring i norsk jord. <\/p>\n<p>Norsk jordbrukspolitikk g\u00e5r i feil retning, men det er framleis mogleg \u00e5 snu. Denne boka syner korleis det vi har i Noreg &#8211; fjell, gras og store variasjonar &#8211; gjev oss eit jordbruk som er b\u00e5de berekraftig, mettande, smakfullt og l\u00f8nsamt. <\/p>\n<p>Korleis vi driv jordbruk i Noreg er ikkje berre eit sp\u00f8rsm\u00e5l for b\u00f8nder og byr\u00e5kratar. Det er eit sp\u00f8rsm\u00e5l for alle som bryr seg om kva mat vi et, korleis landet v\u00e5rt skal sj\u00e5 ut og kva rolle Noreg spelar i verda. <\/p>\n","protected":false},"excerpt":{"rendered":"<p>Kvifor skal vi ha jordbruk i Noreg? I eit land av stein og fjell, kor regnet sl\u00e5st med nordavinden, vi har blitt vane med fem veker ferie og ei l\u00f8nsutbetaling som kj\u00f8per oss fri fr\u00e5 den strevsame vegen mellom jord og bord? Kvifor skal vi f\u00f8 p\u00e5 b\u00f8nder som produserer den dyraste maten i verda, [&hellip;]<\/p>\n","protected":false},"featured_media":24026,"template":"","meta":{"_acf_changed":false,"inline_featured_image":false},"product_brand":[],"product_cat":[1785,32],"product_tag":[362,1110],"class_list":{"0":"post-21371","1":"product","2":"type-product","3":"status-publish","4":"has-post-thumbnail","6":"product_cat-fripris","7":"product_cat-samfunn-og-politikk","8":"product_tag-faglitteratur","9":"product_tag-landbruk","10":"pa_format-innbundet","12":"first","13":"instock","14":"shipping-taxable","15":"purchasable","16":"product-type-simple"},"acf":{"anmeldelse":null},"yoast_head":"<!-- This site is optimized with the Yoast SEO plugin v26.6 - https:\/\/yoast.com\/wordpress\/plugins\/seo\/ -->\n<title>Skal landet gro att? - Dreyers Forlag<\/title>\n<meta name=\"robots\" content=\"noindex, follow, max-snippet:-1, max-image-preview:large, max-video-preview:-1\" \/>\n<meta property=\"og:locale\" content=\"nb_NO\" \/>\n<meta property=\"og:type\" content=\"article\" \/>\n<meta property=\"og:title\" content=\"Skal landet gro att? - Dreyers Forlag\" \/>\n<meta property=\"og:description\" content=\"Kvifor skal vi ha jordbruk i Noreg? I eit land av stein og fjell, kor regnet sl\u00e5st med nordavinden, vi har blitt vane med fem veker ferie og ei l\u00f8nsutbetaling som kj\u00f8per oss fri fr\u00e5 den strevsame vegen mellom jord og bord? Kvifor skal vi f\u00f8 p\u00e5 b\u00f8nder som produserer den dyraste maten i verda, [&hellip;]\" \/>\n<meta property=\"og:url\" content=\"https:\/\/staging.forenteforlag.no\/dreyers\/produkt\/skal-landet-gro-att\/\" \/>\n<meta property=\"og:site_name\" content=\"Dreyers Forlag\" \/>\n<meta property=\"article:modified_time\" content=\"2025-08-27T05:55:01+00:00\" \/>\n<meta property=\"og:image\" content=\"https:\/\/staging.forenteforlag.no\/dreyers\/wp-content\/uploads\/sites\/2\/2025\/08\/jpg-5548-scaled.jpg\" \/>\n\t<meta property=\"og:image:width\" content=\"1397\" \/>\n\t<meta property=\"og:image:height\" content=\"1920\" \/>\n\t<meta property=\"og:image:type\" content=\"image\/jpeg\" \/>\n<meta name=\"twitter:card\" content=\"summary_large_image\" \/>\n<meta name=\"twitter:label1\" content=\"Ansl. lesetid\" \/>\n\t<meta name=\"twitter:data1\" content=\"1 minutt\" \/>\n<script type=\"application\/ld+json\" class=\"yoast-schema-graph\">{\"@context\":\"https:\/\/schema.org\",\"@graph\":[{\"@type\":\"WebPage\",\"@id\":\"https:\/\/staging.forenteforlag.no\/dreyers\/produkt\/skal-landet-gro-att\/\",\"url\":\"https:\/\/staging.forenteforlag.no\/dreyers\/produkt\/skal-landet-gro-att\/\",\"name\":\"Skal landet gro att? - Dreyers Forlag\",\"isPartOf\":{\"@id\":\"https:\/\/staging.forenteforlag.no\/dreyers\/#website\"},\"primaryImageOfPage\":{\"@id\":\"https:\/\/staging.forenteforlag.no\/dreyers\/produkt\/skal-landet-gro-att\/#primaryimage\"},\"image\":{\"@id\":\"https:\/\/staging.forenteforlag.no\/dreyers\/produkt\/skal-landet-gro-att\/#primaryimage\"},\"thumbnailUrl\":\"https:\/\/staging.forenteforlag.no\/dreyers\/wp-content\/uploads\/sites\/2\/2025\/08\/jpg-5548-scaled.jpg\",\"datePublished\":\"2015-04-24T00:00:00+00:00\",\"dateModified\":\"2025-08-27T05:55:01+00:00\",\"breadcrumb\":{\"@id\":\"https:\/\/staging.forenteforlag.no\/dreyers\/produkt\/skal-landet-gro-att\/#breadcrumb\"},\"inLanguage\":\"nb-NO\",\"potentialAction\":[{\"@type\":\"ReadAction\",\"target\":[\"https:\/\/staging.forenteforlag.no\/dreyers\/produkt\/skal-landet-gro-att\/\"]}]},{\"@type\":\"ImageObject\",\"inLanguage\":\"nb-NO\",\"@id\":\"https:\/\/staging.forenteforlag.no\/dreyers\/produkt\/skal-landet-gro-att\/#primaryimage\",\"url\":\"https:\/\/staging.forenteforlag.no\/dreyers\/wp-content\/uploads\/sites\/2\/2025\/08\/jpg-5548-scaled.jpg\",\"contentUrl\":\"https:\/\/staging.forenteforlag.no\/dreyers\/wp-content\/uploads\/sites\/2\/2025\/08\/jpg-5548-scaled.jpg\",\"width\":1397,\"height\":1920},{\"@type\":\"BreadcrumbList\",\"@id\":\"https:\/\/staging.forenteforlag.no\/dreyers\/produkt\/skal-landet-gro-att\/#breadcrumb\",\"itemListElement\":[{\"@type\":\"ListItem\",\"position\":1,\"name\":\"Hjem\",\"item\":\"https:\/\/staging.forenteforlag.no\/dreyers\/\"},{\"@type\":\"ListItem\",\"position\":2,\"name\":\"Alle b\u00f8ker\",\"item\":\"https:\/\/staging.forenteforlag.no\/dreyers\/butikk\/\"},{\"@type\":\"ListItem\",\"position\":3,\"name\":\"Skal landet gro att?\"}]},{\"@type\":\"WebSite\",\"@id\":\"https:\/\/staging.forenteforlag.no\/dreyers\/#website\",\"url\":\"https:\/\/staging.forenteforlag.no\/dreyers\/\",\"name\":\"Dreyers Forlag\",\"description\":\"\",\"potentialAction\":[{\"@type\":\"SearchAction\",\"target\":{\"@type\":\"EntryPoint\",\"urlTemplate\":\"https:\/\/staging.forenteforlag.no\/dreyers\/?s={search_term_string}\"},\"query-input\":{\"@type\":\"PropertyValueSpecification\",\"valueRequired\":true,\"valueName\":\"search_term_string\"}}],\"inLanguage\":\"nb-NO\"}]}<\/script>\n<!-- \/ Yoast SEO plugin. -->","yoast_head_json":{"title":"Skal landet gro att? - Dreyers Forlag","robots":{"index":"noindex","follow":"follow","max-snippet":"max-snippet:-1","max-image-preview":"max-image-preview:large","max-video-preview":"max-video-preview:-1"},"og_locale":"nb_NO","og_type":"article","og_title":"Skal landet gro att? - Dreyers Forlag","og_description":"Kvifor skal vi ha jordbruk i Noreg? I eit land av stein og fjell, kor regnet sl\u00e5st med nordavinden, vi har blitt vane med fem veker ferie og ei l\u00f8nsutbetaling som kj\u00f8per oss fri fr\u00e5 den strevsame vegen mellom jord og bord? Kvifor skal vi f\u00f8 p\u00e5 b\u00f8nder som produserer den dyraste maten i verda, [&hellip;]","og_url":"https:\/\/staging.forenteforlag.no\/dreyers\/produkt\/skal-landet-gro-att\/","og_site_name":"Dreyers Forlag","article_modified_time":"2025-08-27T05:55:01+00:00","og_image":[{"width":1397,"height":1920,"url":"https:\/\/staging.forenteforlag.no\/dreyers\/wp-content\/uploads\/sites\/2\/2025\/08\/jpg-5548-scaled.jpg","type":"image\/jpeg"}],"twitter_card":"summary_large_image","twitter_misc":{"Ansl. lesetid":"1 minutt"},"schema":{"@context":"https:\/\/schema.org","@graph":[{"@type":"WebPage","@id":"https:\/\/staging.forenteforlag.no\/dreyers\/produkt\/skal-landet-gro-att\/","url":"https:\/\/staging.forenteforlag.no\/dreyers\/produkt\/skal-landet-gro-att\/","name":"Skal landet gro att? - Dreyers Forlag","isPartOf":{"@id":"https:\/\/staging.forenteforlag.no\/dreyers\/#website"},"primaryImageOfPage":{"@id":"https:\/\/staging.forenteforlag.no\/dreyers\/produkt\/skal-landet-gro-att\/#primaryimage"},"image":{"@id":"https:\/\/staging.forenteforlag.no\/dreyers\/produkt\/skal-landet-gro-att\/#primaryimage"},"thumbnailUrl":"https:\/\/staging.forenteforlag.no\/dreyers\/wp-content\/uploads\/sites\/2\/2025\/08\/jpg-5548-scaled.jpg","datePublished":"2015-04-24T00:00:00+00:00","dateModified":"2025-08-27T05:55:01+00:00","breadcrumb":{"@id":"https:\/\/staging.forenteforlag.no\/dreyers\/produkt\/skal-landet-gro-att\/#breadcrumb"},"inLanguage":"nb-NO","potentialAction":[{"@type":"ReadAction","target":["https:\/\/staging.forenteforlag.no\/dreyers\/produkt\/skal-landet-gro-att\/"]}]},{"@type":"ImageObject","inLanguage":"nb-NO","@id":"https:\/\/staging.forenteforlag.no\/dreyers\/produkt\/skal-landet-gro-att\/#primaryimage","url":"https:\/\/staging.forenteforlag.no\/dreyers\/wp-content\/uploads\/sites\/2\/2025\/08\/jpg-5548-scaled.jpg","contentUrl":"https:\/\/staging.forenteforlag.no\/dreyers\/wp-content\/uploads\/sites\/2\/2025\/08\/jpg-5548-scaled.jpg","width":1397,"height":1920},{"@type":"BreadcrumbList","@id":"https:\/\/staging.forenteforlag.no\/dreyers\/produkt\/skal-landet-gro-att\/#breadcrumb","itemListElement":[{"@type":"ListItem","position":1,"name":"Hjem","item":"https:\/\/staging.forenteforlag.no\/dreyers\/"},{"@type":"ListItem","position":2,"name":"Alle b\u00f8ker","item":"https:\/\/staging.forenteforlag.no\/dreyers\/butikk\/"},{"@type":"ListItem","position":3,"name":"Skal landet gro att?"}]},{"@type":"WebSite","@id":"https:\/\/staging.forenteforlag.no\/dreyers\/#website","url":"https:\/\/staging.forenteforlag.no\/dreyers\/","name":"Dreyers Forlag","description":"","potentialAction":[{"@type":"SearchAction","target":{"@type":"EntryPoint","urlTemplate":"https:\/\/staging.forenteforlag.no\/dreyers\/?s={search_term_string}"},"query-input":{"@type":"PropertyValueSpecification","valueRequired":true,"valueName":"search_term_string"}}],"inLanguage":"nb-NO"}]}},"_links":{"self":[{"href":"https:\/\/staging.forenteforlag.no\/dreyers\/wp-json\/wp\/v2\/product\/21371","targetHints":{"allow":["GET"]}}],"collection":[{"href":"https:\/\/staging.forenteforlag.no\/dreyers\/wp-json\/wp\/v2\/product"}],"about":[{"href":"https:\/\/staging.forenteforlag.no\/dreyers\/wp-json\/wp\/v2\/types\/product"}],"wp:featuredmedia":[{"embeddable":true,"href":"https:\/\/staging.forenteforlag.no\/dreyers\/wp-json\/wp\/v2\/media\/24026"}],"wp:attachment":[{"href":"https:\/\/staging.forenteforlag.no\/dreyers\/wp-json\/wp\/v2\/media?parent=21371"}],"wp:term":[{"taxonomy":"product_brand","embeddable":true,"href":"https:\/\/staging.forenteforlag.no\/dreyers\/wp-json\/wp\/v2\/product_brand?post=21371"},{"taxonomy":"product_cat","embeddable":true,"href":"https:\/\/staging.forenteforlag.no\/dreyers\/wp-json\/wp\/v2\/product_cat?post=21371"},{"taxonomy":"product_tag","embeddable":true,"href":"https:\/\/staging.forenteforlag.no\/dreyers\/wp-json\/wp\/v2\/product_tag?post=21371"}],"curies":[{"name":"wp","href":"https:\/\/api.w.org\/{rel}","templated":true}]}}

<p>Kvifor skal vi ha jordbruk i Noreg? I eit land av stein og fjell, kor regnet slåst med nordavinden, vi har blitt vane med fem veker ferie og ei lønsutbetaling som kjøper oss fri frå den strevsame vegen mellom jord og bord? Kvifor skal vi fø på bønder som produserer den dyraste maten i verda, når verda står i kø for å selje produkta sine til landet med alle oljepengane? </p>
<p>Fordi alle må bidra med mat til ei veksande verd. Og fordi norsk jordbruk har potensial til å bli ikkje berre bra, men best &#8211; men då må det ei reell kursendring til. </p>
<p>Alle vil ha norsk mat produsert på norske ressursar. Likevel vert matproduksjonen vår meir og meir basert på import. 70 år med vekst- og volumpolitikk har gitt oss eit svakt jordbruk med liten forankring i norsk jord. </p>
<p>Norsk jordbrukspolitikk går i feil retning, men det er framleis mogleg å snu. Denne boka syner korleis det vi har i Noreg &#8211; fjell, gras og store variasjonar &#8211; gjev oss eit jordbruk som er både berekraftig, mettande, smakfullt og lønsamt. </p>
<p>Korleis vi driv jordbruk i Noreg er ikkje berre eit spørsmål for bønder og byråkratar. Det er eit spørsmål for alle som bryr seg om kva mat vi et, korleis landet vårt skal sjå ut og kva rolle Noreg spelar i verda. </p>

<p>Kvifor skal vi ha jordbruk i Noreg? I eit land av stein og fjell, kor regnet slåst med nordavinden, vi har blitt vane med fem veker ferie og ei lønsutbetaling som kjøper oss fri frå den strevsame vegen mellom jord og bord? Kvifor skal vi fø på bønder som produserer den dyraste maten i verda, [&hellip;]</p>

<!-- This site is optimized with the Yoast SEO plugin v26.6 - https://yoast.com/wordpress/plugins/seo/ -->
<title>Skal landet gro att? - Dreyers Forlag</title>
<meta name="robots" content="noindex, follow, max-snippet:-1, max-image-preview:large, max-video-preview:-1" />
<meta property="og:locale" content="nb_NO" />
<meta property="og:type" content="article" />
<meta property="og:title" content="Skal landet gro att? - Dreyers Forlag" />
<meta property="og:description" content="Kvifor skal vi ha jordbruk i Noreg? I eit land av stein og fjell, kor regnet slåst med nordavinden, vi har blitt vane med fem veker ferie og ei lønsutbetaling som kjøper oss fri frå den strevsame vegen mellom jord og bord? Kvifor skal vi fø på bønder som produserer den dyraste maten i verda, [&hellip;]" />
<meta property="og:url" content="https://staging.forenteforlag.no/dreyers/produkt/skal-landet-gro-att/" />
<meta property="og:site_name" content="Dreyers Forlag" />
<meta property="article:modified_time" content="2025-08-27T05:55:01+00:00" />
<meta property="og:image" content="https://staging.forenteforlag.no/dreyers/wp-content/uploads/sites/2/2025/08/jpg-5548-scaled.jpg" />
	<meta property="og:image:width" content="1397" />
	<meta property="og:image:height" content="1920" />
	<meta property="og:image:type" content="image/jpeg" />
<meta name="twitter:card" content="summary_large_image" />
<meta name="twitter:label1" content="Ansl. lesetid" />
	<meta name="twitter:data1" content="1 minutt" />
<script type="application/ld+json" class="yoast-schema-graph">{"@context":"https://schema.org","@graph":[{"@type":"WebPage","@id":"https://staging.forenteforlag.no/dreyers/produkt/skal-landet-gro-att/","url":"https://staging.forenteforlag.no/dreyers/produkt/skal-landet-gro-att/","name":"Skal landet gro att? - Dreyers Forlag","isPartOf":{"@id":"https://staging.forenteforlag.no/dreyers/#website"},"primaryImageOfPage":{"@id":"https://staging.forenteforlag.no/dreyers/produkt/skal-landet-gro-att/#primaryimage"},"image":{"@id":"https://staging.forenteforlag.no/dreyers/produkt/skal-landet-gro-att/#primaryimage"},"thumbnailUrl":"https://staging.forenteforlag.no/dreyers/wp-content/uploads/sites/2/2025/08/jpg-5548-scaled.jpg","datePublished":"2015-04-24T00:00:00+00:00","dateModified":"2025-08-27T05:55:01+00:00","breadcrumb":{"@id":"https://staging.forenteforlag.no/dreyers/produkt/skal-landet-gro-att/#breadcrumb"},"inLanguage":"nb-NO","potentialAction":[{"@type":"ReadAction","target":["https://staging.forenteforlag.no/dreyers/produkt/skal-landet-gro-att/"]}]},{"@type":"ImageObject","inLanguage":"nb-NO","@id":"https://staging.forenteforlag.no/dreyers/produkt/skal-landet-gro-att/#primaryimage","url":"https://staging.forenteforlag.no/dreyers/wp-content/uploads/sites/2/2025/08/jpg-5548-scaled.jpg","contentUrl":"https://staging.forenteforlag.no/dreyers/wp-content/uploads/sites/2/2025/08/jpg-5548-scaled.jpg","width":1397,"height":1920},{"@type":"BreadcrumbList","@id":"https://staging.forenteforlag.no/dreyers/produkt/skal-landet-gro-att/#breadcrumb","itemListElement":[{"@type":"ListItem","position":1,"name":"Hjem","item":"https://staging.forenteforlag.no/dreyers/"},{"@type":"ListItem","position":2,"name":"Alle bøker","item":"https://staging.forenteforlag.no/dreyers/butikk/"},{"@type":"ListItem","position":3,"name":"Skal landet gro att?"}]},{"@type":"WebSite","@id":"https://staging.forenteforlag.no/dreyers/#website","url":"https://staging.forenteforlag.no/dreyers/","name":"Dreyers Forlag","description":"","potentialAction":[{"@type":"SearchAction","target":{"@type":"EntryPoint","urlTemplate":"https://staging.forenteforlag.no/dreyers/?s={search_term_string}"},"query-input":{"@type":"PropertyValueSpecification","valueRequired":true,"valueName":"search_term_string"}}],"inLanguage":"nb-NO"}]}</script>
<!-- / Yoast SEO plugin. -->

Kvifor skal vi ha jordbruk i Noreg? I eit land av stein og fjell, kor regnet slåst med nordavinden, vi har blitt vane med fem veker ferie og ei lønsutbetaling som kjøper oss fri frå den strevsame vegen mellom jord og bord? Kvifor skal vi fø på bønder som produserer den dyraste maten i verda, [&hellip;]

Alle bøker
