{"id":21365,"date":"2016-02-02T01:00:00","date_gmt":"2016-02-02T00:00:00","guid":{"rendered":"https:\/\/dreyersforlag.forenteforlag.no\/produkt\/filosofene\/"},"modified":"2025-08-27T09:01:45","modified_gmt":"2025-08-27T07:01:45","slug":"filosofene","status":"publish","type":"product","link":"https:\/\/staging.forenteforlag.no\/dreyers\/produkt\/filosofene\/","title":{"rendered":"Filosofene"},"content":{"rendered":"<p>Det siste dr\u00f8ye \u00e5rhundrets politiske og sosiale omveltninger har preget tenkningen til moderne filosofer som Heidegger, Wittgenstein, Sartre, Habermas, Foucault, Derrida og Zizek. Den liberale, vestlige moderniteten har blitt utfordret gjennom to verdenskriger, gjennom kommunisme, fascisme og nasjonalisme, gjennom kolonial og postkolonial erfaring. Filosofenes dagsorden har i stor utstrekning v\u00e6rt bestemt av disse hendelsene, av tiden og den romlige konteksten. \u00c5 filosofere i Tyskland i 1900, 1933 eller 1949 artet seg helt ulikt. \u00c5 filosofere i Russland i 1910 eller 1950 eller 1999 var ikke det samme. Det samme gjelder den intellektuelle situasjonen i Frankrike, Storbritannia, USA og de nordiske landene, selv om omveltningene ikke har v\u00e6rt like dramatiske. <\/p>\n<p>Filosofenes liv og tanker er ikke s\u00e5 adskilt som de selv iblant hevder. En filosofisk dagsorden er et personlig anliggende, bak den banker et hjerte. Filosofi er dialog, argumenter og motargumenter, strid og polemikk, hypoteser og feilslutninger. Vil man forst\u00e5 filosofi, m\u00e5 man gj\u00f8re det p\u00e5 en sv\u00e6rt konkret m\u00e5te. Filosofiske teser og argumenter kan ikke l\u00f8ftes ut av sammenhengen, men m\u00e5 tolkes ut fra tid og rom &#8211; og ut fra filosofens personlige st\u00e5sted. Enkelte navn i denne boken er kjente og mye omtalt, andre er relativt ukjente. I sin tid bidro de imidlertid alle til \u00e5 fylle det filosofiske landskapet med levende skikkelser. Sp\u00f8rsm\u00e5lene deres &#8211; og noen ganger svarene &#8211; utfordrer oss fremdeles. <\/p>\n<p>Denne boken handler om filosofenes inngripen i det siste \u00e5rhundrets hendelser. Eller omvendt; om disse hendelsenes forvandling av filosofene og filosofien.<\/p>\n","protected":false},"excerpt":{"rendered":"<p>Det siste dr\u00f8ye \u00e5rhundrets politiske og sosiale omveltninger har preget tenkningen til moderne filosofer som Heidegger, Wittgenstein, Sartre, Habermas, Foucault, Derrida og Zizek. Den liberale, vestlige moderniteten har blitt utfordret gjennom to verdenskriger, gjennom kommunisme, fascisme og nasjonalisme, gjennom kolonial og postkolonial erfaring. Filosofenes dagsorden har i stor utstrekning v\u00e6rt bestemt av disse hendelsene, av [&hellip;]<\/p>\n","protected":false},"featured_media":24152,"template":"","meta":{"_acf_changed":false,"inline_featured_image":false},"product_brand":[],"product_cat":[21,1785,23],"product_tag":[441,364,362,668,503],"class_list":{"0":"post-21365","1":"product","2":"type-product","3":"status-publish","4":"has-post-thumbnail","6":"product_cat-filosofi","7":"product_cat-fripris","8":"product_cat-historie","9":"product_tag-1900-tallet","10":"product_tag-2000-2009","11":"product_tag-faglitteratur","12":"product_tag-idehistorie","13":"product_tag-moderne-filosofi","14":"pa_format-pocket","16":"first","17":"instock","18":"shipping-taxable","19":"purchasable","20":"product-type-simple"},"acf":{"anmeldelse":null},"yoast_head":"<!-- This site is optimized with the Yoast SEO plugin v26.6 - https:\/\/yoast.com\/wordpress\/plugins\/seo\/ -->\n<title>Filosofene - Dreyers Forlag<\/title>\n<meta name=\"robots\" content=\"noindex, follow, max-snippet:-1, max-image-preview:large, max-video-preview:-1\" \/>\n<meta property=\"og:locale\" content=\"nb_NO\" \/>\n<meta property=\"og:type\" content=\"article\" \/>\n<meta property=\"og:title\" content=\"Filosofene - Dreyers Forlag\" \/>\n<meta property=\"og:description\" content=\"Det siste dr\u00f8ye \u00e5rhundrets politiske og sosiale omveltninger har preget tenkningen til moderne filosofer som Heidegger, Wittgenstein, Sartre, Habermas, Foucault, Derrida og Zizek. Den liberale, vestlige moderniteten har blitt utfordret gjennom to verdenskriger, gjennom kommunisme, fascisme og nasjonalisme, gjennom kolonial og postkolonial erfaring. Filosofenes dagsorden har i stor utstrekning v\u00e6rt bestemt av disse hendelsene, av [&hellip;]\" \/>\n<meta property=\"og:url\" content=\"https:\/\/staging.forenteforlag.no\/dreyers\/produkt\/filosofene\/\" \/>\n<meta property=\"og:site_name\" content=\"Dreyers Forlag\" \/>\n<meta property=\"article:modified_time\" content=\"2025-08-27T07:01:45+00:00\" \/>\n<meta property=\"og:image\" content=\"https:\/\/staging.forenteforlag.no\/dreyers\/wp-content\/uploads\/sites\/2\/2025\/08\/jpg-6695.jpg\" \/>\n\t<meta property=\"og:image:width\" content=\"438\" \/>\n\t<meta property=\"og:image:height\" content=\"623\" \/>\n\t<meta property=\"og:image:type\" content=\"image\/jpeg\" \/>\n<meta name=\"twitter:card\" content=\"summary_large_image\" \/>\n<meta name=\"twitter:label1\" content=\"Ansl. lesetid\" \/>\n\t<meta name=\"twitter:data1\" content=\"1 minutt\" \/>\n<script type=\"application\/ld+json\" class=\"yoast-schema-graph\">{\"@context\":\"https:\/\/schema.org\",\"@graph\":[{\"@type\":\"WebPage\",\"@id\":\"https:\/\/staging.forenteforlag.no\/dreyers\/produkt\/filosofene\/\",\"url\":\"https:\/\/staging.forenteforlag.no\/dreyers\/produkt\/filosofene\/\",\"name\":\"Filosofene - Dreyers Forlag\",\"isPartOf\":{\"@id\":\"https:\/\/staging.forenteforlag.no\/dreyers\/#website\"},\"primaryImageOfPage\":{\"@id\":\"https:\/\/staging.forenteforlag.no\/dreyers\/produkt\/filosofene\/#primaryimage\"},\"image\":{\"@id\":\"https:\/\/staging.forenteforlag.no\/dreyers\/produkt\/filosofene\/#primaryimage\"},\"thumbnailUrl\":\"https:\/\/staging.forenteforlag.no\/dreyers\/wp-content\/uploads\/sites\/2\/2025\/08\/jpg-6695.jpg\",\"datePublished\":\"2016-02-02T00:00:00+00:00\",\"dateModified\":\"2025-08-27T07:01:45+00:00\",\"breadcrumb\":{\"@id\":\"https:\/\/staging.forenteforlag.no\/dreyers\/produkt\/filosofene\/#breadcrumb\"},\"inLanguage\":\"nb-NO\",\"potentialAction\":[{\"@type\":\"ReadAction\",\"target\":[\"https:\/\/staging.forenteforlag.no\/dreyers\/produkt\/filosofene\/\"]}]},{\"@type\":\"ImageObject\",\"inLanguage\":\"nb-NO\",\"@id\":\"https:\/\/staging.forenteforlag.no\/dreyers\/produkt\/filosofene\/#primaryimage\",\"url\":\"https:\/\/staging.forenteforlag.no\/dreyers\/wp-content\/uploads\/sites\/2\/2025\/08\/jpg-6695.jpg\",\"contentUrl\":\"https:\/\/staging.forenteforlag.no\/dreyers\/wp-content\/uploads\/sites\/2\/2025\/08\/jpg-6695.jpg\",\"width\":438,\"height\":623},{\"@type\":\"BreadcrumbList\",\"@id\":\"https:\/\/staging.forenteforlag.no\/dreyers\/produkt\/filosofene\/#breadcrumb\",\"itemListElement\":[{\"@type\":\"ListItem\",\"position\":1,\"name\":\"Hjem\",\"item\":\"https:\/\/staging.forenteforlag.no\/dreyers\/\"},{\"@type\":\"ListItem\",\"position\":2,\"name\":\"Alle b\u00f8ker\",\"item\":\"https:\/\/staging.forenteforlag.no\/dreyers\/butikk\/\"},{\"@type\":\"ListItem\",\"position\":3,\"name\":\"Filosofene\"}]},{\"@type\":\"WebSite\",\"@id\":\"https:\/\/staging.forenteforlag.no\/dreyers\/#website\",\"url\":\"https:\/\/staging.forenteforlag.no\/dreyers\/\",\"name\":\"Dreyers Forlag\",\"description\":\"\",\"potentialAction\":[{\"@type\":\"SearchAction\",\"target\":{\"@type\":\"EntryPoint\",\"urlTemplate\":\"https:\/\/staging.forenteforlag.no\/dreyers\/?s={search_term_string}\"},\"query-input\":{\"@type\":\"PropertyValueSpecification\",\"valueRequired\":true,\"valueName\":\"search_term_string\"}}],\"inLanguage\":\"nb-NO\"}]}<\/script>\n<!-- \/ Yoast SEO plugin. -->","yoast_head_json":{"title":"Filosofene - Dreyers Forlag","robots":{"index":"noindex","follow":"follow","max-snippet":"max-snippet:-1","max-image-preview":"max-image-preview:large","max-video-preview":"max-video-preview:-1"},"og_locale":"nb_NO","og_type":"article","og_title":"Filosofene - Dreyers Forlag","og_description":"Det siste dr\u00f8ye \u00e5rhundrets politiske og sosiale omveltninger har preget tenkningen til moderne filosofer som Heidegger, Wittgenstein, Sartre, Habermas, Foucault, Derrida og Zizek. Den liberale, vestlige moderniteten har blitt utfordret gjennom to verdenskriger, gjennom kommunisme, fascisme og nasjonalisme, gjennom kolonial og postkolonial erfaring. Filosofenes dagsorden har i stor utstrekning v\u00e6rt bestemt av disse hendelsene, av [&hellip;]","og_url":"https:\/\/staging.forenteforlag.no\/dreyers\/produkt\/filosofene\/","og_site_name":"Dreyers Forlag","article_modified_time":"2025-08-27T07:01:45+00:00","og_image":[{"width":438,"height":623,"url":"https:\/\/staging.forenteforlag.no\/dreyers\/wp-content\/uploads\/sites\/2\/2025\/08\/jpg-6695.jpg","type":"image\/jpeg"}],"twitter_card":"summary_large_image","twitter_misc":{"Ansl. lesetid":"1 minutt"},"schema":{"@context":"https:\/\/schema.org","@graph":[{"@type":"WebPage","@id":"https:\/\/staging.forenteforlag.no\/dreyers\/produkt\/filosofene\/","url":"https:\/\/staging.forenteforlag.no\/dreyers\/produkt\/filosofene\/","name":"Filosofene - Dreyers Forlag","isPartOf":{"@id":"https:\/\/staging.forenteforlag.no\/dreyers\/#website"},"primaryImageOfPage":{"@id":"https:\/\/staging.forenteforlag.no\/dreyers\/produkt\/filosofene\/#primaryimage"},"image":{"@id":"https:\/\/staging.forenteforlag.no\/dreyers\/produkt\/filosofene\/#primaryimage"},"thumbnailUrl":"https:\/\/staging.forenteforlag.no\/dreyers\/wp-content\/uploads\/sites\/2\/2025\/08\/jpg-6695.jpg","datePublished":"2016-02-02T00:00:00+00:00","dateModified":"2025-08-27T07:01:45+00:00","breadcrumb":{"@id":"https:\/\/staging.forenteforlag.no\/dreyers\/produkt\/filosofene\/#breadcrumb"},"inLanguage":"nb-NO","potentialAction":[{"@type":"ReadAction","target":["https:\/\/staging.forenteforlag.no\/dreyers\/produkt\/filosofene\/"]}]},{"@type":"ImageObject","inLanguage":"nb-NO","@id":"https:\/\/staging.forenteforlag.no\/dreyers\/produkt\/filosofene\/#primaryimage","url":"https:\/\/staging.forenteforlag.no\/dreyers\/wp-content\/uploads\/sites\/2\/2025\/08\/jpg-6695.jpg","contentUrl":"https:\/\/staging.forenteforlag.no\/dreyers\/wp-content\/uploads\/sites\/2\/2025\/08\/jpg-6695.jpg","width":438,"height":623},{"@type":"BreadcrumbList","@id":"https:\/\/staging.forenteforlag.no\/dreyers\/produkt\/filosofene\/#breadcrumb","itemListElement":[{"@type":"ListItem","position":1,"name":"Hjem","item":"https:\/\/staging.forenteforlag.no\/dreyers\/"},{"@type":"ListItem","position":2,"name":"Alle b\u00f8ker","item":"https:\/\/staging.forenteforlag.no\/dreyers\/butikk\/"},{"@type":"ListItem","position":3,"name":"Filosofene"}]},{"@type":"WebSite","@id":"https:\/\/staging.forenteforlag.no\/dreyers\/#website","url":"https:\/\/staging.forenteforlag.no\/dreyers\/","name":"Dreyers Forlag","description":"","potentialAction":[{"@type":"SearchAction","target":{"@type":"EntryPoint","urlTemplate":"https:\/\/staging.forenteforlag.no\/dreyers\/?s={search_term_string}"},"query-input":{"@type":"PropertyValueSpecification","valueRequired":true,"valueName":"search_term_string"}}],"inLanguage":"nb-NO"}]}},"_links":{"self":[{"href":"https:\/\/staging.forenteforlag.no\/dreyers\/wp-json\/wp\/v2\/product\/21365","targetHints":{"allow":["GET"]}}],"collection":[{"href":"https:\/\/staging.forenteforlag.no\/dreyers\/wp-json\/wp\/v2\/product"}],"about":[{"href":"https:\/\/staging.forenteforlag.no\/dreyers\/wp-json\/wp\/v2\/types\/product"}],"wp:featuredmedia":[{"embeddable":true,"href":"https:\/\/staging.forenteforlag.no\/dreyers\/wp-json\/wp\/v2\/media\/24152"}],"wp:attachment":[{"href":"https:\/\/staging.forenteforlag.no\/dreyers\/wp-json\/wp\/v2\/media?parent=21365"}],"wp:term":[{"taxonomy":"product_brand","embeddable":true,"href":"https:\/\/staging.forenteforlag.no\/dreyers\/wp-json\/wp\/v2\/product_brand?post=21365"},{"taxonomy":"product_cat","embeddable":true,"href":"https:\/\/staging.forenteforlag.no\/dreyers\/wp-json\/wp\/v2\/product_cat?post=21365"},{"taxonomy":"product_tag","embeddable":true,"href":"https:\/\/staging.forenteforlag.no\/dreyers\/wp-json\/wp\/v2\/product_tag?post=21365"}],"curies":[{"name":"wp","href":"https:\/\/api.w.org\/{rel}","templated":true}]}}

<p>Det siste drøye århundrets politiske og sosiale omveltninger har preget tenkningen til moderne filosofer som Heidegger, Wittgenstein, Sartre, Habermas, Foucault, Derrida og Zizek. Den liberale, vestlige moderniteten har blitt utfordret gjennom to verdenskriger, gjennom kommunisme, fascisme og nasjonalisme, gjennom kolonial og postkolonial erfaring. Filosofenes dagsorden har i stor utstrekning vært bestemt av disse hendelsene, av tiden og den romlige konteksten. Å filosofere i Tyskland i 1900, 1933 eller 1949 artet seg helt ulikt. Å filosofere i Russland i 1910 eller 1950 eller 1999 var ikke det samme. Det samme gjelder den intellektuelle situasjonen i Frankrike, Storbritannia, USA og de nordiske landene, selv om omveltningene ikke har vært like dramatiske. </p>
<p>Filosofenes liv og tanker er ikke så adskilt som de selv iblant hevder. En filosofisk dagsorden er et personlig anliggende, bak den banker et hjerte. Filosofi er dialog, argumenter og motargumenter, strid og polemikk, hypoteser og feilslutninger. Vil man forstå filosofi, må man gjøre det på en svært konkret måte. Filosofiske teser og argumenter kan ikke løftes ut av sammenhengen, men må tolkes ut fra tid og rom &#8211; og ut fra filosofens personlige ståsted. Enkelte navn i denne boken er kjente og mye omtalt, andre er relativt ukjente. I sin tid bidro de imidlertid alle til å fylle det filosofiske landskapet med levende skikkelser. Spørsmålene deres &#8211; og noen ganger svarene &#8211; utfordrer oss fremdeles. </p>
<p>Denne boken handler om filosofenes inngripen i det siste århundrets hendelser. Eller omvendt; om disse hendelsenes forvandling av filosofene og filosofien.</p>

<p>Det siste drøye århundrets politiske og sosiale omveltninger har preget tenkningen til moderne filosofer som Heidegger, Wittgenstein, Sartre, Habermas, Foucault, Derrida og Zizek. Den liberale, vestlige moderniteten har blitt utfordret gjennom to verdenskriger, gjennom kommunisme, fascisme og nasjonalisme, gjennom kolonial og postkolonial erfaring. Filosofenes dagsorden har i stor utstrekning vært bestemt av disse hendelsene, av [&hellip;]</p>

<!-- This site is optimized with the Yoast SEO plugin v26.6 - https://yoast.com/wordpress/plugins/seo/ -->
<title>Filosofene - Dreyers Forlag</title>
<meta name="robots" content="noindex, follow, max-snippet:-1, max-image-preview:large, max-video-preview:-1" />
<meta property="og:locale" content="nb_NO" />
<meta property="og:type" content="article" />
<meta property="og:title" content="Filosofene - Dreyers Forlag" />
<meta property="og:description" content="Det siste drøye århundrets politiske og sosiale omveltninger har preget tenkningen til moderne filosofer som Heidegger, Wittgenstein, Sartre, Habermas, Foucault, Derrida og Zizek. Den liberale, vestlige moderniteten har blitt utfordret gjennom to verdenskriger, gjennom kommunisme, fascisme og nasjonalisme, gjennom kolonial og postkolonial erfaring. Filosofenes dagsorden har i stor utstrekning vært bestemt av disse hendelsene, av [&hellip;]" />
<meta property="og:url" content="https://staging.forenteforlag.no/dreyers/produkt/filosofene/" />
<meta property="og:site_name" content="Dreyers Forlag" />
<meta property="article:modified_time" content="2025-08-27T07:01:45+00:00" />
<meta property="og:image" content="https://staging.forenteforlag.no/dreyers/wp-content/uploads/sites/2/2025/08/jpg-6695.jpg" />
	<meta property="og:image:width" content="438" />
	<meta property="og:image:height" content="623" />
	<meta property="og:image:type" content="image/jpeg" />
<meta name="twitter:card" content="summary_large_image" />
<meta name="twitter:label1" content="Ansl. lesetid" />
	<meta name="twitter:data1" content="1 minutt" />
<script type="application/ld+json" class="yoast-schema-graph">{"@context":"https://schema.org","@graph":[{"@type":"WebPage","@id":"https://staging.forenteforlag.no/dreyers/produkt/filosofene/","url":"https://staging.forenteforlag.no/dreyers/produkt/filosofene/","name":"Filosofene - Dreyers Forlag","isPartOf":{"@id":"https://staging.forenteforlag.no/dreyers/#website"},"primaryImageOfPage":{"@id":"https://staging.forenteforlag.no/dreyers/produkt/filosofene/#primaryimage"},"image":{"@id":"https://staging.forenteforlag.no/dreyers/produkt/filosofene/#primaryimage"},"thumbnailUrl":"https://staging.forenteforlag.no/dreyers/wp-content/uploads/sites/2/2025/08/jpg-6695.jpg","datePublished":"2016-02-02T00:00:00+00:00","dateModified":"2025-08-27T07:01:45+00:00","breadcrumb":{"@id":"https://staging.forenteforlag.no/dreyers/produkt/filosofene/#breadcrumb"},"inLanguage":"nb-NO","potentialAction":[{"@type":"ReadAction","target":["https://staging.forenteforlag.no/dreyers/produkt/filosofene/"]}]},{"@type":"ImageObject","inLanguage":"nb-NO","@id":"https://staging.forenteforlag.no/dreyers/produkt/filosofene/#primaryimage","url":"https://staging.forenteforlag.no/dreyers/wp-content/uploads/sites/2/2025/08/jpg-6695.jpg","contentUrl":"https://staging.forenteforlag.no/dreyers/wp-content/uploads/sites/2/2025/08/jpg-6695.jpg","width":438,"height":623},{"@type":"BreadcrumbList","@id":"https://staging.forenteforlag.no/dreyers/produkt/filosofene/#breadcrumb","itemListElement":[{"@type":"ListItem","position":1,"name":"Hjem","item":"https://staging.forenteforlag.no/dreyers/"},{"@type":"ListItem","position":2,"name":"Alle bøker","item":"https://staging.forenteforlag.no/dreyers/butikk/"},{"@type":"ListItem","position":3,"name":"Filosofene"}]},{"@type":"WebSite","@id":"https://staging.forenteforlag.no/dreyers/#website","url":"https://staging.forenteforlag.no/dreyers/","name":"Dreyers Forlag","description":"","potentialAction":[{"@type":"SearchAction","target":{"@type":"EntryPoint","urlTemplate":"https://staging.forenteforlag.no/dreyers/?s={search_term_string}"},"query-input":{"@type":"PropertyValueSpecification","valueRequired":true,"valueName":"search_term_string"}}],"inLanguage":"nb-NO"}]}</script>
<!-- / Yoast SEO plugin. -->

Det siste drøye århundrets politiske og sosiale omveltninger har preget tenkningen til moderne filosofer som Heidegger, Wittgenstein, Sartre, Habermas, Foucault, Derrida og Zizek. Den liberale, vestlige moderniteten har blitt utfordret gjennom to verdenskriger, gjennom kommunisme, fascisme og nasjonalisme, gjennom kolonial og postkolonial erfaring. Filosofenes dagsorden har i stor utstrekning vært bestemt av disse hendelsene, av [&hellip;]

Alle bøker
