{"id":21361,"date":"2016-02-24T01:00:00","date_gmt":"2016-02-24T00:00:00","guid":{"rendered":"https:\/\/dreyersforlag.forenteforlag.no\/produkt\/den-dannede-opprorer\/"},"modified":"2025-09-04T13:58:15","modified_gmt":"2025-09-04T11:58:15","slug":"den-dannede-opprorer","status":"publish","type":"product","link":"https:\/\/staging.forenteforlag.no\/dreyers\/produkt\/den-dannede-opprorer\/","title":{"rendered":"Den dannede oppr\u00f8rer"},"content":{"rendered":"<p>I 2016 feirer Bernt Hagtvet sine sytti f\u00f8rste \u00e5r, og markerer med det ogs\u00e5 avslutningen p\u00e5 sitt virke som professor i statsvitenskap ved Universitetet i Oslo. Hagtvets mange\u00e5rige innsats som samfunnsdebattant, forsker og forskningsformidler blir imidlertid ikke med dette lagt ned.<\/p>\n<p>Mange er de som har villet benytte denne anledningen til \u00e5 feire Bernt, noe denne boken med sitt omfang og innhold b\u00e6rer bud om. Boken har ogs\u00e5 blitt et mangfoldig koldtbord, som speiler hovedpersonens allsidige interesser. Det er heller ikke til \u00e5 legge skjul p\u00e5 at mange temaer og skribenter kunne ha blitt med i boken, men fikk ikke plass i denne omgang.<\/p>\n<p>Denne boken best\u00e5r av over tretti artikler, som spenner fra personlige refleksjoner og biografiske skisser, til oversiktsartikler for hele fagfelt og nyskapende forskningsbidrag. I det f\u00f8lgende har vi organisert de ulike bidragene i fem deler som representerer ulike sider ved Bernt, og ulike tema han har v\u00e6rt opptatt av. Studiet av politiske ideologier, folkemord og fascisme, men ogs\u00e5 forskning p\u00e5 demokrati og menneskerettigheter, og intellektuelles rolle i den offentlige samtalen, er fagfelt som blir beh\u00f8rig presentert i l\u00f8pet av boken. I tillegg kommer kapitler som til sammen gir et bilde av personen som blir feiret mellom disse permene.<\/p>\n","protected":false},"excerpt":{"rendered":"<p>I 2016 feirer Bernt Hagtvet sine sytti f\u00f8rste \u00e5r, og markerer med det ogs\u00e5 avslutningen p\u00e5 sitt virke som professor i statsvitenskap ved Universitetet i Oslo. Hagtvets mange\u00e5rige innsats som samfunnsdebattant, forsker og forskningsformidler blir imidlertid ikke med dette lagt ned. Mange er de som har villet benytte denne anledningen til \u00e5 feire Bernt, noe [&hellip;]<\/p>\n","protected":false},"featured_media":24014,"template":"","meta":{"_acf_changed":false,"inline_featured_image":false},"product_brand":[],"product_cat":[1785,32],"product_tag":[362,837,1724],"class_list":{"0":"post-21361","1":"product","2":"type-product","3":"status-publish","4":"has-post-thumbnail","6":"product_cat-fripris","7":"product_cat-samfunn-og-politikk","8":"product_tag-faglitteratur","9":"product_tag-festskrift","10":"product_tag-identitetspolitikk","11":"pa_format-innbundet","13":"first","14":"instock","15":"shipping-taxable","16":"purchasable","17":"product-type-simple"},"acf":{"anmeldelse":null},"yoast_head":"<!-- This site is optimized with the Yoast SEO plugin v26.6 - https:\/\/yoast.com\/wordpress\/plugins\/seo\/ -->\n<title>Den dannede oppr\u00f8rer - Dreyers Forlag<\/title>\n<meta name=\"robots\" content=\"noindex, follow, max-snippet:-1, max-image-preview:large, max-video-preview:-1\" \/>\n<meta property=\"og:locale\" content=\"nb_NO\" \/>\n<meta property=\"og:type\" content=\"article\" \/>\n<meta property=\"og:title\" content=\"Den dannede oppr\u00f8rer - Dreyers Forlag\" \/>\n<meta property=\"og:description\" content=\"I 2016 feirer Bernt Hagtvet sine sytti f\u00f8rste \u00e5r, og markerer med det ogs\u00e5 avslutningen p\u00e5 sitt virke som professor i statsvitenskap ved Universitetet i Oslo. Hagtvets mange\u00e5rige innsats som samfunnsdebattant, forsker og forskningsformidler blir imidlertid ikke med dette lagt ned. Mange er de som har villet benytte denne anledningen til \u00e5 feire Bernt, noe [&hellip;]\" \/>\n<meta property=\"og:url\" content=\"https:\/\/staging.forenteforlag.no\/dreyers\/produkt\/den-dannede-opprorer\/\" \/>\n<meta property=\"og:site_name\" content=\"Dreyers Forlag\" \/>\n<meta property=\"article:modified_time\" content=\"2025-09-04T11:58:15+00:00\" \/>\n<meta property=\"og:image\" content=\"https:\/\/staging.forenteforlag.no\/dreyers\/wp-content\/uploads\/sites\/2\/2025\/08\/jpg-5457.jpg\" \/>\n\t<meta property=\"og:image:width\" content=\"629\" \/>\n\t<meta property=\"og:image:height\" content=\"890\" \/>\n\t<meta property=\"og:image:type\" content=\"image\/jpeg\" \/>\n<meta name=\"twitter:card\" content=\"summary_large_image\" \/>\n<meta name=\"twitter:label1\" content=\"Ansl. lesetid\" \/>\n\t<meta name=\"twitter:data1\" content=\"2 minutter\" \/>\n<script type=\"application\/ld+json\" class=\"yoast-schema-graph\">{\"@context\":\"https:\/\/schema.org\",\"@graph\":[{\"@type\":\"WebPage\",\"@id\":\"https:\/\/staging.forenteforlag.no\/dreyers\/produkt\/den-dannede-opprorer\/\",\"url\":\"https:\/\/staging.forenteforlag.no\/dreyers\/produkt\/den-dannede-opprorer\/\",\"name\":\"Den dannede oppr\u00f8rer - Dreyers Forlag\",\"isPartOf\":{\"@id\":\"https:\/\/staging.forenteforlag.no\/dreyers\/#website\"},\"primaryImageOfPage\":{\"@id\":\"https:\/\/staging.forenteforlag.no\/dreyers\/produkt\/den-dannede-opprorer\/#primaryimage\"},\"image\":{\"@id\":\"https:\/\/staging.forenteforlag.no\/dreyers\/produkt\/den-dannede-opprorer\/#primaryimage\"},\"thumbnailUrl\":\"https:\/\/staging.forenteforlag.no\/dreyers\/wp-content\/uploads\/sites\/2\/2025\/08\/jpg-5457.jpg\",\"datePublished\":\"2016-02-24T00:00:00+00:00\",\"dateModified\":\"2025-09-04T11:58:15+00:00\",\"breadcrumb\":{\"@id\":\"https:\/\/staging.forenteforlag.no\/dreyers\/produkt\/den-dannede-opprorer\/#breadcrumb\"},\"inLanguage\":\"nb-NO\",\"potentialAction\":[{\"@type\":\"ReadAction\",\"target\":[\"https:\/\/staging.forenteforlag.no\/dreyers\/produkt\/den-dannede-opprorer\/\"]}]},{\"@type\":\"ImageObject\",\"inLanguage\":\"nb-NO\",\"@id\":\"https:\/\/staging.forenteforlag.no\/dreyers\/produkt\/den-dannede-opprorer\/#primaryimage\",\"url\":\"https:\/\/staging.forenteforlag.no\/dreyers\/wp-content\/uploads\/sites\/2\/2025\/08\/jpg-5457.jpg\",\"contentUrl\":\"https:\/\/staging.forenteforlag.no\/dreyers\/wp-content\/uploads\/sites\/2\/2025\/08\/jpg-5457.jpg\",\"width\":629,\"height\":890},{\"@type\":\"BreadcrumbList\",\"@id\":\"https:\/\/staging.forenteforlag.no\/dreyers\/produkt\/den-dannede-opprorer\/#breadcrumb\",\"itemListElement\":[{\"@type\":\"ListItem\",\"position\":1,\"name\":\"Hjem\",\"item\":\"https:\/\/staging.forenteforlag.no\/dreyers\/\"},{\"@type\":\"ListItem\",\"position\":2,\"name\":\"Alle b\u00f8ker\",\"item\":\"https:\/\/staging.forenteforlag.no\/dreyers\/butikk\/\"},{\"@type\":\"ListItem\",\"position\":3,\"name\":\"Den dannede oppr\u00f8rer\"}]},{\"@type\":\"WebSite\",\"@id\":\"https:\/\/staging.forenteforlag.no\/dreyers\/#website\",\"url\":\"https:\/\/staging.forenteforlag.no\/dreyers\/\",\"name\":\"Dreyers Forlag\",\"description\":\"\",\"potentialAction\":[{\"@type\":\"SearchAction\",\"target\":{\"@type\":\"EntryPoint\",\"urlTemplate\":\"https:\/\/staging.forenteforlag.no\/dreyers\/?s={search_term_string}\"},\"query-input\":{\"@type\":\"PropertyValueSpecification\",\"valueRequired\":true,\"valueName\":\"search_term_string\"}}],\"inLanguage\":\"nb-NO\"}]}<\/script>\n<!-- \/ Yoast SEO plugin. -->","yoast_head_json":{"title":"Den dannede oppr\u00f8rer - Dreyers Forlag","robots":{"index":"noindex","follow":"follow","max-snippet":"max-snippet:-1","max-image-preview":"max-image-preview:large","max-video-preview":"max-video-preview:-1"},"og_locale":"nb_NO","og_type":"article","og_title":"Den dannede oppr\u00f8rer - Dreyers Forlag","og_description":"I 2016 feirer Bernt Hagtvet sine sytti f\u00f8rste \u00e5r, og markerer med det ogs\u00e5 avslutningen p\u00e5 sitt virke som professor i statsvitenskap ved Universitetet i Oslo. Hagtvets mange\u00e5rige innsats som samfunnsdebattant, forsker og forskningsformidler blir imidlertid ikke med dette lagt ned. Mange er de som har villet benytte denne anledningen til \u00e5 feire Bernt, noe [&hellip;]","og_url":"https:\/\/staging.forenteforlag.no\/dreyers\/produkt\/den-dannede-opprorer\/","og_site_name":"Dreyers Forlag","article_modified_time":"2025-09-04T11:58:15+00:00","og_image":[{"width":629,"height":890,"url":"https:\/\/staging.forenteforlag.no\/dreyers\/wp-content\/uploads\/sites\/2\/2025\/08\/jpg-5457.jpg","type":"image\/jpeg"}],"twitter_card":"summary_large_image","twitter_misc":{"Ansl. lesetid":"2 minutter"},"schema":{"@context":"https:\/\/schema.org","@graph":[{"@type":"WebPage","@id":"https:\/\/staging.forenteforlag.no\/dreyers\/produkt\/den-dannede-opprorer\/","url":"https:\/\/staging.forenteforlag.no\/dreyers\/produkt\/den-dannede-opprorer\/","name":"Den dannede oppr\u00f8rer - Dreyers Forlag","isPartOf":{"@id":"https:\/\/staging.forenteforlag.no\/dreyers\/#website"},"primaryImageOfPage":{"@id":"https:\/\/staging.forenteforlag.no\/dreyers\/produkt\/den-dannede-opprorer\/#primaryimage"},"image":{"@id":"https:\/\/staging.forenteforlag.no\/dreyers\/produkt\/den-dannede-opprorer\/#primaryimage"},"thumbnailUrl":"https:\/\/staging.forenteforlag.no\/dreyers\/wp-content\/uploads\/sites\/2\/2025\/08\/jpg-5457.jpg","datePublished":"2016-02-24T00:00:00+00:00","dateModified":"2025-09-04T11:58:15+00:00","breadcrumb":{"@id":"https:\/\/staging.forenteforlag.no\/dreyers\/produkt\/den-dannede-opprorer\/#breadcrumb"},"inLanguage":"nb-NO","potentialAction":[{"@type":"ReadAction","target":["https:\/\/staging.forenteforlag.no\/dreyers\/produkt\/den-dannede-opprorer\/"]}]},{"@type":"ImageObject","inLanguage":"nb-NO","@id":"https:\/\/staging.forenteforlag.no\/dreyers\/produkt\/den-dannede-opprorer\/#primaryimage","url":"https:\/\/staging.forenteforlag.no\/dreyers\/wp-content\/uploads\/sites\/2\/2025\/08\/jpg-5457.jpg","contentUrl":"https:\/\/staging.forenteforlag.no\/dreyers\/wp-content\/uploads\/sites\/2\/2025\/08\/jpg-5457.jpg","width":629,"height":890},{"@type":"BreadcrumbList","@id":"https:\/\/staging.forenteforlag.no\/dreyers\/produkt\/den-dannede-opprorer\/#breadcrumb","itemListElement":[{"@type":"ListItem","position":1,"name":"Hjem","item":"https:\/\/staging.forenteforlag.no\/dreyers\/"},{"@type":"ListItem","position":2,"name":"Alle b\u00f8ker","item":"https:\/\/staging.forenteforlag.no\/dreyers\/butikk\/"},{"@type":"ListItem","position":3,"name":"Den dannede oppr\u00f8rer"}]},{"@type":"WebSite","@id":"https:\/\/staging.forenteforlag.no\/dreyers\/#website","url":"https:\/\/staging.forenteforlag.no\/dreyers\/","name":"Dreyers Forlag","description":"","potentialAction":[{"@type":"SearchAction","target":{"@type":"EntryPoint","urlTemplate":"https:\/\/staging.forenteforlag.no\/dreyers\/?s={search_term_string}"},"query-input":{"@type":"PropertyValueSpecification","valueRequired":true,"valueName":"search_term_string"}}],"inLanguage":"nb-NO"}]}},"_links":{"self":[{"href":"https:\/\/staging.forenteforlag.no\/dreyers\/wp-json\/wp\/v2\/product\/21361","targetHints":{"allow":["GET"]}}],"collection":[{"href":"https:\/\/staging.forenteforlag.no\/dreyers\/wp-json\/wp\/v2\/product"}],"about":[{"href":"https:\/\/staging.forenteforlag.no\/dreyers\/wp-json\/wp\/v2\/types\/product"}],"wp:featuredmedia":[{"embeddable":true,"href":"https:\/\/staging.forenteforlag.no\/dreyers\/wp-json\/wp\/v2\/media\/24014"}],"wp:attachment":[{"href":"https:\/\/staging.forenteforlag.no\/dreyers\/wp-json\/wp\/v2\/media?parent=21361"}],"wp:term":[{"taxonomy":"product_brand","embeddable":true,"href":"https:\/\/staging.forenteforlag.no\/dreyers\/wp-json\/wp\/v2\/product_brand?post=21361"},{"taxonomy":"product_cat","embeddable":true,"href":"https:\/\/staging.forenteforlag.no\/dreyers\/wp-json\/wp\/v2\/product_cat?post=21361"},{"taxonomy":"product_tag","embeddable":true,"href":"https:\/\/staging.forenteforlag.no\/dreyers\/wp-json\/wp\/v2\/product_tag?post=21361"}],"curies":[{"name":"wp","href":"https:\/\/api.w.org\/{rel}","templated":true}]}}

Den dannede opprører

<p>I 2016 feirer Bernt Hagtvet sine sytti første år, og markerer med det også avslutningen på sitt virke som professor i statsvitenskap ved Universitetet i Oslo. Hagtvets mangeårige innsats som samfunnsdebattant, forsker og forskningsformidler blir imidlertid ikke med dette lagt ned.</p>
<p>Mange er de som har villet benytte denne anledningen til å feire Bernt, noe denne boken med sitt omfang og innhold bærer bud om. Boken har også blitt et mangfoldig koldtbord, som speiler hovedpersonens allsidige interesser. Det er heller ikke til å legge skjul på at mange temaer og skribenter kunne ha blitt med i boken, men fikk ikke plass i denne omgang.</p>
<p>Denne boken består av over tretti artikler, som spenner fra personlige refleksjoner og biografiske skisser, til oversiktsartikler for hele fagfelt og nyskapende forskningsbidrag. I det følgende har vi organisert de ulike bidragene i fem deler som representerer ulike sider ved Bernt, og ulike tema han har vært opptatt av. Studiet av politiske ideologier, folkemord og fascisme, men også forskning på demokrati og menneskerettigheter, og intellektuelles rolle i den offentlige samtalen, er fagfelt som blir behørig presentert i løpet av boken. I tillegg kommer kapitler som til sammen gir et bilde av personen som blir feiret mellom disse permene.</p>

<p>I 2016 feirer Bernt Hagtvet sine sytti første år, og markerer med det også avslutningen på sitt virke som professor i statsvitenskap ved Universitetet i Oslo. Hagtvets mangeårige innsats som samfunnsdebattant, forsker og forskningsformidler blir imidlertid ikke med dette lagt ned. Mange er de som har villet benytte denne anledningen til å feire Bernt, noe [&hellip;]</p>

<!-- This site is optimized with the Yoast SEO plugin v26.6 - https://yoast.com/wordpress/plugins/seo/ -->
<title>Den dannede opprører - Dreyers Forlag</title>
<meta name="robots" content="noindex, follow, max-snippet:-1, max-image-preview:large, max-video-preview:-1" />
<meta property="og:locale" content="nb_NO" />
<meta property="og:type" content="article" />
<meta property="og:title" content="Den dannede opprører - Dreyers Forlag" />
<meta property="og:description" content="I 2016 feirer Bernt Hagtvet sine sytti første år, og markerer med det også avslutningen på sitt virke som professor i statsvitenskap ved Universitetet i Oslo. Hagtvets mangeårige innsats som samfunnsdebattant, forsker og forskningsformidler blir imidlertid ikke med dette lagt ned. Mange er de som har villet benytte denne anledningen til å feire Bernt, noe [&hellip;]" />
<meta property="og:url" content="https://staging.forenteforlag.no/dreyers/produkt/den-dannede-opprorer/" />
<meta property="og:site_name" content="Dreyers Forlag" />
<meta property="article:modified_time" content="2025-09-04T11:58:15+00:00" />
<meta property="og:image" content="https://staging.forenteforlag.no/dreyers/wp-content/uploads/sites/2/2025/08/jpg-5457.jpg" />
	<meta property="og:image:width" content="629" />
	<meta property="og:image:height" content="890" />
	<meta property="og:image:type" content="image/jpeg" />
<meta name="twitter:card" content="summary_large_image" />
<meta name="twitter:label1" content="Ansl. lesetid" />
	<meta name="twitter:data1" content="2 minutter" />
<script type="application/ld+json" class="yoast-schema-graph">{"@context":"https://schema.org","@graph":[{"@type":"WebPage","@id":"https://staging.forenteforlag.no/dreyers/produkt/den-dannede-opprorer/","url":"https://staging.forenteforlag.no/dreyers/produkt/den-dannede-opprorer/","name":"Den dannede opprører - Dreyers Forlag","isPartOf":{"@id":"https://staging.forenteforlag.no/dreyers/#website"},"primaryImageOfPage":{"@id":"https://staging.forenteforlag.no/dreyers/produkt/den-dannede-opprorer/#primaryimage"},"image":{"@id":"https://staging.forenteforlag.no/dreyers/produkt/den-dannede-opprorer/#primaryimage"},"thumbnailUrl":"https://staging.forenteforlag.no/dreyers/wp-content/uploads/sites/2/2025/08/jpg-5457.jpg","datePublished":"2016-02-24T00:00:00+00:00","dateModified":"2025-09-04T11:58:15+00:00","breadcrumb":{"@id":"https://staging.forenteforlag.no/dreyers/produkt/den-dannede-opprorer/#breadcrumb"},"inLanguage":"nb-NO","potentialAction":[{"@type":"ReadAction","target":["https://staging.forenteforlag.no/dreyers/produkt/den-dannede-opprorer/"]}]},{"@type":"ImageObject","inLanguage":"nb-NO","@id":"https://staging.forenteforlag.no/dreyers/produkt/den-dannede-opprorer/#primaryimage","url":"https://staging.forenteforlag.no/dreyers/wp-content/uploads/sites/2/2025/08/jpg-5457.jpg","contentUrl":"https://staging.forenteforlag.no/dreyers/wp-content/uploads/sites/2/2025/08/jpg-5457.jpg","width":629,"height":890},{"@type":"BreadcrumbList","@id":"https://staging.forenteforlag.no/dreyers/produkt/den-dannede-opprorer/#breadcrumb","itemListElement":[{"@type":"ListItem","position":1,"name":"Hjem","item":"https://staging.forenteforlag.no/dreyers/"},{"@type":"ListItem","position":2,"name":"Alle bøker","item":"https://staging.forenteforlag.no/dreyers/butikk/"},{"@type":"ListItem","position":3,"name":"Den dannede opprører"}]},{"@type":"WebSite","@id":"https://staging.forenteforlag.no/dreyers/#website","url":"https://staging.forenteforlag.no/dreyers/","name":"Dreyers Forlag","description":"","potentialAction":[{"@type":"SearchAction","target":{"@type":"EntryPoint","urlTemplate":"https://staging.forenteforlag.no/dreyers/?s={search_term_string}"},"query-input":{"@type":"PropertyValueSpecification","valueRequired":true,"valueName":"search_term_string"}}],"inLanguage":"nb-NO"}]}</script>
<!-- / Yoast SEO plugin. -->

Den dannede opprører - Dreyers Forlag

I 2016 feirer Bernt Hagtvet sine sytti første år, og markerer med det også avslutningen på sitt virke som professor i statsvitenskap ved Universitetet i Oslo. Hagtvets mangeårige innsats som samfunnsdebattant, forsker og forskningsformidler blir imidlertid ikke med dette lagt ned. Mange er de som har villet benytte denne anledningen til å feire Bernt, noe [&hellip;]

Alle bøker
