{"id":21358,"date":"2016-03-10T01:00:00","date_gmt":"2016-03-10T00:00:00","guid":{"rendered":"https:\/\/dreyersforlag.forenteforlag.no\/produkt\/roma-3\/"},"modified":"2025-09-04T13:56:55","modified_gmt":"2025-09-04T11:56:55","slug":"roma-3","status":"publish","type":"product","link":"https:\/\/staging.forenteforlag.no\/dreyers\/produkt\/roma-3\/","title":{"rendered":"Roma"},"content":{"rendered":"<p>Roma er en tidsreise i hele v\u00e5r europeiske kulturhistorie &#8211; i politikk, arkitektur, religion og kunst. I denne byen ligger sporene av v\u00e5rt felles opphav lag p\u00e5 lag og tilsynelatende hulter til bulter &#8211; men bare tilsynelatende, og slett ikke tilfeldig.<\/p>\n<p>Denne boka formidler helheter og sammenhenger i Romas kulturhistorie ut fra enkelthetene, i et direkte m\u00f8te med kunsten og arkitekturen. Den er en veiviser til monumenter og steder i Roma som belyser de viktigste periodene i Romas eldre historie, nemlig antikken, middelalderen, barokken og den romerske renessansen med de usedvanlige kunstnerne Michelangelo og Rafael. Boka legger vekt p\u00e5 det som har v\u00e6rt vesentlig i \u00e5 forme byen, eller som forteller en spesiell historie som er viktig for byen og dens kunst.<\/p>\n<p>Boka er delt opp i kapitler etter en geografisk inndeling. Denne faller for en stor del sammen med ulike sider av Romas historie, slik historien har utspilt seg med ulik tyngde i de forskjellige bydelene. Det er ogs\u00e5 slik vi opplever byen, vi er ett sted av gangen.<\/p>\n<p>Som nordmenn er forfatterne opptatt av v\u00e5rt forhold til Roma, og har ogs\u00e5 viet et helt kapittel til tidligere norske Roma-farere og de stedene som betydde mye for dem, steder som betyr mye for nordmenn ogs\u00e5 i dag<\/p>\n","protected":false},"excerpt":{"rendered":"<p>Roma er en tidsreise i hele v\u00e5r europeiske kulturhistorie &#8211; i politikk, arkitektur, religion og kunst. I denne byen ligger sporene av v\u00e5rt felles opphav lag p\u00e5 lag og tilsynelatende hulter til bulter &#8211; men bare tilsynelatende, og slett ikke tilfeldig. Denne boka formidler helheter og sammenhenger i Romas kulturhistorie ut fra enkelthetene, i et [&hellip;]<\/p>\n","protected":false},"featured_media":23995,"template":"","meta":{"_acf_changed":false,"inline_featured_image":false},"product_brand":[],"product_cat":[1785,23,30],"product_tag":[362,882,1095,361],"class_list":{"0":"post-21358","1":"product","2":"type-product","3":"status-publish","4":"has-post-thumbnail","6":"product_cat-fripris","7":"product_cat-historie","8":"product_cat-reise-og-geografi","9":"product_tag-faglitteratur","10":"product_tag-geografi-og-reiser","11":"product_tag-grafiske-romaner","12":"product_tag-kulturhistorie","13":"pa_format-mykperm","15":"first","16":"instock","17":"shipping-taxable","18":"purchasable","19":"product-type-simple"},"acf":{"anmeldelse":null},"yoast_head":"<!-- This site is optimized with the Yoast SEO plugin v26.6 - https:\/\/yoast.com\/wordpress\/plugins\/seo\/ -->\n<title>Roma - Dreyers Forlag<\/title>\n<meta name=\"robots\" content=\"noindex, follow, max-snippet:-1, max-image-preview:large, max-video-preview:-1\" \/>\n<meta property=\"og:locale\" content=\"nb_NO\" \/>\n<meta property=\"og:type\" content=\"article\" \/>\n<meta property=\"og:title\" content=\"Roma - Dreyers Forlag\" \/>\n<meta property=\"og:description\" content=\"Roma er en tidsreise i hele v\u00e5r europeiske kulturhistorie &#8211; i politikk, arkitektur, religion og kunst. I denne byen ligger sporene av v\u00e5rt felles opphav lag p\u00e5 lag og tilsynelatende hulter til bulter &#8211; men bare tilsynelatende, og slett ikke tilfeldig. Denne boka formidler helheter og sammenhenger i Romas kulturhistorie ut fra enkelthetene, i et [&hellip;]\" \/>\n<meta property=\"og:url\" content=\"https:\/\/staging.forenteforlag.no\/dreyers\/produkt\/roma-3\/\" \/>\n<meta property=\"og:site_name\" content=\"Dreyers Forlag\" \/>\n<meta property=\"article:modified_time\" content=\"2025-09-04T11:56:55+00:00\" \/>\n<meta property=\"og:image\" content=\"https:\/\/staging.forenteforlag.no\/dreyers\/wp-content\/uploads\/sites\/2\/2025\/08\/jpg-5348.jpg\" \/>\n\t<meta property=\"og:image:width\" content=\"519\" \/>\n\t<meta property=\"og:image:height\" content=\"831\" \/>\n\t<meta property=\"og:image:type\" content=\"image\/jpeg\" \/>\n<meta name=\"twitter:card\" content=\"summary_large_image\" \/>\n<meta name=\"twitter:label1\" content=\"Ansl. lesetid\" \/>\n\t<meta name=\"twitter:data1\" content=\"1 minutt\" \/>\n<script type=\"application\/ld+json\" class=\"yoast-schema-graph\">{\"@context\":\"https:\/\/schema.org\",\"@graph\":[{\"@type\":\"WebPage\",\"@id\":\"https:\/\/staging.forenteforlag.no\/dreyers\/produkt\/roma-3\/\",\"url\":\"https:\/\/staging.forenteforlag.no\/dreyers\/produkt\/roma-3\/\",\"name\":\"Roma - Dreyers Forlag\",\"isPartOf\":{\"@id\":\"https:\/\/staging.forenteforlag.no\/dreyers\/#website\"},\"primaryImageOfPage\":{\"@id\":\"https:\/\/staging.forenteforlag.no\/dreyers\/produkt\/roma-3\/#primaryimage\"},\"image\":{\"@id\":\"https:\/\/staging.forenteforlag.no\/dreyers\/produkt\/roma-3\/#primaryimage\"},\"thumbnailUrl\":\"https:\/\/staging.forenteforlag.no\/dreyers\/wp-content\/uploads\/sites\/2\/2025\/08\/jpg-5348.jpg\",\"datePublished\":\"2016-03-10T00:00:00+00:00\",\"dateModified\":\"2025-09-04T11:56:55+00:00\",\"breadcrumb\":{\"@id\":\"https:\/\/staging.forenteforlag.no\/dreyers\/produkt\/roma-3\/#breadcrumb\"},\"inLanguage\":\"nb-NO\",\"potentialAction\":[{\"@type\":\"ReadAction\",\"target\":[\"https:\/\/staging.forenteforlag.no\/dreyers\/produkt\/roma-3\/\"]}]},{\"@type\":\"ImageObject\",\"inLanguage\":\"nb-NO\",\"@id\":\"https:\/\/staging.forenteforlag.no\/dreyers\/produkt\/roma-3\/#primaryimage\",\"url\":\"https:\/\/staging.forenteforlag.no\/dreyers\/wp-content\/uploads\/sites\/2\/2025\/08\/jpg-5348.jpg\",\"contentUrl\":\"https:\/\/staging.forenteforlag.no\/dreyers\/wp-content\/uploads\/sites\/2\/2025\/08\/jpg-5348.jpg\",\"width\":519,\"height\":831},{\"@type\":\"BreadcrumbList\",\"@id\":\"https:\/\/staging.forenteforlag.no\/dreyers\/produkt\/roma-3\/#breadcrumb\",\"itemListElement\":[{\"@type\":\"ListItem\",\"position\":1,\"name\":\"Hjem\",\"item\":\"https:\/\/staging.forenteforlag.no\/dreyers\/\"},{\"@type\":\"ListItem\",\"position\":2,\"name\":\"Alle b\u00f8ker\",\"item\":\"https:\/\/staging.forenteforlag.no\/dreyers\/butikk\/\"},{\"@type\":\"ListItem\",\"position\":3,\"name\":\"Roma\"}]},{\"@type\":\"WebSite\",\"@id\":\"https:\/\/staging.forenteforlag.no\/dreyers\/#website\",\"url\":\"https:\/\/staging.forenteforlag.no\/dreyers\/\",\"name\":\"Dreyers Forlag\",\"description\":\"\",\"potentialAction\":[{\"@type\":\"SearchAction\",\"target\":{\"@type\":\"EntryPoint\",\"urlTemplate\":\"https:\/\/staging.forenteforlag.no\/dreyers\/?s={search_term_string}\"},\"query-input\":{\"@type\":\"PropertyValueSpecification\",\"valueRequired\":true,\"valueName\":\"search_term_string\"}}],\"inLanguage\":\"nb-NO\"}]}<\/script>\n<!-- \/ Yoast SEO plugin. -->","yoast_head_json":{"title":"Roma - Dreyers Forlag","robots":{"index":"noindex","follow":"follow","max-snippet":"max-snippet:-1","max-image-preview":"max-image-preview:large","max-video-preview":"max-video-preview:-1"},"og_locale":"nb_NO","og_type":"article","og_title":"Roma - Dreyers Forlag","og_description":"Roma er en tidsreise i hele v\u00e5r europeiske kulturhistorie &#8211; i politikk, arkitektur, religion og kunst. I denne byen ligger sporene av v\u00e5rt felles opphav lag p\u00e5 lag og tilsynelatende hulter til bulter &#8211; men bare tilsynelatende, og slett ikke tilfeldig. Denne boka formidler helheter og sammenhenger i Romas kulturhistorie ut fra enkelthetene, i et [&hellip;]","og_url":"https:\/\/staging.forenteforlag.no\/dreyers\/produkt\/roma-3\/","og_site_name":"Dreyers Forlag","article_modified_time":"2025-09-04T11:56:55+00:00","og_image":[{"width":519,"height":831,"url":"https:\/\/staging.forenteforlag.no\/dreyers\/wp-content\/uploads\/sites\/2\/2025\/08\/jpg-5348.jpg","type":"image\/jpeg"}],"twitter_card":"summary_large_image","twitter_misc":{"Ansl. lesetid":"1 minutt"},"schema":{"@context":"https:\/\/schema.org","@graph":[{"@type":"WebPage","@id":"https:\/\/staging.forenteforlag.no\/dreyers\/produkt\/roma-3\/","url":"https:\/\/staging.forenteforlag.no\/dreyers\/produkt\/roma-3\/","name":"Roma - Dreyers Forlag","isPartOf":{"@id":"https:\/\/staging.forenteforlag.no\/dreyers\/#website"},"primaryImageOfPage":{"@id":"https:\/\/staging.forenteforlag.no\/dreyers\/produkt\/roma-3\/#primaryimage"},"image":{"@id":"https:\/\/staging.forenteforlag.no\/dreyers\/produkt\/roma-3\/#primaryimage"},"thumbnailUrl":"https:\/\/staging.forenteforlag.no\/dreyers\/wp-content\/uploads\/sites\/2\/2025\/08\/jpg-5348.jpg","datePublished":"2016-03-10T00:00:00+00:00","dateModified":"2025-09-04T11:56:55+00:00","breadcrumb":{"@id":"https:\/\/staging.forenteforlag.no\/dreyers\/produkt\/roma-3\/#breadcrumb"},"inLanguage":"nb-NO","potentialAction":[{"@type":"ReadAction","target":["https:\/\/staging.forenteforlag.no\/dreyers\/produkt\/roma-3\/"]}]},{"@type":"ImageObject","inLanguage":"nb-NO","@id":"https:\/\/staging.forenteforlag.no\/dreyers\/produkt\/roma-3\/#primaryimage","url":"https:\/\/staging.forenteforlag.no\/dreyers\/wp-content\/uploads\/sites\/2\/2025\/08\/jpg-5348.jpg","contentUrl":"https:\/\/staging.forenteforlag.no\/dreyers\/wp-content\/uploads\/sites\/2\/2025\/08\/jpg-5348.jpg","width":519,"height":831},{"@type":"BreadcrumbList","@id":"https:\/\/staging.forenteforlag.no\/dreyers\/produkt\/roma-3\/#breadcrumb","itemListElement":[{"@type":"ListItem","position":1,"name":"Hjem","item":"https:\/\/staging.forenteforlag.no\/dreyers\/"},{"@type":"ListItem","position":2,"name":"Alle b\u00f8ker","item":"https:\/\/staging.forenteforlag.no\/dreyers\/butikk\/"},{"@type":"ListItem","position":3,"name":"Roma"}]},{"@type":"WebSite","@id":"https:\/\/staging.forenteforlag.no\/dreyers\/#website","url":"https:\/\/staging.forenteforlag.no\/dreyers\/","name":"Dreyers Forlag","description":"","potentialAction":[{"@type":"SearchAction","target":{"@type":"EntryPoint","urlTemplate":"https:\/\/staging.forenteforlag.no\/dreyers\/?s={search_term_string}"},"query-input":{"@type":"PropertyValueSpecification","valueRequired":true,"valueName":"search_term_string"}}],"inLanguage":"nb-NO"}]}},"_links":{"self":[{"href":"https:\/\/staging.forenteforlag.no\/dreyers\/wp-json\/wp\/v2\/product\/21358","targetHints":{"allow":["GET"]}}],"collection":[{"href":"https:\/\/staging.forenteforlag.no\/dreyers\/wp-json\/wp\/v2\/product"}],"about":[{"href":"https:\/\/staging.forenteforlag.no\/dreyers\/wp-json\/wp\/v2\/types\/product"}],"wp:featuredmedia":[{"embeddable":true,"href":"https:\/\/staging.forenteforlag.no\/dreyers\/wp-json\/wp\/v2\/media\/23995"}],"wp:attachment":[{"href":"https:\/\/staging.forenteforlag.no\/dreyers\/wp-json\/wp\/v2\/media?parent=21358"}],"wp:term":[{"taxonomy":"product_brand","embeddable":true,"href":"https:\/\/staging.forenteforlag.no\/dreyers\/wp-json\/wp\/v2\/product_brand?post=21358"},{"taxonomy":"product_cat","embeddable":true,"href":"https:\/\/staging.forenteforlag.no\/dreyers\/wp-json\/wp\/v2\/product_cat?post=21358"},{"taxonomy":"product_tag","embeddable":true,"href":"https:\/\/staging.forenteforlag.no\/dreyers\/wp-json\/wp\/v2\/product_tag?post=21358"}],"curies":[{"name":"wp","href":"https:\/\/api.w.org\/{rel}","templated":true}]}}

<p>Roma er en tidsreise i hele vår europeiske kulturhistorie &#8211; i politikk, arkitektur, religion og kunst. I denne byen ligger sporene av vårt felles opphav lag på lag og tilsynelatende hulter til bulter &#8211; men bare tilsynelatende, og slett ikke tilfeldig.</p>
<p>Denne boka formidler helheter og sammenhenger i Romas kulturhistorie ut fra enkelthetene, i et direkte møte med kunsten og arkitekturen. Den er en veiviser til monumenter og steder i Roma som belyser de viktigste periodene i Romas eldre historie, nemlig antikken, middelalderen, barokken og den romerske renessansen med de usedvanlige kunstnerne Michelangelo og Rafael. Boka legger vekt på det som har vært vesentlig i å forme byen, eller som forteller en spesiell historie som er viktig for byen og dens kunst.</p>
<p>Boka er delt opp i kapitler etter en geografisk inndeling. Denne faller for en stor del sammen med ulike sider av Romas historie, slik historien har utspilt seg med ulik tyngde i de forskjellige bydelene. Det er også slik vi opplever byen, vi er ett sted av gangen.</p>
<p>Som nordmenn er forfatterne opptatt av vårt forhold til Roma, og har også viet et helt kapittel til tidligere norske Roma-farere og de stedene som betydde mye for dem, steder som betyr mye for nordmenn også i dag</p>

<p>Roma er en tidsreise i hele vår europeiske kulturhistorie &#8211; i politikk, arkitektur, religion og kunst. I denne byen ligger sporene av vårt felles opphav lag på lag og tilsynelatende hulter til bulter &#8211; men bare tilsynelatende, og slett ikke tilfeldig. Denne boka formidler helheter og sammenhenger i Romas kulturhistorie ut fra enkelthetene, i et [&hellip;]</p>

<!-- This site is optimized with the Yoast SEO plugin v26.6 - https://yoast.com/wordpress/plugins/seo/ -->
<title>Roma - Dreyers Forlag</title>
<meta name="robots" content="noindex, follow, max-snippet:-1, max-image-preview:large, max-video-preview:-1" />
<meta property="og:locale" content="nb_NO" />
<meta property="og:type" content="article" />
<meta property="og:title" content="Roma - Dreyers Forlag" />
<meta property="og:description" content="Roma er en tidsreise i hele vår europeiske kulturhistorie &#8211; i politikk, arkitektur, religion og kunst. I denne byen ligger sporene av vårt felles opphav lag på lag og tilsynelatende hulter til bulter &#8211; men bare tilsynelatende, og slett ikke tilfeldig. Denne boka formidler helheter og sammenhenger i Romas kulturhistorie ut fra enkelthetene, i et [&hellip;]" />
<meta property="og:url" content="https://staging.forenteforlag.no/dreyers/produkt/roma-3/" />
<meta property="og:site_name" content="Dreyers Forlag" />
<meta property="article:modified_time" content="2025-09-04T11:56:55+00:00" />
<meta property="og:image" content="https://staging.forenteforlag.no/dreyers/wp-content/uploads/sites/2/2025/08/jpg-5348.jpg" />
	<meta property="og:image:width" content="519" />
	<meta property="og:image:height" content="831" />
	<meta property="og:image:type" content="image/jpeg" />
<meta name="twitter:card" content="summary_large_image" />
<meta name="twitter:label1" content="Ansl. lesetid" />
	<meta name="twitter:data1" content="1 minutt" />
<script type="application/ld+json" class="yoast-schema-graph">{"@context":"https://schema.org","@graph":[{"@type":"WebPage","@id":"https://staging.forenteforlag.no/dreyers/produkt/roma-3/","url":"https://staging.forenteforlag.no/dreyers/produkt/roma-3/","name":"Roma - Dreyers Forlag","isPartOf":{"@id":"https://staging.forenteforlag.no/dreyers/#website"},"primaryImageOfPage":{"@id":"https://staging.forenteforlag.no/dreyers/produkt/roma-3/#primaryimage"},"image":{"@id":"https://staging.forenteforlag.no/dreyers/produkt/roma-3/#primaryimage"},"thumbnailUrl":"https://staging.forenteforlag.no/dreyers/wp-content/uploads/sites/2/2025/08/jpg-5348.jpg","datePublished":"2016-03-10T00:00:00+00:00","dateModified":"2025-09-04T11:56:55+00:00","breadcrumb":{"@id":"https://staging.forenteforlag.no/dreyers/produkt/roma-3/#breadcrumb"},"inLanguage":"nb-NO","potentialAction":[{"@type":"ReadAction","target":["https://staging.forenteforlag.no/dreyers/produkt/roma-3/"]}]},{"@type":"ImageObject","inLanguage":"nb-NO","@id":"https://staging.forenteforlag.no/dreyers/produkt/roma-3/#primaryimage","url":"https://staging.forenteforlag.no/dreyers/wp-content/uploads/sites/2/2025/08/jpg-5348.jpg","contentUrl":"https://staging.forenteforlag.no/dreyers/wp-content/uploads/sites/2/2025/08/jpg-5348.jpg","width":519,"height":831},{"@type":"BreadcrumbList","@id":"https://staging.forenteforlag.no/dreyers/produkt/roma-3/#breadcrumb","itemListElement":[{"@type":"ListItem","position":1,"name":"Hjem","item":"https://staging.forenteforlag.no/dreyers/"},{"@type":"ListItem","position":2,"name":"Alle bøker","item":"https://staging.forenteforlag.no/dreyers/butikk/"},{"@type":"ListItem","position":3,"name":"Roma"}]},{"@type":"WebSite","@id":"https://staging.forenteforlag.no/dreyers/#website","url":"https://staging.forenteforlag.no/dreyers/","name":"Dreyers Forlag","description":"","potentialAction":[{"@type":"SearchAction","target":{"@type":"EntryPoint","urlTemplate":"https://staging.forenteforlag.no/dreyers/?s={search_term_string}"},"query-input":{"@type":"PropertyValueSpecification","valueRequired":true,"valueName":"search_term_string"}}],"inLanguage":"nb-NO"}]}</script>
<!-- / Yoast SEO plugin. -->

Roma er en tidsreise i hele vår europeiske kulturhistorie &#8211; i politikk, arkitektur, religion og kunst. I denne byen ligger sporene av vårt felles opphav lag på lag og tilsynelatende hulter til bulter &#8211; men bare tilsynelatende, og slett ikke tilfeldig. Denne boka formidler helheter og sammenhenger i Romas kulturhistorie ut fra enkelthetene, i et [&hellip;]

Alle bøker
