{"id":21350,"date":"2015-10-21T02:00:00","date_gmt":"2015-10-21T00:00:00","guid":{"rendered":"https:\/\/dreyersforlag.forenteforlag.no\/produkt\/filosofenes-krig\/"},"modified":"2025-09-02T07:59:27","modified_gmt":"2025-09-02T05:59:27","slug":"filosofenes-krig","status":"publish","type":"product","link":"https:\/\/staging.forenteforlag.no\/dreyers\/produkt\/filosofenes-krig\/","title":{"rendered":"Filosofenes krig"},"content":{"rendered":"<p>Filosofenes krig handler om hvordan filosofene oppfattet den f\u00f8rste verdenskrigens etiske, historiefilosofiske og metafysiske innhold, og hvordan krigen endret det filosofiske landskapet. Et femtitalls filosofer fra hele Europa eksemplifiserer ulike sider ved den europeiske krigsopplevelsen. <\/p>\n<p>Fra begynnelsen var det et sterkt engasjement fra de intellektuelle p\u00e5 alle sider av fronten. I den f\u00f8rste krigsh\u00f8sten var det mange som f\u00f8lte seg kallet til \u00e5 vitne om sin tro p\u00e5 nasjonens sak. Dette ble en tid for opprop og manifester. Mange gr\u00e5h\u00e5rede professorer og skribenter, som var for gamle for fronten, kjente det som en moralsk n\u00f8dvendighet \u00e5 bruke pennen i fedrelandets sak. Det ble skrevet hele b\u00f8ker der en slags \u00abkrigsfilosofi\u00bb ble utviklet. Krigen ble satt inn i store metafysiske og filosofihistoriske perspektiver som skulle forklare hva dette egentlig handlet om. En stor del av Europas mest prominente filosofer og andre intellektuelle bidro til denne litteraturen. Den britiske hegelianismen og den franske kantianismen ble tidlig offer for denne patriotiske innsatsen og skulle aldri gjenvinne sin tidligere styrke. <\/p>\n<p>Jo lenger krigen varte, desto fjernere ble den nasjonale euforien fra augustdagene i 1914. For mange fremsto krigen n\u00e5 som en meningsl\u00f8s nedslakting, som den vestlige sivilisasjonens sammenbrudd. Alt snakk om demokrati, humanitet og menneskerettigheter hadde gjennom krigen blitt avsl\u00f8rt som hule fraser, som potemkinkulisser for \u00e5 maskere en havarert sivilisasjon. <\/p>\n<p>Verdenskrigen forandret det intellektuelle og filosofiske landskapet i Europa grunnleggende. Filosofien skulle heretter orientere seg etter andre landemerker og g\u00e5 helt nye veier.<\/p>\n","protected":false},"excerpt":{"rendered":"<p>Filosofenes krig handler om hvordan filosofene oppfattet den f\u00f8rste verdenskrigens etiske, historiefilosofiske og metafysiske innhold, og hvordan krigen endret det filosofiske landskapet. Et femtitalls filosofer fra hele Europa eksemplifiserer ulike sider ved den europeiske krigsopplevelsen. Fra begynnelsen var det et sterkt engasjement fra de intellektuelle p\u00e5 alle sider av fronten. I den f\u00f8rste krigsh\u00f8sten var [&hellip;]<\/p>\n","protected":false},"featured_media":24036,"template":"","meta":{"_acf_changed":false,"inline_featured_image":false},"product_brand":[],"product_cat":[21,1785,23],"product_tag":[784,362,708,503],"class_list":{"0":"post-21350","1":"product","2":"type-product","3":"status-publish","4":"has-post-thumbnail","6":"product_cat-filosofi","7":"product_cat-fripris","8":"product_cat-historie","9":"product_tag-1914-1918","10":"product_tag-faglitteratur","11":"product_tag-forste-verdenskrig","12":"product_tag-moderne-filosofi","13":"pa_format-innbundet","15":"first","16":"outofstock","17":"shipping-taxable","18":"purchasable","19":"product-type-simple"},"acf":{"anmeldelse":null},"yoast_head":"<!-- This site is optimized with the Yoast SEO plugin v26.6 - https:\/\/yoast.com\/wordpress\/plugins\/seo\/ -->\n<title>Filosofenes krig - Dreyers Forlag<\/title>\n<meta name=\"robots\" content=\"noindex, follow, max-snippet:-1, max-image-preview:large, max-video-preview:-1\" \/>\n<meta property=\"og:locale\" content=\"nb_NO\" \/>\n<meta property=\"og:type\" content=\"article\" \/>\n<meta property=\"og:title\" content=\"Filosofenes krig - Dreyers Forlag\" \/>\n<meta property=\"og:description\" content=\"Filosofenes krig handler om hvordan filosofene oppfattet den f\u00f8rste verdenskrigens etiske, historiefilosofiske og metafysiske innhold, og hvordan krigen endret det filosofiske landskapet. Et femtitalls filosofer fra hele Europa eksemplifiserer ulike sider ved den europeiske krigsopplevelsen. Fra begynnelsen var det et sterkt engasjement fra de intellektuelle p\u00e5 alle sider av fronten. I den f\u00f8rste krigsh\u00f8sten var [&hellip;]\" \/>\n<meta property=\"og:url\" content=\"https:\/\/staging.forenteforlag.no\/dreyers\/produkt\/filosofenes-krig\/\" \/>\n<meta property=\"og:site_name\" content=\"Dreyers Forlag\" \/>\n<meta property=\"article:modified_time\" content=\"2025-09-02T05:59:27+00:00\" \/>\n<meta property=\"og:image\" content=\"https:\/\/staging.forenteforlag.no\/dreyers\/wp-content\/uploads\/sites\/2\/2025\/08\/jpg-5634.jpg\" \/>\n\t<meta property=\"og:image:width\" content=\"638\" \/>\n\t<meta property=\"og:image:height\" content=\"884\" \/>\n\t<meta property=\"og:image:type\" content=\"image\/jpeg\" \/>\n<meta name=\"twitter:card\" content=\"summary_large_image\" \/>\n<meta name=\"twitter:label1\" content=\"Ansl. lesetid\" \/>\n\t<meta name=\"twitter:data1\" content=\"1 minutt\" \/>\n<script type=\"application\/ld+json\" class=\"yoast-schema-graph\">{\"@context\":\"https:\/\/schema.org\",\"@graph\":[{\"@type\":\"WebPage\",\"@id\":\"https:\/\/staging.forenteforlag.no\/dreyers\/produkt\/filosofenes-krig\/\",\"url\":\"https:\/\/staging.forenteforlag.no\/dreyers\/produkt\/filosofenes-krig\/\",\"name\":\"Filosofenes krig - Dreyers Forlag\",\"isPartOf\":{\"@id\":\"https:\/\/staging.forenteforlag.no\/dreyers\/#website\"},\"primaryImageOfPage\":{\"@id\":\"https:\/\/staging.forenteforlag.no\/dreyers\/produkt\/filosofenes-krig\/#primaryimage\"},\"image\":{\"@id\":\"https:\/\/staging.forenteforlag.no\/dreyers\/produkt\/filosofenes-krig\/#primaryimage\"},\"thumbnailUrl\":\"https:\/\/staging.forenteforlag.no\/dreyers\/wp-content\/uploads\/sites\/2\/2025\/08\/jpg-5634.jpg\",\"datePublished\":\"2015-10-21T00:00:00+00:00\",\"dateModified\":\"2025-09-02T05:59:27+00:00\",\"breadcrumb\":{\"@id\":\"https:\/\/staging.forenteforlag.no\/dreyers\/produkt\/filosofenes-krig\/#breadcrumb\"},\"inLanguage\":\"nb-NO\",\"potentialAction\":[{\"@type\":\"ReadAction\",\"target\":[\"https:\/\/staging.forenteforlag.no\/dreyers\/produkt\/filosofenes-krig\/\"]}]},{\"@type\":\"ImageObject\",\"inLanguage\":\"nb-NO\",\"@id\":\"https:\/\/staging.forenteforlag.no\/dreyers\/produkt\/filosofenes-krig\/#primaryimage\",\"url\":\"https:\/\/staging.forenteforlag.no\/dreyers\/wp-content\/uploads\/sites\/2\/2025\/08\/jpg-5634.jpg\",\"contentUrl\":\"https:\/\/staging.forenteforlag.no\/dreyers\/wp-content\/uploads\/sites\/2\/2025\/08\/jpg-5634.jpg\",\"width\":638,\"height\":884},{\"@type\":\"BreadcrumbList\",\"@id\":\"https:\/\/staging.forenteforlag.no\/dreyers\/produkt\/filosofenes-krig\/#breadcrumb\",\"itemListElement\":[{\"@type\":\"ListItem\",\"position\":1,\"name\":\"Hjem\",\"item\":\"https:\/\/staging.forenteforlag.no\/dreyers\/\"},{\"@type\":\"ListItem\",\"position\":2,\"name\":\"Alle b\u00f8ker\",\"item\":\"https:\/\/staging.forenteforlag.no\/dreyers\/butikk\/\"},{\"@type\":\"ListItem\",\"position\":3,\"name\":\"Filosofenes krig\"}]},{\"@type\":\"WebSite\",\"@id\":\"https:\/\/staging.forenteforlag.no\/dreyers\/#website\",\"url\":\"https:\/\/staging.forenteforlag.no\/dreyers\/\",\"name\":\"Dreyers Forlag\",\"description\":\"\",\"potentialAction\":[{\"@type\":\"SearchAction\",\"target\":{\"@type\":\"EntryPoint\",\"urlTemplate\":\"https:\/\/staging.forenteforlag.no\/dreyers\/?s={search_term_string}\"},\"query-input\":{\"@type\":\"PropertyValueSpecification\",\"valueRequired\":true,\"valueName\":\"search_term_string\"}}],\"inLanguage\":\"nb-NO\"}]}<\/script>\n<!-- \/ Yoast SEO plugin. -->","yoast_head_json":{"title":"Filosofenes krig - Dreyers Forlag","robots":{"index":"noindex","follow":"follow","max-snippet":"max-snippet:-1","max-image-preview":"max-image-preview:large","max-video-preview":"max-video-preview:-1"},"og_locale":"nb_NO","og_type":"article","og_title":"Filosofenes krig - Dreyers Forlag","og_description":"Filosofenes krig handler om hvordan filosofene oppfattet den f\u00f8rste verdenskrigens etiske, historiefilosofiske og metafysiske innhold, og hvordan krigen endret det filosofiske landskapet. Et femtitalls filosofer fra hele Europa eksemplifiserer ulike sider ved den europeiske krigsopplevelsen. Fra begynnelsen var det et sterkt engasjement fra de intellektuelle p\u00e5 alle sider av fronten. I den f\u00f8rste krigsh\u00f8sten var [&hellip;]","og_url":"https:\/\/staging.forenteforlag.no\/dreyers\/produkt\/filosofenes-krig\/","og_site_name":"Dreyers Forlag","article_modified_time":"2025-09-02T05:59:27+00:00","og_image":[{"width":638,"height":884,"url":"https:\/\/staging.forenteforlag.no\/dreyers\/wp-content\/uploads\/sites\/2\/2025\/08\/jpg-5634.jpg","type":"image\/jpeg"}],"twitter_card":"summary_large_image","twitter_misc":{"Ansl. lesetid":"1 minutt"},"schema":{"@context":"https:\/\/schema.org","@graph":[{"@type":"WebPage","@id":"https:\/\/staging.forenteforlag.no\/dreyers\/produkt\/filosofenes-krig\/","url":"https:\/\/staging.forenteforlag.no\/dreyers\/produkt\/filosofenes-krig\/","name":"Filosofenes krig - Dreyers Forlag","isPartOf":{"@id":"https:\/\/staging.forenteforlag.no\/dreyers\/#website"},"primaryImageOfPage":{"@id":"https:\/\/staging.forenteforlag.no\/dreyers\/produkt\/filosofenes-krig\/#primaryimage"},"image":{"@id":"https:\/\/staging.forenteforlag.no\/dreyers\/produkt\/filosofenes-krig\/#primaryimage"},"thumbnailUrl":"https:\/\/staging.forenteforlag.no\/dreyers\/wp-content\/uploads\/sites\/2\/2025\/08\/jpg-5634.jpg","datePublished":"2015-10-21T00:00:00+00:00","dateModified":"2025-09-02T05:59:27+00:00","breadcrumb":{"@id":"https:\/\/staging.forenteforlag.no\/dreyers\/produkt\/filosofenes-krig\/#breadcrumb"},"inLanguage":"nb-NO","potentialAction":[{"@type":"ReadAction","target":["https:\/\/staging.forenteforlag.no\/dreyers\/produkt\/filosofenes-krig\/"]}]},{"@type":"ImageObject","inLanguage":"nb-NO","@id":"https:\/\/staging.forenteforlag.no\/dreyers\/produkt\/filosofenes-krig\/#primaryimage","url":"https:\/\/staging.forenteforlag.no\/dreyers\/wp-content\/uploads\/sites\/2\/2025\/08\/jpg-5634.jpg","contentUrl":"https:\/\/staging.forenteforlag.no\/dreyers\/wp-content\/uploads\/sites\/2\/2025\/08\/jpg-5634.jpg","width":638,"height":884},{"@type":"BreadcrumbList","@id":"https:\/\/staging.forenteforlag.no\/dreyers\/produkt\/filosofenes-krig\/#breadcrumb","itemListElement":[{"@type":"ListItem","position":1,"name":"Hjem","item":"https:\/\/staging.forenteforlag.no\/dreyers\/"},{"@type":"ListItem","position":2,"name":"Alle b\u00f8ker","item":"https:\/\/staging.forenteforlag.no\/dreyers\/butikk\/"},{"@type":"ListItem","position":3,"name":"Filosofenes krig"}]},{"@type":"WebSite","@id":"https:\/\/staging.forenteforlag.no\/dreyers\/#website","url":"https:\/\/staging.forenteforlag.no\/dreyers\/","name":"Dreyers Forlag","description":"","potentialAction":[{"@type":"SearchAction","target":{"@type":"EntryPoint","urlTemplate":"https:\/\/staging.forenteforlag.no\/dreyers\/?s={search_term_string}"},"query-input":{"@type":"PropertyValueSpecification","valueRequired":true,"valueName":"search_term_string"}}],"inLanguage":"nb-NO"}]}},"_links":{"self":[{"href":"https:\/\/staging.forenteforlag.no\/dreyers\/wp-json\/wp\/v2\/product\/21350","targetHints":{"allow":["GET"]}}],"collection":[{"href":"https:\/\/staging.forenteforlag.no\/dreyers\/wp-json\/wp\/v2\/product"}],"about":[{"href":"https:\/\/staging.forenteforlag.no\/dreyers\/wp-json\/wp\/v2\/types\/product"}],"wp:featuredmedia":[{"embeddable":true,"href":"https:\/\/staging.forenteforlag.no\/dreyers\/wp-json\/wp\/v2\/media\/24036"}],"wp:attachment":[{"href":"https:\/\/staging.forenteforlag.no\/dreyers\/wp-json\/wp\/v2\/media?parent=21350"}],"wp:term":[{"taxonomy":"product_brand","embeddable":true,"href":"https:\/\/staging.forenteforlag.no\/dreyers\/wp-json\/wp\/v2\/product_brand?post=21350"},{"taxonomy":"product_cat","embeddable":true,"href":"https:\/\/staging.forenteforlag.no\/dreyers\/wp-json\/wp\/v2\/product_cat?post=21350"},{"taxonomy":"product_tag","embeddable":true,"href":"https:\/\/staging.forenteforlag.no\/dreyers\/wp-json\/wp\/v2\/product_tag?post=21350"}],"curies":[{"name":"wp","href":"https:\/\/api.w.org\/{rel}","templated":true}]}}

<p>Filosofenes krig handler om hvordan filosofene oppfattet den første verdenskrigens etiske, historiefilosofiske og metafysiske innhold, og hvordan krigen endret det filosofiske landskapet. Et femtitalls filosofer fra hele Europa eksemplifiserer ulike sider ved den europeiske krigsopplevelsen. </p>
<p>Fra begynnelsen var det et sterkt engasjement fra de intellektuelle på alle sider av fronten. I den første krigshøsten var det mange som følte seg kallet til å vitne om sin tro på nasjonens sak. Dette ble en tid for opprop og manifester. Mange gråhårede professorer og skribenter, som var for gamle for fronten, kjente det som en moralsk nødvendighet å bruke pennen i fedrelandets sak. Det ble skrevet hele bøker der en slags «krigsfilosofi» ble utviklet. Krigen ble satt inn i store metafysiske og filosofihistoriske perspektiver som skulle forklare hva dette egentlig handlet om. En stor del av Europas mest prominente filosofer og andre intellektuelle bidro til denne litteraturen. Den britiske hegelianismen og den franske kantianismen ble tidlig offer for denne patriotiske innsatsen og skulle aldri gjenvinne sin tidligere styrke. </p>
<p>Jo lenger krigen varte, desto fjernere ble den nasjonale euforien fra augustdagene i 1914. For mange fremsto krigen nå som en meningsløs nedslakting, som den vestlige sivilisasjonens sammenbrudd. Alt snakk om demokrati, humanitet og menneskerettigheter hadde gjennom krigen blitt avslørt som hule fraser, som potemkinkulisser for å maskere en havarert sivilisasjon. </p>
<p>Verdenskrigen forandret det intellektuelle og filosofiske landskapet i Europa grunnleggende. Filosofien skulle heretter orientere seg etter andre landemerker og gå helt nye veier.</p>

<p>Filosofenes krig handler om hvordan filosofene oppfattet den første verdenskrigens etiske, historiefilosofiske og metafysiske innhold, og hvordan krigen endret det filosofiske landskapet. Et femtitalls filosofer fra hele Europa eksemplifiserer ulike sider ved den europeiske krigsopplevelsen. Fra begynnelsen var det et sterkt engasjement fra de intellektuelle på alle sider av fronten. I den første krigshøsten var [&hellip;]</p>

<!-- This site is optimized with the Yoast SEO plugin v26.6 - https://yoast.com/wordpress/plugins/seo/ -->
<title>Filosofenes krig - Dreyers Forlag</title>
<meta name="robots" content="noindex, follow, max-snippet:-1, max-image-preview:large, max-video-preview:-1" />
<meta property="og:locale" content="nb_NO" />
<meta property="og:type" content="article" />
<meta property="og:title" content="Filosofenes krig - Dreyers Forlag" />
<meta property="og:description" content="Filosofenes krig handler om hvordan filosofene oppfattet den første verdenskrigens etiske, historiefilosofiske og metafysiske innhold, og hvordan krigen endret det filosofiske landskapet. Et femtitalls filosofer fra hele Europa eksemplifiserer ulike sider ved den europeiske krigsopplevelsen. Fra begynnelsen var det et sterkt engasjement fra de intellektuelle på alle sider av fronten. I den første krigshøsten var [&hellip;]" />
<meta property="og:url" content="https://staging.forenteforlag.no/dreyers/produkt/filosofenes-krig/" />
<meta property="og:site_name" content="Dreyers Forlag" />
<meta property="article:modified_time" content="2025-09-02T05:59:27+00:00" />
<meta property="og:image" content="https://staging.forenteforlag.no/dreyers/wp-content/uploads/sites/2/2025/08/jpg-5634.jpg" />
	<meta property="og:image:width" content="638" />
	<meta property="og:image:height" content="884" />
	<meta property="og:image:type" content="image/jpeg" />
<meta name="twitter:card" content="summary_large_image" />
<meta name="twitter:label1" content="Ansl. lesetid" />
	<meta name="twitter:data1" content="1 minutt" />
<script type="application/ld+json" class="yoast-schema-graph">{"@context":"https://schema.org","@graph":[{"@type":"WebPage","@id":"https://staging.forenteforlag.no/dreyers/produkt/filosofenes-krig/","url":"https://staging.forenteforlag.no/dreyers/produkt/filosofenes-krig/","name":"Filosofenes krig - Dreyers Forlag","isPartOf":{"@id":"https://staging.forenteforlag.no/dreyers/#website"},"primaryImageOfPage":{"@id":"https://staging.forenteforlag.no/dreyers/produkt/filosofenes-krig/#primaryimage"},"image":{"@id":"https://staging.forenteforlag.no/dreyers/produkt/filosofenes-krig/#primaryimage"},"thumbnailUrl":"https://staging.forenteforlag.no/dreyers/wp-content/uploads/sites/2/2025/08/jpg-5634.jpg","datePublished":"2015-10-21T00:00:00+00:00","dateModified":"2025-09-02T05:59:27+00:00","breadcrumb":{"@id":"https://staging.forenteforlag.no/dreyers/produkt/filosofenes-krig/#breadcrumb"},"inLanguage":"nb-NO","potentialAction":[{"@type":"ReadAction","target":["https://staging.forenteforlag.no/dreyers/produkt/filosofenes-krig/"]}]},{"@type":"ImageObject","inLanguage":"nb-NO","@id":"https://staging.forenteforlag.no/dreyers/produkt/filosofenes-krig/#primaryimage","url":"https://staging.forenteforlag.no/dreyers/wp-content/uploads/sites/2/2025/08/jpg-5634.jpg","contentUrl":"https://staging.forenteforlag.no/dreyers/wp-content/uploads/sites/2/2025/08/jpg-5634.jpg","width":638,"height":884},{"@type":"BreadcrumbList","@id":"https://staging.forenteforlag.no/dreyers/produkt/filosofenes-krig/#breadcrumb","itemListElement":[{"@type":"ListItem","position":1,"name":"Hjem","item":"https://staging.forenteforlag.no/dreyers/"},{"@type":"ListItem","position":2,"name":"Alle bøker","item":"https://staging.forenteforlag.no/dreyers/butikk/"},{"@type":"ListItem","position":3,"name":"Filosofenes krig"}]},{"@type":"WebSite","@id":"https://staging.forenteforlag.no/dreyers/#website","url":"https://staging.forenteforlag.no/dreyers/","name":"Dreyers Forlag","description":"","potentialAction":[{"@type":"SearchAction","target":{"@type":"EntryPoint","urlTemplate":"https://staging.forenteforlag.no/dreyers/?s={search_term_string}"},"query-input":{"@type":"PropertyValueSpecification","valueRequired":true,"valueName":"search_term_string"}}],"inLanguage":"nb-NO"}]}</script>
<!-- / Yoast SEO plugin. -->

Filosofenes krig handler om hvordan filosofene oppfattet den første verdenskrigens etiske, historiefilosofiske og metafysiske innhold, og hvordan krigen endret det filosofiske landskapet. Et femtitalls filosofer fra hele Europa eksemplifiserer ulike sider ved den europeiske krigsopplevelsen. Fra begynnelsen var det et sterkt engasjement fra de intellektuelle på alle sider av fronten. I den første krigshøsten var [&hellip;]

Alle bøker
