{"id":21342,"date":"2016-10-13T02:00:00","date_gmt":"2016-10-13T00:00:00","guid":{"rendered":"https:\/\/dreyersforlag.forenteforlag.no\/produkt\/roald-dahl\/"},"modified":"2025-08-27T11:24:01","modified_gmt":"2025-08-27T09:24:01","slug":"roald-dahl","status":"publish","type":"product","link":"https:\/\/staging.forenteforlag.no\/dreyers\/produkt\/roald-dahl\/","title":{"rendered":"Roald Dahl"},"content":{"rendered":"<p>I 2016 var det hundre \u00e5r siden Roald Dahl ble f\u00f8dt. Denne forfatteren med norske foreldre er kjent for alle som har v\u00e6rt gjennom barnelitteraturens klassikere, og andre vil kjenne ham som gr\u00f8ssernovellenes mester fra etterkrigstiden. Men mennesket Dahl er lite kjent for norsk offentlighet. Det var et liv fylt av motsetninger.  <\/p>\n<p>Outsiderstatusen var en rolle Roald Dahl dyrket bevisst og som han brukte til \u00e5 utvikle en barnelitteratur med uvanlig bitt &#8211; ofte bisarr og brutal, alltid p\u00e5 barnets side. Han var sterkt preget av opplevelsene i skole og flyv\u00e5pen og n\u00e6ret den skepsis overfor autoriteter som bare britisk kostskoleliv kan skape. I l\u00f8pet av sitt eget voksenliv ble han gang p\u00e5 gang truffet av personlige tragedier som formet b\u00e5de livssyn og litteratur. Men han beholdt ogs\u00e5 et sentimentalt syn p\u00e5 verdisettet han selv gjenkjente hos barn: det \u00e6rlige, rene og barnlige. Roald Dahl &#8211; grensesprengeren g\u00e5r opp stiene i Roald Dahls liv og sp\u00f8r hvilke ideer han m\u00e5lbar og hvordan hans liv og forfatterskap kan forst\u00e5s i dag.<\/p>\n","protected":false},"excerpt":{"rendered":"<p>I 2016 var det hundre \u00e5r siden Roald Dahl ble f\u00f8dt. Denne forfatteren med norske foreldre er kjent for alle som har v\u00e6rt gjennom barnelitteraturens klassikere, og andre vil kjenne ham som gr\u00f8ssernovellenes mester fra etterkrigstiden. Men mennesket Dahl er lite kjent for norsk offentlighet. Det var et liv fylt av motsetninger. Outsiderstatusen var en [&hellip;]<\/p>\n","protected":false},"featured_media":24317,"template":"","meta":{"_acf_changed":false,"inline_featured_image":false},"product_brand":[],"product_cat":[20,1785],"product_tag":[441,362,413,417,428],"class_list":{"0":"post-21342","1":"product","2":"type-product","3":"status-publish","4":"has-post-thumbnail","6":"product_cat-biografier-og-memoarer","7":"product_cat-fripris","8":"product_tag-1900-tallet","9":"product_tag-faglitteratur","10":"product_tag-forfattere","11":"product_tag-selvbiografier","12":"product_tag-storbritannia","13":"pa_format-innbundet","15":"first","16":"instock","17":"shipping-taxable","18":"purchasable","19":"product-type-simple"},"acf":{"anmeldelse":null},"yoast_head":"<!-- This site is optimized with the Yoast SEO plugin v26.6 - https:\/\/yoast.com\/wordpress\/plugins\/seo\/ -->\n<title>Roald Dahl - Dreyers Forlag<\/title>\n<meta name=\"robots\" content=\"noindex, follow, max-snippet:-1, max-image-preview:large, max-video-preview:-1\" \/>\n<meta property=\"og:locale\" content=\"nb_NO\" \/>\n<meta property=\"og:type\" content=\"article\" \/>\n<meta property=\"og:title\" content=\"Roald Dahl - Dreyers Forlag\" \/>\n<meta property=\"og:description\" content=\"I 2016 var det hundre \u00e5r siden Roald Dahl ble f\u00f8dt. Denne forfatteren med norske foreldre er kjent for alle som har v\u00e6rt gjennom barnelitteraturens klassikere, og andre vil kjenne ham som gr\u00f8ssernovellenes mester fra etterkrigstiden. Men mennesket Dahl er lite kjent for norsk offentlighet. Det var et liv fylt av motsetninger. Outsiderstatusen var en [&hellip;]\" \/>\n<meta property=\"og:url\" content=\"https:\/\/staging.forenteforlag.no\/dreyers\/produkt\/roald-dahl\/\" \/>\n<meta property=\"og:site_name\" content=\"Dreyers Forlag\" \/>\n<meta property=\"article:modified_time\" content=\"2025-08-27T09:24:01+00:00\" \/>\n<meta property=\"og:image\" content=\"https:\/\/staging.forenteforlag.no\/dreyers\/wp-content\/uploads\/sites\/2\/2025\/08\/jpg-8327.jpg\" \/>\n\t<meta property=\"og:image:width\" content=\"452\" \/>\n\t<meta property=\"og:image:height\" content=\"641\" \/>\n\t<meta property=\"og:image:type\" content=\"image\/jpeg\" \/>\n<meta name=\"twitter:card\" content=\"summary_large_image\" \/>\n<meta name=\"twitter:label1\" content=\"Ansl. lesetid\" \/>\n\t<meta name=\"twitter:data1\" content=\"1 minutt\" \/>\n<script type=\"application\/ld+json\" class=\"yoast-schema-graph\">{\"@context\":\"https:\/\/schema.org\",\"@graph\":[{\"@type\":\"WebPage\",\"@id\":\"https:\/\/staging.forenteforlag.no\/dreyers\/produkt\/roald-dahl\/\",\"url\":\"https:\/\/staging.forenteforlag.no\/dreyers\/produkt\/roald-dahl\/\",\"name\":\"Roald Dahl - Dreyers Forlag\",\"isPartOf\":{\"@id\":\"https:\/\/staging.forenteforlag.no\/dreyers\/#website\"},\"primaryImageOfPage\":{\"@id\":\"https:\/\/staging.forenteforlag.no\/dreyers\/produkt\/roald-dahl\/#primaryimage\"},\"image\":{\"@id\":\"https:\/\/staging.forenteforlag.no\/dreyers\/produkt\/roald-dahl\/#primaryimage\"},\"thumbnailUrl\":\"https:\/\/staging.forenteforlag.no\/dreyers\/wp-content\/uploads\/sites\/2\/2025\/08\/jpg-8327.jpg\",\"datePublished\":\"2016-10-13T00:00:00+00:00\",\"dateModified\":\"2025-08-27T09:24:01+00:00\",\"breadcrumb\":{\"@id\":\"https:\/\/staging.forenteforlag.no\/dreyers\/produkt\/roald-dahl\/#breadcrumb\"},\"inLanguage\":\"nb-NO\",\"potentialAction\":[{\"@type\":\"ReadAction\",\"target\":[\"https:\/\/staging.forenteforlag.no\/dreyers\/produkt\/roald-dahl\/\"]}]},{\"@type\":\"ImageObject\",\"inLanguage\":\"nb-NO\",\"@id\":\"https:\/\/staging.forenteforlag.no\/dreyers\/produkt\/roald-dahl\/#primaryimage\",\"url\":\"https:\/\/staging.forenteforlag.no\/dreyers\/wp-content\/uploads\/sites\/2\/2025\/08\/jpg-8327.jpg\",\"contentUrl\":\"https:\/\/staging.forenteforlag.no\/dreyers\/wp-content\/uploads\/sites\/2\/2025\/08\/jpg-8327.jpg\",\"width\":452,\"height\":641},{\"@type\":\"BreadcrumbList\",\"@id\":\"https:\/\/staging.forenteforlag.no\/dreyers\/produkt\/roald-dahl\/#breadcrumb\",\"itemListElement\":[{\"@type\":\"ListItem\",\"position\":1,\"name\":\"Hjem\",\"item\":\"https:\/\/staging.forenteforlag.no\/dreyers\/\"},{\"@type\":\"ListItem\",\"position\":2,\"name\":\"Alle b\u00f8ker\",\"item\":\"https:\/\/staging.forenteforlag.no\/dreyers\/butikk\/\"},{\"@type\":\"ListItem\",\"position\":3,\"name\":\"Roald Dahl\"}]},{\"@type\":\"WebSite\",\"@id\":\"https:\/\/staging.forenteforlag.no\/dreyers\/#website\",\"url\":\"https:\/\/staging.forenteforlag.no\/dreyers\/\",\"name\":\"Dreyers Forlag\",\"description\":\"\",\"potentialAction\":[{\"@type\":\"SearchAction\",\"target\":{\"@type\":\"EntryPoint\",\"urlTemplate\":\"https:\/\/staging.forenteforlag.no\/dreyers\/?s={search_term_string}\"},\"query-input\":{\"@type\":\"PropertyValueSpecification\",\"valueRequired\":true,\"valueName\":\"search_term_string\"}}],\"inLanguage\":\"nb-NO\"}]}<\/script>\n<!-- \/ Yoast SEO plugin. -->","yoast_head_json":{"title":"Roald Dahl - Dreyers Forlag","robots":{"index":"noindex","follow":"follow","max-snippet":"max-snippet:-1","max-image-preview":"max-image-preview:large","max-video-preview":"max-video-preview:-1"},"og_locale":"nb_NO","og_type":"article","og_title":"Roald Dahl - Dreyers Forlag","og_description":"I 2016 var det hundre \u00e5r siden Roald Dahl ble f\u00f8dt. Denne forfatteren med norske foreldre er kjent for alle som har v\u00e6rt gjennom barnelitteraturens klassikere, og andre vil kjenne ham som gr\u00f8ssernovellenes mester fra etterkrigstiden. Men mennesket Dahl er lite kjent for norsk offentlighet. Det var et liv fylt av motsetninger. Outsiderstatusen var en [&hellip;]","og_url":"https:\/\/staging.forenteforlag.no\/dreyers\/produkt\/roald-dahl\/","og_site_name":"Dreyers Forlag","article_modified_time":"2025-08-27T09:24:01+00:00","og_image":[{"width":452,"height":641,"url":"https:\/\/staging.forenteforlag.no\/dreyers\/wp-content\/uploads\/sites\/2\/2025\/08\/jpg-8327.jpg","type":"image\/jpeg"}],"twitter_card":"summary_large_image","twitter_misc":{"Ansl. lesetid":"1 minutt"},"schema":{"@context":"https:\/\/schema.org","@graph":[{"@type":"WebPage","@id":"https:\/\/staging.forenteforlag.no\/dreyers\/produkt\/roald-dahl\/","url":"https:\/\/staging.forenteforlag.no\/dreyers\/produkt\/roald-dahl\/","name":"Roald Dahl - Dreyers Forlag","isPartOf":{"@id":"https:\/\/staging.forenteforlag.no\/dreyers\/#website"},"primaryImageOfPage":{"@id":"https:\/\/staging.forenteforlag.no\/dreyers\/produkt\/roald-dahl\/#primaryimage"},"image":{"@id":"https:\/\/staging.forenteforlag.no\/dreyers\/produkt\/roald-dahl\/#primaryimage"},"thumbnailUrl":"https:\/\/staging.forenteforlag.no\/dreyers\/wp-content\/uploads\/sites\/2\/2025\/08\/jpg-8327.jpg","datePublished":"2016-10-13T00:00:00+00:00","dateModified":"2025-08-27T09:24:01+00:00","breadcrumb":{"@id":"https:\/\/staging.forenteforlag.no\/dreyers\/produkt\/roald-dahl\/#breadcrumb"},"inLanguage":"nb-NO","potentialAction":[{"@type":"ReadAction","target":["https:\/\/staging.forenteforlag.no\/dreyers\/produkt\/roald-dahl\/"]}]},{"@type":"ImageObject","inLanguage":"nb-NO","@id":"https:\/\/staging.forenteforlag.no\/dreyers\/produkt\/roald-dahl\/#primaryimage","url":"https:\/\/staging.forenteforlag.no\/dreyers\/wp-content\/uploads\/sites\/2\/2025\/08\/jpg-8327.jpg","contentUrl":"https:\/\/staging.forenteforlag.no\/dreyers\/wp-content\/uploads\/sites\/2\/2025\/08\/jpg-8327.jpg","width":452,"height":641},{"@type":"BreadcrumbList","@id":"https:\/\/staging.forenteforlag.no\/dreyers\/produkt\/roald-dahl\/#breadcrumb","itemListElement":[{"@type":"ListItem","position":1,"name":"Hjem","item":"https:\/\/staging.forenteforlag.no\/dreyers\/"},{"@type":"ListItem","position":2,"name":"Alle b\u00f8ker","item":"https:\/\/staging.forenteforlag.no\/dreyers\/butikk\/"},{"@type":"ListItem","position":3,"name":"Roald Dahl"}]},{"@type":"WebSite","@id":"https:\/\/staging.forenteforlag.no\/dreyers\/#website","url":"https:\/\/staging.forenteforlag.no\/dreyers\/","name":"Dreyers Forlag","description":"","potentialAction":[{"@type":"SearchAction","target":{"@type":"EntryPoint","urlTemplate":"https:\/\/staging.forenteforlag.no\/dreyers\/?s={search_term_string}"},"query-input":{"@type":"PropertyValueSpecification","valueRequired":true,"valueName":"search_term_string"}}],"inLanguage":"nb-NO"}]}},"_links":{"self":[{"href":"https:\/\/staging.forenteforlag.no\/dreyers\/wp-json\/wp\/v2\/product\/21342","targetHints":{"allow":["GET"]}}],"collection":[{"href":"https:\/\/staging.forenteforlag.no\/dreyers\/wp-json\/wp\/v2\/product"}],"about":[{"href":"https:\/\/staging.forenteforlag.no\/dreyers\/wp-json\/wp\/v2\/types\/product"}],"wp:featuredmedia":[{"embeddable":true,"href":"https:\/\/staging.forenteforlag.no\/dreyers\/wp-json\/wp\/v2\/media\/24317"}],"wp:attachment":[{"href":"https:\/\/staging.forenteforlag.no\/dreyers\/wp-json\/wp\/v2\/media?parent=21342"}],"wp:term":[{"taxonomy":"product_brand","embeddable":true,"href":"https:\/\/staging.forenteforlag.no\/dreyers\/wp-json\/wp\/v2\/product_brand?post=21342"},{"taxonomy":"product_cat","embeddable":true,"href":"https:\/\/staging.forenteforlag.no\/dreyers\/wp-json\/wp\/v2\/product_cat?post=21342"},{"taxonomy":"product_tag","embeddable":true,"href":"https:\/\/staging.forenteforlag.no\/dreyers\/wp-json\/wp\/v2\/product_tag?post=21342"}],"curies":[{"name":"wp","href":"https:\/\/api.w.org\/{rel}","templated":true}]}}

<p>I 2016 var det hundre år siden Roald Dahl ble født. Denne forfatteren med norske foreldre er kjent for alle som har vært gjennom barnelitteraturens klassikere, og andre vil kjenne ham som grøssernovellenes mester fra etterkrigstiden. Men mennesket Dahl er lite kjent for norsk offentlighet. Det var et liv fylt av motsetninger.  </p>
<p>Outsiderstatusen var en rolle Roald Dahl dyrket bevisst og som han brukte til å utvikle en barnelitteratur med uvanlig bitt &#8211; ofte bisarr og brutal, alltid på barnets side. Han var sterkt preget av opplevelsene i skole og flyvåpen og næret den skepsis overfor autoriteter som bare britisk kostskoleliv kan skape. I løpet av sitt eget voksenliv ble han gang på gang truffet av personlige tragedier som formet både livssyn og litteratur. Men han beholdt også et sentimentalt syn på verdisettet han selv gjenkjente hos barn: det ærlige, rene og barnlige. Roald Dahl &#8211; grensesprengeren går opp stiene i Roald Dahls liv og spør hvilke ideer han målbar og hvordan hans liv og forfatterskap kan forstås i dag.</p>

<p>I 2016 var det hundre år siden Roald Dahl ble født. Denne forfatteren med norske foreldre er kjent for alle som har vært gjennom barnelitteraturens klassikere, og andre vil kjenne ham som grøssernovellenes mester fra etterkrigstiden. Men mennesket Dahl er lite kjent for norsk offentlighet. Det var et liv fylt av motsetninger. Outsiderstatusen var en [&hellip;]</p>

<!-- This site is optimized with the Yoast SEO plugin v26.6 - https://yoast.com/wordpress/plugins/seo/ -->
<title>Roald Dahl - Dreyers Forlag</title>
<meta name="robots" content="noindex, follow, max-snippet:-1, max-image-preview:large, max-video-preview:-1" />
<meta property="og:locale" content="nb_NO" />
<meta property="og:type" content="article" />
<meta property="og:title" content="Roald Dahl - Dreyers Forlag" />
<meta property="og:description" content="I 2016 var det hundre år siden Roald Dahl ble født. Denne forfatteren med norske foreldre er kjent for alle som har vært gjennom barnelitteraturens klassikere, og andre vil kjenne ham som grøssernovellenes mester fra etterkrigstiden. Men mennesket Dahl er lite kjent for norsk offentlighet. Det var et liv fylt av motsetninger. Outsiderstatusen var en [&hellip;]" />
<meta property="og:url" content="https://staging.forenteforlag.no/dreyers/produkt/roald-dahl/" />
<meta property="og:site_name" content="Dreyers Forlag" />
<meta property="article:modified_time" content="2025-08-27T09:24:01+00:00" />
<meta property="og:image" content="https://staging.forenteforlag.no/dreyers/wp-content/uploads/sites/2/2025/08/jpg-8327.jpg" />
	<meta property="og:image:width" content="452" />
	<meta property="og:image:height" content="641" />
	<meta property="og:image:type" content="image/jpeg" />
<meta name="twitter:card" content="summary_large_image" />
<meta name="twitter:label1" content="Ansl. lesetid" />
	<meta name="twitter:data1" content="1 minutt" />
<script type="application/ld+json" class="yoast-schema-graph">{"@context":"https://schema.org","@graph":[{"@type":"WebPage","@id":"https://staging.forenteforlag.no/dreyers/produkt/roald-dahl/","url":"https://staging.forenteforlag.no/dreyers/produkt/roald-dahl/","name":"Roald Dahl - Dreyers Forlag","isPartOf":{"@id":"https://staging.forenteforlag.no/dreyers/#website"},"primaryImageOfPage":{"@id":"https://staging.forenteforlag.no/dreyers/produkt/roald-dahl/#primaryimage"},"image":{"@id":"https://staging.forenteforlag.no/dreyers/produkt/roald-dahl/#primaryimage"},"thumbnailUrl":"https://staging.forenteforlag.no/dreyers/wp-content/uploads/sites/2/2025/08/jpg-8327.jpg","datePublished":"2016-10-13T00:00:00+00:00","dateModified":"2025-08-27T09:24:01+00:00","breadcrumb":{"@id":"https://staging.forenteforlag.no/dreyers/produkt/roald-dahl/#breadcrumb"},"inLanguage":"nb-NO","potentialAction":[{"@type":"ReadAction","target":["https://staging.forenteforlag.no/dreyers/produkt/roald-dahl/"]}]},{"@type":"ImageObject","inLanguage":"nb-NO","@id":"https://staging.forenteforlag.no/dreyers/produkt/roald-dahl/#primaryimage","url":"https://staging.forenteforlag.no/dreyers/wp-content/uploads/sites/2/2025/08/jpg-8327.jpg","contentUrl":"https://staging.forenteforlag.no/dreyers/wp-content/uploads/sites/2/2025/08/jpg-8327.jpg","width":452,"height":641},{"@type":"BreadcrumbList","@id":"https://staging.forenteforlag.no/dreyers/produkt/roald-dahl/#breadcrumb","itemListElement":[{"@type":"ListItem","position":1,"name":"Hjem","item":"https://staging.forenteforlag.no/dreyers/"},{"@type":"ListItem","position":2,"name":"Alle bøker","item":"https://staging.forenteforlag.no/dreyers/butikk/"},{"@type":"ListItem","position":3,"name":"Roald Dahl"}]},{"@type":"WebSite","@id":"https://staging.forenteforlag.no/dreyers/#website","url":"https://staging.forenteforlag.no/dreyers/","name":"Dreyers Forlag","description":"","potentialAction":[{"@type":"SearchAction","target":{"@type":"EntryPoint","urlTemplate":"https://staging.forenteforlag.no/dreyers/?s={search_term_string}"},"query-input":{"@type":"PropertyValueSpecification","valueRequired":true,"valueName":"search_term_string"}}],"inLanguage":"nb-NO"}]}</script>
<!-- / Yoast SEO plugin. -->

I 2016 var det hundre år siden Roald Dahl ble født. Denne forfatteren med norske foreldre er kjent for alle som har vært gjennom barnelitteraturens klassikere, og andre vil kjenne ham som grøssernovellenes mester fra etterkrigstiden. Men mennesket Dahl er lite kjent for norsk offentlighet. Det var et liv fylt av motsetninger. Outsiderstatusen var en [&hellip;]

Alle bøker
