{"id":21338,"date":"2016-10-27T02:00:00","date_gmt":"2016-10-27T00:00:00","guid":{"rendered":"https:\/\/dreyersforlag.forenteforlag.no\/produkt\/tredvearskrigen-2\/"},"modified":"2025-11-06T09:18:39","modified_gmt":"2025-11-06T08:18:39","slug":"tredvearskrigen-2","status":"publish","type":"product","link":"https:\/\/staging.forenteforlag.no\/dreyers\/produkt\/tredvearskrigen-2\/","title":{"rendered":"Tredve\u00e5rskrigen"},"content":{"rendered":"<p>Tredve\u00e5rskrigen er en av de verste katastrofene i Europas historie. En ufattelig brutal krig som la store deler av kontinentet \u00f8de og forandret Europa for alltid. <\/p>\n<p>Det begynte som en religi\u00f8s konflikt mellom den katolske keiseren av Det tysk-.romerske riket og hans unders\u00e5tter i det protestantiske fyrsted\u00f8mmet B\u00f6hmen, men utviklet seg snart til en europeisk maktbalansekrig, hvor ogs\u00e5 besittelser i Amerika, Afrika og Asia ble dratt inn i konflikten. <\/p>\n<p>Krigen endte ved forhandlingsbordet i 1648. Freden i Westfalen regulerte religi\u00f8se, statsrettslige og territorielle sp\u00f8rsm\u00e5l, og betraktes som starten p\u00e5 det moderne Europa med suverene sm\u00e5stater. Det var ogs\u00e5 avslutningen p\u00e5 de de religi\u00f8se krigene som hadde hjems\u00f8kt det europeiske kontinentet siden Reformasjonen. <\/p>\n<p>Dick Harrisons Tredve\u00e5rskrigen er den f\u00f8rste utgivelsen p\u00e5 norsk som gir en helhetlig framstilling av denne avgj\u00f8rende hendelsen i Europas historie.<\/p>\n","protected":false},"excerpt":{"rendered":"<p>Tredve\u00e5rskrigen er en av de verste katastrofene i Europas historie. En ufattelig brutal krig som la store deler av kontinentet \u00f8de og forandret Europa for alltid. Det begynte som en religi\u00f8s konflikt mellom den katolske keiseren av Det tysk-.romerske riket og hans unders\u00e5tter i det protestantiske fyrsted\u00f8mmet B\u00f6hmen, men utviklet seg snart til en europeisk [&hellip;]<\/p>\n","protected":false},"featured_media":24222,"template":"","meta":{"_acf_changed":false,"inline_featured_image":false},"product_brand":[],"product_cat":[23],"product_tag":[362],"class_list":{"0":"post-21338","1":"product","2":"type-product","3":"status-publish","4":"has-post-thumbnail","6":"product_cat-historie","7":"product_tag-faglitteratur","8":"pa_format-innbundet","10":"first","11":"outofstock","12":"shipping-taxable","13":"purchasable","14":"product-type-simple"},"acf":{"anmeldelse":null},"yoast_head":"<!-- This site is optimized with the Yoast SEO plugin v26.6 - https:\/\/yoast.com\/wordpress\/plugins\/seo\/ -->\n<title>Tredve\u00e5rskrigen - Dreyers Forlag<\/title>\n<meta name=\"robots\" content=\"noindex, follow, max-snippet:-1, max-image-preview:large, max-video-preview:-1\" \/>\n<meta property=\"og:locale\" content=\"nb_NO\" \/>\n<meta property=\"og:type\" content=\"article\" \/>\n<meta property=\"og:title\" content=\"Tredve\u00e5rskrigen - Dreyers Forlag\" \/>\n<meta property=\"og:description\" content=\"Tredve\u00e5rskrigen er en av de verste katastrofene i Europas historie. En ufattelig brutal krig som la store deler av kontinentet \u00f8de og forandret Europa for alltid. Det begynte som en religi\u00f8s konflikt mellom den katolske keiseren av Det tysk-.romerske riket og hans unders\u00e5tter i det protestantiske fyrsted\u00f8mmet B\u00f6hmen, men utviklet seg snart til en europeisk [&hellip;]\" \/>\n<meta property=\"og:url\" content=\"https:\/\/staging.forenteforlag.no\/dreyers\/produkt\/tredvearskrigen-2\/\" \/>\n<meta property=\"og:site_name\" content=\"Dreyers Forlag\" \/>\n<meta property=\"article:modified_time\" content=\"2025-11-06T08:18:39+00:00\" \/>\n<meta property=\"og:image\" content=\"https:\/\/staging.forenteforlag.no\/dreyers\/wp-content\/uploads\/sites\/2\/2025\/08\/jpg-7445.jpg\" \/>\n\t<meta property=\"og:image:width\" content=\"453\" \/>\n\t<meta property=\"og:image:height\" content=\"638\" \/>\n\t<meta property=\"og:image:type\" content=\"image\/jpeg\" \/>\n<meta name=\"twitter:card\" content=\"summary_large_image\" \/>\n<meta name=\"twitter:label1\" content=\"Ansl. lesetid\" \/>\n\t<meta name=\"twitter:data1\" content=\"1 minutt\" \/>\n<script type=\"application\/ld+json\" class=\"yoast-schema-graph\">{\"@context\":\"https:\/\/schema.org\",\"@graph\":[{\"@type\":\"WebPage\",\"@id\":\"https:\/\/staging.forenteforlag.no\/dreyers\/produkt\/tredvearskrigen-2\/\",\"url\":\"https:\/\/staging.forenteforlag.no\/dreyers\/produkt\/tredvearskrigen-2\/\",\"name\":\"Tredve\u00e5rskrigen - Dreyers Forlag\",\"isPartOf\":{\"@id\":\"https:\/\/staging.forenteforlag.no\/dreyers\/#website\"},\"primaryImageOfPage\":{\"@id\":\"https:\/\/staging.forenteforlag.no\/dreyers\/produkt\/tredvearskrigen-2\/#primaryimage\"},\"image\":{\"@id\":\"https:\/\/staging.forenteforlag.no\/dreyers\/produkt\/tredvearskrigen-2\/#primaryimage\"},\"thumbnailUrl\":\"https:\/\/staging.forenteforlag.no\/dreyers\/wp-content\/uploads\/sites\/2\/2025\/08\/jpg-7445.jpg\",\"datePublished\":\"2016-10-27T00:00:00+00:00\",\"dateModified\":\"2025-11-06T08:18:39+00:00\",\"breadcrumb\":{\"@id\":\"https:\/\/staging.forenteforlag.no\/dreyers\/produkt\/tredvearskrigen-2\/#breadcrumb\"},\"inLanguage\":\"nb-NO\",\"potentialAction\":[{\"@type\":\"ReadAction\",\"target\":[\"https:\/\/staging.forenteforlag.no\/dreyers\/produkt\/tredvearskrigen-2\/\"]}]},{\"@type\":\"ImageObject\",\"inLanguage\":\"nb-NO\",\"@id\":\"https:\/\/staging.forenteforlag.no\/dreyers\/produkt\/tredvearskrigen-2\/#primaryimage\",\"url\":\"https:\/\/staging.forenteforlag.no\/dreyers\/wp-content\/uploads\/sites\/2\/2025\/08\/jpg-7445.jpg\",\"contentUrl\":\"https:\/\/staging.forenteforlag.no\/dreyers\/wp-content\/uploads\/sites\/2\/2025\/08\/jpg-7445.jpg\",\"width\":453,\"height\":638},{\"@type\":\"BreadcrumbList\",\"@id\":\"https:\/\/staging.forenteforlag.no\/dreyers\/produkt\/tredvearskrigen-2\/#breadcrumb\",\"itemListElement\":[{\"@type\":\"ListItem\",\"position\":1,\"name\":\"Hjem\",\"item\":\"https:\/\/staging.forenteforlag.no\/dreyers\/\"},{\"@type\":\"ListItem\",\"position\":2,\"name\":\"Alle b\u00f8ker\",\"item\":\"https:\/\/staging.forenteforlag.no\/dreyers\/butikk\/\"},{\"@type\":\"ListItem\",\"position\":3,\"name\":\"Tredve\u00e5rskrigen\"}]},{\"@type\":\"WebSite\",\"@id\":\"https:\/\/staging.forenteforlag.no\/dreyers\/#website\",\"url\":\"https:\/\/staging.forenteforlag.no\/dreyers\/\",\"name\":\"Dreyers Forlag\",\"description\":\"\",\"potentialAction\":[{\"@type\":\"SearchAction\",\"target\":{\"@type\":\"EntryPoint\",\"urlTemplate\":\"https:\/\/staging.forenteforlag.no\/dreyers\/?s={search_term_string}\"},\"query-input\":{\"@type\":\"PropertyValueSpecification\",\"valueRequired\":true,\"valueName\":\"search_term_string\"}}],\"inLanguage\":\"nb-NO\"}]}<\/script>\n<!-- \/ Yoast SEO plugin. -->","yoast_head_json":{"title":"Tredve\u00e5rskrigen - Dreyers Forlag","robots":{"index":"noindex","follow":"follow","max-snippet":"max-snippet:-1","max-image-preview":"max-image-preview:large","max-video-preview":"max-video-preview:-1"},"og_locale":"nb_NO","og_type":"article","og_title":"Tredve\u00e5rskrigen - Dreyers Forlag","og_description":"Tredve\u00e5rskrigen er en av de verste katastrofene i Europas historie. En ufattelig brutal krig som la store deler av kontinentet \u00f8de og forandret Europa for alltid. Det begynte som en religi\u00f8s konflikt mellom den katolske keiseren av Det tysk-.romerske riket og hans unders\u00e5tter i det protestantiske fyrsted\u00f8mmet B\u00f6hmen, men utviklet seg snart til en europeisk [&hellip;]","og_url":"https:\/\/staging.forenteforlag.no\/dreyers\/produkt\/tredvearskrigen-2\/","og_site_name":"Dreyers Forlag","article_modified_time":"2025-11-06T08:18:39+00:00","og_image":[{"width":453,"height":638,"url":"https:\/\/staging.forenteforlag.no\/dreyers\/wp-content\/uploads\/sites\/2\/2025\/08\/jpg-7445.jpg","type":"image\/jpeg"}],"twitter_card":"summary_large_image","twitter_misc":{"Ansl. lesetid":"1 minutt"},"schema":{"@context":"https:\/\/schema.org","@graph":[{"@type":"WebPage","@id":"https:\/\/staging.forenteforlag.no\/dreyers\/produkt\/tredvearskrigen-2\/","url":"https:\/\/staging.forenteforlag.no\/dreyers\/produkt\/tredvearskrigen-2\/","name":"Tredve\u00e5rskrigen - Dreyers Forlag","isPartOf":{"@id":"https:\/\/staging.forenteforlag.no\/dreyers\/#website"},"primaryImageOfPage":{"@id":"https:\/\/staging.forenteforlag.no\/dreyers\/produkt\/tredvearskrigen-2\/#primaryimage"},"image":{"@id":"https:\/\/staging.forenteforlag.no\/dreyers\/produkt\/tredvearskrigen-2\/#primaryimage"},"thumbnailUrl":"https:\/\/staging.forenteforlag.no\/dreyers\/wp-content\/uploads\/sites\/2\/2025\/08\/jpg-7445.jpg","datePublished":"2016-10-27T00:00:00+00:00","dateModified":"2025-11-06T08:18:39+00:00","breadcrumb":{"@id":"https:\/\/staging.forenteforlag.no\/dreyers\/produkt\/tredvearskrigen-2\/#breadcrumb"},"inLanguage":"nb-NO","potentialAction":[{"@type":"ReadAction","target":["https:\/\/staging.forenteforlag.no\/dreyers\/produkt\/tredvearskrigen-2\/"]}]},{"@type":"ImageObject","inLanguage":"nb-NO","@id":"https:\/\/staging.forenteforlag.no\/dreyers\/produkt\/tredvearskrigen-2\/#primaryimage","url":"https:\/\/staging.forenteforlag.no\/dreyers\/wp-content\/uploads\/sites\/2\/2025\/08\/jpg-7445.jpg","contentUrl":"https:\/\/staging.forenteforlag.no\/dreyers\/wp-content\/uploads\/sites\/2\/2025\/08\/jpg-7445.jpg","width":453,"height":638},{"@type":"BreadcrumbList","@id":"https:\/\/staging.forenteforlag.no\/dreyers\/produkt\/tredvearskrigen-2\/#breadcrumb","itemListElement":[{"@type":"ListItem","position":1,"name":"Hjem","item":"https:\/\/staging.forenteforlag.no\/dreyers\/"},{"@type":"ListItem","position":2,"name":"Alle b\u00f8ker","item":"https:\/\/staging.forenteforlag.no\/dreyers\/butikk\/"},{"@type":"ListItem","position":3,"name":"Tredve\u00e5rskrigen"}]},{"@type":"WebSite","@id":"https:\/\/staging.forenteforlag.no\/dreyers\/#website","url":"https:\/\/staging.forenteforlag.no\/dreyers\/","name":"Dreyers Forlag","description":"","potentialAction":[{"@type":"SearchAction","target":{"@type":"EntryPoint","urlTemplate":"https:\/\/staging.forenteforlag.no\/dreyers\/?s={search_term_string}"},"query-input":{"@type":"PropertyValueSpecification","valueRequired":true,"valueName":"search_term_string"}}],"inLanguage":"nb-NO"}]}},"_links":{"self":[{"href":"https:\/\/staging.forenteforlag.no\/dreyers\/wp-json\/wp\/v2\/product\/21338","targetHints":{"allow":["GET"]}}],"collection":[{"href":"https:\/\/staging.forenteforlag.no\/dreyers\/wp-json\/wp\/v2\/product"}],"about":[{"href":"https:\/\/staging.forenteforlag.no\/dreyers\/wp-json\/wp\/v2\/types\/product"}],"wp:featuredmedia":[{"embeddable":true,"href":"https:\/\/staging.forenteforlag.no\/dreyers\/wp-json\/wp\/v2\/media\/24222"}],"wp:attachment":[{"href":"https:\/\/staging.forenteforlag.no\/dreyers\/wp-json\/wp\/v2\/media?parent=21338"}],"wp:term":[{"taxonomy":"product_brand","embeddable":true,"href":"https:\/\/staging.forenteforlag.no\/dreyers\/wp-json\/wp\/v2\/product_brand?post=21338"},{"taxonomy":"product_cat","embeddable":true,"href":"https:\/\/staging.forenteforlag.no\/dreyers\/wp-json\/wp\/v2\/product_cat?post=21338"},{"taxonomy":"product_tag","embeddable":true,"href":"https:\/\/staging.forenteforlag.no\/dreyers\/wp-json\/wp\/v2\/product_tag?post=21338"}],"curies":[{"name":"wp","href":"https:\/\/api.w.org\/{rel}","templated":true}]}}