{"id":21321,"date":"2017-10-12T02:00:00","date_gmt":"2017-10-12T00:00:00","guid":{"rendered":"https:\/\/dreyersforlag.forenteforlag.no\/produkt\/taterne-3\/"},"modified":"2026-02-09T05:40:04","modified_gmt":"2026-02-09T04:40:04","slug":"taterne-3","status":"publish","type":"product","link":"https:\/\/staging.forenteforlag.no\/dreyers\/produkt\/taterne-3\/","title":{"rendered":"Taterne"},"content":{"rendered":"<p>Alf Pr\u00f8ysen sa han hadde l\u00e6rt det viktigste om visekunsten av taterne &#8211; de som i hans barndom kom vandrende langs veiene. Det er flere enn ham som har mottatt l\u00e6rdom fra det reisende folket. Denne boken gir en fullstendig historie om taterne i v\u00e5r kultur. Det inneb\u00e6rer alt det positive taterne har bidratt med. Men historien er sammensatt og den har store, m\u00f8rke flekker. Taterne har insistert p\u00e5 sin egenart og valgt \u00e5 leve annerledes. Det har straffet seg og p\u00e5f\u00f8rt dem lidelser. Men de reisende er i ferd med \u00e5 vinne ny stolthet og aktelse, og denne boken er et bidrag i den prosessen.<\/p>\n","protected":false},"excerpt":{"rendered":"<p>Alf Pr\u00f8ysen sa han hadde l\u00e6rt det viktigste om visekunsten av taterne &#8211; de som i hans barndom kom vandrende langs veiene. Det er flere enn ham som har mottatt l\u00e6rdom fra det reisende folket. Denne boken gir en fullstendig historie om taterne i v\u00e5r kultur. Det inneb\u00e6rer alt det positive taterne har bidratt med. [&hellip;]<\/p>\n","protected":false},"featured_media":24059,"template":"","meta":{"_acf_changed":false,"inline_featured_image":false},"product_brand":[],"product_cat":[1785,23],"product_tag":[362],"class_list":{"0":"post-21321","1":"product","2":"type-product","3":"status-publish","4":"has-post-thumbnail","6":"product_cat-fripris","7":"product_cat-historie","8":"product_tag-faglitteratur","9":"pa_format-pocket","11":"first","12":"instock","13":"shipping-taxable","14":"purchasable","15":"product-type-simple"},"acf":{"anmeldelse":null},"yoast_head":"<!-- This site is optimized with the Yoast SEO plugin v26.6 - https:\/\/yoast.com\/wordpress\/plugins\/seo\/ -->\n<title>Taterne - Dreyers Forlag<\/title>\n<meta name=\"robots\" content=\"noindex, follow, max-snippet:-1, max-image-preview:large, max-video-preview:-1\" \/>\n<meta property=\"og:locale\" content=\"nb_NO\" \/>\n<meta property=\"og:type\" content=\"article\" \/>\n<meta property=\"og:title\" content=\"Taterne - Dreyers Forlag\" \/>\n<meta property=\"og:description\" content=\"Alf Pr\u00f8ysen sa han hadde l\u00e6rt det viktigste om visekunsten av taterne &#8211; de som i hans barndom kom vandrende langs veiene. Det er flere enn ham som har mottatt l\u00e6rdom fra det reisende folket. Denne boken gir en fullstendig historie om taterne i v\u00e5r kultur. Det inneb\u00e6rer alt det positive taterne har bidratt med. [&hellip;]\" \/>\n<meta property=\"og:url\" content=\"https:\/\/staging.forenteforlag.no\/dreyers\/produkt\/taterne-3\/\" \/>\n<meta property=\"og:site_name\" content=\"Dreyers Forlag\" \/>\n<meta property=\"article:modified_time\" content=\"2026-02-09T04:40:04+00:00\" \/>\n<meta property=\"og:image\" content=\"https:\/\/staging.forenteforlag.no\/dreyers\/wp-content\/uploads\/sites\/2\/2025\/08\/jpg-5895.jpg\" \/>\n\t<meta property=\"og:image:width\" content=\"378\" \/>\n\t<meta property=\"og:image:height\" content=\"552\" \/>\n\t<meta property=\"og:image:type\" content=\"image\/jpeg\" \/>\n<meta name=\"twitter:card\" content=\"summary_large_image\" \/>\n<meta name=\"twitter:label1\" content=\"Ansl. lesetid\" \/>\n\t<meta name=\"twitter:data1\" content=\"1 minutt\" \/>\n<script type=\"application\/ld+json\" class=\"yoast-schema-graph\">{\"@context\":\"https:\/\/schema.org\",\"@graph\":[{\"@type\":\"WebPage\",\"@id\":\"https:\/\/staging.forenteforlag.no\/dreyers\/produkt\/taterne-3\/\",\"url\":\"https:\/\/staging.forenteforlag.no\/dreyers\/produkt\/taterne-3\/\",\"name\":\"Taterne - Dreyers Forlag\",\"isPartOf\":{\"@id\":\"https:\/\/staging.forenteforlag.no\/dreyers\/#website\"},\"primaryImageOfPage\":{\"@id\":\"https:\/\/staging.forenteforlag.no\/dreyers\/produkt\/taterne-3\/#primaryimage\"},\"image\":{\"@id\":\"https:\/\/staging.forenteforlag.no\/dreyers\/produkt\/taterne-3\/#primaryimage\"},\"thumbnailUrl\":\"https:\/\/staging.forenteforlag.no\/dreyers\/wp-content\/uploads\/sites\/2\/2025\/08\/jpg-5895.jpg\",\"datePublished\":\"2017-10-12T00:00:00+00:00\",\"dateModified\":\"2026-02-09T04:40:04+00:00\",\"breadcrumb\":{\"@id\":\"https:\/\/staging.forenteforlag.no\/dreyers\/produkt\/taterne-3\/#breadcrumb\"},\"inLanguage\":\"nb-NO\",\"potentialAction\":[{\"@type\":\"ReadAction\",\"target\":[\"https:\/\/staging.forenteforlag.no\/dreyers\/produkt\/taterne-3\/\"]}]},{\"@type\":\"ImageObject\",\"inLanguage\":\"nb-NO\",\"@id\":\"https:\/\/staging.forenteforlag.no\/dreyers\/produkt\/taterne-3\/#primaryimage\",\"url\":\"https:\/\/staging.forenteforlag.no\/dreyers\/wp-content\/uploads\/sites\/2\/2025\/08\/jpg-5895.jpg\",\"contentUrl\":\"https:\/\/staging.forenteforlag.no\/dreyers\/wp-content\/uploads\/sites\/2\/2025\/08\/jpg-5895.jpg\",\"width\":378,\"height\":552},{\"@type\":\"BreadcrumbList\",\"@id\":\"https:\/\/staging.forenteforlag.no\/dreyers\/produkt\/taterne-3\/#breadcrumb\",\"itemListElement\":[{\"@type\":\"ListItem\",\"position\":1,\"name\":\"Hjem\",\"item\":\"https:\/\/staging.forenteforlag.no\/dreyers\/\"},{\"@type\":\"ListItem\",\"position\":2,\"name\":\"Alle b\u00f8ker\",\"item\":\"https:\/\/staging.forenteforlag.no\/dreyers\/butikk\/\"},{\"@type\":\"ListItem\",\"position\":3,\"name\":\"Taterne\"}]},{\"@type\":\"WebSite\",\"@id\":\"https:\/\/staging.forenteforlag.no\/dreyers\/#website\",\"url\":\"https:\/\/staging.forenteforlag.no\/dreyers\/\",\"name\":\"Dreyers Forlag\",\"description\":\"\",\"potentialAction\":[{\"@type\":\"SearchAction\",\"target\":{\"@type\":\"EntryPoint\",\"urlTemplate\":\"https:\/\/staging.forenteforlag.no\/dreyers\/?s={search_term_string}\"},\"query-input\":{\"@type\":\"PropertyValueSpecification\",\"valueRequired\":true,\"valueName\":\"search_term_string\"}}],\"inLanguage\":\"nb-NO\"}]}<\/script>\n<!-- \/ Yoast SEO plugin. -->","yoast_head_json":{"title":"Taterne - Dreyers Forlag","robots":{"index":"noindex","follow":"follow","max-snippet":"max-snippet:-1","max-image-preview":"max-image-preview:large","max-video-preview":"max-video-preview:-1"},"og_locale":"nb_NO","og_type":"article","og_title":"Taterne - Dreyers Forlag","og_description":"Alf Pr\u00f8ysen sa han hadde l\u00e6rt det viktigste om visekunsten av taterne &#8211; de som i hans barndom kom vandrende langs veiene. Det er flere enn ham som har mottatt l\u00e6rdom fra det reisende folket. Denne boken gir en fullstendig historie om taterne i v\u00e5r kultur. Det inneb\u00e6rer alt det positive taterne har bidratt med. [&hellip;]","og_url":"https:\/\/staging.forenteforlag.no\/dreyers\/produkt\/taterne-3\/","og_site_name":"Dreyers Forlag","article_modified_time":"2026-02-09T04:40:04+00:00","og_image":[{"width":378,"height":552,"url":"https:\/\/staging.forenteforlag.no\/dreyers\/wp-content\/uploads\/sites\/2\/2025\/08\/jpg-5895.jpg","type":"image\/jpeg"}],"twitter_card":"summary_large_image","twitter_misc":{"Ansl. lesetid":"1 minutt"},"schema":{"@context":"https:\/\/schema.org","@graph":[{"@type":"WebPage","@id":"https:\/\/staging.forenteforlag.no\/dreyers\/produkt\/taterne-3\/","url":"https:\/\/staging.forenteforlag.no\/dreyers\/produkt\/taterne-3\/","name":"Taterne - Dreyers Forlag","isPartOf":{"@id":"https:\/\/staging.forenteforlag.no\/dreyers\/#website"},"primaryImageOfPage":{"@id":"https:\/\/staging.forenteforlag.no\/dreyers\/produkt\/taterne-3\/#primaryimage"},"image":{"@id":"https:\/\/staging.forenteforlag.no\/dreyers\/produkt\/taterne-3\/#primaryimage"},"thumbnailUrl":"https:\/\/staging.forenteforlag.no\/dreyers\/wp-content\/uploads\/sites\/2\/2025\/08\/jpg-5895.jpg","datePublished":"2017-10-12T00:00:00+00:00","dateModified":"2026-02-09T04:40:04+00:00","breadcrumb":{"@id":"https:\/\/staging.forenteforlag.no\/dreyers\/produkt\/taterne-3\/#breadcrumb"},"inLanguage":"nb-NO","potentialAction":[{"@type":"ReadAction","target":["https:\/\/staging.forenteforlag.no\/dreyers\/produkt\/taterne-3\/"]}]},{"@type":"ImageObject","inLanguage":"nb-NO","@id":"https:\/\/staging.forenteforlag.no\/dreyers\/produkt\/taterne-3\/#primaryimage","url":"https:\/\/staging.forenteforlag.no\/dreyers\/wp-content\/uploads\/sites\/2\/2025\/08\/jpg-5895.jpg","contentUrl":"https:\/\/staging.forenteforlag.no\/dreyers\/wp-content\/uploads\/sites\/2\/2025\/08\/jpg-5895.jpg","width":378,"height":552},{"@type":"BreadcrumbList","@id":"https:\/\/staging.forenteforlag.no\/dreyers\/produkt\/taterne-3\/#breadcrumb","itemListElement":[{"@type":"ListItem","position":1,"name":"Hjem","item":"https:\/\/staging.forenteforlag.no\/dreyers\/"},{"@type":"ListItem","position":2,"name":"Alle b\u00f8ker","item":"https:\/\/staging.forenteforlag.no\/dreyers\/butikk\/"},{"@type":"ListItem","position":3,"name":"Taterne"}]},{"@type":"WebSite","@id":"https:\/\/staging.forenteforlag.no\/dreyers\/#website","url":"https:\/\/staging.forenteforlag.no\/dreyers\/","name":"Dreyers Forlag","description":"","potentialAction":[{"@type":"SearchAction","target":{"@type":"EntryPoint","urlTemplate":"https:\/\/staging.forenteforlag.no\/dreyers\/?s={search_term_string}"},"query-input":{"@type":"PropertyValueSpecification","valueRequired":true,"valueName":"search_term_string"}}],"inLanguage":"nb-NO"}]}},"_links":{"self":[{"href":"https:\/\/staging.forenteforlag.no\/dreyers\/wp-json\/wp\/v2\/product\/21321","targetHints":{"allow":["GET"]}}],"collection":[{"href":"https:\/\/staging.forenteforlag.no\/dreyers\/wp-json\/wp\/v2\/product"}],"about":[{"href":"https:\/\/staging.forenteforlag.no\/dreyers\/wp-json\/wp\/v2\/types\/product"}],"wp:featuredmedia":[{"embeddable":true,"href":"https:\/\/staging.forenteforlag.no\/dreyers\/wp-json\/wp\/v2\/media\/24059"}],"wp:attachment":[{"href":"https:\/\/staging.forenteforlag.no\/dreyers\/wp-json\/wp\/v2\/media?parent=21321"}],"wp:term":[{"taxonomy":"product_brand","embeddable":true,"href":"https:\/\/staging.forenteforlag.no\/dreyers\/wp-json\/wp\/v2\/product_brand?post=21321"},{"taxonomy":"product_cat","embeddable":true,"href":"https:\/\/staging.forenteforlag.no\/dreyers\/wp-json\/wp\/v2\/product_cat?post=21321"},{"taxonomy":"product_tag","embeddable":true,"href":"https:\/\/staging.forenteforlag.no\/dreyers\/wp-json\/wp\/v2\/product_tag?post=21321"}],"curies":[{"name":"wp","href":"https:\/\/api.w.org\/{rel}","templated":true}]}}

<p>Alf Prøysen sa han hadde lært det viktigste om visekunsten av taterne &#8211; de som i hans barndom kom vandrende langs veiene. Det er flere enn ham som har mottatt lærdom fra det reisende folket. Denne boken gir en fullstendig historie om taterne i vår kultur. Det innebærer alt det positive taterne har bidratt med. Men historien er sammensatt og den har store, mørke flekker. Taterne har insistert på sin egenart og valgt å leve annerledes. Det har straffet seg og påført dem lidelser. Men de reisende er i ferd med å vinne ny stolthet og aktelse, og denne boken er et bidrag i den prosessen.</p>

<p>Alf Prøysen sa han hadde lært det viktigste om visekunsten av taterne &#8211; de som i hans barndom kom vandrende langs veiene. Det er flere enn ham som har mottatt lærdom fra det reisende folket. Denne boken gir en fullstendig historie om taterne i vår kultur. Det innebærer alt det positive taterne har bidratt med. [&hellip;]</p>

<!-- This site is optimized with the Yoast SEO plugin v26.6 - https://yoast.com/wordpress/plugins/seo/ -->
<title>Taterne - Dreyers Forlag</title>
<meta name="robots" content="noindex, follow, max-snippet:-1, max-image-preview:large, max-video-preview:-1" />
<meta property="og:locale" content="nb_NO" />
<meta property="og:type" content="article" />
<meta property="og:title" content="Taterne - Dreyers Forlag" />
<meta property="og:description" content="Alf Prøysen sa han hadde lært det viktigste om visekunsten av taterne &#8211; de som i hans barndom kom vandrende langs veiene. Det er flere enn ham som har mottatt lærdom fra det reisende folket. Denne boken gir en fullstendig historie om taterne i vår kultur. Det innebærer alt det positive taterne har bidratt med. [&hellip;]" />
<meta property="og:url" content="https://staging.forenteforlag.no/dreyers/produkt/taterne-3/" />
<meta property="og:site_name" content="Dreyers Forlag" />
<meta property="article:modified_time" content="2026-02-09T04:40:04+00:00" />
<meta property="og:image" content="https://staging.forenteforlag.no/dreyers/wp-content/uploads/sites/2/2025/08/jpg-5895.jpg" />
	<meta property="og:image:width" content="378" />
	<meta property="og:image:height" content="552" />
	<meta property="og:image:type" content="image/jpeg" />
<meta name="twitter:card" content="summary_large_image" />
<meta name="twitter:label1" content="Ansl. lesetid" />
	<meta name="twitter:data1" content="1 minutt" />
<script type="application/ld+json" class="yoast-schema-graph">{"@context":"https://schema.org","@graph":[{"@type":"WebPage","@id":"https://staging.forenteforlag.no/dreyers/produkt/taterne-3/","url":"https://staging.forenteforlag.no/dreyers/produkt/taterne-3/","name":"Taterne - Dreyers Forlag","isPartOf":{"@id":"https://staging.forenteforlag.no/dreyers/#website"},"primaryImageOfPage":{"@id":"https://staging.forenteforlag.no/dreyers/produkt/taterne-3/#primaryimage"},"image":{"@id":"https://staging.forenteforlag.no/dreyers/produkt/taterne-3/#primaryimage"},"thumbnailUrl":"https://staging.forenteforlag.no/dreyers/wp-content/uploads/sites/2/2025/08/jpg-5895.jpg","datePublished":"2017-10-12T00:00:00+00:00","dateModified":"2026-02-09T04:40:04+00:00","breadcrumb":{"@id":"https://staging.forenteforlag.no/dreyers/produkt/taterne-3/#breadcrumb"},"inLanguage":"nb-NO","potentialAction":[{"@type":"ReadAction","target":["https://staging.forenteforlag.no/dreyers/produkt/taterne-3/"]}]},{"@type":"ImageObject","inLanguage":"nb-NO","@id":"https://staging.forenteforlag.no/dreyers/produkt/taterne-3/#primaryimage","url":"https://staging.forenteforlag.no/dreyers/wp-content/uploads/sites/2/2025/08/jpg-5895.jpg","contentUrl":"https://staging.forenteforlag.no/dreyers/wp-content/uploads/sites/2/2025/08/jpg-5895.jpg","width":378,"height":552},{"@type":"BreadcrumbList","@id":"https://staging.forenteforlag.no/dreyers/produkt/taterne-3/#breadcrumb","itemListElement":[{"@type":"ListItem","position":1,"name":"Hjem","item":"https://staging.forenteforlag.no/dreyers/"},{"@type":"ListItem","position":2,"name":"Alle bøker","item":"https://staging.forenteforlag.no/dreyers/butikk/"},{"@type":"ListItem","position":3,"name":"Taterne"}]},{"@type":"WebSite","@id":"https://staging.forenteforlag.no/dreyers/#website","url":"https://staging.forenteforlag.no/dreyers/","name":"Dreyers Forlag","description":"","potentialAction":[{"@type":"SearchAction","target":{"@type":"EntryPoint","urlTemplate":"https://staging.forenteforlag.no/dreyers/?s={search_term_string}"},"query-input":{"@type":"PropertyValueSpecification","valueRequired":true,"valueName":"search_term_string"}}],"inLanguage":"nb-NO"}]}</script>
<!-- / Yoast SEO plugin. -->

Alf Prøysen sa han hadde lært det viktigste om visekunsten av taterne &#8211; de som i hans barndom kom vandrende langs veiene. Det er flere enn ham som har mottatt lærdom fra det reisende folket. Denne boken gir en fullstendig historie om taterne i vår kultur. Det innebærer alt det positive taterne har bidratt med. [&hellip;]

Alle bøker
