{"id":21313,"date":"2018-01-02T01:00:00","date_gmt":"2018-01-02T00:00:00","guid":{"rendered":"https:\/\/dreyersforlag.forenteforlag.no\/produkt\/naturfilosofi\/"},"modified":"2025-08-27T09:32:49","modified_gmt":"2025-08-27T07:32:49","slug":"naturfilosofi","status":"publish","type":"product","link":"https:\/\/staging.forenteforlag.no\/dreyers\/produkt\/naturfilosofi\/","title":{"rendered":"Naturfilosofi"},"content":{"rendered":"<p>Har en ulv egenverdi? Er det galt \u00e5 utrydde bl\u00e5hvalen? Dette er noen av sp\u00f8rsm\u00e5lene som besvares i Sigurd Hvervens nye bok. Boken introduserer naturfilosofi for et bredt norsk publikum. I et tilgjengelig spr\u00e5k tas leseren til kjernen av tenkningen til kjente navn som Peter Singer og Arne N\u00e6ss. I tillegg introduseres mindre kjente filosofer, som Holmes Rolston, for f\u00f8rste gang p\u00e5 norsk. Singer og andre mener det kun er individer som teller i etikken. Hverven forsvarer en mer helhetlig milj\u00f8etikk: Hele det levende fellesskapet p\u00e5 jorda har egenverdi. Men dersom naturen er verdifull i seg selv, hvordan skal en slik tanke omsettes i praksis? Boken unders\u00f8ker ogs\u00e5 hvordan ulike natursyn er styrende for v\u00e5re praksiser overfor, og moralske vurderinger av, naturen. Hverven viser begrensningene ved et menneskesentrert syn p\u00e5 verden, der naturen betraktes som en samling \u00abressurser\u00bb. Tenkem\u00e5ten hjems\u00f8kes av sp\u00f8kelser fra 1600-tallets naturvitenskap. Hverven tar til orde for \u00e5 anerkjenne at naturen rommer mange ulike verdifulle livsprosjekter, som mennesker b\u00f8r respektere. Naturen er full av liv, den best\u00e5r ikke bare av mekaniske ting. Boken er skrevet for \u00e5 kunne leses av folk som ikke har studert filosofi, og et m\u00e5l med boken er \u00e5 etablere \u00abnaturfilosofi\u00bb som navnet p\u00e5 den typen tenkning boken tar til orde for.<\/p>\n","protected":false},"excerpt":{"rendered":"<p>Har en ulv egenverdi? Er det galt \u00e5 utrydde bl\u00e5hvalen? Dette er noen av sp\u00f8rsm\u00e5lene som besvares i Sigurd Hvervens nye bok. Boken introduserer naturfilosofi for et bredt norsk publikum. I et tilgjengelig spr\u00e5k tas leseren til kjernen av tenkningen til kjente navn som Peter Singer og Arne N\u00e6ss. I tillegg introduseres mindre kjente filosofer, [&hellip;]<\/p>\n","protected":false},"featured_media":24188,"template":"","meta":{"_acf_changed":false,"inline_featured_image":false},"product_brand":[],"product_cat":[21,1785],"product_tag":[362,503,569],"class_list":{"0":"post-21313","1":"product","2":"type-product","3":"status-publish","4":"has-post-thumbnail","6":"product_cat-filosofi","7":"product_cat-fripris","8":"product_tag-faglitteratur","9":"product_tag-moderne-filosofi","10":"product_tag-okologisk-balanse","11":"pa_format-mykperm","13":"first","14":"instock","15":"shipping-taxable","16":"purchasable","17":"product-type-simple"},"acf":{"anmeldelse":null},"yoast_head":"<!-- This site is optimized with the Yoast SEO plugin v26.6 - https:\/\/yoast.com\/wordpress\/plugins\/seo\/ -->\n<title>Naturfilosofi - Dreyers Forlag<\/title>\n<meta name=\"robots\" content=\"noindex, follow, max-snippet:-1, max-image-preview:large, max-video-preview:-1\" \/>\n<meta property=\"og:locale\" content=\"nb_NO\" \/>\n<meta property=\"og:type\" content=\"article\" \/>\n<meta property=\"og:title\" content=\"Naturfilosofi - Dreyers Forlag\" \/>\n<meta property=\"og:description\" content=\"Har en ulv egenverdi? Er det galt \u00e5 utrydde bl\u00e5hvalen? Dette er noen av sp\u00f8rsm\u00e5lene som besvares i Sigurd Hvervens nye bok. Boken introduserer naturfilosofi for et bredt norsk publikum. I et tilgjengelig spr\u00e5k tas leseren til kjernen av tenkningen til kjente navn som Peter Singer og Arne N\u00e6ss. I tillegg introduseres mindre kjente filosofer, [&hellip;]\" \/>\n<meta property=\"og:url\" content=\"https:\/\/staging.forenteforlag.no\/dreyers\/produkt\/naturfilosofi\/\" \/>\n<meta property=\"og:site_name\" content=\"Dreyers Forlag\" \/>\n<meta property=\"article:modified_time\" content=\"2025-08-27T07:32:49+00:00\" \/>\n<meta property=\"og:image\" content=\"https:\/\/staging.forenteforlag.no\/dreyers\/wp-content\/uploads\/sites\/2\/2025\/08\/jpg-7089.jpg\" \/>\n\t<meta property=\"og:image:width\" content=\"378\" \/>\n\t<meta property=\"og:image:height\" content=\"605\" \/>\n\t<meta property=\"og:image:type\" content=\"image\/jpeg\" \/>\n<meta name=\"twitter:card\" content=\"summary_large_image\" \/>\n<meta name=\"twitter:label1\" content=\"Ansl. lesetid\" \/>\n\t<meta name=\"twitter:data1\" content=\"2 minutter\" \/>\n<script type=\"application\/ld+json\" class=\"yoast-schema-graph\">{\"@context\":\"https:\/\/schema.org\",\"@graph\":[{\"@type\":\"WebPage\",\"@id\":\"https:\/\/staging.forenteforlag.no\/dreyers\/produkt\/naturfilosofi\/\",\"url\":\"https:\/\/staging.forenteforlag.no\/dreyers\/produkt\/naturfilosofi\/\",\"name\":\"Naturfilosofi - Dreyers Forlag\",\"isPartOf\":{\"@id\":\"https:\/\/staging.forenteforlag.no\/dreyers\/#website\"},\"primaryImageOfPage\":{\"@id\":\"https:\/\/staging.forenteforlag.no\/dreyers\/produkt\/naturfilosofi\/#primaryimage\"},\"image\":{\"@id\":\"https:\/\/staging.forenteforlag.no\/dreyers\/produkt\/naturfilosofi\/#primaryimage\"},\"thumbnailUrl\":\"https:\/\/staging.forenteforlag.no\/dreyers\/wp-content\/uploads\/sites\/2\/2025\/08\/jpg-7089.jpg\",\"datePublished\":\"2018-01-02T00:00:00+00:00\",\"dateModified\":\"2025-08-27T07:32:49+00:00\",\"breadcrumb\":{\"@id\":\"https:\/\/staging.forenteforlag.no\/dreyers\/produkt\/naturfilosofi\/#breadcrumb\"},\"inLanguage\":\"nb-NO\",\"potentialAction\":[{\"@type\":\"ReadAction\",\"target\":[\"https:\/\/staging.forenteforlag.no\/dreyers\/produkt\/naturfilosofi\/\"]}]},{\"@type\":\"ImageObject\",\"inLanguage\":\"nb-NO\",\"@id\":\"https:\/\/staging.forenteforlag.no\/dreyers\/produkt\/naturfilosofi\/#primaryimage\",\"url\":\"https:\/\/staging.forenteforlag.no\/dreyers\/wp-content\/uploads\/sites\/2\/2025\/08\/jpg-7089.jpg\",\"contentUrl\":\"https:\/\/staging.forenteforlag.no\/dreyers\/wp-content\/uploads\/sites\/2\/2025\/08\/jpg-7089.jpg\",\"width\":378,\"height\":605},{\"@type\":\"BreadcrumbList\",\"@id\":\"https:\/\/staging.forenteforlag.no\/dreyers\/produkt\/naturfilosofi\/#breadcrumb\",\"itemListElement\":[{\"@type\":\"ListItem\",\"position\":1,\"name\":\"Hjem\",\"item\":\"https:\/\/staging.forenteforlag.no\/dreyers\/\"},{\"@type\":\"ListItem\",\"position\":2,\"name\":\"Alle b\u00f8ker\",\"item\":\"https:\/\/staging.forenteforlag.no\/dreyers\/butikk\/\"},{\"@type\":\"ListItem\",\"position\":3,\"name\":\"Naturfilosofi\"}]},{\"@type\":\"WebSite\",\"@id\":\"https:\/\/staging.forenteforlag.no\/dreyers\/#website\",\"url\":\"https:\/\/staging.forenteforlag.no\/dreyers\/\",\"name\":\"Dreyers Forlag\",\"description\":\"\",\"potentialAction\":[{\"@type\":\"SearchAction\",\"target\":{\"@type\":\"EntryPoint\",\"urlTemplate\":\"https:\/\/staging.forenteforlag.no\/dreyers\/?s={search_term_string}\"},\"query-input\":{\"@type\":\"PropertyValueSpecification\",\"valueRequired\":true,\"valueName\":\"search_term_string\"}}],\"inLanguage\":\"nb-NO\"}]}<\/script>\n<!-- \/ Yoast SEO plugin. -->","yoast_head_json":{"title":"Naturfilosofi - Dreyers Forlag","robots":{"index":"noindex","follow":"follow","max-snippet":"max-snippet:-1","max-image-preview":"max-image-preview:large","max-video-preview":"max-video-preview:-1"},"og_locale":"nb_NO","og_type":"article","og_title":"Naturfilosofi - Dreyers Forlag","og_description":"Har en ulv egenverdi? Er det galt \u00e5 utrydde bl\u00e5hvalen? Dette er noen av sp\u00f8rsm\u00e5lene som besvares i Sigurd Hvervens nye bok. Boken introduserer naturfilosofi for et bredt norsk publikum. I et tilgjengelig spr\u00e5k tas leseren til kjernen av tenkningen til kjente navn som Peter Singer og Arne N\u00e6ss. I tillegg introduseres mindre kjente filosofer, [&hellip;]","og_url":"https:\/\/staging.forenteforlag.no\/dreyers\/produkt\/naturfilosofi\/","og_site_name":"Dreyers Forlag","article_modified_time":"2025-08-27T07:32:49+00:00","og_image":[{"width":378,"height":605,"url":"https:\/\/staging.forenteforlag.no\/dreyers\/wp-content\/uploads\/sites\/2\/2025\/08\/jpg-7089.jpg","type":"image\/jpeg"}],"twitter_card":"summary_large_image","twitter_misc":{"Ansl. lesetid":"2 minutter"},"schema":{"@context":"https:\/\/schema.org","@graph":[{"@type":"WebPage","@id":"https:\/\/staging.forenteforlag.no\/dreyers\/produkt\/naturfilosofi\/","url":"https:\/\/staging.forenteforlag.no\/dreyers\/produkt\/naturfilosofi\/","name":"Naturfilosofi - Dreyers Forlag","isPartOf":{"@id":"https:\/\/staging.forenteforlag.no\/dreyers\/#website"},"primaryImageOfPage":{"@id":"https:\/\/staging.forenteforlag.no\/dreyers\/produkt\/naturfilosofi\/#primaryimage"},"image":{"@id":"https:\/\/staging.forenteforlag.no\/dreyers\/produkt\/naturfilosofi\/#primaryimage"},"thumbnailUrl":"https:\/\/staging.forenteforlag.no\/dreyers\/wp-content\/uploads\/sites\/2\/2025\/08\/jpg-7089.jpg","datePublished":"2018-01-02T00:00:00+00:00","dateModified":"2025-08-27T07:32:49+00:00","breadcrumb":{"@id":"https:\/\/staging.forenteforlag.no\/dreyers\/produkt\/naturfilosofi\/#breadcrumb"},"inLanguage":"nb-NO","potentialAction":[{"@type":"ReadAction","target":["https:\/\/staging.forenteforlag.no\/dreyers\/produkt\/naturfilosofi\/"]}]},{"@type":"ImageObject","inLanguage":"nb-NO","@id":"https:\/\/staging.forenteforlag.no\/dreyers\/produkt\/naturfilosofi\/#primaryimage","url":"https:\/\/staging.forenteforlag.no\/dreyers\/wp-content\/uploads\/sites\/2\/2025\/08\/jpg-7089.jpg","contentUrl":"https:\/\/staging.forenteforlag.no\/dreyers\/wp-content\/uploads\/sites\/2\/2025\/08\/jpg-7089.jpg","width":378,"height":605},{"@type":"BreadcrumbList","@id":"https:\/\/staging.forenteforlag.no\/dreyers\/produkt\/naturfilosofi\/#breadcrumb","itemListElement":[{"@type":"ListItem","position":1,"name":"Hjem","item":"https:\/\/staging.forenteforlag.no\/dreyers\/"},{"@type":"ListItem","position":2,"name":"Alle b\u00f8ker","item":"https:\/\/staging.forenteforlag.no\/dreyers\/butikk\/"},{"@type":"ListItem","position":3,"name":"Naturfilosofi"}]},{"@type":"WebSite","@id":"https:\/\/staging.forenteforlag.no\/dreyers\/#website","url":"https:\/\/staging.forenteforlag.no\/dreyers\/","name":"Dreyers Forlag","description":"","potentialAction":[{"@type":"SearchAction","target":{"@type":"EntryPoint","urlTemplate":"https:\/\/staging.forenteforlag.no\/dreyers\/?s={search_term_string}"},"query-input":{"@type":"PropertyValueSpecification","valueRequired":true,"valueName":"search_term_string"}}],"inLanguage":"nb-NO"}]}},"_links":{"self":[{"href":"https:\/\/staging.forenteforlag.no\/dreyers\/wp-json\/wp\/v2\/product\/21313","targetHints":{"allow":["GET"]}}],"collection":[{"href":"https:\/\/staging.forenteforlag.no\/dreyers\/wp-json\/wp\/v2\/product"}],"about":[{"href":"https:\/\/staging.forenteforlag.no\/dreyers\/wp-json\/wp\/v2\/types\/product"}],"wp:featuredmedia":[{"embeddable":true,"href":"https:\/\/staging.forenteforlag.no\/dreyers\/wp-json\/wp\/v2\/media\/24188"}],"wp:attachment":[{"href":"https:\/\/staging.forenteforlag.no\/dreyers\/wp-json\/wp\/v2\/media?parent=21313"}],"wp:term":[{"taxonomy":"product_brand","embeddable":true,"href":"https:\/\/staging.forenteforlag.no\/dreyers\/wp-json\/wp\/v2\/product_brand?post=21313"},{"taxonomy":"product_cat","embeddable":true,"href":"https:\/\/staging.forenteforlag.no\/dreyers\/wp-json\/wp\/v2\/product_cat?post=21313"},{"taxonomy":"product_tag","embeddable":true,"href":"https:\/\/staging.forenteforlag.no\/dreyers\/wp-json\/wp\/v2\/product_tag?post=21313"}],"curies":[{"name":"wp","href":"https:\/\/api.w.org\/{rel}","templated":true}]}}

<p>Har en ulv egenverdi? Er det galt å utrydde blåhvalen? Dette er noen av spørsmålene som besvares i Sigurd Hvervens nye bok. Boken introduserer naturfilosofi for et bredt norsk publikum. I et tilgjengelig språk tas leseren til kjernen av tenkningen til kjente navn som Peter Singer og Arne Næss. I tillegg introduseres mindre kjente filosofer, som Holmes Rolston, for første gang på norsk. Singer og andre mener det kun er individer som teller i etikken. Hverven forsvarer en mer helhetlig miljøetikk: Hele det levende fellesskapet på jorda har egenverdi. Men dersom naturen er verdifull i seg selv, hvordan skal en slik tanke omsettes i praksis? Boken undersøker også hvordan ulike natursyn er styrende for våre praksiser overfor, og moralske vurderinger av, naturen. Hverven viser begrensningene ved et menneskesentrert syn på verden, der naturen betraktes som en samling «ressurser». Tenkemåten hjemsøkes av spøkelser fra 1600-tallets naturvitenskap. Hverven tar til orde for å anerkjenne at naturen rommer mange ulike verdifulle livsprosjekter, som mennesker bør respektere. Naturen er full av liv, den består ikke bare av mekaniske ting. Boken er skrevet for å kunne leses av folk som ikke har studert filosofi, og et mål med boken er å etablere «naturfilosofi» som navnet på den typen tenkning boken tar til orde for.</p>

<p>Har en ulv egenverdi? Er det galt å utrydde blåhvalen? Dette er noen av spørsmålene som besvares i Sigurd Hvervens nye bok. Boken introduserer naturfilosofi for et bredt norsk publikum. I et tilgjengelig språk tas leseren til kjernen av tenkningen til kjente navn som Peter Singer og Arne Næss. I tillegg introduseres mindre kjente filosofer, [&hellip;]</p>

<!-- This site is optimized with the Yoast SEO plugin v26.6 - https://yoast.com/wordpress/plugins/seo/ -->
<title>Naturfilosofi - Dreyers Forlag</title>
<meta name="robots" content="noindex, follow, max-snippet:-1, max-image-preview:large, max-video-preview:-1" />
<meta property="og:locale" content="nb_NO" />
<meta property="og:type" content="article" />
<meta property="og:title" content="Naturfilosofi - Dreyers Forlag" />
<meta property="og:description" content="Har en ulv egenverdi? Er det galt å utrydde blåhvalen? Dette er noen av spørsmålene som besvares i Sigurd Hvervens nye bok. Boken introduserer naturfilosofi for et bredt norsk publikum. I et tilgjengelig språk tas leseren til kjernen av tenkningen til kjente navn som Peter Singer og Arne Næss. I tillegg introduseres mindre kjente filosofer, [&hellip;]" />
<meta property="og:url" content="https://staging.forenteforlag.no/dreyers/produkt/naturfilosofi/" />
<meta property="og:site_name" content="Dreyers Forlag" />
<meta property="article:modified_time" content="2025-08-27T07:32:49+00:00" />
<meta property="og:image" content="https://staging.forenteforlag.no/dreyers/wp-content/uploads/sites/2/2025/08/jpg-7089.jpg" />
	<meta property="og:image:width" content="378" />
	<meta property="og:image:height" content="605" />
	<meta property="og:image:type" content="image/jpeg" />
<meta name="twitter:card" content="summary_large_image" />
<meta name="twitter:label1" content="Ansl. lesetid" />
	<meta name="twitter:data1" content="2 minutter" />
<script type="application/ld+json" class="yoast-schema-graph">{"@context":"https://schema.org","@graph":[{"@type":"WebPage","@id":"https://staging.forenteforlag.no/dreyers/produkt/naturfilosofi/","url":"https://staging.forenteforlag.no/dreyers/produkt/naturfilosofi/","name":"Naturfilosofi - Dreyers Forlag","isPartOf":{"@id":"https://staging.forenteforlag.no/dreyers/#website"},"primaryImageOfPage":{"@id":"https://staging.forenteforlag.no/dreyers/produkt/naturfilosofi/#primaryimage"},"image":{"@id":"https://staging.forenteforlag.no/dreyers/produkt/naturfilosofi/#primaryimage"},"thumbnailUrl":"https://staging.forenteforlag.no/dreyers/wp-content/uploads/sites/2/2025/08/jpg-7089.jpg","datePublished":"2018-01-02T00:00:00+00:00","dateModified":"2025-08-27T07:32:49+00:00","breadcrumb":{"@id":"https://staging.forenteforlag.no/dreyers/produkt/naturfilosofi/#breadcrumb"},"inLanguage":"nb-NO","potentialAction":[{"@type":"ReadAction","target":["https://staging.forenteforlag.no/dreyers/produkt/naturfilosofi/"]}]},{"@type":"ImageObject","inLanguage":"nb-NO","@id":"https://staging.forenteforlag.no/dreyers/produkt/naturfilosofi/#primaryimage","url":"https://staging.forenteforlag.no/dreyers/wp-content/uploads/sites/2/2025/08/jpg-7089.jpg","contentUrl":"https://staging.forenteforlag.no/dreyers/wp-content/uploads/sites/2/2025/08/jpg-7089.jpg","width":378,"height":605},{"@type":"BreadcrumbList","@id":"https://staging.forenteforlag.no/dreyers/produkt/naturfilosofi/#breadcrumb","itemListElement":[{"@type":"ListItem","position":1,"name":"Hjem","item":"https://staging.forenteforlag.no/dreyers/"},{"@type":"ListItem","position":2,"name":"Alle bøker","item":"https://staging.forenteforlag.no/dreyers/butikk/"},{"@type":"ListItem","position":3,"name":"Naturfilosofi"}]},{"@type":"WebSite","@id":"https://staging.forenteforlag.no/dreyers/#website","url":"https://staging.forenteforlag.no/dreyers/","name":"Dreyers Forlag","description":"","potentialAction":[{"@type":"SearchAction","target":{"@type":"EntryPoint","urlTemplate":"https://staging.forenteforlag.no/dreyers/?s={search_term_string}"},"query-input":{"@type":"PropertyValueSpecification","valueRequired":true,"valueName":"search_term_string"}}],"inLanguage":"nb-NO"}]}</script>
<!-- / Yoast SEO plugin. -->

Har en ulv egenverdi? Er det galt å utrydde blåhvalen? Dette er noen av spørsmålene som besvares i Sigurd Hvervens nye bok. Boken introduserer naturfilosofi for et bredt norsk publikum. I et tilgjengelig språk tas leseren til kjernen av tenkningen til kjente navn som Peter Singer og Arne Næss. I tillegg introduseres mindre kjente filosofer, [&hellip;]

Alle bøker
