{"id":21312,"date":"2018-01-11T01:00:00","date_gmt":"2018-01-11T00:00:00","guid":{"rendered":"https:\/\/dreyersforlag.forenteforlag.no\/produkt\/da-fjellet-ble-dannet\/"},"modified":"2025-08-27T12:22:02","modified_gmt":"2025-08-27T10:22:02","slug":"da-fjellet-ble-dannet","status":"publish","type":"product","link":"https:\/\/staging.forenteforlag.no\/dreyers\/produkt\/da-fjellet-ble-dannet\/","title":{"rendered":"Da fjellet ble dannet"},"content":{"rendered":"<p>Da fjellet ble dannet forteller et stykke norsk kulturhistorie. En opptakt danner m\u00f8tet i 1821 fremfor Rjukanfossen mellom Christopher Hansteen, direkt\u00f8r for Norges Geografiske Oppm\u00e5ling, og maleren Johannes Flintoe: den ene m\u00e5lte, den andre malte. I denne fortellingen h\u00f8rer ogs\u00e5 en tredje gruppe kartleggere: geologene. Geologen B.M. Keilhau som i 1820 etterlot seg de f\u00f8rste maleriske skisser over Jotunheimen. Kartleggerne m\u00e5tte bevege seg inn i det landskap de ville beskrive, og omformet langsomt nordmenns oppfatning av fjellnaturen. Den ville, ugjestmilde natur ble en fjellheim &#8211; en del av den nasjonale identitet. <\/p>\n<p>F\u00f8r fjellet tidlig p\u00e5 1800-tallet ble \u00aboppdaget\u00bb av byfolk, var det befolket av gjetere, driftekarer og sl\u00e5ttefolk, med st\u00f8ler, buer og fel\u00e6ger og med et nett av stier og tr\u00e5kk. Men det var dannelsesborgerskapet som omskapte fjellet til et turistisk vandringsrom: landskapet ble et opplevelsesrom. Sportsvandrerne tok steget ut av den mer eller mindre urbane sivilisasjon og inn i den \u00abopprinnelige\u00bb natur. Vandringsturismen, som fra 1868 samlet seg i Den Norske Turistforening, fikk sitt sentrum i Jotunheimen, \u00abdenne m\u00e6ktige stenbygning\u00bb, som if\u00f8lge beskrivelsen til Turistforeningens f\u00f8rste stipendiat, stud.theol. Jonas Dahl, var landets \u00aballer helligste\u00bb. <\/p>\n<p>Slagstads fortelling om den norske fjellheimens dannelseshistorie gir ogs\u00e5 portretter av noen av fjellets dannelsesagenter, s\u00e5 som Thomas Heftye, DNTs grunnlegger, Emanuel Mohn, \u00abtinderangleren\u00bb, Yngvar Nielsen, \u00abprofessorturisten\u00bb, og Therese Bertheau, den f\u00f8rste kvinne som besteg Store Skagast\u00f8lstind, og viste at fjellet kunne v\u00e6re et sted for kroppslig utfoldelse ogs\u00e5 for kvinner. Boken avrundes med portretter av de to tindefilosofene P.W. Zapffe og Arne N\u00e6ss. <\/p>\n<p>Denne bokens tekst er en videreutvikling av del I og II i Rune Slagstads (Sporten). En id\u00e9historisk studie, 2008. Boken er rikt illustrert.<\/p>\n","protected":false},"excerpt":{"rendered":"<p>Da fjellet ble dannet forteller et stykke norsk kulturhistorie. En opptakt danner m\u00f8tet i 1821 fremfor Rjukanfossen mellom Christopher Hansteen, direkt\u00f8r for Norges Geografiske Oppm\u00e5ling, og maleren Johannes Flintoe: den ene m\u00e5lte, den andre malte. I denne fortellingen h\u00f8rer ogs\u00e5 en tredje gruppe kartleggere: geologene. Geologen B.M. Keilhau som i 1820 etterlot seg de f\u00f8rste [&hellip;]<\/p>\n","protected":false},"featured_media":24419,"template":"","meta":{"_acf_changed":false,"inline_featured_image":false},"product_brand":[],"product_cat":[1785,23,26,29],"product_tag":[394,362,1038,361,439,1726],"class_list":{"0":"post-21312","1":"product","2":"type-product","3":"status-publish","4":"has-post-thumbnail","6":"product_cat-fripris","7":"product_cat-historie","8":"product_cat-kunst-og-kultur","9":"product_cat-natur-friluftsliv-og-sport","10":"product_tag-1800-tallet","11":"product_tag-faglitteratur","12":"product_tag-fjellomrader","13":"product_tag-kulturhistorie","14":"product_tag-nord-norge","15":"product_tag-turisme","16":"pa_format-innbundet","18":"first","19":"instock","20":"shipping-taxable","21":"purchasable","22":"product-type-simple"},"acf":{"anmeldelse":null},"yoast_head":"<!-- This site is optimized with the Yoast SEO plugin v26.6 - https:\/\/yoast.com\/wordpress\/plugins\/seo\/ -->\n<title>Da fjellet ble dannet - Dreyers Forlag<\/title>\n<meta name=\"robots\" content=\"noindex, follow, max-snippet:-1, max-image-preview:large, max-video-preview:-1\" \/>\n<meta property=\"og:locale\" content=\"nb_NO\" \/>\n<meta property=\"og:type\" content=\"article\" \/>\n<meta property=\"og:title\" content=\"Da fjellet ble dannet - Dreyers Forlag\" \/>\n<meta property=\"og:description\" content=\"Da fjellet ble dannet forteller et stykke norsk kulturhistorie. En opptakt danner m\u00f8tet i 1821 fremfor Rjukanfossen mellom Christopher Hansteen, direkt\u00f8r for Norges Geografiske Oppm\u00e5ling, og maleren Johannes Flintoe: den ene m\u00e5lte, den andre malte. I denne fortellingen h\u00f8rer ogs\u00e5 en tredje gruppe kartleggere: geologene. Geologen B.M. Keilhau som i 1820 etterlot seg de f\u00f8rste [&hellip;]\" \/>\n<meta property=\"og:url\" content=\"https:\/\/staging.forenteforlag.no\/dreyers\/produkt\/da-fjellet-ble-dannet\/\" \/>\n<meta property=\"og:site_name\" content=\"Dreyers Forlag\" \/>\n<meta property=\"article:modified_time\" content=\"2025-08-27T10:22:02+00:00\" \/>\n<meta property=\"og:image\" content=\"https:\/\/staging.forenteforlag.no\/dreyers\/wp-content\/uploads\/sites\/2\/2025\/08\/jpg-9215.jpg\" \/>\n\t<meta property=\"og:image:width\" content=\"378\" \/>\n\t<meta property=\"og:image:height\" content=\"511\" \/>\n\t<meta property=\"og:image:type\" content=\"image\/jpeg\" \/>\n<meta name=\"twitter:card\" content=\"summary_large_image\" \/>\n<meta name=\"twitter:label1\" content=\"Ansl. lesetid\" \/>\n\t<meta name=\"twitter:data1\" content=\"1 minutt\" \/>\n<script type=\"application\/ld+json\" class=\"yoast-schema-graph\">{\"@context\":\"https:\/\/schema.org\",\"@graph\":[{\"@type\":\"WebPage\",\"@id\":\"https:\/\/staging.forenteforlag.no\/dreyers\/produkt\/da-fjellet-ble-dannet\/\",\"url\":\"https:\/\/staging.forenteforlag.no\/dreyers\/produkt\/da-fjellet-ble-dannet\/\",\"name\":\"Da fjellet ble dannet - Dreyers Forlag\",\"isPartOf\":{\"@id\":\"https:\/\/staging.forenteforlag.no\/dreyers\/#website\"},\"primaryImageOfPage\":{\"@id\":\"https:\/\/staging.forenteforlag.no\/dreyers\/produkt\/da-fjellet-ble-dannet\/#primaryimage\"},\"image\":{\"@id\":\"https:\/\/staging.forenteforlag.no\/dreyers\/produkt\/da-fjellet-ble-dannet\/#primaryimage\"},\"thumbnailUrl\":\"https:\/\/staging.forenteforlag.no\/dreyers\/wp-content\/uploads\/sites\/2\/2025\/08\/jpg-9215.jpg\",\"datePublished\":\"2018-01-11T00:00:00+00:00\",\"dateModified\":\"2025-08-27T10:22:02+00:00\",\"breadcrumb\":{\"@id\":\"https:\/\/staging.forenteforlag.no\/dreyers\/produkt\/da-fjellet-ble-dannet\/#breadcrumb\"},\"inLanguage\":\"nb-NO\",\"potentialAction\":[{\"@type\":\"ReadAction\",\"target\":[\"https:\/\/staging.forenteforlag.no\/dreyers\/produkt\/da-fjellet-ble-dannet\/\"]}]},{\"@type\":\"ImageObject\",\"inLanguage\":\"nb-NO\",\"@id\":\"https:\/\/staging.forenteforlag.no\/dreyers\/produkt\/da-fjellet-ble-dannet\/#primaryimage\",\"url\":\"https:\/\/staging.forenteforlag.no\/dreyers\/wp-content\/uploads\/sites\/2\/2025\/08\/jpg-9215.jpg\",\"contentUrl\":\"https:\/\/staging.forenteforlag.no\/dreyers\/wp-content\/uploads\/sites\/2\/2025\/08\/jpg-9215.jpg\",\"width\":378,\"height\":511},{\"@type\":\"BreadcrumbList\",\"@id\":\"https:\/\/staging.forenteforlag.no\/dreyers\/produkt\/da-fjellet-ble-dannet\/#breadcrumb\",\"itemListElement\":[{\"@type\":\"ListItem\",\"position\":1,\"name\":\"Hjem\",\"item\":\"https:\/\/staging.forenteforlag.no\/dreyers\/\"},{\"@type\":\"ListItem\",\"position\":2,\"name\":\"Alle b\u00f8ker\",\"item\":\"https:\/\/staging.forenteforlag.no\/dreyers\/butikk\/\"},{\"@type\":\"ListItem\",\"position\":3,\"name\":\"Da fjellet ble dannet\"}]},{\"@type\":\"WebSite\",\"@id\":\"https:\/\/staging.forenteforlag.no\/dreyers\/#website\",\"url\":\"https:\/\/staging.forenteforlag.no\/dreyers\/\",\"name\":\"Dreyers Forlag\",\"description\":\"\",\"potentialAction\":[{\"@type\":\"SearchAction\",\"target\":{\"@type\":\"EntryPoint\",\"urlTemplate\":\"https:\/\/staging.forenteforlag.no\/dreyers\/?s={search_term_string}\"},\"query-input\":{\"@type\":\"PropertyValueSpecification\",\"valueRequired\":true,\"valueName\":\"search_term_string\"}}],\"inLanguage\":\"nb-NO\"}]}<\/script>\n<!-- \/ Yoast SEO plugin. -->","yoast_head_json":{"title":"Da fjellet ble dannet - Dreyers Forlag","robots":{"index":"noindex","follow":"follow","max-snippet":"max-snippet:-1","max-image-preview":"max-image-preview:large","max-video-preview":"max-video-preview:-1"},"og_locale":"nb_NO","og_type":"article","og_title":"Da fjellet ble dannet - Dreyers Forlag","og_description":"Da fjellet ble dannet forteller et stykke norsk kulturhistorie. En opptakt danner m\u00f8tet i 1821 fremfor Rjukanfossen mellom Christopher Hansteen, direkt\u00f8r for Norges Geografiske Oppm\u00e5ling, og maleren Johannes Flintoe: den ene m\u00e5lte, den andre malte. I denne fortellingen h\u00f8rer ogs\u00e5 en tredje gruppe kartleggere: geologene. Geologen B.M. Keilhau som i 1820 etterlot seg de f\u00f8rste [&hellip;]","og_url":"https:\/\/staging.forenteforlag.no\/dreyers\/produkt\/da-fjellet-ble-dannet\/","og_site_name":"Dreyers Forlag","article_modified_time":"2025-08-27T10:22:02+00:00","og_image":[{"width":378,"height":511,"url":"https:\/\/staging.forenteforlag.no\/dreyers\/wp-content\/uploads\/sites\/2\/2025\/08\/jpg-9215.jpg","type":"image\/jpeg"}],"twitter_card":"summary_large_image","twitter_misc":{"Ansl. lesetid":"1 minutt"},"schema":{"@context":"https:\/\/schema.org","@graph":[{"@type":"WebPage","@id":"https:\/\/staging.forenteforlag.no\/dreyers\/produkt\/da-fjellet-ble-dannet\/","url":"https:\/\/staging.forenteforlag.no\/dreyers\/produkt\/da-fjellet-ble-dannet\/","name":"Da fjellet ble dannet - Dreyers Forlag","isPartOf":{"@id":"https:\/\/staging.forenteforlag.no\/dreyers\/#website"},"primaryImageOfPage":{"@id":"https:\/\/staging.forenteforlag.no\/dreyers\/produkt\/da-fjellet-ble-dannet\/#primaryimage"},"image":{"@id":"https:\/\/staging.forenteforlag.no\/dreyers\/produkt\/da-fjellet-ble-dannet\/#primaryimage"},"thumbnailUrl":"https:\/\/staging.forenteforlag.no\/dreyers\/wp-content\/uploads\/sites\/2\/2025\/08\/jpg-9215.jpg","datePublished":"2018-01-11T00:00:00+00:00","dateModified":"2025-08-27T10:22:02+00:00","breadcrumb":{"@id":"https:\/\/staging.forenteforlag.no\/dreyers\/produkt\/da-fjellet-ble-dannet\/#breadcrumb"},"inLanguage":"nb-NO","potentialAction":[{"@type":"ReadAction","target":["https:\/\/staging.forenteforlag.no\/dreyers\/produkt\/da-fjellet-ble-dannet\/"]}]},{"@type":"ImageObject","inLanguage":"nb-NO","@id":"https:\/\/staging.forenteforlag.no\/dreyers\/produkt\/da-fjellet-ble-dannet\/#primaryimage","url":"https:\/\/staging.forenteforlag.no\/dreyers\/wp-content\/uploads\/sites\/2\/2025\/08\/jpg-9215.jpg","contentUrl":"https:\/\/staging.forenteforlag.no\/dreyers\/wp-content\/uploads\/sites\/2\/2025\/08\/jpg-9215.jpg","width":378,"height":511},{"@type":"BreadcrumbList","@id":"https:\/\/staging.forenteforlag.no\/dreyers\/produkt\/da-fjellet-ble-dannet\/#breadcrumb","itemListElement":[{"@type":"ListItem","position":1,"name":"Hjem","item":"https:\/\/staging.forenteforlag.no\/dreyers\/"},{"@type":"ListItem","position":2,"name":"Alle b\u00f8ker","item":"https:\/\/staging.forenteforlag.no\/dreyers\/butikk\/"},{"@type":"ListItem","position":3,"name":"Da fjellet ble dannet"}]},{"@type":"WebSite","@id":"https:\/\/staging.forenteforlag.no\/dreyers\/#website","url":"https:\/\/staging.forenteforlag.no\/dreyers\/","name":"Dreyers Forlag","description":"","potentialAction":[{"@type":"SearchAction","target":{"@type":"EntryPoint","urlTemplate":"https:\/\/staging.forenteforlag.no\/dreyers\/?s={search_term_string}"},"query-input":{"@type":"PropertyValueSpecification","valueRequired":true,"valueName":"search_term_string"}}],"inLanguage":"nb-NO"}]}},"_links":{"self":[{"href":"https:\/\/staging.forenteforlag.no\/dreyers\/wp-json\/wp\/v2\/product\/21312","targetHints":{"allow":["GET"]}}],"collection":[{"href":"https:\/\/staging.forenteforlag.no\/dreyers\/wp-json\/wp\/v2\/product"}],"about":[{"href":"https:\/\/staging.forenteforlag.no\/dreyers\/wp-json\/wp\/v2\/types\/product"}],"wp:featuredmedia":[{"embeddable":true,"href":"https:\/\/staging.forenteforlag.no\/dreyers\/wp-json\/wp\/v2\/media\/24419"}],"wp:attachment":[{"href":"https:\/\/staging.forenteforlag.no\/dreyers\/wp-json\/wp\/v2\/media?parent=21312"}],"wp:term":[{"taxonomy":"product_brand","embeddable":true,"href":"https:\/\/staging.forenteforlag.no\/dreyers\/wp-json\/wp\/v2\/product_brand?post=21312"},{"taxonomy":"product_cat","embeddable":true,"href":"https:\/\/staging.forenteforlag.no\/dreyers\/wp-json\/wp\/v2\/product_cat?post=21312"},{"taxonomy":"product_tag","embeddable":true,"href":"https:\/\/staging.forenteforlag.no\/dreyers\/wp-json\/wp\/v2\/product_tag?post=21312"}],"curies":[{"name":"wp","href":"https:\/\/api.w.org\/{rel}","templated":true}]}}

<p>Da fjellet ble dannet forteller et stykke norsk kulturhistorie. En opptakt danner møtet i 1821 fremfor Rjukanfossen mellom Christopher Hansteen, direktør for Norges Geografiske Oppmåling, og maleren Johannes Flintoe: den ene målte, den andre malte. I denne fortellingen hører også en tredje gruppe kartleggere: geologene. Geologen B.M. Keilhau som i 1820 etterlot seg de første maleriske skisser over Jotunheimen. Kartleggerne måtte bevege seg inn i det landskap de ville beskrive, og omformet langsomt nordmenns oppfatning av fjellnaturen. Den ville, ugjestmilde natur ble en fjellheim &#8211; en del av den nasjonale identitet. </p>
<p>Før fjellet tidlig på 1800-tallet ble «oppdaget» av byfolk, var det befolket av gjetere, driftekarer og slåttefolk, med støler, buer og felæger og med et nett av stier og tråkk. Men det var dannelsesborgerskapet som omskapte fjellet til et turistisk vandringsrom: landskapet ble et opplevelsesrom. Sportsvandrerne tok steget ut av den mer eller mindre urbane sivilisasjon og inn i den «opprinnelige» natur. Vandringsturismen, som fra 1868 samlet seg i Den Norske Turistforening, fikk sitt sentrum i Jotunheimen, «denne mæktige stenbygning», som ifølge beskrivelsen til Turistforeningens første stipendiat, stud.theol. Jonas Dahl, var landets «aller helligste». </p>
<p>Slagstads fortelling om den norske fjellheimens dannelseshistorie gir også portretter av noen av fjellets dannelsesagenter, så som Thomas Heftye, DNTs grunnlegger, Emanuel Mohn, «tinderangleren», Yngvar Nielsen, «professorturisten», og Therese Bertheau, den første kvinne som besteg Store Skagastølstind, og viste at fjellet kunne være et sted for kroppslig utfoldelse også for kvinner. Boken avrundes med portretter av de to tindefilosofene P.W. Zapffe og Arne Næss. </p>
<p>Denne bokens tekst er en videreutvikling av del I og II i Rune Slagstads (Sporten). En idéhistorisk studie, 2008. Boken er rikt illustrert.</p>

<p>Da fjellet ble dannet forteller et stykke norsk kulturhistorie. En opptakt danner møtet i 1821 fremfor Rjukanfossen mellom Christopher Hansteen, direktør for Norges Geografiske Oppmåling, og maleren Johannes Flintoe: den ene målte, den andre malte. I denne fortellingen hører også en tredje gruppe kartleggere: geologene. Geologen B.M. Keilhau som i 1820 etterlot seg de første [&hellip;]</p>

<!-- This site is optimized with the Yoast SEO plugin v26.6 - https://yoast.com/wordpress/plugins/seo/ -->
<title>Da fjellet ble dannet - Dreyers Forlag</title>
<meta name="robots" content="noindex, follow, max-snippet:-1, max-image-preview:large, max-video-preview:-1" />
<meta property="og:locale" content="nb_NO" />
<meta property="og:type" content="article" />
<meta property="og:title" content="Da fjellet ble dannet - Dreyers Forlag" />
<meta property="og:description" content="Da fjellet ble dannet forteller et stykke norsk kulturhistorie. En opptakt danner møtet i 1821 fremfor Rjukanfossen mellom Christopher Hansteen, direktør for Norges Geografiske Oppmåling, og maleren Johannes Flintoe: den ene målte, den andre malte. I denne fortellingen hører også en tredje gruppe kartleggere: geologene. Geologen B.M. Keilhau som i 1820 etterlot seg de første [&hellip;]" />
<meta property="og:url" content="https://staging.forenteforlag.no/dreyers/produkt/da-fjellet-ble-dannet/" />
<meta property="og:site_name" content="Dreyers Forlag" />
<meta property="article:modified_time" content="2025-08-27T10:22:02+00:00" />
<meta property="og:image" content="https://staging.forenteforlag.no/dreyers/wp-content/uploads/sites/2/2025/08/jpg-9215.jpg" />
	<meta property="og:image:width" content="378" />
	<meta property="og:image:height" content="511" />
	<meta property="og:image:type" content="image/jpeg" />
<meta name="twitter:card" content="summary_large_image" />
<meta name="twitter:label1" content="Ansl. lesetid" />
	<meta name="twitter:data1" content="1 minutt" />
<script type="application/ld+json" class="yoast-schema-graph">{"@context":"https://schema.org","@graph":[{"@type":"WebPage","@id":"https://staging.forenteforlag.no/dreyers/produkt/da-fjellet-ble-dannet/","url":"https://staging.forenteforlag.no/dreyers/produkt/da-fjellet-ble-dannet/","name":"Da fjellet ble dannet - Dreyers Forlag","isPartOf":{"@id":"https://staging.forenteforlag.no/dreyers/#website"},"primaryImageOfPage":{"@id":"https://staging.forenteforlag.no/dreyers/produkt/da-fjellet-ble-dannet/#primaryimage"},"image":{"@id":"https://staging.forenteforlag.no/dreyers/produkt/da-fjellet-ble-dannet/#primaryimage"},"thumbnailUrl":"https://staging.forenteforlag.no/dreyers/wp-content/uploads/sites/2/2025/08/jpg-9215.jpg","datePublished":"2018-01-11T00:00:00+00:00","dateModified":"2025-08-27T10:22:02+00:00","breadcrumb":{"@id":"https://staging.forenteforlag.no/dreyers/produkt/da-fjellet-ble-dannet/#breadcrumb"},"inLanguage":"nb-NO","potentialAction":[{"@type":"ReadAction","target":["https://staging.forenteforlag.no/dreyers/produkt/da-fjellet-ble-dannet/"]}]},{"@type":"ImageObject","inLanguage":"nb-NO","@id":"https://staging.forenteforlag.no/dreyers/produkt/da-fjellet-ble-dannet/#primaryimage","url":"https://staging.forenteforlag.no/dreyers/wp-content/uploads/sites/2/2025/08/jpg-9215.jpg","contentUrl":"https://staging.forenteforlag.no/dreyers/wp-content/uploads/sites/2/2025/08/jpg-9215.jpg","width":378,"height":511},{"@type":"BreadcrumbList","@id":"https://staging.forenteforlag.no/dreyers/produkt/da-fjellet-ble-dannet/#breadcrumb","itemListElement":[{"@type":"ListItem","position":1,"name":"Hjem","item":"https://staging.forenteforlag.no/dreyers/"},{"@type":"ListItem","position":2,"name":"Alle bøker","item":"https://staging.forenteforlag.no/dreyers/butikk/"},{"@type":"ListItem","position":3,"name":"Da fjellet ble dannet"}]},{"@type":"WebSite","@id":"https://staging.forenteforlag.no/dreyers/#website","url":"https://staging.forenteforlag.no/dreyers/","name":"Dreyers Forlag","description":"","potentialAction":[{"@type":"SearchAction","target":{"@type":"EntryPoint","urlTemplate":"https://staging.forenteforlag.no/dreyers/?s={search_term_string}"},"query-input":{"@type":"PropertyValueSpecification","valueRequired":true,"valueName":"search_term_string"}}],"inLanguage":"nb-NO"}]}</script>
<!-- / Yoast SEO plugin. -->

Da fjellet ble dannet forteller et stykke norsk kulturhistorie. En opptakt danner møtet i 1821 fremfor Rjukanfossen mellom Christopher Hansteen, direktør for Norges Geografiske Oppmåling, og maleren Johannes Flintoe: den ene målte, den andre malte. I denne fortellingen hører også en tredje gruppe kartleggere: geologene. Geologen B.M. Keilhau som i 1820 etterlot seg de første [&hellip;]

Alle bøker
