{"id":21308,"date":"2018-03-05T01:00:00","date_gmt":"2018-03-05T00:00:00","guid":{"rendered":"https:\/\/dreyersforlag.forenteforlag.no\/produkt\/nasjonalisme-3\/"},"modified":"2025-09-04T13:42:23","modified_gmt":"2025-09-04T11:42:23","slug":"nasjonalisme-3","status":"publish","type":"product","link":"https:\/\/staging.forenteforlag.no\/dreyers\/produkt\/nasjonalisme-3\/","title":{"rendered":"Nasjonalisme"},"content":{"rendered":"<p>Nasjonalisme har i to hundre \u00e5r v\u00e6rt en av den moderne verdens mest innflytelsesrike og politisk eksplosive ideer. Den har blitt forbundet med frigj\u00f8ring fra undertrykkelse, demokrati og uavhengighet, men ogs\u00e5 med intolerante bevegelser p\u00e5 ytre h\u00f8yre fl\u00f8y som vil stenge grensene og ofte idealisere en fjern storhetstid.<br \/>\nNasjonalisme dukker opp som begrep med den franske og den amerikanske revolusjonen. I Norge blir 1800-tallet forbundet med en nasjonsbyggende fase som kulminerer i 1905. Nasjonalisme ble knyttet til nasjonal enhet, identitet, frihet og autonomi. Nasjonalisme har siden endret betydning og fulgt ulike politiske konjunkturer. Under den kalde krigen var kommunister og liberale skj\u00f8nt enige om at nasjonalisme var et tilbakelagt stadium, men etter Berlin-murens fall fikk nasjonalismen igjen stor betydning<br \/>\nI Nasjonalisme viser \u00d8sterud hvordan vi kan forst\u00e5, kartlegge og forklare dette omstridte og sammensatte fenomenet.<br \/>\nBoken er en oppdatert og revidert utgave av Hva er nasjonalisme? fra 1994.<\/p>\n","protected":false},"excerpt":{"rendered":"<p>Nasjonalisme har i to hundre \u00e5r v\u00e6rt en av den moderne verdens mest innflytelsesrike og politisk eksplosive ideer. Den har blitt forbundet med frigj\u00f8ring fra undertrykkelse, demokrati og uavhengighet, men ogs\u00e5 med intolerante bevegelser p\u00e5 ytre h\u00f8yre fl\u00f8y som vil stenge grensene og ofte idealisere en fjern storhetstid. Nasjonalisme dukker opp som begrep med den [&hellip;]<\/p>\n","protected":false},"featured_media":24454,"template":"","meta":{"_acf_changed":false,"inline_featured_image":false},"product_brand":[],"product_cat":[1785,32],"product_tag":[362,1706],"class_list":{"0":"post-21308","1":"product","2":"type-product","3":"status-publish","4":"has-post-thumbnail","6":"product_cat-fripris","7":"product_cat-samfunn-og-politikk","8":"product_tag-faglitteratur","9":"product_tag-internasjonalisme","10":"pa_format-mykperm","12":"first","13":"instock","14":"shipping-taxable","15":"purchasable","16":"product-type-simple"},"acf":{"anmeldelse":null},"yoast_head":"<!-- This site is optimized with the Yoast SEO plugin v26.6 - https:\/\/yoast.com\/wordpress\/plugins\/seo\/ -->\n<title>Nasjonalisme - Dreyers Forlag<\/title>\n<meta name=\"robots\" content=\"noindex, follow, max-snippet:-1, max-image-preview:large, max-video-preview:-1\" \/>\n<meta property=\"og:locale\" content=\"nb_NO\" \/>\n<meta property=\"og:type\" content=\"article\" \/>\n<meta property=\"og:title\" content=\"Nasjonalisme - Dreyers Forlag\" \/>\n<meta property=\"og:description\" content=\"Nasjonalisme har i to hundre \u00e5r v\u00e6rt en av den moderne verdens mest innflytelsesrike og politisk eksplosive ideer. Den har blitt forbundet med frigj\u00f8ring fra undertrykkelse, demokrati og uavhengighet, men ogs\u00e5 med intolerante bevegelser p\u00e5 ytre h\u00f8yre fl\u00f8y som vil stenge grensene og ofte idealisere en fjern storhetstid. Nasjonalisme dukker opp som begrep med den [&hellip;]\" \/>\n<meta property=\"og:url\" content=\"https:\/\/staging.forenteforlag.no\/dreyers\/produkt\/nasjonalisme-3\/\" \/>\n<meta property=\"og:site_name\" content=\"Dreyers Forlag\" \/>\n<meta property=\"article:modified_time\" content=\"2025-09-04T11:42:23+00:00\" \/>\n<meta property=\"og:image\" content=\"https:\/\/staging.forenteforlag.no\/dreyers\/wp-content\/uploads\/sites\/2\/2025\/08\/jpg-9549.jpg\" \/>\n\t<meta property=\"og:image:width\" content=\"378\" \/>\n\t<meta property=\"og:image:height\" content=\"590\" \/>\n\t<meta property=\"og:image:type\" content=\"image\/jpeg\" \/>\n<meta name=\"twitter:card\" content=\"summary_large_image\" \/>\n<meta name=\"twitter:label1\" content=\"Ansl. lesetid\" \/>\n\t<meta name=\"twitter:data1\" content=\"1 minutt\" \/>\n<script type=\"application\/ld+json\" class=\"yoast-schema-graph\">{\"@context\":\"https:\/\/schema.org\",\"@graph\":[{\"@type\":\"WebPage\",\"@id\":\"https:\/\/staging.forenteforlag.no\/dreyers\/produkt\/nasjonalisme-3\/\",\"url\":\"https:\/\/staging.forenteforlag.no\/dreyers\/produkt\/nasjonalisme-3\/\",\"name\":\"Nasjonalisme - Dreyers Forlag\",\"isPartOf\":{\"@id\":\"https:\/\/staging.forenteforlag.no\/dreyers\/#website\"},\"primaryImageOfPage\":{\"@id\":\"https:\/\/staging.forenteforlag.no\/dreyers\/produkt\/nasjonalisme-3\/#primaryimage\"},\"image\":{\"@id\":\"https:\/\/staging.forenteforlag.no\/dreyers\/produkt\/nasjonalisme-3\/#primaryimage\"},\"thumbnailUrl\":\"https:\/\/staging.forenteforlag.no\/dreyers\/wp-content\/uploads\/sites\/2\/2025\/08\/jpg-9549.jpg\",\"datePublished\":\"2018-03-05T00:00:00+00:00\",\"dateModified\":\"2025-09-04T11:42:23+00:00\",\"breadcrumb\":{\"@id\":\"https:\/\/staging.forenteforlag.no\/dreyers\/produkt\/nasjonalisme-3\/#breadcrumb\"},\"inLanguage\":\"nb-NO\",\"potentialAction\":[{\"@type\":\"ReadAction\",\"target\":[\"https:\/\/staging.forenteforlag.no\/dreyers\/produkt\/nasjonalisme-3\/\"]}]},{\"@type\":\"ImageObject\",\"inLanguage\":\"nb-NO\",\"@id\":\"https:\/\/staging.forenteforlag.no\/dreyers\/produkt\/nasjonalisme-3\/#primaryimage\",\"url\":\"https:\/\/staging.forenteforlag.no\/dreyers\/wp-content\/uploads\/sites\/2\/2025\/08\/jpg-9549.jpg\",\"contentUrl\":\"https:\/\/staging.forenteforlag.no\/dreyers\/wp-content\/uploads\/sites\/2\/2025\/08\/jpg-9549.jpg\",\"width\":378,\"height\":590},{\"@type\":\"BreadcrumbList\",\"@id\":\"https:\/\/staging.forenteforlag.no\/dreyers\/produkt\/nasjonalisme-3\/#breadcrumb\",\"itemListElement\":[{\"@type\":\"ListItem\",\"position\":1,\"name\":\"Hjem\",\"item\":\"https:\/\/staging.forenteforlag.no\/dreyers\/\"},{\"@type\":\"ListItem\",\"position\":2,\"name\":\"Alle b\u00f8ker\",\"item\":\"https:\/\/staging.forenteforlag.no\/dreyers\/butikk\/\"},{\"@type\":\"ListItem\",\"position\":3,\"name\":\"Nasjonalisme\"}]},{\"@type\":\"WebSite\",\"@id\":\"https:\/\/staging.forenteforlag.no\/dreyers\/#website\",\"url\":\"https:\/\/staging.forenteforlag.no\/dreyers\/\",\"name\":\"Dreyers Forlag\",\"description\":\"\",\"potentialAction\":[{\"@type\":\"SearchAction\",\"target\":{\"@type\":\"EntryPoint\",\"urlTemplate\":\"https:\/\/staging.forenteforlag.no\/dreyers\/?s={search_term_string}\"},\"query-input\":{\"@type\":\"PropertyValueSpecification\",\"valueRequired\":true,\"valueName\":\"search_term_string\"}}],\"inLanguage\":\"nb-NO\"}]}<\/script>\n<!-- \/ Yoast SEO plugin. -->","yoast_head_json":{"title":"Nasjonalisme - Dreyers Forlag","robots":{"index":"noindex","follow":"follow","max-snippet":"max-snippet:-1","max-image-preview":"max-image-preview:large","max-video-preview":"max-video-preview:-1"},"og_locale":"nb_NO","og_type":"article","og_title":"Nasjonalisme - Dreyers Forlag","og_description":"Nasjonalisme har i to hundre \u00e5r v\u00e6rt en av den moderne verdens mest innflytelsesrike og politisk eksplosive ideer. Den har blitt forbundet med frigj\u00f8ring fra undertrykkelse, demokrati og uavhengighet, men ogs\u00e5 med intolerante bevegelser p\u00e5 ytre h\u00f8yre fl\u00f8y som vil stenge grensene og ofte idealisere en fjern storhetstid. Nasjonalisme dukker opp som begrep med den [&hellip;]","og_url":"https:\/\/staging.forenteforlag.no\/dreyers\/produkt\/nasjonalisme-3\/","og_site_name":"Dreyers Forlag","article_modified_time":"2025-09-04T11:42:23+00:00","og_image":[{"width":378,"height":590,"url":"https:\/\/staging.forenteforlag.no\/dreyers\/wp-content\/uploads\/sites\/2\/2025\/08\/jpg-9549.jpg","type":"image\/jpeg"}],"twitter_card":"summary_large_image","twitter_misc":{"Ansl. lesetid":"1 minutt"},"schema":{"@context":"https:\/\/schema.org","@graph":[{"@type":"WebPage","@id":"https:\/\/staging.forenteforlag.no\/dreyers\/produkt\/nasjonalisme-3\/","url":"https:\/\/staging.forenteforlag.no\/dreyers\/produkt\/nasjonalisme-3\/","name":"Nasjonalisme - Dreyers Forlag","isPartOf":{"@id":"https:\/\/staging.forenteforlag.no\/dreyers\/#website"},"primaryImageOfPage":{"@id":"https:\/\/staging.forenteforlag.no\/dreyers\/produkt\/nasjonalisme-3\/#primaryimage"},"image":{"@id":"https:\/\/staging.forenteforlag.no\/dreyers\/produkt\/nasjonalisme-3\/#primaryimage"},"thumbnailUrl":"https:\/\/staging.forenteforlag.no\/dreyers\/wp-content\/uploads\/sites\/2\/2025\/08\/jpg-9549.jpg","datePublished":"2018-03-05T00:00:00+00:00","dateModified":"2025-09-04T11:42:23+00:00","breadcrumb":{"@id":"https:\/\/staging.forenteforlag.no\/dreyers\/produkt\/nasjonalisme-3\/#breadcrumb"},"inLanguage":"nb-NO","potentialAction":[{"@type":"ReadAction","target":["https:\/\/staging.forenteforlag.no\/dreyers\/produkt\/nasjonalisme-3\/"]}]},{"@type":"ImageObject","inLanguage":"nb-NO","@id":"https:\/\/staging.forenteforlag.no\/dreyers\/produkt\/nasjonalisme-3\/#primaryimage","url":"https:\/\/staging.forenteforlag.no\/dreyers\/wp-content\/uploads\/sites\/2\/2025\/08\/jpg-9549.jpg","contentUrl":"https:\/\/staging.forenteforlag.no\/dreyers\/wp-content\/uploads\/sites\/2\/2025\/08\/jpg-9549.jpg","width":378,"height":590},{"@type":"BreadcrumbList","@id":"https:\/\/staging.forenteforlag.no\/dreyers\/produkt\/nasjonalisme-3\/#breadcrumb","itemListElement":[{"@type":"ListItem","position":1,"name":"Hjem","item":"https:\/\/staging.forenteforlag.no\/dreyers\/"},{"@type":"ListItem","position":2,"name":"Alle b\u00f8ker","item":"https:\/\/staging.forenteforlag.no\/dreyers\/butikk\/"},{"@type":"ListItem","position":3,"name":"Nasjonalisme"}]},{"@type":"WebSite","@id":"https:\/\/staging.forenteforlag.no\/dreyers\/#website","url":"https:\/\/staging.forenteforlag.no\/dreyers\/","name":"Dreyers Forlag","description":"","potentialAction":[{"@type":"SearchAction","target":{"@type":"EntryPoint","urlTemplate":"https:\/\/staging.forenteforlag.no\/dreyers\/?s={search_term_string}"},"query-input":{"@type":"PropertyValueSpecification","valueRequired":true,"valueName":"search_term_string"}}],"inLanguage":"nb-NO"}]}},"_links":{"self":[{"href":"https:\/\/staging.forenteforlag.no\/dreyers\/wp-json\/wp\/v2\/product\/21308","targetHints":{"allow":["GET"]}}],"collection":[{"href":"https:\/\/staging.forenteforlag.no\/dreyers\/wp-json\/wp\/v2\/product"}],"about":[{"href":"https:\/\/staging.forenteforlag.no\/dreyers\/wp-json\/wp\/v2\/types\/product"}],"wp:featuredmedia":[{"embeddable":true,"href":"https:\/\/staging.forenteforlag.no\/dreyers\/wp-json\/wp\/v2\/media\/24454"}],"wp:attachment":[{"href":"https:\/\/staging.forenteforlag.no\/dreyers\/wp-json\/wp\/v2\/media?parent=21308"}],"wp:term":[{"taxonomy":"product_brand","embeddable":true,"href":"https:\/\/staging.forenteforlag.no\/dreyers\/wp-json\/wp\/v2\/product_brand?post=21308"},{"taxonomy":"product_cat","embeddable":true,"href":"https:\/\/staging.forenteforlag.no\/dreyers\/wp-json\/wp\/v2\/product_cat?post=21308"},{"taxonomy":"product_tag","embeddable":true,"href":"https:\/\/staging.forenteforlag.no\/dreyers\/wp-json\/wp\/v2\/product_tag?post=21308"}],"curies":[{"name":"wp","href":"https:\/\/api.w.org\/{rel}","templated":true}]}}

<p>Nasjonalisme har i to hundre år vært en av den moderne verdens mest innflytelsesrike og politisk eksplosive ideer. Den har blitt forbundet med frigjøring fra undertrykkelse, demokrati og uavhengighet, men også med intolerante bevegelser på ytre høyre fløy som vil stenge grensene og ofte idealisere en fjern storhetstid.<br />
Nasjonalisme dukker opp som begrep med den franske og den amerikanske revolusjonen. I Norge blir 1800-tallet forbundet med en nasjonsbyggende fase som kulminerer i 1905. Nasjonalisme ble knyttet til nasjonal enhet, identitet, frihet og autonomi. Nasjonalisme har siden endret betydning og fulgt ulike politiske konjunkturer. Under den kalde krigen var kommunister og liberale skjønt enige om at nasjonalisme var et tilbakelagt stadium, men etter Berlin-murens fall fikk nasjonalismen igjen stor betydning<br />
I Nasjonalisme viser Østerud hvordan vi kan forstå, kartlegge og forklare dette omstridte og sammensatte fenomenet.<br />
Boken er en oppdatert og revidert utgave av Hva er nasjonalisme? fra 1994.</p>

<p>Nasjonalisme har i to hundre år vært en av den moderne verdens mest innflytelsesrike og politisk eksplosive ideer. Den har blitt forbundet med frigjøring fra undertrykkelse, demokrati og uavhengighet, men også med intolerante bevegelser på ytre høyre fløy som vil stenge grensene og ofte idealisere en fjern storhetstid. Nasjonalisme dukker opp som begrep med den [&hellip;]</p>

<!-- This site is optimized with the Yoast SEO plugin v26.6 - https://yoast.com/wordpress/plugins/seo/ -->
<title>Nasjonalisme - Dreyers Forlag</title>
<meta name="robots" content="noindex, follow, max-snippet:-1, max-image-preview:large, max-video-preview:-1" />
<meta property="og:locale" content="nb_NO" />
<meta property="og:type" content="article" />
<meta property="og:title" content="Nasjonalisme - Dreyers Forlag" />
<meta property="og:description" content="Nasjonalisme har i to hundre år vært en av den moderne verdens mest innflytelsesrike og politisk eksplosive ideer. Den har blitt forbundet med frigjøring fra undertrykkelse, demokrati og uavhengighet, men også med intolerante bevegelser på ytre høyre fløy som vil stenge grensene og ofte idealisere en fjern storhetstid. Nasjonalisme dukker opp som begrep med den [&hellip;]" />
<meta property="og:url" content="https://staging.forenteforlag.no/dreyers/produkt/nasjonalisme-3/" />
<meta property="og:site_name" content="Dreyers Forlag" />
<meta property="article:modified_time" content="2025-09-04T11:42:23+00:00" />
<meta property="og:image" content="https://staging.forenteforlag.no/dreyers/wp-content/uploads/sites/2/2025/08/jpg-9549.jpg" />
	<meta property="og:image:width" content="378" />
	<meta property="og:image:height" content="590" />
	<meta property="og:image:type" content="image/jpeg" />
<meta name="twitter:card" content="summary_large_image" />
<meta name="twitter:label1" content="Ansl. lesetid" />
	<meta name="twitter:data1" content="1 minutt" />
<script type="application/ld+json" class="yoast-schema-graph">{"@context":"https://schema.org","@graph":[{"@type":"WebPage","@id":"https://staging.forenteforlag.no/dreyers/produkt/nasjonalisme-3/","url":"https://staging.forenteforlag.no/dreyers/produkt/nasjonalisme-3/","name":"Nasjonalisme - Dreyers Forlag","isPartOf":{"@id":"https://staging.forenteforlag.no/dreyers/#website"},"primaryImageOfPage":{"@id":"https://staging.forenteforlag.no/dreyers/produkt/nasjonalisme-3/#primaryimage"},"image":{"@id":"https://staging.forenteforlag.no/dreyers/produkt/nasjonalisme-3/#primaryimage"},"thumbnailUrl":"https://staging.forenteforlag.no/dreyers/wp-content/uploads/sites/2/2025/08/jpg-9549.jpg","datePublished":"2018-03-05T00:00:00+00:00","dateModified":"2025-09-04T11:42:23+00:00","breadcrumb":{"@id":"https://staging.forenteforlag.no/dreyers/produkt/nasjonalisme-3/#breadcrumb"},"inLanguage":"nb-NO","potentialAction":[{"@type":"ReadAction","target":["https://staging.forenteforlag.no/dreyers/produkt/nasjonalisme-3/"]}]},{"@type":"ImageObject","inLanguage":"nb-NO","@id":"https://staging.forenteforlag.no/dreyers/produkt/nasjonalisme-3/#primaryimage","url":"https://staging.forenteforlag.no/dreyers/wp-content/uploads/sites/2/2025/08/jpg-9549.jpg","contentUrl":"https://staging.forenteforlag.no/dreyers/wp-content/uploads/sites/2/2025/08/jpg-9549.jpg","width":378,"height":590},{"@type":"BreadcrumbList","@id":"https://staging.forenteforlag.no/dreyers/produkt/nasjonalisme-3/#breadcrumb","itemListElement":[{"@type":"ListItem","position":1,"name":"Hjem","item":"https://staging.forenteforlag.no/dreyers/"},{"@type":"ListItem","position":2,"name":"Alle bøker","item":"https://staging.forenteforlag.no/dreyers/butikk/"},{"@type":"ListItem","position":3,"name":"Nasjonalisme"}]},{"@type":"WebSite","@id":"https://staging.forenteforlag.no/dreyers/#website","url":"https://staging.forenteforlag.no/dreyers/","name":"Dreyers Forlag","description":"","potentialAction":[{"@type":"SearchAction","target":{"@type":"EntryPoint","urlTemplate":"https://staging.forenteforlag.no/dreyers/?s={search_term_string}"},"query-input":{"@type":"PropertyValueSpecification","valueRequired":true,"valueName":"search_term_string"}}],"inLanguage":"nb-NO"}]}</script>
<!-- / Yoast SEO plugin. -->

Nasjonalisme har i to hundre år vært en av den moderne verdens mest innflytelsesrike og politisk eksplosive ideer. Den har blitt forbundet med frigjøring fra undertrykkelse, demokrati og uavhengighet, men også med intolerante bevegelser på ytre høyre fløy som vil stenge grensene og ofte idealisere en fjern storhetstid. Nasjonalisme dukker opp som begrep med den [&hellip;]

Alle bøker
