{"id":21307,"date":"2018-03-08T01:00:00","date_gmt":"2018-03-08T00:00:00","guid":{"rendered":"https:\/\/dreyersforlag.forenteforlag.no\/produkt\/bal\/"},"modified":"2025-08-27T11:40:23","modified_gmt":"2025-08-27T09:40:23","slug":"bal","status":"publish","type":"product","link":"https:\/\/staging.forenteforlag.no\/dreyers\/produkt\/bal\/","title":{"rendered":"B\u00e5l"},"content":{"rendered":"<p>\u00c5 sitte ved et b\u00e5l kjennes trygt og hjemmevant. Overalt og gjennom tusener av \u00e5r har man laget b\u00e5l &#8211; men hvordan? Kunnskapene blir glemt n\u00e5r vi ikke lengre beh\u00f8ver \u00e5 tenne b\u00e5l i blest og sn\u00f8 for \u00e5 overleve.<\/p>\n<p>Alle kunnskaper om b\u00e5lbygging i denne boka kommer fra noen eldre samer omkring Jokk.mokk i Nord-Sverige. P\u00e5 1990-tallet begynte forfatteren Yngve Ryd \u00e5 intervjue dem om det \u00e5 lage b\u00e5l, og beretningene vokste til over fire tusen sider konsentrerte nedtegnelser.<\/p>\n<p>Boka ble ogs\u00e5 en dokumentasjon p\u00e5 samisk levem\u00e5te fra gammelt av, blant annet hvilken streng orden samene m\u00e5tte ha i sine ting ved stadige forflytninger med \u00e5rstidene. Det \u00e5 bygge arran, eller b\u00e5lplass, krevde detaljerte kunnskaper om ulike typer brensel og om oppbyggingen av ildstedet. Boka forteller om overraskende mange forskjellige fyringsmetoder, fra kraftig stokkild i skogen til kaffeb\u00e5l av centimetersm\u00e5tt ris i snaufjellet. Vi f\u00e5r et innblikk i b\u00e5lets skj\u00f8nnhet, orden og mytiske fortegn. Man skulle for eksempel ikke ta noen andres gamle b\u00e5lplass, eller tr\u00e5kke over den.<\/p>\n<p>B\u00e5l. Samisk ildkunst er en vakker bok om en av menneskehetens eldste sysler. Den fungerer ogs\u00e5 utmerket som h\u00e5ndbok i det \u00e5 ferdes i skog og fjell.<\/p>\n","protected":false},"excerpt":{"rendered":"<p>\u00c5 sitte ved et b\u00e5l kjennes trygt og hjemmevant. Overalt og gjennom tusener av \u00e5r har man laget b\u00e5l &#8211; men hvordan? Kunnskapene blir glemt n\u00e5r vi ikke lengre beh\u00f8ver \u00e5 tenne b\u00e5l i blest og sn\u00f8 for \u00e5 overleve. Alle kunnskaper om b\u00e5lbygging i denne boka kommer fra noen eldre samer omkring Jokk.mokk i [&hellip;]<\/p>\n","protected":false},"featured_media":24354,"template":"","meta":{"_acf_changed":false,"inline_featured_image":false},"product_brand":[],"product_cat":[1785,29],"product_tag":[362,361,1047,547],"class_list":{"0":"post-21307","1":"product","2":"type-product","3":"status-publish","4":"has-post-thumbnail","6":"product_cat-fripris","7":"product_cat-natur-friluftsliv-og-sport","8":"product_tag-faglitteratur","9":"product_tag-kulturhistorie","10":"product_tag-samer","11":"product_tag-sverige","12":"pa_format-innbundet","14":"first","15":"instock","16":"shipping-taxable","17":"purchasable","18":"product-type-simple"},"acf":{"anmeldelse":null},"yoast_head":"<!-- This site is optimized with the Yoast SEO plugin v26.6 - https:\/\/yoast.com\/wordpress\/plugins\/seo\/ -->\n<title>B\u00e5l - Dreyers Forlag<\/title>\n<meta name=\"robots\" content=\"noindex, follow, max-snippet:-1, max-image-preview:large, max-video-preview:-1\" \/>\n<meta property=\"og:locale\" content=\"nb_NO\" \/>\n<meta property=\"og:type\" content=\"article\" \/>\n<meta property=\"og:title\" content=\"B\u00e5l - Dreyers Forlag\" \/>\n<meta property=\"og:description\" content=\"\u00c5 sitte ved et b\u00e5l kjennes trygt og hjemmevant. Overalt og gjennom tusener av \u00e5r har man laget b\u00e5l &#8211; men hvordan? Kunnskapene blir glemt n\u00e5r vi ikke lengre beh\u00f8ver \u00e5 tenne b\u00e5l i blest og sn\u00f8 for \u00e5 overleve. Alle kunnskaper om b\u00e5lbygging i denne boka kommer fra noen eldre samer omkring Jokk.mokk i [&hellip;]\" \/>\n<meta property=\"og:url\" content=\"https:\/\/staging.forenteforlag.no\/dreyers\/produkt\/bal\/\" \/>\n<meta property=\"og:site_name\" content=\"Dreyers Forlag\" \/>\n<meta property=\"article:modified_time\" content=\"2025-08-27T09:40:23+00:00\" \/>\n<meta property=\"og:image\" content=\"https:\/\/staging.forenteforlag.no\/dreyers\/wp-content\/uploads\/sites\/2\/2025\/08\/jpg-8585.jpg\" \/>\n\t<meta property=\"og:image:width\" content=\"378\" \/>\n\t<meta property=\"og:image:height\" content=\"537\" \/>\n\t<meta property=\"og:image:type\" content=\"image\/jpeg\" \/>\n<meta name=\"twitter:card\" content=\"summary_large_image\" \/>\n<meta name=\"twitter:label1\" content=\"Ansl. lesetid\" \/>\n\t<meta name=\"twitter:data1\" content=\"1 minutt\" \/>\n<script type=\"application\/ld+json\" class=\"yoast-schema-graph\">{\"@context\":\"https:\/\/schema.org\",\"@graph\":[{\"@type\":\"WebPage\",\"@id\":\"https:\/\/staging.forenteforlag.no\/dreyers\/produkt\/bal\/\",\"url\":\"https:\/\/staging.forenteforlag.no\/dreyers\/produkt\/bal\/\",\"name\":\"B\u00e5l - Dreyers Forlag\",\"isPartOf\":{\"@id\":\"https:\/\/staging.forenteforlag.no\/dreyers\/#website\"},\"primaryImageOfPage\":{\"@id\":\"https:\/\/staging.forenteforlag.no\/dreyers\/produkt\/bal\/#primaryimage\"},\"image\":{\"@id\":\"https:\/\/staging.forenteforlag.no\/dreyers\/produkt\/bal\/#primaryimage\"},\"thumbnailUrl\":\"https:\/\/staging.forenteforlag.no\/dreyers\/wp-content\/uploads\/sites\/2\/2025\/08\/jpg-8585.jpg\",\"datePublished\":\"2018-03-08T00:00:00+00:00\",\"dateModified\":\"2025-08-27T09:40:23+00:00\",\"breadcrumb\":{\"@id\":\"https:\/\/staging.forenteforlag.no\/dreyers\/produkt\/bal\/#breadcrumb\"},\"inLanguage\":\"nb-NO\",\"potentialAction\":[{\"@type\":\"ReadAction\",\"target\":[\"https:\/\/staging.forenteforlag.no\/dreyers\/produkt\/bal\/\"]}]},{\"@type\":\"ImageObject\",\"inLanguage\":\"nb-NO\",\"@id\":\"https:\/\/staging.forenteforlag.no\/dreyers\/produkt\/bal\/#primaryimage\",\"url\":\"https:\/\/staging.forenteforlag.no\/dreyers\/wp-content\/uploads\/sites\/2\/2025\/08\/jpg-8585.jpg\",\"contentUrl\":\"https:\/\/staging.forenteforlag.no\/dreyers\/wp-content\/uploads\/sites\/2\/2025\/08\/jpg-8585.jpg\",\"width\":378,\"height\":537},{\"@type\":\"BreadcrumbList\",\"@id\":\"https:\/\/staging.forenteforlag.no\/dreyers\/produkt\/bal\/#breadcrumb\",\"itemListElement\":[{\"@type\":\"ListItem\",\"position\":1,\"name\":\"Hjem\",\"item\":\"https:\/\/staging.forenteforlag.no\/dreyers\/\"},{\"@type\":\"ListItem\",\"position\":2,\"name\":\"Alle b\u00f8ker\",\"item\":\"https:\/\/staging.forenteforlag.no\/dreyers\/butikk\/\"},{\"@type\":\"ListItem\",\"position\":3,\"name\":\"B\u00e5l\"}]},{\"@type\":\"WebSite\",\"@id\":\"https:\/\/staging.forenteforlag.no\/dreyers\/#website\",\"url\":\"https:\/\/staging.forenteforlag.no\/dreyers\/\",\"name\":\"Dreyers Forlag\",\"description\":\"\",\"potentialAction\":[{\"@type\":\"SearchAction\",\"target\":{\"@type\":\"EntryPoint\",\"urlTemplate\":\"https:\/\/staging.forenteforlag.no\/dreyers\/?s={search_term_string}\"},\"query-input\":{\"@type\":\"PropertyValueSpecification\",\"valueRequired\":true,\"valueName\":\"search_term_string\"}}],\"inLanguage\":\"nb-NO\"}]}<\/script>\n<!-- \/ Yoast SEO plugin. -->","yoast_head_json":{"title":"B\u00e5l - Dreyers Forlag","robots":{"index":"noindex","follow":"follow","max-snippet":"max-snippet:-1","max-image-preview":"max-image-preview:large","max-video-preview":"max-video-preview:-1"},"og_locale":"nb_NO","og_type":"article","og_title":"B\u00e5l - Dreyers Forlag","og_description":"\u00c5 sitte ved et b\u00e5l kjennes trygt og hjemmevant. Overalt og gjennom tusener av \u00e5r har man laget b\u00e5l &#8211; men hvordan? Kunnskapene blir glemt n\u00e5r vi ikke lengre beh\u00f8ver \u00e5 tenne b\u00e5l i blest og sn\u00f8 for \u00e5 overleve. Alle kunnskaper om b\u00e5lbygging i denne boka kommer fra noen eldre samer omkring Jokk.mokk i [&hellip;]","og_url":"https:\/\/staging.forenteforlag.no\/dreyers\/produkt\/bal\/","og_site_name":"Dreyers Forlag","article_modified_time":"2025-08-27T09:40:23+00:00","og_image":[{"width":378,"height":537,"url":"https:\/\/staging.forenteforlag.no\/dreyers\/wp-content\/uploads\/sites\/2\/2025\/08\/jpg-8585.jpg","type":"image\/jpeg"}],"twitter_card":"summary_large_image","twitter_misc":{"Ansl. lesetid":"1 minutt"},"schema":{"@context":"https:\/\/schema.org","@graph":[{"@type":"WebPage","@id":"https:\/\/staging.forenteforlag.no\/dreyers\/produkt\/bal\/","url":"https:\/\/staging.forenteforlag.no\/dreyers\/produkt\/bal\/","name":"B\u00e5l - Dreyers Forlag","isPartOf":{"@id":"https:\/\/staging.forenteforlag.no\/dreyers\/#website"},"primaryImageOfPage":{"@id":"https:\/\/staging.forenteforlag.no\/dreyers\/produkt\/bal\/#primaryimage"},"image":{"@id":"https:\/\/staging.forenteforlag.no\/dreyers\/produkt\/bal\/#primaryimage"},"thumbnailUrl":"https:\/\/staging.forenteforlag.no\/dreyers\/wp-content\/uploads\/sites\/2\/2025\/08\/jpg-8585.jpg","datePublished":"2018-03-08T00:00:00+00:00","dateModified":"2025-08-27T09:40:23+00:00","breadcrumb":{"@id":"https:\/\/staging.forenteforlag.no\/dreyers\/produkt\/bal\/#breadcrumb"},"inLanguage":"nb-NO","potentialAction":[{"@type":"ReadAction","target":["https:\/\/staging.forenteforlag.no\/dreyers\/produkt\/bal\/"]}]},{"@type":"ImageObject","inLanguage":"nb-NO","@id":"https:\/\/staging.forenteforlag.no\/dreyers\/produkt\/bal\/#primaryimage","url":"https:\/\/staging.forenteforlag.no\/dreyers\/wp-content\/uploads\/sites\/2\/2025\/08\/jpg-8585.jpg","contentUrl":"https:\/\/staging.forenteforlag.no\/dreyers\/wp-content\/uploads\/sites\/2\/2025\/08\/jpg-8585.jpg","width":378,"height":537},{"@type":"BreadcrumbList","@id":"https:\/\/staging.forenteforlag.no\/dreyers\/produkt\/bal\/#breadcrumb","itemListElement":[{"@type":"ListItem","position":1,"name":"Hjem","item":"https:\/\/staging.forenteforlag.no\/dreyers\/"},{"@type":"ListItem","position":2,"name":"Alle b\u00f8ker","item":"https:\/\/staging.forenteforlag.no\/dreyers\/butikk\/"},{"@type":"ListItem","position":3,"name":"B\u00e5l"}]},{"@type":"WebSite","@id":"https:\/\/staging.forenteforlag.no\/dreyers\/#website","url":"https:\/\/staging.forenteforlag.no\/dreyers\/","name":"Dreyers Forlag","description":"","potentialAction":[{"@type":"SearchAction","target":{"@type":"EntryPoint","urlTemplate":"https:\/\/staging.forenteforlag.no\/dreyers\/?s={search_term_string}"},"query-input":{"@type":"PropertyValueSpecification","valueRequired":true,"valueName":"search_term_string"}}],"inLanguage":"nb-NO"}]}},"_links":{"self":[{"href":"https:\/\/staging.forenteforlag.no\/dreyers\/wp-json\/wp\/v2\/product\/21307","targetHints":{"allow":["GET"]}}],"collection":[{"href":"https:\/\/staging.forenteforlag.no\/dreyers\/wp-json\/wp\/v2\/product"}],"about":[{"href":"https:\/\/staging.forenteforlag.no\/dreyers\/wp-json\/wp\/v2\/types\/product"}],"wp:featuredmedia":[{"embeddable":true,"href":"https:\/\/staging.forenteforlag.no\/dreyers\/wp-json\/wp\/v2\/media\/24354"}],"wp:attachment":[{"href":"https:\/\/staging.forenteforlag.no\/dreyers\/wp-json\/wp\/v2\/media?parent=21307"}],"wp:term":[{"taxonomy":"product_brand","embeddable":true,"href":"https:\/\/staging.forenteforlag.no\/dreyers\/wp-json\/wp\/v2\/product_brand?post=21307"},{"taxonomy":"product_cat","embeddable":true,"href":"https:\/\/staging.forenteforlag.no\/dreyers\/wp-json\/wp\/v2\/product_cat?post=21307"},{"taxonomy":"product_tag","embeddable":true,"href":"https:\/\/staging.forenteforlag.no\/dreyers\/wp-json\/wp\/v2\/product_tag?post=21307"}],"curies":[{"name":"wp","href":"https:\/\/api.w.org\/{rel}","templated":true}]}}