{"id":21300,"date":"2018-06-01T02:00:00","date_gmt":"2018-06-01T00:00:00","guid":{"rendered":"https:\/\/dreyersforlag.forenteforlag.no\/produkt\/det-internasjonale-gjennombruddet\/"},"modified":"2026-02-24T06:16:48","modified_gmt":"2026-02-24T05:16:48","slug":"det-internasjonale-gjennombruddet","status":"publish","type":"product","link":"https:\/\/staging.forenteforlag.no\/dreyers\/produkt\/det-internasjonale-gjennombruddet\/","title":{"rendered":"Det internasjonale gjennombruddet"},"content":{"rendered":"<p>Boken forteller historien om da Norge debuterte p\u00e5 den globale arena som r\u00e5dgiver i utvikling, og da verden p\u00e5 samme tid kom til Norge som migranter og flyktninger fra Asia, Latin-Amerika og Afrika. Boken viser hvordan samspillet mellom disse to verdenshistoriske bevegelsene forandret Norge. P\u00e5 begynnelsen av 1960-tallet startet den norske staten med \u00e5 bygge et humanit\u00e6rpolitisk kompleks som skulle legge grunnlaget for at den politiske ledelsen noen ti\u00e5r senere erkl\u00e6rte at Norge skulle bli en humanit\u00e6r stormakt. Nesten parallelt med dette kom de f\u00f8rste pakistanerne til Norge, som en fortropp i en stadig voksende migrasjonsbevegelse. I l\u00f8pet av de siste ti\u00e5rene f\u00f8rte det til en radikal endring av landets befolkning, religioner og kulturer. Boken fremmer originale og tydelige fortolkninger av hva som skjedde, og dokumenterer hvordan Norges m\u00f8te med verden og verdens m\u00f8te med Norge ble styrt av hva forfatteren kaller en ny humanit\u00e6rpolitisk elite. Forfatteren viser at sp\u00f8rsm\u00e5let om det norske og norske verdier &#8211; som under det nasjonale gjennombruddet p\u00e5 1800-tallet &#8211; igjen er blitt aktuelt, bare p\u00e5 helt andre m\u00e5ter. Boken diskuterer grunnleggende sp\u00f8rsm\u00e5l som: Finnes det norske verdier og norsk kultur? Og finnes Norge?<\/p>\n<p>\u00abStorstilt og ambisi\u00f8s bok. Lettlest og inntakende.\u00bb&nbsp; &#8211; B\u00e5rd Vegar Solhjell<\/p>\n<p>\u00abUtrolig spennende bok. Alle b\u00f8r lese den!\u00bb&nbsp; &#8211; Torbj\u00f8rn R\u00f8e Isaksen<\/p>\n","protected":false},"excerpt":{"rendered":"<p>Boken forteller historien om da Norge debuterte p\u00e5 den globale arena som r\u00e5dgiver i utvikling, og da verden p\u00e5 samme tid kom til Norge som migranter og flyktninger fra Asia, Latin-Amerika og Afrika. Boken viser hvordan samspillet mellom disse to verdenshistoriske bevegelsene forandret Norge. P\u00e5 begynnelsen av 1960-tallet startet den norske staten med \u00e5 bygge [&hellip;]<\/p>\n","protected":false},"featured_media":24243,"template":"","meta":{"_acf_changed":false,"inline_featured_image":false},"product_brand":[],"product_cat":[1785,23],"product_tag":[362],"class_list":{"0":"post-21300","1":"product","2":"type-product","3":"status-publish","4":"has-post-thumbnail","6":"product_cat-fripris","7":"product_cat-historie","8":"product_tag-faglitteratur","9":"pa_format-pocket","11":"first","12":"instock","13":"shipping-taxable","14":"purchasable","15":"product-type-simple"},"acf":{"anmeldelse":[{"tekst_anmeldelser":"...den grundigste og mest avsl\u00f8rende analysen av v\u00e5r samtid jeg har sett formulert. Tvedt viser seg som en stor intellektuell i det han analyserer den prosessen Norge har g\u00e5tt gjennom siden 1963...","av_anmeldelser":"Valerie Kubens","terningkast":"<i class=\"fa-solid fa-dice-six\"><\/i>","kilde":"F\u00e6drelandsvennen"},{"tekst_anmeldelser":"For alle som er interessert i \u00e5 forst\u00e5 norsk samtid, er det umulig \u00e5 komme utenom Terje Tvedts nye bok.","av_anmeldelser":"Espen Leirset","terningkast":"<i class=\"fa-solid fa-dice-six\"><\/i>","kilde":"Tr\u00f8nder-Avisa"},{"tekst_anmeldelser":"For en journalist er boken gefundenes fressen. Den er en n\u00f8kkel som gj\u00f8r at man forst\u00e5r dagens politikk bedre","av_anmeldelser":"Asbj\u00f8rn Ness","terningkast":false,"kilde":"Finansavisen"},{"tekst_anmeldelser":"\u2026 han grev i djupna, kvesser pennen og tar pusten fr\u00e5 lesaren. \u2026 samla sett er boka hans eit leikande, provoserande og oppfriskande bad som gjer ein lukkeleg over at det finst forskarar og forfattarar som ser Noreg og verda med s\u00e5 friske og nye augo som dei Tvedt har. Det er ein svir \u00e5 lese ei bok som utfordrar, pirrar, provoserer og opnar augo for nye innsyn","av_anmeldelser":"Karsten Aln\u00e6s","terningkast":false,"kilde":"Dag og Tid"}]},"yoast_head":"<!-- This site is optimized with the Yoast SEO plugin v26.6 - https:\/\/yoast.com\/wordpress\/plugins\/seo\/ -->\n<title>Det internasjonale gjennombruddet - Dreyers Forlag<\/title>\n<meta name=\"robots\" content=\"noindex, follow, max-snippet:-1, max-image-preview:large, max-video-preview:-1\" \/>\n<meta property=\"og:locale\" content=\"nb_NO\" \/>\n<meta property=\"og:type\" content=\"article\" \/>\n<meta property=\"og:title\" content=\"Det internasjonale gjennombruddet - Dreyers Forlag\" \/>\n<meta property=\"og:description\" content=\"Boken forteller historien om da Norge debuterte p\u00e5 den globale arena som r\u00e5dgiver i utvikling, og da verden p\u00e5 samme tid kom til Norge som migranter og flyktninger fra Asia, Latin-Amerika og Afrika. Boken viser hvordan samspillet mellom disse to verdenshistoriske bevegelsene forandret Norge. P\u00e5 begynnelsen av 1960-tallet startet den norske staten med \u00e5 bygge [&hellip;]\" \/>\n<meta property=\"og:url\" content=\"https:\/\/staging.forenteforlag.no\/dreyers\/produkt\/det-internasjonale-gjennombruddet\/\" \/>\n<meta property=\"og:site_name\" content=\"Dreyers Forlag\" \/>\n<meta property=\"article:modified_time\" content=\"2026-02-24T05:16:48+00:00\" \/>\n<meta property=\"og:image\" content=\"https:\/\/staging.forenteforlag.no\/dreyers\/wp-content\/uploads\/sites\/2\/2025\/08\/jpg-7658.jpg\" \/>\n\t<meta property=\"og:image:width\" content=\"438\" \/>\n\t<meta property=\"og:image:height\" content=\"624\" \/>\n\t<meta property=\"og:image:type\" content=\"image\/jpeg\" \/>\n<meta name=\"twitter:card\" content=\"summary_large_image\" \/>\n<meta name=\"twitter:label1\" content=\"Ansl. lesetid\" \/>\n\t<meta name=\"twitter:data1\" content=\"1 minutt\" \/>\n<script type=\"application\/ld+json\" class=\"yoast-schema-graph\">{\"@context\":\"https:\/\/schema.org\",\"@graph\":[{\"@type\":\"WebPage\",\"@id\":\"https:\/\/staging.forenteforlag.no\/dreyers\/produkt\/det-internasjonale-gjennombruddet\/\",\"url\":\"https:\/\/staging.forenteforlag.no\/dreyers\/produkt\/det-internasjonale-gjennombruddet\/\",\"name\":\"Det internasjonale gjennombruddet - Dreyers Forlag\",\"isPartOf\":{\"@id\":\"https:\/\/staging.forenteforlag.no\/dreyers\/#website\"},\"primaryImageOfPage\":{\"@id\":\"https:\/\/staging.forenteforlag.no\/dreyers\/produkt\/det-internasjonale-gjennombruddet\/#primaryimage\"},\"image\":{\"@id\":\"https:\/\/staging.forenteforlag.no\/dreyers\/produkt\/det-internasjonale-gjennombruddet\/#primaryimage\"},\"thumbnailUrl\":\"https:\/\/staging.forenteforlag.no\/dreyers\/wp-content\/uploads\/sites\/2\/2025\/08\/jpg-7658.jpg\",\"datePublished\":\"2018-06-01T00:00:00+00:00\",\"dateModified\":\"2026-02-24T05:16:48+00:00\",\"breadcrumb\":{\"@id\":\"https:\/\/staging.forenteforlag.no\/dreyers\/produkt\/det-internasjonale-gjennombruddet\/#breadcrumb\"},\"inLanguage\":\"nb-NO\",\"potentialAction\":[{\"@type\":\"ReadAction\",\"target\":[\"https:\/\/staging.forenteforlag.no\/dreyers\/produkt\/det-internasjonale-gjennombruddet\/\"]}]},{\"@type\":\"ImageObject\",\"inLanguage\":\"nb-NO\",\"@id\":\"https:\/\/staging.forenteforlag.no\/dreyers\/produkt\/det-internasjonale-gjennombruddet\/#primaryimage\",\"url\":\"https:\/\/staging.forenteforlag.no\/dreyers\/wp-content\/uploads\/sites\/2\/2025\/08\/jpg-7658.jpg\",\"contentUrl\":\"https:\/\/staging.forenteforlag.no\/dreyers\/wp-content\/uploads\/sites\/2\/2025\/08\/jpg-7658.jpg\",\"width\":438,\"height\":624},{\"@type\":\"BreadcrumbList\",\"@id\":\"https:\/\/staging.forenteforlag.no\/dreyers\/produkt\/det-internasjonale-gjennombruddet\/#breadcrumb\",\"itemListElement\":[{\"@type\":\"ListItem\",\"position\":1,\"name\":\"Hjem\",\"item\":\"https:\/\/staging.forenteforlag.no\/dreyers\/\"},{\"@type\":\"ListItem\",\"position\":2,\"name\":\"Alle b\u00f8ker\",\"item\":\"https:\/\/staging.forenteforlag.no\/dreyers\/butikk\/\"},{\"@type\":\"ListItem\",\"position\":3,\"name\":\"Det internasjonale gjennombruddet\"}]},{\"@type\":\"WebSite\",\"@id\":\"https:\/\/staging.forenteforlag.no\/dreyers\/#website\",\"url\":\"https:\/\/staging.forenteforlag.no\/dreyers\/\",\"name\":\"Dreyers Forlag\",\"description\":\"\",\"potentialAction\":[{\"@type\":\"SearchAction\",\"target\":{\"@type\":\"EntryPoint\",\"urlTemplate\":\"https:\/\/staging.forenteforlag.no\/dreyers\/?s={search_term_string}\"},\"query-input\":{\"@type\":\"PropertyValueSpecification\",\"valueRequired\":true,\"valueName\":\"search_term_string\"}}],\"inLanguage\":\"nb-NO\"}]}<\/script>\n<!-- \/ Yoast SEO plugin. -->","yoast_head_json":{"title":"Det internasjonale gjennombruddet - Dreyers Forlag","robots":{"index":"noindex","follow":"follow","max-snippet":"max-snippet:-1","max-image-preview":"max-image-preview:large","max-video-preview":"max-video-preview:-1"},"og_locale":"nb_NO","og_type":"article","og_title":"Det internasjonale gjennombruddet - Dreyers Forlag","og_description":"Boken forteller historien om da Norge debuterte p\u00e5 den globale arena som r\u00e5dgiver i utvikling, og da verden p\u00e5 samme tid kom til Norge som migranter og flyktninger fra Asia, Latin-Amerika og Afrika. Boken viser hvordan samspillet mellom disse to verdenshistoriske bevegelsene forandret Norge. P\u00e5 begynnelsen av 1960-tallet startet den norske staten med \u00e5 bygge [&hellip;]","og_url":"https:\/\/staging.forenteforlag.no\/dreyers\/produkt\/det-internasjonale-gjennombruddet\/","og_site_name":"Dreyers Forlag","article_modified_time":"2026-02-24T05:16:48+00:00","og_image":[{"width":438,"height":624,"url":"https:\/\/staging.forenteforlag.no\/dreyers\/wp-content\/uploads\/sites\/2\/2025\/08\/jpg-7658.jpg","type":"image\/jpeg"}],"twitter_card":"summary_large_image","twitter_misc":{"Ansl. lesetid":"1 minutt"},"schema":{"@context":"https:\/\/schema.org","@graph":[{"@type":"WebPage","@id":"https:\/\/staging.forenteforlag.no\/dreyers\/produkt\/det-internasjonale-gjennombruddet\/","url":"https:\/\/staging.forenteforlag.no\/dreyers\/produkt\/det-internasjonale-gjennombruddet\/","name":"Det internasjonale gjennombruddet - Dreyers Forlag","isPartOf":{"@id":"https:\/\/staging.forenteforlag.no\/dreyers\/#website"},"primaryImageOfPage":{"@id":"https:\/\/staging.forenteforlag.no\/dreyers\/produkt\/det-internasjonale-gjennombruddet\/#primaryimage"},"image":{"@id":"https:\/\/staging.forenteforlag.no\/dreyers\/produkt\/det-internasjonale-gjennombruddet\/#primaryimage"},"thumbnailUrl":"https:\/\/staging.forenteforlag.no\/dreyers\/wp-content\/uploads\/sites\/2\/2025\/08\/jpg-7658.jpg","datePublished":"2018-06-01T00:00:00+00:00","dateModified":"2026-02-24T05:16:48+00:00","breadcrumb":{"@id":"https:\/\/staging.forenteforlag.no\/dreyers\/produkt\/det-internasjonale-gjennombruddet\/#breadcrumb"},"inLanguage":"nb-NO","potentialAction":[{"@type":"ReadAction","target":["https:\/\/staging.forenteforlag.no\/dreyers\/produkt\/det-internasjonale-gjennombruddet\/"]}]},{"@type":"ImageObject","inLanguage":"nb-NO","@id":"https:\/\/staging.forenteforlag.no\/dreyers\/produkt\/det-internasjonale-gjennombruddet\/#primaryimage","url":"https:\/\/staging.forenteforlag.no\/dreyers\/wp-content\/uploads\/sites\/2\/2025\/08\/jpg-7658.jpg","contentUrl":"https:\/\/staging.forenteforlag.no\/dreyers\/wp-content\/uploads\/sites\/2\/2025\/08\/jpg-7658.jpg","width":438,"height":624},{"@type":"BreadcrumbList","@id":"https:\/\/staging.forenteforlag.no\/dreyers\/produkt\/det-internasjonale-gjennombruddet\/#breadcrumb","itemListElement":[{"@type":"ListItem","position":1,"name":"Hjem","item":"https:\/\/staging.forenteforlag.no\/dreyers\/"},{"@type":"ListItem","position":2,"name":"Alle b\u00f8ker","item":"https:\/\/staging.forenteforlag.no\/dreyers\/butikk\/"},{"@type":"ListItem","position":3,"name":"Det internasjonale gjennombruddet"}]},{"@type":"WebSite","@id":"https:\/\/staging.forenteforlag.no\/dreyers\/#website","url":"https:\/\/staging.forenteforlag.no\/dreyers\/","name":"Dreyers Forlag","description":"","potentialAction":[{"@type":"SearchAction","target":{"@type":"EntryPoint","urlTemplate":"https:\/\/staging.forenteforlag.no\/dreyers\/?s={search_term_string}"},"query-input":{"@type":"PropertyValueSpecification","valueRequired":true,"valueName":"search_term_string"}}],"inLanguage":"nb-NO"}]}},"_links":{"self":[{"href":"https:\/\/staging.forenteforlag.no\/dreyers\/wp-json\/wp\/v2\/product\/21300","targetHints":{"allow":["GET"]}}],"collection":[{"href":"https:\/\/staging.forenteforlag.no\/dreyers\/wp-json\/wp\/v2\/product"}],"about":[{"href":"https:\/\/staging.forenteforlag.no\/dreyers\/wp-json\/wp\/v2\/types\/product"}],"wp:featuredmedia":[{"embeddable":true,"href":"https:\/\/staging.forenteforlag.no\/dreyers\/wp-json\/wp\/v2\/media\/24243"}],"wp:attachment":[{"href":"https:\/\/staging.forenteforlag.no\/dreyers\/wp-json\/wp\/v2\/media?parent=21300"}],"wp:term":[{"taxonomy":"product_brand","embeddable":true,"href":"https:\/\/staging.forenteforlag.no\/dreyers\/wp-json\/wp\/v2\/product_brand?post=21300"},{"taxonomy":"product_cat","embeddable":true,"href":"https:\/\/staging.forenteforlag.no\/dreyers\/wp-json\/wp\/v2\/product_cat?post=21300"},{"taxonomy":"product_tag","embeddable":true,"href":"https:\/\/staging.forenteforlag.no\/dreyers\/wp-json\/wp\/v2\/product_tag?post=21300"}],"curies":[{"name":"wp","href":"https:\/\/api.w.org\/{rel}","templated":true}]}}

<p>Boken forteller historien om da Norge debuterte på den globale arena som rådgiver i utvikling, og da verden på samme tid kom til Norge som migranter og flyktninger fra Asia, Latin-Amerika og Afrika. Boken viser hvordan samspillet mellom disse to verdenshistoriske bevegelsene forandret Norge. På begynnelsen av 1960-tallet startet den norske staten med å bygge et humanitærpolitisk kompleks som skulle legge grunnlaget for at den politiske ledelsen noen tiår senere erklærte at Norge skulle bli en humanitær stormakt. Nesten parallelt med dette kom de første pakistanerne til Norge, som en fortropp i en stadig voksende migrasjonsbevegelse. I løpet av de siste tiårene førte det til en radikal endring av landets befolkning, religioner og kulturer. Boken fremmer originale og tydelige fortolkninger av hva som skjedde, og dokumenterer hvordan Norges møte med verden og verdens møte med Norge ble styrt av hva forfatteren kaller en ny humanitærpolitisk elite. Forfatteren viser at spørsmålet om det norske og norske verdier &#8211; som under det nasjonale gjennombruddet på 1800-tallet &#8211; igjen er blitt aktuelt, bare på helt andre måter. Boken diskuterer grunnleggende spørsmål som: Finnes det norske verdier og norsk kultur? Og finnes Norge?</p>
<p>«Storstilt og ambisiøs bok. Lettlest og inntakende.»&nbsp; &#8211; Bård Vegar Solhjell</p>
<p>«Utrolig spennende bok. Alle bør lese den!»&nbsp; &#8211; Torbjørn Røe Isaksen</p>

<p>Boken forteller historien om da Norge debuterte på den globale arena som rådgiver i utvikling, og da verden på samme tid kom til Norge som migranter og flyktninger fra Asia, Latin-Amerika og Afrika. Boken viser hvordan samspillet mellom disse to verdenshistoriske bevegelsene forandret Norge. På begynnelsen av 1960-tallet startet den norske staten med å bygge [&hellip;]</p>

...den grundigste og mest avslørende analysen av vår samtid jeg har sett formulert. Tvedt viser seg som en stor intellektuell i det han analyserer den prosessen Norge har gått gjennom siden 1963...

Fædrelandsvennen

For alle som er interessert i å forstå norsk samtid, er det umulig å komme utenom Terje Tvedts nye bok.

Trønder-Avisa

For en journalist er boken gefundenes fressen. Den er en nøkkel som gjør at man forstår dagens politikk bedre

Asbjørn Ness

… han grev i djupna, kvesser pennen og tar pusten frå lesaren. … samla sett er boka hans eit leikande, provoserande og oppfriskande bad som gjer ein lukkeleg over at det finst forskarar og forfattarar som ser Noreg og verda med så friske og nye augo som dei Tvedt har. Det er ein svir å lese ei bok som utfordrar, pirrar, provoserer og opnar augo for nye innsyn

Karsten Alnæs

<!-- This site is optimized with the Yoast SEO plugin v26.6 - https://yoast.com/wordpress/plugins/seo/ -->
<title>Det internasjonale gjennombruddet - Dreyers Forlag</title>
<meta name="robots" content="noindex, follow, max-snippet:-1, max-image-preview:large, max-video-preview:-1" />
<meta property="og:locale" content="nb_NO" />
<meta property="og:type" content="article" />
<meta property="og:title" content="Det internasjonale gjennombruddet - Dreyers Forlag" />
<meta property="og:description" content="Boken forteller historien om da Norge debuterte på den globale arena som rådgiver i utvikling, og da verden på samme tid kom til Norge som migranter og flyktninger fra Asia, Latin-Amerika og Afrika. Boken viser hvordan samspillet mellom disse to verdenshistoriske bevegelsene forandret Norge. På begynnelsen av 1960-tallet startet den norske staten med å bygge [&hellip;]" />
<meta property="og:url" content="https://staging.forenteforlag.no/dreyers/produkt/det-internasjonale-gjennombruddet/" />
<meta property="og:site_name" content="Dreyers Forlag" />
<meta property="article:modified_time" content="2026-02-24T05:16:48+00:00" />
<meta property="og:image" content="https://staging.forenteforlag.no/dreyers/wp-content/uploads/sites/2/2025/08/jpg-7658.jpg" />
	<meta property="og:image:width" content="438" />
	<meta property="og:image:height" content="624" />
	<meta property="og:image:type" content="image/jpeg" />
<meta name="twitter:card" content="summary_large_image" />
<meta name="twitter:label1" content="Ansl. lesetid" />
	<meta name="twitter:data1" content="1 minutt" />
<script type="application/ld+json" class="yoast-schema-graph">{"@context":"https://schema.org","@graph":[{"@type":"WebPage","@id":"https://staging.forenteforlag.no/dreyers/produkt/det-internasjonale-gjennombruddet/","url":"https://staging.forenteforlag.no/dreyers/produkt/det-internasjonale-gjennombruddet/","name":"Det internasjonale gjennombruddet - Dreyers Forlag","isPartOf":{"@id":"https://staging.forenteforlag.no/dreyers/#website"},"primaryImageOfPage":{"@id":"https://staging.forenteforlag.no/dreyers/produkt/det-internasjonale-gjennombruddet/#primaryimage"},"image":{"@id":"https://staging.forenteforlag.no/dreyers/produkt/det-internasjonale-gjennombruddet/#primaryimage"},"thumbnailUrl":"https://staging.forenteforlag.no/dreyers/wp-content/uploads/sites/2/2025/08/jpg-7658.jpg","datePublished":"2018-06-01T00:00:00+00:00","dateModified":"2026-02-24T05:16:48+00:00","breadcrumb":{"@id":"https://staging.forenteforlag.no/dreyers/produkt/det-internasjonale-gjennombruddet/#breadcrumb"},"inLanguage":"nb-NO","potentialAction":[{"@type":"ReadAction","target":["https://staging.forenteforlag.no/dreyers/produkt/det-internasjonale-gjennombruddet/"]}]},{"@type":"ImageObject","inLanguage":"nb-NO","@id":"https://staging.forenteforlag.no/dreyers/produkt/det-internasjonale-gjennombruddet/#primaryimage","url":"https://staging.forenteforlag.no/dreyers/wp-content/uploads/sites/2/2025/08/jpg-7658.jpg","contentUrl":"https://staging.forenteforlag.no/dreyers/wp-content/uploads/sites/2/2025/08/jpg-7658.jpg","width":438,"height":624},{"@type":"BreadcrumbList","@id":"https://staging.forenteforlag.no/dreyers/produkt/det-internasjonale-gjennombruddet/#breadcrumb","itemListElement":[{"@type":"ListItem","position":1,"name":"Hjem","item":"https://staging.forenteforlag.no/dreyers/"},{"@type":"ListItem","position":2,"name":"Alle bøker","item":"https://staging.forenteforlag.no/dreyers/butikk/"},{"@type":"ListItem","position":3,"name":"Det internasjonale gjennombruddet"}]},{"@type":"WebSite","@id":"https://staging.forenteforlag.no/dreyers/#website","url":"https://staging.forenteforlag.no/dreyers/","name":"Dreyers Forlag","description":"","potentialAction":[{"@type":"SearchAction","target":{"@type":"EntryPoint","urlTemplate":"https://staging.forenteforlag.no/dreyers/?s={search_term_string}"},"query-input":{"@type":"PropertyValueSpecification","valueRequired":true,"valueName":"search_term_string"}}],"inLanguage":"nb-NO"}]}</script>
<!-- / Yoast SEO plugin. -->

Boken forteller historien om da Norge debuterte på den globale arena som rådgiver i utvikling, og da verden på samme tid kom til Norge som migranter og flyktninger fra Asia, Latin-Amerika og Afrika. Boken viser hvordan samspillet mellom disse to verdenshistoriske bevegelsene forandret Norge. På begynnelsen av 1960-tallet startet den norske staten med å bygge [&hellip;]

Alle bøker
