{"id":21297,"date":"2019-01-24T01:00:00","date_gmt":"2019-01-24T00:00:00","guid":{"rendered":"https:\/\/dreyersforlag.forenteforlag.no\/produkt\/norske-myntfunn\/"},"modified":"2025-09-04T13:37:54","modified_gmt":"2025-09-04T11:37:54","slug":"norske-myntfunn","status":"publish","type":"product","link":"https:\/\/staging.forenteforlag.no\/dreyers\/produkt\/norske-myntfunn\/","title":{"rendered":"Norske myntfunn"},"content":{"rendered":"<p>I Norge er det funnet over 24 000 mynter fra perioden ca. 1050-1319. Myntfunnene utgj\u00f8r utgangspunktet for mye av v\u00e5r kunnskap om mynt, penger og \u00f8konomiske forhold i Norge i denne formative perioden i norsk middelalderhistorie, ofte referert til som Norges storhetstid.<\/p>\n<p>Denne boken inneholder et corpus over alle kjente norske myntfunn fra perioden, et inn.samlingsarbeid som ble p\u00e5begynt i 1877 gjennom systematiske registreringer av Laurentius B. Stenersen, den gang leder for Universitetets Myntkabinett. I denne boken blir myntfunnene for f\u00f8rste gang presentert samlet.<\/p>\n<p>Myntfunn fra skatter, fra kirkegulv, gravgods, stolpehull i stavkirker, borganlegg og kongsg\u00e5rder, byer og markedsplasser er gjort av arkeologer, metalls\u00f8kere og andre. Sammen med historiske og arkeologiske kilder danner myntene utgangspunkt for diskusjoner av mynt.bruk og myntenes utbredelse og betydning i middelaldersamfunnet.<\/p>\n<p>Hvor monetarisert var Norge i middelalderen? Var penger en forutsetning for byutvikling og kirkeorganisasjon, eller var kirken og byen drivkrefter for myntbruk? Hva var forholdet mellom norsk og utenlandsk valuta i oml\u00f8p? Hvor var arenaene for myntbruk? Eksisterte det en ressurskrise i det 12. \u00e5rhundre?<\/p>\n<p>Boken er ledsaget av kart som viser utbredelsen av myntfunn nasjonalt, fylkesvis og lokalt.<\/p>\n","protected":false},"excerpt":{"rendered":"<p>I Norge er det funnet over 24 000 mynter fra perioden ca. 1050-1319. Myntfunnene utgj\u00f8r utgangspunktet for mye av v\u00e5r kunnskap om mynt, penger og \u00f8konomiske forhold i Norge i denne formative perioden i norsk middelalderhistorie, ofte referert til som Norges storhetstid. Denne boken inneholder et corpus over alle kjente norske myntfunn fra perioden, et [&hellip;]<\/p>\n","protected":false},"featured_media":24065,"template":"","meta":{"_acf_changed":false,"inline_featured_image":false},"product_brand":[],"product_cat":[1785,23],"product_tag":[607,362,789,1725,439,1150],"class_list":{"0":"post-21297","1":"product","2":"type-product","3":"status-publish","4":"has-post-thumbnail","6":"product_cat-fripris","7":"product_cat-historie","8":"product_tag-bedriftshistorie","9":"product_tag-faglitteratur","10":"product_tag-hoymiddelalderen","11":"product_tag-myntsamling","12":"product_tag-nord-norge","13":"product_tag-okonomisk-historie","14":"pa_format-innbundet","16":"first","17":"instock","18":"shipping-taxable","19":"purchasable","20":"product-type-simple"},"acf":{"anmeldelse":null},"yoast_head":"<!-- This site is optimized with the Yoast SEO plugin v26.6 - https:\/\/yoast.com\/wordpress\/plugins\/seo\/ -->\n<title>Norske myntfunn - Dreyers Forlag<\/title>\n<meta name=\"robots\" content=\"noindex, follow, max-snippet:-1, max-image-preview:large, max-video-preview:-1\" \/>\n<meta property=\"og:locale\" content=\"nb_NO\" \/>\n<meta property=\"og:type\" content=\"article\" \/>\n<meta property=\"og:title\" content=\"Norske myntfunn - Dreyers Forlag\" \/>\n<meta property=\"og:description\" content=\"I Norge er det funnet over 24 000 mynter fra perioden ca. 1050-1319. Myntfunnene utgj\u00f8r utgangspunktet for mye av v\u00e5r kunnskap om mynt, penger og \u00f8konomiske forhold i Norge i denne formative perioden i norsk middelalderhistorie, ofte referert til som Norges storhetstid. Denne boken inneholder et corpus over alle kjente norske myntfunn fra perioden, et [&hellip;]\" \/>\n<meta property=\"og:url\" content=\"https:\/\/staging.forenteforlag.no\/dreyers\/produkt\/norske-myntfunn\/\" \/>\n<meta property=\"og:site_name\" content=\"Dreyers Forlag\" \/>\n<meta property=\"article:modified_time\" content=\"2025-09-04T11:37:54+00:00\" \/>\n<meta property=\"og:image\" content=\"https:\/\/staging.forenteforlag.no\/dreyers\/wp-content\/uploads\/sites\/2\/2025\/08\/jpg-5948.jpg\" \/>\n\t<meta property=\"og:image:width\" content=\"608\" \/>\n\t<meta property=\"og:image:height\" content=\"859\" \/>\n\t<meta property=\"og:image:type\" content=\"image\/jpeg\" \/>\n<meta name=\"twitter:card\" content=\"summary_large_image\" \/>\n<meta name=\"twitter:label1\" content=\"Ansl. lesetid\" \/>\n\t<meta name=\"twitter:data1\" content=\"1 minutt\" \/>\n<script type=\"application\/ld+json\" class=\"yoast-schema-graph\">{\"@context\":\"https:\/\/schema.org\",\"@graph\":[{\"@type\":\"WebPage\",\"@id\":\"https:\/\/staging.forenteforlag.no\/dreyers\/produkt\/norske-myntfunn\/\",\"url\":\"https:\/\/staging.forenteforlag.no\/dreyers\/produkt\/norske-myntfunn\/\",\"name\":\"Norske myntfunn - Dreyers Forlag\",\"isPartOf\":{\"@id\":\"https:\/\/staging.forenteforlag.no\/dreyers\/#website\"},\"primaryImageOfPage\":{\"@id\":\"https:\/\/staging.forenteforlag.no\/dreyers\/produkt\/norske-myntfunn\/#primaryimage\"},\"image\":{\"@id\":\"https:\/\/staging.forenteforlag.no\/dreyers\/produkt\/norske-myntfunn\/#primaryimage\"},\"thumbnailUrl\":\"https:\/\/staging.forenteforlag.no\/dreyers\/wp-content\/uploads\/sites\/2\/2025\/08\/jpg-5948.jpg\",\"datePublished\":\"2019-01-24T00:00:00+00:00\",\"dateModified\":\"2025-09-04T11:37:54+00:00\",\"breadcrumb\":{\"@id\":\"https:\/\/staging.forenteforlag.no\/dreyers\/produkt\/norske-myntfunn\/#breadcrumb\"},\"inLanguage\":\"nb-NO\",\"potentialAction\":[{\"@type\":\"ReadAction\",\"target\":[\"https:\/\/staging.forenteforlag.no\/dreyers\/produkt\/norske-myntfunn\/\"]}]},{\"@type\":\"ImageObject\",\"inLanguage\":\"nb-NO\",\"@id\":\"https:\/\/staging.forenteforlag.no\/dreyers\/produkt\/norske-myntfunn\/#primaryimage\",\"url\":\"https:\/\/staging.forenteforlag.no\/dreyers\/wp-content\/uploads\/sites\/2\/2025\/08\/jpg-5948.jpg\",\"contentUrl\":\"https:\/\/staging.forenteforlag.no\/dreyers\/wp-content\/uploads\/sites\/2\/2025\/08\/jpg-5948.jpg\",\"width\":608,\"height\":859},{\"@type\":\"BreadcrumbList\",\"@id\":\"https:\/\/staging.forenteforlag.no\/dreyers\/produkt\/norske-myntfunn\/#breadcrumb\",\"itemListElement\":[{\"@type\":\"ListItem\",\"position\":1,\"name\":\"Hjem\",\"item\":\"https:\/\/staging.forenteforlag.no\/dreyers\/\"},{\"@type\":\"ListItem\",\"position\":2,\"name\":\"Alle b\u00f8ker\",\"item\":\"https:\/\/staging.forenteforlag.no\/dreyers\/butikk\/\"},{\"@type\":\"ListItem\",\"position\":3,\"name\":\"Norske myntfunn\"}]},{\"@type\":\"WebSite\",\"@id\":\"https:\/\/staging.forenteforlag.no\/dreyers\/#website\",\"url\":\"https:\/\/staging.forenteforlag.no\/dreyers\/\",\"name\":\"Dreyers Forlag\",\"description\":\"\",\"potentialAction\":[{\"@type\":\"SearchAction\",\"target\":{\"@type\":\"EntryPoint\",\"urlTemplate\":\"https:\/\/staging.forenteforlag.no\/dreyers\/?s={search_term_string}\"},\"query-input\":{\"@type\":\"PropertyValueSpecification\",\"valueRequired\":true,\"valueName\":\"search_term_string\"}}],\"inLanguage\":\"nb-NO\"}]}<\/script>\n<!-- \/ Yoast SEO plugin. -->","yoast_head_json":{"title":"Norske myntfunn - Dreyers Forlag","robots":{"index":"noindex","follow":"follow","max-snippet":"max-snippet:-1","max-image-preview":"max-image-preview:large","max-video-preview":"max-video-preview:-1"},"og_locale":"nb_NO","og_type":"article","og_title":"Norske myntfunn - Dreyers Forlag","og_description":"I Norge er det funnet over 24 000 mynter fra perioden ca. 1050-1319. Myntfunnene utgj\u00f8r utgangspunktet for mye av v\u00e5r kunnskap om mynt, penger og \u00f8konomiske forhold i Norge i denne formative perioden i norsk middelalderhistorie, ofte referert til som Norges storhetstid. Denne boken inneholder et corpus over alle kjente norske myntfunn fra perioden, et [&hellip;]","og_url":"https:\/\/staging.forenteforlag.no\/dreyers\/produkt\/norske-myntfunn\/","og_site_name":"Dreyers Forlag","article_modified_time":"2025-09-04T11:37:54+00:00","og_image":[{"width":608,"height":859,"url":"https:\/\/staging.forenteforlag.no\/dreyers\/wp-content\/uploads\/sites\/2\/2025\/08\/jpg-5948.jpg","type":"image\/jpeg"}],"twitter_card":"summary_large_image","twitter_misc":{"Ansl. lesetid":"1 minutt"},"schema":{"@context":"https:\/\/schema.org","@graph":[{"@type":"WebPage","@id":"https:\/\/staging.forenteforlag.no\/dreyers\/produkt\/norske-myntfunn\/","url":"https:\/\/staging.forenteforlag.no\/dreyers\/produkt\/norske-myntfunn\/","name":"Norske myntfunn - Dreyers Forlag","isPartOf":{"@id":"https:\/\/staging.forenteforlag.no\/dreyers\/#website"},"primaryImageOfPage":{"@id":"https:\/\/staging.forenteforlag.no\/dreyers\/produkt\/norske-myntfunn\/#primaryimage"},"image":{"@id":"https:\/\/staging.forenteforlag.no\/dreyers\/produkt\/norske-myntfunn\/#primaryimage"},"thumbnailUrl":"https:\/\/staging.forenteforlag.no\/dreyers\/wp-content\/uploads\/sites\/2\/2025\/08\/jpg-5948.jpg","datePublished":"2019-01-24T00:00:00+00:00","dateModified":"2025-09-04T11:37:54+00:00","breadcrumb":{"@id":"https:\/\/staging.forenteforlag.no\/dreyers\/produkt\/norske-myntfunn\/#breadcrumb"},"inLanguage":"nb-NO","potentialAction":[{"@type":"ReadAction","target":["https:\/\/staging.forenteforlag.no\/dreyers\/produkt\/norske-myntfunn\/"]}]},{"@type":"ImageObject","inLanguage":"nb-NO","@id":"https:\/\/staging.forenteforlag.no\/dreyers\/produkt\/norske-myntfunn\/#primaryimage","url":"https:\/\/staging.forenteforlag.no\/dreyers\/wp-content\/uploads\/sites\/2\/2025\/08\/jpg-5948.jpg","contentUrl":"https:\/\/staging.forenteforlag.no\/dreyers\/wp-content\/uploads\/sites\/2\/2025\/08\/jpg-5948.jpg","width":608,"height":859},{"@type":"BreadcrumbList","@id":"https:\/\/staging.forenteforlag.no\/dreyers\/produkt\/norske-myntfunn\/#breadcrumb","itemListElement":[{"@type":"ListItem","position":1,"name":"Hjem","item":"https:\/\/staging.forenteforlag.no\/dreyers\/"},{"@type":"ListItem","position":2,"name":"Alle b\u00f8ker","item":"https:\/\/staging.forenteforlag.no\/dreyers\/butikk\/"},{"@type":"ListItem","position":3,"name":"Norske myntfunn"}]},{"@type":"WebSite","@id":"https:\/\/staging.forenteforlag.no\/dreyers\/#website","url":"https:\/\/staging.forenteforlag.no\/dreyers\/","name":"Dreyers Forlag","description":"","potentialAction":[{"@type":"SearchAction","target":{"@type":"EntryPoint","urlTemplate":"https:\/\/staging.forenteforlag.no\/dreyers\/?s={search_term_string}"},"query-input":{"@type":"PropertyValueSpecification","valueRequired":true,"valueName":"search_term_string"}}],"inLanguage":"nb-NO"}]}},"_links":{"self":[{"href":"https:\/\/staging.forenteforlag.no\/dreyers\/wp-json\/wp\/v2\/product\/21297","targetHints":{"allow":["GET"]}}],"collection":[{"href":"https:\/\/staging.forenteforlag.no\/dreyers\/wp-json\/wp\/v2\/product"}],"about":[{"href":"https:\/\/staging.forenteforlag.no\/dreyers\/wp-json\/wp\/v2\/types\/product"}],"wp:featuredmedia":[{"embeddable":true,"href":"https:\/\/staging.forenteforlag.no\/dreyers\/wp-json\/wp\/v2\/media\/24065"}],"wp:attachment":[{"href":"https:\/\/staging.forenteforlag.no\/dreyers\/wp-json\/wp\/v2\/media?parent=21297"}],"wp:term":[{"taxonomy":"product_brand","embeddable":true,"href":"https:\/\/staging.forenteforlag.no\/dreyers\/wp-json\/wp\/v2\/product_brand?post=21297"},{"taxonomy":"product_cat","embeddable":true,"href":"https:\/\/staging.forenteforlag.no\/dreyers\/wp-json\/wp\/v2\/product_cat?post=21297"},{"taxonomy":"product_tag","embeddable":true,"href":"https:\/\/staging.forenteforlag.no\/dreyers\/wp-json\/wp\/v2\/product_tag?post=21297"}],"curies":[{"name":"wp","href":"https:\/\/api.w.org\/{rel}","templated":true}]}}