{"id":21293,"date":"2019-03-14T01:00:00","date_gmt":"2019-03-14T00:00:00","guid":{"rendered":"https:\/\/dreyersforlag.forenteforlag.no\/produkt\/turguide-til-larvik-og-omegn\/"},"modified":"2025-08-27T07:44:20","modified_gmt":"2025-08-27T05:44:20","slug":"turguide-til-larvik-og-omegn","status":"publish","type":"product","link":"https:\/\/staging.forenteforlag.no\/dreyers\/produkt\/turguide-til-larvik-og-omegn\/","title":{"rendered":"Turguide til Larvik og omegn"},"content":{"rendered":"<p>Denne boka skal inspirere deg til \u00e5 oppleve den varierte naturen i kommunen Larvik og omegnen. Kyststrekningen mellom Porsgrunn og Sandefjord byr p\u00e5 spennende landskaper med svaberg, strender og klipper &#8211; utformet under istider. Her .nner du forslag til 18 turer gjennom Brunlanes, Stavern, Larvik og Tj\u00f8lling. Eikedalsmarka mellom Hallevannet og Farris, samt Kjose og Vestmarka er dekket av 13 turer i variert skogsterreng med h\u00f8ye \u00e5ser. Innover L\u00e5gendalen, gjennom Hedrum og Lardal, kan du velge mellom 19 interessante turforslag. Mange rammetekster gir informasjon om geologi, planter og kulturhistorie &#8211; som kan gi deg ekstra opplevelser p\u00e5 turen!<\/p>\n","protected":false},"excerpt":{"rendered":"<p>Denne boka skal inspirere deg til \u00e5 oppleve den varierte naturen i kommunen Larvik og omegnen. Kyststrekningen mellom Porsgrunn og Sandefjord byr p\u00e5 spennende landskaper med svaberg, strender og klipper &#8211; utformet under istider. Her .nner du forslag til 18 turer gjennom Brunlanes, Stavern, Larvik og Tj\u00f8lling. Eikedalsmarka mellom Hallevannet og Farris, samt Kjose og [&hellip;]<\/p>\n","protected":false},"featured_media":24001,"template":"","meta":{"_acf_changed":false,"inline_featured_image":false},"product_brand":[],"product_cat":[1785,30],"product_tag":[901,362,838,1570,1787,1537,796],"class_list":{"0":"post-21293","1":"product","2":"type-product","3":"status-publish","4":"has-post-thumbnail","6":"product_cat-fripris","7":"product_cat-reise-og-geografi","8":"product_tag-byguider","9":"product_tag-faglitteratur","10":"product_tag-fotturer","11":"product_tag-larvik","12":"product_tag-reise-og-turguider","13":"product_tag-reisehandboker","14":"product_tag-temareiseguider","15":"pa_format-mykperm","17":"first","18":"instock","19":"shipping-taxable","20":"purchasable","21":"product-type-simple"},"acf":{"anmeldelse":null},"yoast_head":"<!-- This site is optimized with the Yoast SEO plugin v26.6 - https:\/\/yoast.com\/wordpress\/plugins\/seo\/ -->\n<title>Turguide til Larvik og omegn - Dreyers Forlag<\/title>\n<meta name=\"robots\" content=\"noindex, follow, max-snippet:-1, max-image-preview:large, max-video-preview:-1\" \/>\n<meta property=\"og:locale\" content=\"nb_NO\" \/>\n<meta property=\"og:type\" content=\"article\" \/>\n<meta property=\"og:title\" content=\"Turguide til Larvik og omegn - Dreyers Forlag\" \/>\n<meta property=\"og:description\" content=\"Denne boka skal inspirere deg til \u00e5 oppleve den varierte naturen i kommunen Larvik og omegnen. Kyststrekningen mellom Porsgrunn og Sandefjord byr p\u00e5 spennende landskaper med svaberg, strender og klipper &#8211; utformet under istider. Her .nner du forslag til 18 turer gjennom Brunlanes, Stavern, Larvik og Tj\u00f8lling. Eikedalsmarka mellom Hallevannet og Farris, samt Kjose og [&hellip;]\" \/>\n<meta property=\"og:url\" content=\"https:\/\/staging.forenteforlag.no\/dreyers\/produkt\/turguide-til-larvik-og-omegn\/\" \/>\n<meta property=\"og:site_name\" content=\"Dreyers Forlag\" \/>\n<meta property=\"article:modified_time\" content=\"2025-08-27T05:44:20+00:00\" \/>\n<meta property=\"og:image\" content=\"https:\/\/staging.forenteforlag.no\/dreyers\/wp-content\/uploads\/sites\/2\/2025\/08\/jpg-5384.jpg\" \/>\n\t<meta property=\"og:image:width\" content=\"283\" \/>\n\t<meta property=\"og:image:height\" content=\"441\" \/>\n\t<meta property=\"og:image:type\" content=\"image\/jpeg\" \/>\n<meta name=\"twitter:card\" content=\"summary_large_image\" \/>\n<script type=\"application\/ld+json\" class=\"yoast-schema-graph\">{\"@context\":\"https:\/\/schema.org\",\"@graph\":[{\"@type\":\"WebPage\",\"@id\":\"https:\/\/staging.forenteforlag.no\/dreyers\/produkt\/turguide-til-larvik-og-omegn\/\",\"url\":\"https:\/\/staging.forenteforlag.no\/dreyers\/produkt\/turguide-til-larvik-og-omegn\/\",\"name\":\"Turguide til Larvik og omegn - Dreyers Forlag\",\"isPartOf\":{\"@id\":\"https:\/\/staging.forenteforlag.no\/dreyers\/#website\"},\"primaryImageOfPage\":{\"@id\":\"https:\/\/staging.forenteforlag.no\/dreyers\/produkt\/turguide-til-larvik-og-omegn\/#primaryimage\"},\"image\":{\"@id\":\"https:\/\/staging.forenteforlag.no\/dreyers\/produkt\/turguide-til-larvik-og-omegn\/#primaryimage\"},\"thumbnailUrl\":\"https:\/\/staging.forenteforlag.no\/dreyers\/wp-content\/uploads\/sites\/2\/2025\/08\/jpg-5384.jpg\",\"datePublished\":\"2019-03-14T00:00:00+00:00\",\"dateModified\":\"2025-08-27T05:44:20+00:00\",\"breadcrumb\":{\"@id\":\"https:\/\/staging.forenteforlag.no\/dreyers\/produkt\/turguide-til-larvik-og-omegn\/#breadcrumb\"},\"inLanguage\":\"nb-NO\",\"potentialAction\":[{\"@type\":\"ReadAction\",\"target\":[\"https:\/\/staging.forenteforlag.no\/dreyers\/produkt\/turguide-til-larvik-og-omegn\/\"]}]},{\"@type\":\"ImageObject\",\"inLanguage\":\"nb-NO\",\"@id\":\"https:\/\/staging.forenteforlag.no\/dreyers\/produkt\/turguide-til-larvik-og-omegn\/#primaryimage\",\"url\":\"https:\/\/staging.forenteforlag.no\/dreyers\/wp-content\/uploads\/sites\/2\/2025\/08\/jpg-5384.jpg\",\"contentUrl\":\"https:\/\/staging.forenteforlag.no\/dreyers\/wp-content\/uploads\/sites\/2\/2025\/08\/jpg-5384.jpg\",\"width\":283,\"height\":441},{\"@type\":\"BreadcrumbList\",\"@id\":\"https:\/\/staging.forenteforlag.no\/dreyers\/produkt\/turguide-til-larvik-og-omegn\/#breadcrumb\",\"itemListElement\":[{\"@type\":\"ListItem\",\"position\":1,\"name\":\"Hjem\",\"item\":\"https:\/\/staging.forenteforlag.no\/dreyers\/\"},{\"@type\":\"ListItem\",\"position\":2,\"name\":\"Alle b\u00f8ker\",\"item\":\"https:\/\/staging.forenteforlag.no\/dreyers\/butikk\/\"},{\"@type\":\"ListItem\",\"position\":3,\"name\":\"Turguide til Larvik og omegn\"}]},{\"@type\":\"WebSite\",\"@id\":\"https:\/\/staging.forenteforlag.no\/dreyers\/#website\",\"url\":\"https:\/\/staging.forenteforlag.no\/dreyers\/\",\"name\":\"Dreyers Forlag\",\"description\":\"\",\"potentialAction\":[{\"@type\":\"SearchAction\",\"target\":{\"@type\":\"EntryPoint\",\"urlTemplate\":\"https:\/\/staging.forenteforlag.no\/dreyers\/?s={search_term_string}\"},\"query-input\":{\"@type\":\"PropertyValueSpecification\",\"valueRequired\":true,\"valueName\":\"search_term_string\"}}],\"inLanguage\":\"nb-NO\"}]}<\/script>\n<!-- \/ Yoast SEO plugin. -->","yoast_head_json":{"title":"Turguide til Larvik og omegn - Dreyers Forlag","robots":{"index":"noindex","follow":"follow","max-snippet":"max-snippet:-1","max-image-preview":"max-image-preview:large","max-video-preview":"max-video-preview:-1"},"og_locale":"nb_NO","og_type":"article","og_title":"Turguide til Larvik og omegn - Dreyers Forlag","og_description":"Denne boka skal inspirere deg til \u00e5 oppleve den varierte naturen i kommunen Larvik og omegnen. Kyststrekningen mellom Porsgrunn og Sandefjord byr p\u00e5 spennende landskaper med svaberg, strender og klipper &#8211; utformet under istider. Her .nner du forslag til 18 turer gjennom Brunlanes, Stavern, Larvik og Tj\u00f8lling. Eikedalsmarka mellom Hallevannet og Farris, samt Kjose og [&hellip;]","og_url":"https:\/\/staging.forenteforlag.no\/dreyers\/produkt\/turguide-til-larvik-og-omegn\/","og_site_name":"Dreyers Forlag","article_modified_time":"2025-08-27T05:44:20+00:00","og_image":[{"width":283,"height":441,"url":"https:\/\/staging.forenteforlag.no\/dreyers\/wp-content\/uploads\/sites\/2\/2025\/08\/jpg-5384.jpg","type":"image\/jpeg"}],"twitter_card":"summary_large_image","schema":{"@context":"https:\/\/schema.org","@graph":[{"@type":"WebPage","@id":"https:\/\/staging.forenteforlag.no\/dreyers\/produkt\/turguide-til-larvik-og-omegn\/","url":"https:\/\/staging.forenteforlag.no\/dreyers\/produkt\/turguide-til-larvik-og-omegn\/","name":"Turguide til Larvik og omegn - Dreyers Forlag","isPartOf":{"@id":"https:\/\/staging.forenteforlag.no\/dreyers\/#website"},"primaryImageOfPage":{"@id":"https:\/\/staging.forenteforlag.no\/dreyers\/produkt\/turguide-til-larvik-og-omegn\/#primaryimage"},"image":{"@id":"https:\/\/staging.forenteforlag.no\/dreyers\/produkt\/turguide-til-larvik-og-omegn\/#primaryimage"},"thumbnailUrl":"https:\/\/staging.forenteforlag.no\/dreyers\/wp-content\/uploads\/sites\/2\/2025\/08\/jpg-5384.jpg","datePublished":"2019-03-14T00:00:00+00:00","dateModified":"2025-08-27T05:44:20+00:00","breadcrumb":{"@id":"https:\/\/staging.forenteforlag.no\/dreyers\/produkt\/turguide-til-larvik-og-omegn\/#breadcrumb"},"inLanguage":"nb-NO","potentialAction":[{"@type":"ReadAction","target":["https:\/\/staging.forenteforlag.no\/dreyers\/produkt\/turguide-til-larvik-og-omegn\/"]}]},{"@type":"ImageObject","inLanguage":"nb-NO","@id":"https:\/\/staging.forenteforlag.no\/dreyers\/produkt\/turguide-til-larvik-og-omegn\/#primaryimage","url":"https:\/\/staging.forenteforlag.no\/dreyers\/wp-content\/uploads\/sites\/2\/2025\/08\/jpg-5384.jpg","contentUrl":"https:\/\/staging.forenteforlag.no\/dreyers\/wp-content\/uploads\/sites\/2\/2025\/08\/jpg-5384.jpg","width":283,"height":441},{"@type":"BreadcrumbList","@id":"https:\/\/staging.forenteforlag.no\/dreyers\/produkt\/turguide-til-larvik-og-omegn\/#breadcrumb","itemListElement":[{"@type":"ListItem","position":1,"name":"Hjem","item":"https:\/\/staging.forenteforlag.no\/dreyers\/"},{"@type":"ListItem","position":2,"name":"Alle b\u00f8ker","item":"https:\/\/staging.forenteforlag.no\/dreyers\/butikk\/"},{"@type":"ListItem","position":3,"name":"Turguide til Larvik og omegn"}]},{"@type":"WebSite","@id":"https:\/\/staging.forenteforlag.no\/dreyers\/#website","url":"https:\/\/staging.forenteforlag.no\/dreyers\/","name":"Dreyers Forlag","description":"","potentialAction":[{"@type":"SearchAction","target":{"@type":"EntryPoint","urlTemplate":"https:\/\/staging.forenteforlag.no\/dreyers\/?s={search_term_string}"},"query-input":{"@type":"PropertyValueSpecification","valueRequired":true,"valueName":"search_term_string"}}],"inLanguage":"nb-NO"}]}},"_links":{"self":[{"href":"https:\/\/staging.forenteforlag.no\/dreyers\/wp-json\/wp\/v2\/product\/21293","targetHints":{"allow":["GET"]}}],"collection":[{"href":"https:\/\/staging.forenteforlag.no\/dreyers\/wp-json\/wp\/v2\/product"}],"about":[{"href":"https:\/\/staging.forenteforlag.no\/dreyers\/wp-json\/wp\/v2\/types\/product"}],"wp:featuredmedia":[{"embeddable":true,"href":"https:\/\/staging.forenteforlag.no\/dreyers\/wp-json\/wp\/v2\/media\/24001"}],"wp:attachment":[{"href":"https:\/\/staging.forenteforlag.no\/dreyers\/wp-json\/wp\/v2\/media?parent=21293"}],"wp:term":[{"taxonomy":"product_brand","embeddable":true,"href":"https:\/\/staging.forenteforlag.no\/dreyers\/wp-json\/wp\/v2\/product_brand?post=21293"},{"taxonomy":"product_cat","embeddable":true,"href":"https:\/\/staging.forenteforlag.no\/dreyers\/wp-json\/wp\/v2\/product_cat?post=21293"},{"taxonomy":"product_tag","embeddable":true,"href":"https:\/\/staging.forenteforlag.no\/dreyers\/wp-json\/wp\/v2\/product_tag?post=21293"}],"curies":[{"name":"wp","href":"https:\/\/api.w.org\/{rel}","templated":true}]}}