{"id":21290,"date":"2019-03-18T01:00:00","date_gmt":"2019-03-18T00:00:00","guid":{"rendered":"https:\/\/dreyersforlag.forenteforlag.no\/produkt\/gutta-fra-ost-i-byen\/"},"modified":"2026-01-05T05:17:26","modified_gmt":"2026-01-05T04:17:26","slug":"gutta-fra-ost-i-byen","status":"publish","type":"product","link":"https:\/\/staging.forenteforlag.no\/dreyers\/produkt\/gutta-fra-ost-i-byen\/","title":{"rendered":"Gutta fra \u00f8st i byen"},"content":{"rendered":"<p>Per-Erling Johnsen fant etter en gjennomgang av diverse arkiver en rekke bilder som egnet seg godt som bakteppe for denne boka om Sinsen-byen p\u00e5 Oslos \u00f8stkant. <\/p>\n<p>Bildene gir oss konkrete, byhistoriske tilbakeblikk hvor vi blir kjent med lokalmilj\u00f8er, skole, handel, naboer, utelek, ugagn, bandekriger og dagligdagse gj\u00f8rem\u00e5l p\u00e5 1940- og 1950-tallet. De mest dramatiske opplevelsene den gang var \u00abepleslang\u00bb og bytte av skole. Mest positivt var flommen i gata, tur med Bytrikken, bes\u00f8k i bakg\u00e5rdene og \u00e5 v\u00e6re med fatter&#8217;n p\u00e5 jobb.<\/p>\n","protected":false},"excerpt":{"rendered":"<p>Per-Erling Johnsen fant etter en gjennomgang av diverse arkiver en rekke bilder som egnet seg godt som bakteppe for denne boka om Sinsen-byen p\u00e5 Oslos \u00f8stkant. Bildene gir oss konkrete, byhistoriske tilbakeblikk hvor vi blir kjent med lokalmilj\u00f8er, skole, handel, naboer, utelek, ugagn, bandekriger og dagligdagse gj\u00f8rem\u00e5l p\u00e5 1940- og 1950-tallet. De mest dramatiske opplevelsene [&hellip;]<\/p>\n","protected":false},"featured_media":24124,"template":"","meta":{"_acf_changed":false,"inline_featured_image":false},"product_brand":[],"product_cat":[1785,37],"product_tag":[362],"class_list":{"0":"post-21290","1":"product","2":"type-product","3":"status-publish","4":"has-post-thumbnail","6":"product_cat-fripris","7":"product_cat-oslo","8":"product_tag-faglitteratur","9":"pa_format-innbundet","11":"first","12":"instock","13":"shipping-taxable","14":"purchasable","15":"product-type-simple"},"acf":{"anmeldelse":null},"yoast_head":"<!-- This site is optimized with the Yoast SEO plugin v26.6 - https:\/\/yoast.com\/wordpress\/plugins\/seo\/ -->\n<title>Gutta fra \u00f8st i byen - Dreyers Forlag<\/title>\n<meta name=\"robots\" content=\"noindex, follow, max-snippet:-1, max-image-preview:large, max-video-preview:-1\" \/>\n<meta property=\"og:locale\" content=\"nb_NO\" \/>\n<meta property=\"og:type\" content=\"article\" \/>\n<meta property=\"og:title\" content=\"Gutta fra \u00f8st i byen - Dreyers Forlag\" \/>\n<meta property=\"og:description\" content=\"Per-Erling Johnsen fant etter en gjennomgang av diverse arkiver en rekke bilder som egnet seg godt som bakteppe for denne boka om Sinsen-byen p\u00e5 Oslos \u00f8stkant. Bildene gir oss konkrete, byhistoriske tilbakeblikk hvor vi blir kjent med lokalmilj\u00f8er, skole, handel, naboer, utelek, ugagn, bandekriger og dagligdagse gj\u00f8rem\u00e5l p\u00e5 1940- og 1950-tallet. De mest dramatiske opplevelsene [&hellip;]\" \/>\n<meta property=\"og:url\" content=\"https:\/\/staging.forenteforlag.no\/dreyers\/produkt\/gutta-fra-ost-i-byen\/\" \/>\n<meta property=\"og:site_name\" content=\"Dreyers Forlag\" \/>\n<meta property=\"article:modified_time\" content=\"2026-01-05T04:17:26+00:00\" \/>\n<meta property=\"og:image\" content=\"https:\/\/staging.forenteforlag.no\/dreyers\/wp-content\/uploads\/sites\/2\/2025\/08\/jpg-6453.jpg\" \/>\n\t<meta property=\"og:image:width\" content=\"283\" \/>\n\t<meta property=\"og:image:height\" content=\"312\" \/>\n\t<meta property=\"og:image:type\" content=\"image\/jpeg\" \/>\n<meta name=\"twitter:card\" content=\"summary_large_image\" \/>\n<script type=\"application\/ld+json\" class=\"yoast-schema-graph\">{\"@context\":\"https:\/\/schema.org\",\"@graph\":[{\"@type\":\"WebPage\",\"@id\":\"https:\/\/staging.forenteforlag.no\/dreyers\/produkt\/gutta-fra-ost-i-byen\/\",\"url\":\"https:\/\/staging.forenteforlag.no\/dreyers\/produkt\/gutta-fra-ost-i-byen\/\",\"name\":\"Gutta fra \u00f8st i byen - Dreyers Forlag\",\"isPartOf\":{\"@id\":\"https:\/\/staging.forenteforlag.no\/dreyers\/#website\"},\"primaryImageOfPage\":{\"@id\":\"https:\/\/staging.forenteforlag.no\/dreyers\/produkt\/gutta-fra-ost-i-byen\/#primaryimage\"},\"image\":{\"@id\":\"https:\/\/staging.forenteforlag.no\/dreyers\/produkt\/gutta-fra-ost-i-byen\/#primaryimage\"},\"thumbnailUrl\":\"https:\/\/staging.forenteforlag.no\/dreyers\/wp-content\/uploads\/sites\/2\/2025\/08\/jpg-6453.jpg\",\"datePublished\":\"2019-03-18T00:00:00+00:00\",\"dateModified\":\"2026-01-05T04:17:26+00:00\",\"breadcrumb\":{\"@id\":\"https:\/\/staging.forenteforlag.no\/dreyers\/produkt\/gutta-fra-ost-i-byen\/#breadcrumb\"},\"inLanguage\":\"nb-NO\",\"potentialAction\":[{\"@type\":\"ReadAction\",\"target\":[\"https:\/\/staging.forenteforlag.no\/dreyers\/produkt\/gutta-fra-ost-i-byen\/\"]}]},{\"@type\":\"ImageObject\",\"inLanguage\":\"nb-NO\",\"@id\":\"https:\/\/staging.forenteforlag.no\/dreyers\/produkt\/gutta-fra-ost-i-byen\/#primaryimage\",\"url\":\"https:\/\/staging.forenteforlag.no\/dreyers\/wp-content\/uploads\/sites\/2\/2025\/08\/jpg-6453.jpg\",\"contentUrl\":\"https:\/\/staging.forenteforlag.no\/dreyers\/wp-content\/uploads\/sites\/2\/2025\/08\/jpg-6453.jpg\",\"width\":283,\"height\":312},{\"@type\":\"BreadcrumbList\",\"@id\":\"https:\/\/staging.forenteforlag.no\/dreyers\/produkt\/gutta-fra-ost-i-byen\/#breadcrumb\",\"itemListElement\":[{\"@type\":\"ListItem\",\"position\":1,\"name\":\"Hjem\",\"item\":\"https:\/\/staging.forenteforlag.no\/dreyers\/\"},{\"@type\":\"ListItem\",\"position\":2,\"name\":\"Alle b\u00f8ker\",\"item\":\"https:\/\/staging.forenteforlag.no\/dreyers\/butikk\/\"},{\"@type\":\"ListItem\",\"position\":3,\"name\":\"Gutta fra \u00f8st i byen\"}]},{\"@type\":\"WebSite\",\"@id\":\"https:\/\/staging.forenteforlag.no\/dreyers\/#website\",\"url\":\"https:\/\/staging.forenteforlag.no\/dreyers\/\",\"name\":\"Dreyers Forlag\",\"description\":\"\",\"potentialAction\":[{\"@type\":\"SearchAction\",\"target\":{\"@type\":\"EntryPoint\",\"urlTemplate\":\"https:\/\/staging.forenteforlag.no\/dreyers\/?s={search_term_string}\"},\"query-input\":{\"@type\":\"PropertyValueSpecification\",\"valueRequired\":true,\"valueName\":\"search_term_string\"}}],\"inLanguage\":\"nb-NO\"}]}<\/script>\n<!-- \/ Yoast SEO plugin. -->","yoast_head_json":{"title":"Gutta fra \u00f8st i byen - Dreyers Forlag","robots":{"index":"noindex","follow":"follow","max-snippet":"max-snippet:-1","max-image-preview":"max-image-preview:large","max-video-preview":"max-video-preview:-1"},"og_locale":"nb_NO","og_type":"article","og_title":"Gutta fra \u00f8st i byen - Dreyers Forlag","og_description":"Per-Erling Johnsen fant etter en gjennomgang av diverse arkiver en rekke bilder som egnet seg godt som bakteppe for denne boka om Sinsen-byen p\u00e5 Oslos \u00f8stkant. Bildene gir oss konkrete, byhistoriske tilbakeblikk hvor vi blir kjent med lokalmilj\u00f8er, skole, handel, naboer, utelek, ugagn, bandekriger og dagligdagse gj\u00f8rem\u00e5l p\u00e5 1940- og 1950-tallet. De mest dramatiske opplevelsene [&hellip;]","og_url":"https:\/\/staging.forenteforlag.no\/dreyers\/produkt\/gutta-fra-ost-i-byen\/","og_site_name":"Dreyers Forlag","article_modified_time":"2026-01-05T04:17:26+00:00","og_image":[{"width":283,"height":312,"url":"https:\/\/staging.forenteforlag.no\/dreyers\/wp-content\/uploads\/sites\/2\/2025\/08\/jpg-6453.jpg","type":"image\/jpeg"}],"twitter_card":"summary_large_image","schema":{"@context":"https:\/\/schema.org","@graph":[{"@type":"WebPage","@id":"https:\/\/staging.forenteforlag.no\/dreyers\/produkt\/gutta-fra-ost-i-byen\/","url":"https:\/\/staging.forenteforlag.no\/dreyers\/produkt\/gutta-fra-ost-i-byen\/","name":"Gutta fra \u00f8st i byen - Dreyers Forlag","isPartOf":{"@id":"https:\/\/staging.forenteforlag.no\/dreyers\/#website"},"primaryImageOfPage":{"@id":"https:\/\/staging.forenteforlag.no\/dreyers\/produkt\/gutta-fra-ost-i-byen\/#primaryimage"},"image":{"@id":"https:\/\/staging.forenteforlag.no\/dreyers\/produkt\/gutta-fra-ost-i-byen\/#primaryimage"},"thumbnailUrl":"https:\/\/staging.forenteforlag.no\/dreyers\/wp-content\/uploads\/sites\/2\/2025\/08\/jpg-6453.jpg","datePublished":"2019-03-18T00:00:00+00:00","dateModified":"2026-01-05T04:17:26+00:00","breadcrumb":{"@id":"https:\/\/staging.forenteforlag.no\/dreyers\/produkt\/gutta-fra-ost-i-byen\/#breadcrumb"},"inLanguage":"nb-NO","potentialAction":[{"@type":"ReadAction","target":["https:\/\/staging.forenteforlag.no\/dreyers\/produkt\/gutta-fra-ost-i-byen\/"]}]},{"@type":"ImageObject","inLanguage":"nb-NO","@id":"https:\/\/staging.forenteforlag.no\/dreyers\/produkt\/gutta-fra-ost-i-byen\/#primaryimage","url":"https:\/\/staging.forenteforlag.no\/dreyers\/wp-content\/uploads\/sites\/2\/2025\/08\/jpg-6453.jpg","contentUrl":"https:\/\/staging.forenteforlag.no\/dreyers\/wp-content\/uploads\/sites\/2\/2025\/08\/jpg-6453.jpg","width":283,"height":312},{"@type":"BreadcrumbList","@id":"https:\/\/staging.forenteforlag.no\/dreyers\/produkt\/gutta-fra-ost-i-byen\/#breadcrumb","itemListElement":[{"@type":"ListItem","position":1,"name":"Hjem","item":"https:\/\/staging.forenteforlag.no\/dreyers\/"},{"@type":"ListItem","position":2,"name":"Alle b\u00f8ker","item":"https:\/\/staging.forenteforlag.no\/dreyers\/butikk\/"},{"@type":"ListItem","position":3,"name":"Gutta fra \u00f8st i byen"}]},{"@type":"WebSite","@id":"https:\/\/staging.forenteforlag.no\/dreyers\/#website","url":"https:\/\/staging.forenteforlag.no\/dreyers\/","name":"Dreyers Forlag","description":"","potentialAction":[{"@type":"SearchAction","target":{"@type":"EntryPoint","urlTemplate":"https:\/\/staging.forenteforlag.no\/dreyers\/?s={search_term_string}"},"query-input":{"@type":"PropertyValueSpecification","valueRequired":true,"valueName":"search_term_string"}}],"inLanguage":"nb-NO"}]}},"_links":{"self":[{"href":"https:\/\/staging.forenteforlag.no\/dreyers\/wp-json\/wp\/v2\/product\/21290","targetHints":{"allow":["GET"]}}],"collection":[{"href":"https:\/\/staging.forenteforlag.no\/dreyers\/wp-json\/wp\/v2\/product"}],"about":[{"href":"https:\/\/staging.forenteforlag.no\/dreyers\/wp-json\/wp\/v2\/types\/product"}],"wp:featuredmedia":[{"embeddable":true,"href":"https:\/\/staging.forenteforlag.no\/dreyers\/wp-json\/wp\/v2\/media\/24124"}],"wp:attachment":[{"href":"https:\/\/staging.forenteforlag.no\/dreyers\/wp-json\/wp\/v2\/media?parent=21290"}],"wp:term":[{"taxonomy":"product_brand","embeddable":true,"href":"https:\/\/staging.forenteforlag.no\/dreyers\/wp-json\/wp\/v2\/product_brand?post=21290"},{"taxonomy":"product_cat","embeddable":true,"href":"https:\/\/staging.forenteforlag.no\/dreyers\/wp-json\/wp\/v2\/product_cat?post=21290"},{"taxonomy":"product_tag","embeddable":true,"href":"https:\/\/staging.forenteforlag.no\/dreyers\/wp-json\/wp\/v2\/product_tag?post=21290"}],"curies":[{"name":"wp","href":"https:\/\/api.w.org\/{rel}","templated":true}]}}

Gutta fra øst i byen

<p>Per-Erling Johnsen fant etter en gjennomgang av diverse arkiver en rekke bilder som egnet seg godt som bakteppe for denne boka om Sinsen-byen på Oslos østkant. </p>
<p>Bildene gir oss konkrete, byhistoriske tilbakeblikk hvor vi blir kjent med lokalmiljøer, skole, handel, naboer, utelek, ugagn, bandekriger og dagligdagse gjøremål på 1940- og 1950-tallet. De mest dramatiske opplevelsene den gang var «epleslang» og bytte av skole. Mest positivt var flommen i gata, tur med Bytrikken, besøk i bakgårdene og å være med fatter&#8217;n på jobb.</p>

<p>Per-Erling Johnsen fant etter en gjennomgang av diverse arkiver en rekke bilder som egnet seg godt som bakteppe for denne boka om Sinsen-byen på Oslos østkant. Bildene gir oss konkrete, byhistoriske tilbakeblikk hvor vi blir kjent med lokalmiljøer, skole, handel, naboer, utelek, ugagn, bandekriger og dagligdagse gjøremål på 1940- og 1950-tallet. De mest dramatiske opplevelsene [&hellip;]</p>

<!-- This site is optimized with the Yoast SEO plugin v26.6 - https://yoast.com/wordpress/plugins/seo/ -->
<title>Gutta fra øst i byen - Dreyers Forlag</title>
<meta name="robots" content="noindex, follow, max-snippet:-1, max-image-preview:large, max-video-preview:-1" />
<meta property="og:locale" content="nb_NO" />
<meta property="og:type" content="article" />
<meta property="og:title" content="Gutta fra øst i byen - Dreyers Forlag" />
<meta property="og:description" content="Per-Erling Johnsen fant etter en gjennomgang av diverse arkiver en rekke bilder som egnet seg godt som bakteppe for denne boka om Sinsen-byen på Oslos østkant. Bildene gir oss konkrete, byhistoriske tilbakeblikk hvor vi blir kjent med lokalmiljøer, skole, handel, naboer, utelek, ugagn, bandekriger og dagligdagse gjøremål på 1940- og 1950-tallet. De mest dramatiske opplevelsene [&hellip;]" />
<meta property="og:url" content="https://staging.forenteforlag.no/dreyers/produkt/gutta-fra-ost-i-byen/" />
<meta property="og:site_name" content="Dreyers Forlag" />
<meta property="article:modified_time" content="2026-01-05T04:17:26+00:00" />
<meta property="og:image" content="https://staging.forenteforlag.no/dreyers/wp-content/uploads/sites/2/2025/08/jpg-6453.jpg" />
	<meta property="og:image:width" content="283" />
	<meta property="og:image:height" content="312" />
	<meta property="og:image:type" content="image/jpeg" />
<meta name="twitter:card" content="summary_large_image" />
<script type="application/ld+json" class="yoast-schema-graph">{"@context":"https://schema.org","@graph":[{"@type":"WebPage","@id":"https://staging.forenteforlag.no/dreyers/produkt/gutta-fra-ost-i-byen/","url":"https://staging.forenteforlag.no/dreyers/produkt/gutta-fra-ost-i-byen/","name":"Gutta fra øst i byen - Dreyers Forlag","isPartOf":{"@id":"https://staging.forenteforlag.no/dreyers/#website"},"primaryImageOfPage":{"@id":"https://staging.forenteforlag.no/dreyers/produkt/gutta-fra-ost-i-byen/#primaryimage"},"image":{"@id":"https://staging.forenteforlag.no/dreyers/produkt/gutta-fra-ost-i-byen/#primaryimage"},"thumbnailUrl":"https://staging.forenteforlag.no/dreyers/wp-content/uploads/sites/2/2025/08/jpg-6453.jpg","datePublished":"2019-03-18T00:00:00+00:00","dateModified":"2026-01-05T04:17:26+00:00","breadcrumb":{"@id":"https://staging.forenteforlag.no/dreyers/produkt/gutta-fra-ost-i-byen/#breadcrumb"},"inLanguage":"nb-NO","potentialAction":[{"@type":"ReadAction","target":["https://staging.forenteforlag.no/dreyers/produkt/gutta-fra-ost-i-byen/"]}]},{"@type":"ImageObject","inLanguage":"nb-NO","@id":"https://staging.forenteforlag.no/dreyers/produkt/gutta-fra-ost-i-byen/#primaryimage","url":"https://staging.forenteforlag.no/dreyers/wp-content/uploads/sites/2/2025/08/jpg-6453.jpg","contentUrl":"https://staging.forenteforlag.no/dreyers/wp-content/uploads/sites/2/2025/08/jpg-6453.jpg","width":283,"height":312},{"@type":"BreadcrumbList","@id":"https://staging.forenteforlag.no/dreyers/produkt/gutta-fra-ost-i-byen/#breadcrumb","itemListElement":[{"@type":"ListItem","position":1,"name":"Hjem","item":"https://staging.forenteforlag.no/dreyers/"},{"@type":"ListItem","position":2,"name":"Alle bøker","item":"https://staging.forenteforlag.no/dreyers/butikk/"},{"@type":"ListItem","position":3,"name":"Gutta fra øst i byen"}]},{"@type":"WebSite","@id":"https://staging.forenteforlag.no/dreyers/#website","url":"https://staging.forenteforlag.no/dreyers/","name":"Dreyers Forlag","description":"","potentialAction":[{"@type":"SearchAction","target":{"@type":"EntryPoint","urlTemplate":"https://staging.forenteforlag.no/dreyers/?s={search_term_string}"},"query-input":{"@type":"PropertyValueSpecification","valueRequired":true,"valueName":"search_term_string"}}],"inLanguage":"nb-NO"}]}</script>
<!-- / Yoast SEO plugin. -->

Gutta fra øst i byen - Dreyers Forlag

Per-Erling Johnsen fant etter en gjennomgang av diverse arkiver en rekke bilder som egnet seg godt som bakteppe for denne boka om Sinsen-byen på Oslos østkant. Bildene gir oss konkrete, byhistoriske tilbakeblikk hvor vi blir kjent med lokalmiljøer, skole, handel, naboer, utelek, ugagn, bandekriger og dagligdagse gjøremål på 1940- og 1950-tallet. De mest dramatiske opplevelsene [&hellip;]

Alle bøker
