{"id":21281,"date":"2019-10-24T02:00:00","date_gmt":"2019-10-24T00:00:00","guid":{"rendered":"https:\/\/dreyersforlag.forenteforlag.no\/produkt\/etter-historiens-slutt\/"},"modified":"2025-09-04T13:32:21","modified_gmt":"2025-09-04T11:32:21","slug":"etter-historiens-slutt","status":"publish","type":"product","link":"https:\/\/staging.forenteforlag.no\/dreyers\/produkt\/etter-historiens-slutt\/","title":{"rendered":"Etter historiens slutt"},"content":{"rendered":"<p>Francis Fukuyama er en av v\u00e5r tids mest innflytelsesrike statsvitere. Han slo igjennom. i offentligheten med et brak med. artikkelen \u00abThe End of History\u00bb. i 1989. Der sp\u00e5dde han Sovjetunionens oppl\u00f8sning og at historien gikk mot slutten. Fukuyama har siden den gangen v\u00e6rt produktiv og skrevet om temaer knyttet til anerkjennelse, verdighet, identitet nasjonalisme, religion og kultur. Han er dessuten kjent for \u00e5 ta opp utfordringen Vestens liberale institusjoner st\u00e5r overfor, \u00e5rsaker til politisk og \u00f8konomisk utvikling og betingelsene for politisk demokrati.<\/p>\n<p>Mathilde Fasting presenterer i denne boken hele Fukuyamas forfatterskap. Fasting tar leseren med p\u00e5 m\u00f8ter hun hadde med Fukuyama v\u00e5ren 2019. Diskusjonene favner vidt og bredt, og vi blir kjent med Fukuyamas tankeverden. Fukuyama er en varm forsvarer av det liberale demokratiet og en tenker som over tid har utviklet et bredt teoretisk og empirisk fundament for \u00e5 forst\u00e5 hvordan liberale demokratier oppst\u00e5r, hva som er det vesentlige ved dem, og hvorfor de s\u00e5 langt er de beste eksemplene p\u00e5 politisk orden vi kjenner til.<\/p>\n<p>Men han er ogs\u00e5 bekymret og sier at liberale demokratier st\u00e5r overfor flere utfordringer. De kan deles i tre kategorier: konkurranse fra autokratiske regimer, svekkede institusjoner i liberale demokratier og den undergravende virkningen av populisme, polarisering og mangel p\u00e5 forsvar av liberale demokratier.<\/p>\n","protected":false},"excerpt":{"rendered":"<p>Francis Fukuyama er en av v\u00e5r tids mest innflytelsesrike statsvitere. Han slo igjennom. i offentligheten med et brak med. artikkelen \u00abThe End of History\u00bb. i 1989. Der sp\u00e5dde han Sovjetunionens oppl\u00f8sning og at historien gikk mot slutten. Fukuyama har siden den gangen v\u00e6rt produktiv og skrevet om temaer knyttet til anerkjennelse, verdighet, identitet nasjonalisme, religion [&hellip;]<\/p>\n","protected":false},"featured_media":24389,"template":"","meta":{"_acf_changed":false,"inline_featured_image":false},"product_brand":[],"product_cat":[1785,32],"product_tag":[362,962],"class_list":{"0":"post-21281","1":"product","2":"type-product","3":"status-publish","4":"has-post-thumbnail","6":"product_cat-fripris","7":"product_cat-samfunn-og-politikk","8":"product_tag-faglitteratur","9":"product_tag-politisk-teori","10":"pa_format-mykperm","12":"first","13":"instock","14":"shipping-taxable","15":"purchasable","16":"product-type-simple"},"acf":{"anmeldelse":null},"yoast_head":"<!-- This site is optimized with the Yoast SEO plugin v26.6 - https:\/\/yoast.com\/wordpress\/plugins\/seo\/ -->\n<title>Etter historiens slutt - Dreyers Forlag<\/title>\n<meta name=\"robots\" content=\"noindex, follow, max-snippet:-1, max-image-preview:large, max-video-preview:-1\" \/>\n<meta property=\"og:locale\" content=\"nb_NO\" \/>\n<meta property=\"og:type\" content=\"article\" \/>\n<meta property=\"og:title\" content=\"Etter historiens slutt - Dreyers Forlag\" \/>\n<meta property=\"og:description\" content=\"Francis Fukuyama er en av v\u00e5r tids mest innflytelsesrike statsvitere. Han slo igjennom. i offentligheten med et brak med. artikkelen \u00abThe End of History\u00bb. i 1989. Der sp\u00e5dde han Sovjetunionens oppl\u00f8sning og at historien gikk mot slutten. Fukuyama har siden den gangen v\u00e6rt produktiv og skrevet om temaer knyttet til anerkjennelse, verdighet, identitet nasjonalisme, religion [&hellip;]\" \/>\n<meta property=\"og:url\" content=\"https:\/\/staging.forenteforlag.no\/dreyers\/produkt\/etter-historiens-slutt\/\" \/>\n<meta property=\"og:site_name\" content=\"Dreyers Forlag\" \/>\n<meta property=\"article:modified_time\" content=\"2025-09-04T11:32:21+00:00\" \/>\n<meta property=\"og:image\" content=\"https:\/\/staging.forenteforlag.no\/dreyers\/wp-content\/uploads\/sites\/2\/2025\/08\/jpg-8950-scaled.jpg\" \/>\n\t<meta property=\"og:image:width\" content=\"1200\" \/>\n\t<meta property=\"og:image:height\" content=\"1920\" \/>\n\t<meta property=\"og:image:type\" content=\"image\/jpeg\" \/>\n<meta name=\"twitter:card\" content=\"summary_large_image\" \/>\n<meta name=\"twitter:label1\" content=\"Ansl. lesetid\" \/>\n\t<meta name=\"twitter:data1\" content=\"1 minutt\" \/>\n<script type=\"application\/ld+json\" class=\"yoast-schema-graph\">{\"@context\":\"https:\/\/schema.org\",\"@graph\":[{\"@type\":\"WebPage\",\"@id\":\"https:\/\/staging.forenteforlag.no\/dreyers\/produkt\/etter-historiens-slutt\/\",\"url\":\"https:\/\/staging.forenteforlag.no\/dreyers\/produkt\/etter-historiens-slutt\/\",\"name\":\"Etter historiens slutt - Dreyers Forlag\",\"isPartOf\":{\"@id\":\"https:\/\/staging.forenteforlag.no\/dreyers\/#website\"},\"primaryImageOfPage\":{\"@id\":\"https:\/\/staging.forenteforlag.no\/dreyers\/produkt\/etter-historiens-slutt\/#primaryimage\"},\"image\":{\"@id\":\"https:\/\/staging.forenteforlag.no\/dreyers\/produkt\/etter-historiens-slutt\/#primaryimage\"},\"thumbnailUrl\":\"https:\/\/staging.forenteforlag.no\/dreyers\/wp-content\/uploads\/sites\/2\/2025\/08\/jpg-8950-scaled.jpg\",\"datePublished\":\"2019-10-24T00:00:00+00:00\",\"dateModified\":\"2025-09-04T11:32:21+00:00\",\"breadcrumb\":{\"@id\":\"https:\/\/staging.forenteforlag.no\/dreyers\/produkt\/etter-historiens-slutt\/#breadcrumb\"},\"inLanguage\":\"nb-NO\",\"potentialAction\":[{\"@type\":\"ReadAction\",\"target\":[\"https:\/\/staging.forenteforlag.no\/dreyers\/produkt\/etter-historiens-slutt\/\"]}]},{\"@type\":\"ImageObject\",\"inLanguage\":\"nb-NO\",\"@id\":\"https:\/\/staging.forenteforlag.no\/dreyers\/produkt\/etter-historiens-slutt\/#primaryimage\",\"url\":\"https:\/\/staging.forenteforlag.no\/dreyers\/wp-content\/uploads\/sites\/2\/2025\/08\/jpg-8950-scaled.jpg\",\"contentUrl\":\"https:\/\/staging.forenteforlag.no\/dreyers\/wp-content\/uploads\/sites\/2\/2025\/08\/jpg-8950-scaled.jpg\",\"width\":1200,\"height\":1920},{\"@type\":\"BreadcrumbList\",\"@id\":\"https:\/\/staging.forenteforlag.no\/dreyers\/produkt\/etter-historiens-slutt\/#breadcrumb\",\"itemListElement\":[{\"@type\":\"ListItem\",\"position\":1,\"name\":\"Hjem\",\"item\":\"https:\/\/staging.forenteforlag.no\/dreyers\/\"},{\"@type\":\"ListItem\",\"position\":2,\"name\":\"Alle b\u00f8ker\",\"item\":\"https:\/\/staging.forenteforlag.no\/dreyers\/butikk\/\"},{\"@type\":\"ListItem\",\"position\":3,\"name\":\"Etter historiens slutt\"}]},{\"@type\":\"WebSite\",\"@id\":\"https:\/\/staging.forenteforlag.no\/dreyers\/#website\",\"url\":\"https:\/\/staging.forenteforlag.no\/dreyers\/\",\"name\":\"Dreyers Forlag\",\"description\":\"\",\"potentialAction\":[{\"@type\":\"SearchAction\",\"target\":{\"@type\":\"EntryPoint\",\"urlTemplate\":\"https:\/\/staging.forenteforlag.no\/dreyers\/?s={search_term_string}\"},\"query-input\":{\"@type\":\"PropertyValueSpecification\",\"valueRequired\":true,\"valueName\":\"search_term_string\"}}],\"inLanguage\":\"nb-NO\"}]}<\/script>\n<!-- \/ Yoast SEO plugin. -->","yoast_head_json":{"title":"Etter historiens slutt - Dreyers Forlag","robots":{"index":"noindex","follow":"follow","max-snippet":"max-snippet:-1","max-image-preview":"max-image-preview:large","max-video-preview":"max-video-preview:-1"},"og_locale":"nb_NO","og_type":"article","og_title":"Etter historiens slutt - Dreyers Forlag","og_description":"Francis Fukuyama er en av v\u00e5r tids mest innflytelsesrike statsvitere. Han slo igjennom. i offentligheten med et brak med. artikkelen \u00abThe End of History\u00bb. i 1989. Der sp\u00e5dde han Sovjetunionens oppl\u00f8sning og at historien gikk mot slutten. Fukuyama har siden den gangen v\u00e6rt produktiv og skrevet om temaer knyttet til anerkjennelse, verdighet, identitet nasjonalisme, religion [&hellip;]","og_url":"https:\/\/staging.forenteforlag.no\/dreyers\/produkt\/etter-historiens-slutt\/","og_site_name":"Dreyers Forlag","article_modified_time":"2025-09-04T11:32:21+00:00","og_image":[{"width":1200,"height":1920,"url":"https:\/\/staging.forenteforlag.no\/dreyers\/wp-content\/uploads\/sites\/2\/2025\/08\/jpg-8950-scaled.jpg","type":"image\/jpeg"}],"twitter_card":"summary_large_image","twitter_misc":{"Ansl. lesetid":"1 minutt"},"schema":{"@context":"https:\/\/schema.org","@graph":[{"@type":"WebPage","@id":"https:\/\/staging.forenteforlag.no\/dreyers\/produkt\/etter-historiens-slutt\/","url":"https:\/\/staging.forenteforlag.no\/dreyers\/produkt\/etter-historiens-slutt\/","name":"Etter historiens slutt - Dreyers Forlag","isPartOf":{"@id":"https:\/\/staging.forenteforlag.no\/dreyers\/#website"},"primaryImageOfPage":{"@id":"https:\/\/staging.forenteforlag.no\/dreyers\/produkt\/etter-historiens-slutt\/#primaryimage"},"image":{"@id":"https:\/\/staging.forenteforlag.no\/dreyers\/produkt\/etter-historiens-slutt\/#primaryimage"},"thumbnailUrl":"https:\/\/staging.forenteforlag.no\/dreyers\/wp-content\/uploads\/sites\/2\/2025\/08\/jpg-8950-scaled.jpg","datePublished":"2019-10-24T00:00:00+00:00","dateModified":"2025-09-04T11:32:21+00:00","breadcrumb":{"@id":"https:\/\/staging.forenteforlag.no\/dreyers\/produkt\/etter-historiens-slutt\/#breadcrumb"},"inLanguage":"nb-NO","potentialAction":[{"@type":"ReadAction","target":["https:\/\/staging.forenteforlag.no\/dreyers\/produkt\/etter-historiens-slutt\/"]}]},{"@type":"ImageObject","inLanguage":"nb-NO","@id":"https:\/\/staging.forenteforlag.no\/dreyers\/produkt\/etter-historiens-slutt\/#primaryimage","url":"https:\/\/staging.forenteforlag.no\/dreyers\/wp-content\/uploads\/sites\/2\/2025\/08\/jpg-8950-scaled.jpg","contentUrl":"https:\/\/staging.forenteforlag.no\/dreyers\/wp-content\/uploads\/sites\/2\/2025\/08\/jpg-8950-scaled.jpg","width":1200,"height":1920},{"@type":"BreadcrumbList","@id":"https:\/\/staging.forenteforlag.no\/dreyers\/produkt\/etter-historiens-slutt\/#breadcrumb","itemListElement":[{"@type":"ListItem","position":1,"name":"Hjem","item":"https:\/\/staging.forenteforlag.no\/dreyers\/"},{"@type":"ListItem","position":2,"name":"Alle b\u00f8ker","item":"https:\/\/staging.forenteforlag.no\/dreyers\/butikk\/"},{"@type":"ListItem","position":3,"name":"Etter historiens slutt"}]},{"@type":"WebSite","@id":"https:\/\/staging.forenteforlag.no\/dreyers\/#website","url":"https:\/\/staging.forenteforlag.no\/dreyers\/","name":"Dreyers Forlag","description":"","potentialAction":[{"@type":"SearchAction","target":{"@type":"EntryPoint","urlTemplate":"https:\/\/staging.forenteforlag.no\/dreyers\/?s={search_term_string}"},"query-input":{"@type":"PropertyValueSpecification","valueRequired":true,"valueName":"search_term_string"}}],"inLanguage":"nb-NO"}]}},"_links":{"self":[{"href":"https:\/\/staging.forenteforlag.no\/dreyers\/wp-json\/wp\/v2\/product\/21281","targetHints":{"allow":["GET"]}}],"collection":[{"href":"https:\/\/staging.forenteforlag.no\/dreyers\/wp-json\/wp\/v2\/product"}],"about":[{"href":"https:\/\/staging.forenteforlag.no\/dreyers\/wp-json\/wp\/v2\/types\/product"}],"wp:featuredmedia":[{"embeddable":true,"href":"https:\/\/staging.forenteforlag.no\/dreyers\/wp-json\/wp\/v2\/media\/24389"}],"wp:attachment":[{"href":"https:\/\/staging.forenteforlag.no\/dreyers\/wp-json\/wp\/v2\/media?parent=21281"}],"wp:term":[{"taxonomy":"product_brand","embeddable":true,"href":"https:\/\/staging.forenteforlag.no\/dreyers\/wp-json\/wp\/v2\/product_brand?post=21281"},{"taxonomy":"product_cat","embeddable":true,"href":"https:\/\/staging.forenteforlag.no\/dreyers\/wp-json\/wp\/v2\/product_cat?post=21281"},{"taxonomy":"product_tag","embeddable":true,"href":"https:\/\/staging.forenteforlag.no\/dreyers\/wp-json\/wp\/v2\/product_tag?post=21281"}],"curies":[{"name":"wp","href":"https:\/\/api.w.org\/{rel}","templated":true}]}}

<p>Francis Fukuyama er en av vår tids mest innflytelsesrike statsvitere. Han slo igjennom. i offentligheten med et brak med. artikkelen «The End of History». i 1989. Der spådde han Sovjetunionens oppløsning og at historien gikk mot slutten. Fukuyama har siden den gangen vært produktiv og skrevet om temaer knyttet til anerkjennelse, verdighet, identitet nasjonalisme, religion og kultur. Han er dessuten kjent for å ta opp utfordringen Vestens liberale institusjoner står overfor, årsaker til politisk og økonomisk utvikling og betingelsene for politisk demokrati.</p>
<p>Mathilde Fasting presenterer i denne boken hele Fukuyamas forfatterskap. Fasting tar leseren med på møter hun hadde med Fukuyama våren 2019. Diskusjonene favner vidt og bredt, og vi blir kjent med Fukuyamas tankeverden. Fukuyama er en varm forsvarer av det liberale demokratiet og en tenker som over tid har utviklet et bredt teoretisk og empirisk fundament for å forstå hvordan liberale demokratier oppstår, hva som er det vesentlige ved dem, og hvorfor de så langt er de beste eksemplene på politisk orden vi kjenner til.</p>
<p>Men han er også bekymret og sier at liberale demokratier står overfor flere utfordringer. De kan deles i tre kategorier: konkurranse fra autokratiske regimer, svekkede institusjoner i liberale demokratier og den undergravende virkningen av populisme, polarisering og mangel på forsvar av liberale demokratier.</p>

<p>Francis Fukuyama er en av vår tids mest innflytelsesrike statsvitere. Han slo igjennom. i offentligheten med et brak med. artikkelen «The End of History». i 1989. Der spådde han Sovjetunionens oppløsning og at historien gikk mot slutten. Fukuyama har siden den gangen vært produktiv og skrevet om temaer knyttet til anerkjennelse, verdighet, identitet nasjonalisme, religion [&hellip;]</p>

<!-- This site is optimized with the Yoast SEO plugin v26.6 - https://yoast.com/wordpress/plugins/seo/ -->
<title>Etter historiens slutt - Dreyers Forlag</title>
<meta name="robots" content="noindex, follow, max-snippet:-1, max-image-preview:large, max-video-preview:-1" />
<meta property="og:locale" content="nb_NO" />
<meta property="og:type" content="article" />
<meta property="og:title" content="Etter historiens slutt - Dreyers Forlag" />
<meta property="og:description" content="Francis Fukuyama er en av vår tids mest innflytelsesrike statsvitere. Han slo igjennom. i offentligheten med et brak med. artikkelen «The End of History». i 1989. Der spådde han Sovjetunionens oppløsning og at historien gikk mot slutten. Fukuyama har siden den gangen vært produktiv og skrevet om temaer knyttet til anerkjennelse, verdighet, identitet nasjonalisme, religion [&hellip;]" />
<meta property="og:url" content="https://staging.forenteforlag.no/dreyers/produkt/etter-historiens-slutt/" />
<meta property="og:site_name" content="Dreyers Forlag" />
<meta property="article:modified_time" content="2025-09-04T11:32:21+00:00" />
<meta property="og:image" content="https://staging.forenteforlag.no/dreyers/wp-content/uploads/sites/2/2025/08/jpg-8950-scaled.jpg" />
	<meta property="og:image:width" content="1200" />
	<meta property="og:image:height" content="1920" />
	<meta property="og:image:type" content="image/jpeg" />
<meta name="twitter:card" content="summary_large_image" />
<meta name="twitter:label1" content="Ansl. lesetid" />
	<meta name="twitter:data1" content="1 minutt" />
<script type="application/ld+json" class="yoast-schema-graph">{"@context":"https://schema.org","@graph":[{"@type":"WebPage","@id":"https://staging.forenteforlag.no/dreyers/produkt/etter-historiens-slutt/","url":"https://staging.forenteforlag.no/dreyers/produkt/etter-historiens-slutt/","name":"Etter historiens slutt - Dreyers Forlag","isPartOf":{"@id":"https://staging.forenteforlag.no/dreyers/#website"},"primaryImageOfPage":{"@id":"https://staging.forenteforlag.no/dreyers/produkt/etter-historiens-slutt/#primaryimage"},"image":{"@id":"https://staging.forenteforlag.no/dreyers/produkt/etter-historiens-slutt/#primaryimage"},"thumbnailUrl":"https://staging.forenteforlag.no/dreyers/wp-content/uploads/sites/2/2025/08/jpg-8950-scaled.jpg","datePublished":"2019-10-24T00:00:00+00:00","dateModified":"2025-09-04T11:32:21+00:00","breadcrumb":{"@id":"https://staging.forenteforlag.no/dreyers/produkt/etter-historiens-slutt/#breadcrumb"},"inLanguage":"nb-NO","potentialAction":[{"@type":"ReadAction","target":["https://staging.forenteforlag.no/dreyers/produkt/etter-historiens-slutt/"]}]},{"@type":"ImageObject","inLanguage":"nb-NO","@id":"https://staging.forenteforlag.no/dreyers/produkt/etter-historiens-slutt/#primaryimage","url":"https://staging.forenteforlag.no/dreyers/wp-content/uploads/sites/2/2025/08/jpg-8950-scaled.jpg","contentUrl":"https://staging.forenteforlag.no/dreyers/wp-content/uploads/sites/2/2025/08/jpg-8950-scaled.jpg","width":1200,"height":1920},{"@type":"BreadcrumbList","@id":"https://staging.forenteforlag.no/dreyers/produkt/etter-historiens-slutt/#breadcrumb","itemListElement":[{"@type":"ListItem","position":1,"name":"Hjem","item":"https://staging.forenteforlag.no/dreyers/"},{"@type":"ListItem","position":2,"name":"Alle bøker","item":"https://staging.forenteforlag.no/dreyers/butikk/"},{"@type":"ListItem","position":3,"name":"Etter historiens slutt"}]},{"@type":"WebSite","@id":"https://staging.forenteforlag.no/dreyers/#website","url":"https://staging.forenteforlag.no/dreyers/","name":"Dreyers Forlag","description":"","potentialAction":[{"@type":"SearchAction","target":{"@type":"EntryPoint","urlTemplate":"https://staging.forenteforlag.no/dreyers/?s={search_term_string}"},"query-input":{"@type":"PropertyValueSpecification","valueRequired":true,"valueName":"search_term_string"}}],"inLanguage":"nb-NO"}]}</script>
<!-- / Yoast SEO plugin. -->

Francis Fukuyama er en av vår tids mest innflytelsesrike statsvitere. Han slo igjennom. i offentligheten med et brak med. artikkelen «The End of History». i 1989. Der spådde han Sovjetunionens oppløsning og at historien gikk mot slutten. Fukuyama har siden den gangen vært produktiv og skrevet om temaer knyttet til anerkjennelse, verdighet, identitet nasjonalisme, religion [&hellip;]

Alle bøker
