{"id":21277,"date":"2019-11-18T01:00:00","date_gmt":"2019-11-18T00:00:00","guid":{"rendered":"https:\/\/dreyersforlag.forenteforlag.no\/produkt\/himmelen-vet-ingenting\/"},"modified":"2025-11-06T09:11:40","modified_gmt":"2025-11-06T08:11:40","slug":"himmelen-vet-ingenting","status":"publish","type":"product","link":"https:\/\/staging.forenteforlag.no\/dreyers\/produkt\/himmelen-vet-ingenting\/","title":{"rendered":"Himmelen vet ingenting"},"content":{"rendered":"<p>Da Himmelen vet ingenting utkom i 1988 .kk den voldsom oppmerksomhet.  <\/p>\n<p>I pressen ble den lest som en \u00abn\u00f8kkelroman\u00bb og sterkt ford\u00f8mt fordi den ble knyttet til et virkelig selvmord i den sentrale kulturinstitusjonen Gyldendal Norsk Forlag. Kritikken var mer moralsk forarget enn litter\u00e6r, og den rasende omtalen ble siden betegnet som \u00abden styggeste mishandling av noen bok siden Bj\u00f8rneboe utga Under en h\u00e5rdere himmel i 1957\u00bb. <\/p>\n<p>Over tredve \u00e5r senere fremst\u00e5r romanen som en ung forfatters sorg og re.eksjon over tapet av en eldre venn. Vennens d\u00f8d vever seg sammen med fortellerens tap av tro p\u00e5 en h\u00f8yere verden, og hans pessimistiske betraktninger av samtidens kulturelle forfall. L\u00f8st fra den tidsbundne konteksten den f\u00f8rst ble lest i, fremst\u00e5r Himmelen vet ingenting som en gripende fortelling om hvordan verdens fortryllelse forg\u00e5r og hvordan det er \u00e5 leve uten tro.  <\/p>\n<p>Etterord av Hans Fredrik Dahl.<\/p>\n","protected":false},"excerpt":{"rendered":"<p>Da Himmelen vet ingenting utkom i 1988 .kk den voldsom oppmerksomhet. I pressen ble den lest som en \u00abn\u00f8kkelroman\u00bb og sterkt ford\u00f8mt fordi den ble knyttet til et virkelig selvmord i den sentrale kulturinstitusjonen Gyldendal Norsk Forlag. Kritikken var mer moralsk forarget enn litter\u00e6r, og den rasende omtalen ble siden betegnet som \u00abden styggeste mishandling [&hellip;]<\/p>\n","protected":false},"featured_media":23987,"template":"","meta":{"_acf_changed":false,"inline_featured_image":false},"product_brand":[],"product_cat":[1785,40],"product_tag":[370],"class_list":{"0":"post-21277","1":"product","2":"type-product","3":"status-publish","4":"has-post-thumbnail","6":"product_cat-fripris","7":"product_cat-romaner","8":"product_tag-skjonnlitteratur","9":"pa_format-pocket","11":"first","12":"instock","13":"shipping-taxable","14":"purchasable","15":"product-type-simple"},"acf":{"anmeldelse":null},"yoast_head":"<!-- This site is optimized with the Yoast SEO plugin v26.6 - https:\/\/yoast.com\/wordpress\/plugins\/seo\/ -->\n<title>Himmelen vet ingenting - Dreyers Forlag<\/title>\n<meta name=\"robots\" content=\"noindex, follow, max-snippet:-1, max-image-preview:large, max-video-preview:-1\" \/>\n<meta property=\"og:locale\" content=\"nb_NO\" \/>\n<meta property=\"og:type\" content=\"article\" \/>\n<meta property=\"og:title\" content=\"Himmelen vet ingenting - Dreyers Forlag\" \/>\n<meta property=\"og:description\" content=\"Da Himmelen vet ingenting utkom i 1988 .kk den voldsom oppmerksomhet. I pressen ble den lest som en \u00abn\u00f8kkelroman\u00bb og sterkt ford\u00f8mt fordi den ble knyttet til et virkelig selvmord i den sentrale kulturinstitusjonen Gyldendal Norsk Forlag. Kritikken var mer moralsk forarget enn litter\u00e6r, og den rasende omtalen ble siden betegnet som \u00abden styggeste mishandling [&hellip;]\" \/>\n<meta property=\"og:url\" content=\"https:\/\/staging.forenteforlag.no\/dreyers\/produkt\/himmelen-vet-ingenting\/\" \/>\n<meta property=\"og:site_name\" content=\"Dreyers Forlag\" \/>\n<meta property=\"article:modified_time\" content=\"2025-11-06T08:11:40+00:00\" \/>\n<meta property=\"og:image\" content=\"https:\/\/staging.forenteforlag.no\/dreyers\/wp-content\/uploads\/sites\/2\/2025\/08\/jpg-5318.jpg\" \/>\n\t<meta property=\"og:image:width\" content=\"354\" \/>\n\t<meta property=\"og:image:height\" content=\"567\" \/>\n\t<meta property=\"og:image:type\" content=\"image\/jpeg\" \/>\n<meta name=\"twitter:card\" content=\"summary_large_image\" \/>\n<meta name=\"twitter:label1\" content=\"Ansl. lesetid\" \/>\n\t<meta name=\"twitter:data1\" content=\"1 minutt\" \/>\n<script type=\"application\/ld+json\" class=\"yoast-schema-graph\">{\"@context\":\"https:\/\/schema.org\",\"@graph\":[{\"@type\":\"WebPage\",\"@id\":\"https:\/\/staging.forenteforlag.no\/dreyers\/produkt\/himmelen-vet-ingenting\/\",\"url\":\"https:\/\/staging.forenteforlag.no\/dreyers\/produkt\/himmelen-vet-ingenting\/\",\"name\":\"Himmelen vet ingenting - Dreyers Forlag\",\"isPartOf\":{\"@id\":\"https:\/\/staging.forenteforlag.no\/dreyers\/#website\"},\"primaryImageOfPage\":{\"@id\":\"https:\/\/staging.forenteforlag.no\/dreyers\/produkt\/himmelen-vet-ingenting\/#primaryimage\"},\"image\":{\"@id\":\"https:\/\/staging.forenteforlag.no\/dreyers\/produkt\/himmelen-vet-ingenting\/#primaryimage\"},\"thumbnailUrl\":\"https:\/\/staging.forenteforlag.no\/dreyers\/wp-content\/uploads\/sites\/2\/2025\/08\/jpg-5318.jpg\",\"datePublished\":\"2019-11-18T00:00:00+00:00\",\"dateModified\":\"2025-11-06T08:11:40+00:00\",\"breadcrumb\":{\"@id\":\"https:\/\/staging.forenteforlag.no\/dreyers\/produkt\/himmelen-vet-ingenting\/#breadcrumb\"},\"inLanguage\":\"nb-NO\",\"potentialAction\":[{\"@type\":\"ReadAction\",\"target\":[\"https:\/\/staging.forenteforlag.no\/dreyers\/produkt\/himmelen-vet-ingenting\/\"]}]},{\"@type\":\"ImageObject\",\"inLanguage\":\"nb-NO\",\"@id\":\"https:\/\/staging.forenteforlag.no\/dreyers\/produkt\/himmelen-vet-ingenting\/#primaryimage\",\"url\":\"https:\/\/staging.forenteforlag.no\/dreyers\/wp-content\/uploads\/sites\/2\/2025\/08\/jpg-5318.jpg\",\"contentUrl\":\"https:\/\/staging.forenteforlag.no\/dreyers\/wp-content\/uploads\/sites\/2\/2025\/08\/jpg-5318.jpg\",\"width\":354,\"height\":567},{\"@type\":\"BreadcrumbList\",\"@id\":\"https:\/\/staging.forenteforlag.no\/dreyers\/produkt\/himmelen-vet-ingenting\/#breadcrumb\",\"itemListElement\":[{\"@type\":\"ListItem\",\"position\":1,\"name\":\"Hjem\",\"item\":\"https:\/\/staging.forenteforlag.no\/dreyers\/\"},{\"@type\":\"ListItem\",\"position\":2,\"name\":\"Alle b\u00f8ker\",\"item\":\"https:\/\/staging.forenteforlag.no\/dreyers\/butikk\/\"},{\"@type\":\"ListItem\",\"position\":3,\"name\":\"Himmelen vet ingenting\"}]},{\"@type\":\"WebSite\",\"@id\":\"https:\/\/staging.forenteforlag.no\/dreyers\/#website\",\"url\":\"https:\/\/staging.forenteforlag.no\/dreyers\/\",\"name\":\"Dreyers Forlag\",\"description\":\"\",\"potentialAction\":[{\"@type\":\"SearchAction\",\"target\":{\"@type\":\"EntryPoint\",\"urlTemplate\":\"https:\/\/staging.forenteforlag.no\/dreyers\/?s={search_term_string}\"},\"query-input\":{\"@type\":\"PropertyValueSpecification\",\"valueRequired\":true,\"valueName\":\"search_term_string\"}}],\"inLanguage\":\"nb-NO\"}]}<\/script>\n<!-- \/ Yoast SEO plugin. -->","yoast_head_json":{"title":"Himmelen vet ingenting - Dreyers Forlag","robots":{"index":"noindex","follow":"follow","max-snippet":"max-snippet:-1","max-image-preview":"max-image-preview:large","max-video-preview":"max-video-preview:-1"},"og_locale":"nb_NO","og_type":"article","og_title":"Himmelen vet ingenting - Dreyers Forlag","og_description":"Da Himmelen vet ingenting utkom i 1988 .kk den voldsom oppmerksomhet. I pressen ble den lest som en \u00abn\u00f8kkelroman\u00bb og sterkt ford\u00f8mt fordi den ble knyttet til et virkelig selvmord i den sentrale kulturinstitusjonen Gyldendal Norsk Forlag. Kritikken var mer moralsk forarget enn litter\u00e6r, og den rasende omtalen ble siden betegnet som \u00abden styggeste mishandling [&hellip;]","og_url":"https:\/\/staging.forenteforlag.no\/dreyers\/produkt\/himmelen-vet-ingenting\/","og_site_name":"Dreyers Forlag","article_modified_time":"2025-11-06T08:11:40+00:00","og_image":[{"width":354,"height":567,"url":"https:\/\/staging.forenteforlag.no\/dreyers\/wp-content\/uploads\/sites\/2\/2025\/08\/jpg-5318.jpg","type":"image\/jpeg"}],"twitter_card":"summary_large_image","twitter_misc":{"Ansl. lesetid":"1 minutt"},"schema":{"@context":"https:\/\/schema.org","@graph":[{"@type":"WebPage","@id":"https:\/\/staging.forenteforlag.no\/dreyers\/produkt\/himmelen-vet-ingenting\/","url":"https:\/\/staging.forenteforlag.no\/dreyers\/produkt\/himmelen-vet-ingenting\/","name":"Himmelen vet ingenting - Dreyers Forlag","isPartOf":{"@id":"https:\/\/staging.forenteforlag.no\/dreyers\/#website"},"primaryImageOfPage":{"@id":"https:\/\/staging.forenteforlag.no\/dreyers\/produkt\/himmelen-vet-ingenting\/#primaryimage"},"image":{"@id":"https:\/\/staging.forenteforlag.no\/dreyers\/produkt\/himmelen-vet-ingenting\/#primaryimage"},"thumbnailUrl":"https:\/\/staging.forenteforlag.no\/dreyers\/wp-content\/uploads\/sites\/2\/2025\/08\/jpg-5318.jpg","datePublished":"2019-11-18T00:00:00+00:00","dateModified":"2025-11-06T08:11:40+00:00","breadcrumb":{"@id":"https:\/\/staging.forenteforlag.no\/dreyers\/produkt\/himmelen-vet-ingenting\/#breadcrumb"},"inLanguage":"nb-NO","potentialAction":[{"@type":"ReadAction","target":["https:\/\/staging.forenteforlag.no\/dreyers\/produkt\/himmelen-vet-ingenting\/"]}]},{"@type":"ImageObject","inLanguage":"nb-NO","@id":"https:\/\/staging.forenteforlag.no\/dreyers\/produkt\/himmelen-vet-ingenting\/#primaryimage","url":"https:\/\/staging.forenteforlag.no\/dreyers\/wp-content\/uploads\/sites\/2\/2025\/08\/jpg-5318.jpg","contentUrl":"https:\/\/staging.forenteforlag.no\/dreyers\/wp-content\/uploads\/sites\/2\/2025\/08\/jpg-5318.jpg","width":354,"height":567},{"@type":"BreadcrumbList","@id":"https:\/\/staging.forenteforlag.no\/dreyers\/produkt\/himmelen-vet-ingenting\/#breadcrumb","itemListElement":[{"@type":"ListItem","position":1,"name":"Hjem","item":"https:\/\/staging.forenteforlag.no\/dreyers\/"},{"@type":"ListItem","position":2,"name":"Alle b\u00f8ker","item":"https:\/\/staging.forenteforlag.no\/dreyers\/butikk\/"},{"@type":"ListItem","position":3,"name":"Himmelen vet ingenting"}]},{"@type":"WebSite","@id":"https:\/\/staging.forenteforlag.no\/dreyers\/#website","url":"https:\/\/staging.forenteforlag.no\/dreyers\/","name":"Dreyers Forlag","description":"","potentialAction":[{"@type":"SearchAction","target":{"@type":"EntryPoint","urlTemplate":"https:\/\/staging.forenteforlag.no\/dreyers\/?s={search_term_string}"},"query-input":{"@type":"PropertyValueSpecification","valueRequired":true,"valueName":"search_term_string"}}],"inLanguage":"nb-NO"}]}},"_links":{"self":[{"href":"https:\/\/staging.forenteforlag.no\/dreyers\/wp-json\/wp\/v2\/product\/21277","targetHints":{"allow":["GET"]}}],"collection":[{"href":"https:\/\/staging.forenteforlag.no\/dreyers\/wp-json\/wp\/v2\/product"}],"about":[{"href":"https:\/\/staging.forenteforlag.no\/dreyers\/wp-json\/wp\/v2\/types\/product"}],"wp:featuredmedia":[{"embeddable":true,"href":"https:\/\/staging.forenteforlag.no\/dreyers\/wp-json\/wp\/v2\/media\/23987"}],"wp:attachment":[{"href":"https:\/\/staging.forenteforlag.no\/dreyers\/wp-json\/wp\/v2\/media?parent=21277"}],"wp:term":[{"taxonomy":"product_brand","embeddable":true,"href":"https:\/\/staging.forenteforlag.no\/dreyers\/wp-json\/wp\/v2\/product_brand?post=21277"},{"taxonomy":"product_cat","embeddable":true,"href":"https:\/\/staging.forenteforlag.no\/dreyers\/wp-json\/wp\/v2\/product_cat?post=21277"},{"taxonomy":"product_tag","embeddable":true,"href":"https:\/\/staging.forenteforlag.no\/dreyers\/wp-json\/wp\/v2\/product_tag?post=21277"}],"curies":[{"name":"wp","href":"https:\/\/api.w.org\/{rel}","templated":true}]}}

<p>Da Himmelen vet ingenting utkom i 1988 .kk den voldsom oppmerksomhet.  </p>
<p>I pressen ble den lest som en «nøkkelroman» og sterkt fordømt fordi den ble knyttet til et virkelig selvmord i den sentrale kulturinstitusjonen Gyldendal Norsk Forlag. Kritikken var mer moralsk forarget enn litterær, og den rasende omtalen ble siden betegnet som «den styggeste mishandling av noen bok siden Bjørneboe utga Under en hårdere himmel i 1957». </p>
<p>Over tredve år senere fremstår romanen som en ung forfatters sorg og re.eksjon over tapet av en eldre venn. Vennens død vever seg sammen med fortellerens tap av tro på en høyere verden, og hans pessimistiske betraktninger av samtidens kulturelle forfall. Løst fra den tidsbundne konteksten den først ble lest i, fremstår Himmelen vet ingenting som en gripende fortelling om hvordan verdens fortryllelse forgår og hvordan det er å leve uten tro.  </p>
<p>Etterord av Hans Fredrik Dahl.</p>

<p>Da Himmelen vet ingenting utkom i 1988 .kk den voldsom oppmerksomhet. I pressen ble den lest som en «nøkkelroman» og sterkt fordømt fordi den ble knyttet til et virkelig selvmord i den sentrale kulturinstitusjonen Gyldendal Norsk Forlag. Kritikken var mer moralsk forarget enn litterær, og den rasende omtalen ble siden betegnet som «den styggeste mishandling [&hellip;]</p>

<!-- This site is optimized with the Yoast SEO plugin v26.6 - https://yoast.com/wordpress/plugins/seo/ -->
<title>Himmelen vet ingenting - Dreyers Forlag</title>
<meta name="robots" content="noindex, follow, max-snippet:-1, max-image-preview:large, max-video-preview:-1" />
<meta property="og:locale" content="nb_NO" />
<meta property="og:type" content="article" />
<meta property="og:title" content="Himmelen vet ingenting - Dreyers Forlag" />
<meta property="og:description" content="Da Himmelen vet ingenting utkom i 1988 .kk den voldsom oppmerksomhet. I pressen ble den lest som en «nøkkelroman» og sterkt fordømt fordi den ble knyttet til et virkelig selvmord i den sentrale kulturinstitusjonen Gyldendal Norsk Forlag. Kritikken var mer moralsk forarget enn litterær, og den rasende omtalen ble siden betegnet som «den styggeste mishandling [&hellip;]" />
<meta property="og:url" content="https://staging.forenteforlag.no/dreyers/produkt/himmelen-vet-ingenting/" />
<meta property="og:site_name" content="Dreyers Forlag" />
<meta property="article:modified_time" content="2025-11-06T08:11:40+00:00" />
<meta property="og:image" content="https://staging.forenteforlag.no/dreyers/wp-content/uploads/sites/2/2025/08/jpg-5318.jpg" />
	<meta property="og:image:width" content="354" />
	<meta property="og:image:height" content="567" />
	<meta property="og:image:type" content="image/jpeg" />
<meta name="twitter:card" content="summary_large_image" />
<meta name="twitter:label1" content="Ansl. lesetid" />
	<meta name="twitter:data1" content="1 minutt" />
<script type="application/ld+json" class="yoast-schema-graph">{"@context":"https://schema.org","@graph":[{"@type":"WebPage","@id":"https://staging.forenteforlag.no/dreyers/produkt/himmelen-vet-ingenting/","url":"https://staging.forenteforlag.no/dreyers/produkt/himmelen-vet-ingenting/","name":"Himmelen vet ingenting - Dreyers Forlag","isPartOf":{"@id":"https://staging.forenteforlag.no/dreyers/#website"},"primaryImageOfPage":{"@id":"https://staging.forenteforlag.no/dreyers/produkt/himmelen-vet-ingenting/#primaryimage"},"image":{"@id":"https://staging.forenteforlag.no/dreyers/produkt/himmelen-vet-ingenting/#primaryimage"},"thumbnailUrl":"https://staging.forenteforlag.no/dreyers/wp-content/uploads/sites/2/2025/08/jpg-5318.jpg","datePublished":"2019-11-18T00:00:00+00:00","dateModified":"2025-11-06T08:11:40+00:00","breadcrumb":{"@id":"https://staging.forenteforlag.no/dreyers/produkt/himmelen-vet-ingenting/#breadcrumb"},"inLanguage":"nb-NO","potentialAction":[{"@type":"ReadAction","target":["https://staging.forenteforlag.no/dreyers/produkt/himmelen-vet-ingenting/"]}]},{"@type":"ImageObject","inLanguage":"nb-NO","@id":"https://staging.forenteforlag.no/dreyers/produkt/himmelen-vet-ingenting/#primaryimage","url":"https://staging.forenteforlag.no/dreyers/wp-content/uploads/sites/2/2025/08/jpg-5318.jpg","contentUrl":"https://staging.forenteforlag.no/dreyers/wp-content/uploads/sites/2/2025/08/jpg-5318.jpg","width":354,"height":567},{"@type":"BreadcrumbList","@id":"https://staging.forenteforlag.no/dreyers/produkt/himmelen-vet-ingenting/#breadcrumb","itemListElement":[{"@type":"ListItem","position":1,"name":"Hjem","item":"https://staging.forenteforlag.no/dreyers/"},{"@type":"ListItem","position":2,"name":"Alle bøker","item":"https://staging.forenteforlag.no/dreyers/butikk/"},{"@type":"ListItem","position":3,"name":"Himmelen vet ingenting"}]},{"@type":"WebSite","@id":"https://staging.forenteforlag.no/dreyers/#website","url":"https://staging.forenteforlag.no/dreyers/","name":"Dreyers Forlag","description":"","potentialAction":[{"@type":"SearchAction","target":{"@type":"EntryPoint","urlTemplate":"https://staging.forenteforlag.no/dreyers/?s={search_term_string}"},"query-input":{"@type":"PropertyValueSpecification","valueRequired":true,"valueName":"search_term_string"}}],"inLanguage":"nb-NO"}]}</script>
<!-- / Yoast SEO plugin. -->

Da Himmelen vet ingenting utkom i 1988 .kk den voldsom oppmerksomhet. I pressen ble den lest som en «nøkkelroman» og sterkt fordømt fordi den ble knyttet til et virkelig selvmord i den sentrale kulturinstitusjonen Gyldendal Norsk Forlag. Kritikken var mer moralsk forarget enn litterær, og den rasende omtalen ble siden betegnet som «den styggeste mishandling [&hellip;]

Alle bøker
