{"id":21275,"date":"2019-07-04T02:00:00","date_gmt":"2019-07-04T00:00:00","guid":{"rendered":"https:\/\/dreyersforlag.forenteforlag.no\/produkt\/filefjell\/"},"modified":"2025-08-27T12:13:00","modified_gmt":"2025-08-27T10:13:00","slug":"filefjell","status":"publish","type":"product","link":"https:\/\/staging.forenteforlag.no\/dreyers\/produkt\/filefjell\/","title":{"rendered":"Filefjell"},"content":{"rendered":"<p>Til alle tider har Filefjell vore eit sentralt bindeledd mellom aust og vest &#8211; for folk, fuglar, dyr og planter. Tidlege kartleggarar meinte naturtilh\u00f8va p\u00e5 Filefjell kunne forklare viktige forskjellar i kulturen mellom aust og vest, og vasskiljet p\u00e5 \u00abFillefjeldene\u00bb blei brukt til \u00e5 dele det s\u00f8rlege Noreg i to. Filefjell blei sj\u00f8lve symbolet p\u00e5 skiljet mellom aust og vest. Boka viser korleis kartlegginga av Filefjell inngjekk som ein del av nasjonsbygginga p\u00e5 1800-talet. Den viser ogs\u00e5 korleis kunstnarar som J.C. Dahl og andre brukte Filefjell som ikon for den nye nasjonen, og korleis dette ogs\u00e5 var ein del av visjonen for dei f\u00f8rste naturforskarane og fotografane som bes\u00f8kte Filefjell.<\/p>\n<p>Naturen p\u00e5 Filefjell inneheld b\u00e5de austlege og vestlege biogeografiske element, men er i stor grad ogs\u00e5 p\u00e5verka av folks bruk av areal, skog og andre ressursar i dette sentrale fjellomr\u00e5det. Boka kastar lys over korleis klimaendring p\u00e5verkar planter og fjellskog i dag, og korleis dei endringane som g\u00e5r f\u00f8re seg, ogs\u00e5 kan sporast tilbake til st\u00f8lsdrift og menneskeleg aktivitet. Den fortel ogs\u00e5 om turar og turm\u00e5l, b\u00e5de n\u00e5r dagane og nettene blir lange. Bli med inn&#8230;<\/p>\n","protected":false},"excerpt":{"rendered":"<p>Til alle tider har Filefjell vore eit sentralt bindeledd mellom aust og vest &#8211; for folk, fuglar, dyr og planter. Tidlege kartleggarar meinte naturtilh\u00f8va p\u00e5 Filefjell kunne forklare viktige forskjellar i kulturen mellom aust og vest, og vasskiljet p\u00e5 \u00abFillefjeldene\u00bb blei brukt til \u00e5 dele det s\u00f8rlege Noreg i to. Filefjell blei sj\u00f8lve symbolet p\u00e5 [&hellip;]<\/p>\n","protected":false},"featured_media":24400,"template":"","meta":{"_acf_changed":false,"inline_featured_image":false},"product_brand":[],"product_cat":[38,29],"product_tag":[362,1038,361,525,851,682],"class_list":{"0":"post-21275","1":"product","2":"type-product","3":"status-publish","4":"has-post-thumbnail","6":"product_cat-diverse-lokallitteratur","7":"product_cat-natur-friluftsliv-og-sport","8":"product_tag-faglitteratur","9":"product_tag-fjellomrader","10":"product_tag-kulturhistorie","11":"product_tag-lokalhistorie","12":"product_tag-oppland","13":"product_tag-sogn-og-fjordane","14":"pa_format-innbundet","16":"first","17":"outofstock","18":"shipping-taxable","19":"purchasable","20":"product-type-simple"},"acf":{"anmeldelse":null},"yoast_head":"<!-- This site is optimized with the Yoast SEO plugin v26.6 - https:\/\/yoast.com\/wordpress\/plugins\/seo\/ -->\n<title>Filefjell - Dreyers Forlag<\/title>\n<meta name=\"robots\" content=\"noindex, follow, max-snippet:-1, max-image-preview:large, max-video-preview:-1\" \/>\n<meta property=\"og:locale\" content=\"nb_NO\" \/>\n<meta property=\"og:type\" content=\"article\" \/>\n<meta property=\"og:title\" content=\"Filefjell - Dreyers Forlag\" \/>\n<meta property=\"og:description\" content=\"Til alle tider har Filefjell vore eit sentralt bindeledd mellom aust og vest &#8211; for folk, fuglar, dyr og planter. Tidlege kartleggarar meinte naturtilh\u00f8va p\u00e5 Filefjell kunne forklare viktige forskjellar i kulturen mellom aust og vest, og vasskiljet p\u00e5 \u00abFillefjeldene\u00bb blei brukt til \u00e5 dele det s\u00f8rlege Noreg i to. Filefjell blei sj\u00f8lve symbolet p\u00e5 [&hellip;]\" \/>\n<meta property=\"og:url\" content=\"https:\/\/staging.forenteforlag.no\/dreyers\/produkt\/filefjell\/\" \/>\n<meta property=\"og:site_name\" content=\"Dreyers Forlag\" \/>\n<meta property=\"article:modified_time\" content=\"2025-08-27T10:13:00+00:00\" \/>\n<meta property=\"og:image\" content=\"https:\/\/staging.forenteforlag.no\/dreyers\/wp-content\/uploads\/sites\/2\/2025\/08\/jpg-9049.jpg\" \/>\n\t<meta property=\"og:image:width\" content=\"283\" \/>\n\t<meta property=\"og:image:height\" content=\"303\" \/>\n\t<meta property=\"og:image:type\" content=\"image\/jpeg\" \/>\n<meta name=\"twitter:card\" content=\"summary_large_image\" \/>\n<meta name=\"twitter:label1\" content=\"Ansl. lesetid\" \/>\n\t<meta name=\"twitter:data1\" content=\"1 minutt\" \/>\n<script type=\"application\/ld+json\" class=\"yoast-schema-graph\">{\"@context\":\"https:\/\/schema.org\",\"@graph\":[{\"@type\":\"WebPage\",\"@id\":\"https:\/\/staging.forenteforlag.no\/dreyers\/produkt\/filefjell\/\",\"url\":\"https:\/\/staging.forenteforlag.no\/dreyers\/produkt\/filefjell\/\",\"name\":\"Filefjell - Dreyers Forlag\",\"isPartOf\":{\"@id\":\"https:\/\/staging.forenteforlag.no\/dreyers\/#website\"},\"primaryImageOfPage\":{\"@id\":\"https:\/\/staging.forenteforlag.no\/dreyers\/produkt\/filefjell\/#primaryimage\"},\"image\":{\"@id\":\"https:\/\/staging.forenteforlag.no\/dreyers\/produkt\/filefjell\/#primaryimage\"},\"thumbnailUrl\":\"https:\/\/staging.forenteforlag.no\/dreyers\/wp-content\/uploads\/sites\/2\/2025\/08\/jpg-9049.jpg\",\"datePublished\":\"2019-07-04T00:00:00+00:00\",\"dateModified\":\"2025-08-27T10:13:00+00:00\",\"breadcrumb\":{\"@id\":\"https:\/\/staging.forenteforlag.no\/dreyers\/produkt\/filefjell\/#breadcrumb\"},\"inLanguage\":\"nb-NO\",\"potentialAction\":[{\"@type\":\"ReadAction\",\"target\":[\"https:\/\/staging.forenteforlag.no\/dreyers\/produkt\/filefjell\/\"]}]},{\"@type\":\"ImageObject\",\"inLanguage\":\"nb-NO\",\"@id\":\"https:\/\/staging.forenteforlag.no\/dreyers\/produkt\/filefjell\/#primaryimage\",\"url\":\"https:\/\/staging.forenteforlag.no\/dreyers\/wp-content\/uploads\/sites\/2\/2025\/08\/jpg-9049.jpg\",\"contentUrl\":\"https:\/\/staging.forenteforlag.no\/dreyers\/wp-content\/uploads\/sites\/2\/2025\/08\/jpg-9049.jpg\",\"width\":283,\"height\":303},{\"@type\":\"BreadcrumbList\",\"@id\":\"https:\/\/staging.forenteforlag.no\/dreyers\/produkt\/filefjell\/#breadcrumb\",\"itemListElement\":[{\"@type\":\"ListItem\",\"position\":1,\"name\":\"Hjem\",\"item\":\"https:\/\/staging.forenteforlag.no\/dreyers\/\"},{\"@type\":\"ListItem\",\"position\":2,\"name\":\"Alle b\u00f8ker\",\"item\":\"https:\/\/staging.forenteforlag.no\/dreyers\/butikk\/\"},{\"@type\":\"ListItem\",\"position\":3,\"name\":\"Filefjell\"}]},{\"@type\":\"WebSite\",\"@id\":\"https:\/\/staging.forenteforlag.no\/dreyers\/#website\",\"url\":\"https:\/\/staging.forenteforlag.no\/dreyers\/\",\"name\":\"Dreyers Forlag\",\"description\":\"\",\"potentialAction\":[{\"@type\":\"SearchAction\",\"target\":{\"@type\":\"EntryPoint\",\"urlTemplate\":\"https:\/\/staging.forenteforlag.no\/dreyers\/?s={search_term_string}\"},\"query-input\":{\"@type\":\"PropertyValueSpecification\",\"valueRequired\":true,\"valueName\":\"search_term_string\"}}],\"inLanguage\":\"nb-NO\"}]}<\/script>\n<!-- \/ Yoast SEO plugin. -->","yoast_head_json":{"title":"Filefjell - Dreyers Forlag","robots":{"index":"noindex","follow":"follow","max-snippet":"max-snippet:-1","max-image-preview":"max-image-preview:large","max-video-preview":"max-video-preview:-1"},"og_locale":"nb_NO","og_type":"article","og_title":"Filefjell - Dreyers Forlag","og_description":"Til alle tider har Filefjell vore eit sentralt bindeledd mellom aust og vest &#8211; for folk, fuglar, dyr og planter. Tidlege kartleggarar meinte naturtilh\u00f8va p\u00e5 Filefjell kunne forklare viktige forskjellar i kulturen mellom aust og vest, og vasskiljet p\u00e5 \u00abFillefjeldene\u00bb blei brukt til \u00e5 dele det s\u00f8rlege Noreg i to. Filefjell blei sj\u00f8lve symbolet p\u00e5 [&hellip;]","og_url":"https:\/\/staging.forenteforlag.no\/dreyers\/produkt\/filefjell\/","og_site_name":"Dreyers Forlag","article_modified_time":"2025-08-27T10:13:00+00:00","og_image":[{"width":283,"height":303,"url":"https:\/\/staging.forenteforlag.no\/dreyers\/wp-content\/uploads\/sites\/2\/2025\/08\/jpg-9049.jpg","type":"image\/jpeg"}],"twitter_card":"summary_large_image","twitter_misc":{"Ansl. lesetid":"1 minutt"},"schema":{"@context":"https:\/\/schema.org","@graph":[{"@type":"WebPage","@id":"https:\/\/staging.forenteforlag.no\/dreyers\/produkt\/filefjell\/","url":"https:\/\/staging.forenteforlag.no\/dreyers\/produkt\/filefjell\/","name":"Filefjell - Dreyers Forlag","isPartOf":{"@id":"https:\/\/staging.forenteforlag.no\/dreyers\/#website"},"primaryImageOfPage":{"@id":"https:\/\/staging.forenteforlag.no\/dreyers\/produkt\/filefjell\/#primaryimage"},"image":{"@id":"https:\/\/staging.forenteforlag.no\/dreyers\/produkt\/filefjell\/#primaryimage"},"thumbnailUrl":"https:\/\/staging.forenteforlag.no\/dreyers\/wp-content\/uploads\/sites\/2\/2025\/08\/jpg-9049.jpg","datePublished":"2019-07-04T00:00:00+00:00","dateModified":"2025-08-27T10:13:00+00:00","breadcrumb":{"@id":"https:\/\/staging.forenteforlag.no\/dreyers\/produkt\/filefjell\/#breadcrumb"},"inLanguage":"nb-NO","potentialAction":[{"@type":"ReadAction","target":["https:\/\/staging.forenteforlag.no\/dreyers\/produkt\/filefjell\/"]}]},{"@type":"ImageObject","inLanguage":"nb-NO","@id":"https:\/\/staging.forenteforlag.no\/dreyers\/produkt\/filefjell\/#primaryimage","url":"https:\/\/staging.forenteforlag.no\/dreyers\/wp-content\/uploads\/sites\/2\/2025\/08\/jpg-9049.jpg","contentUrl":"https:\/\/staging.forenteforlag.no\/dreyers\/wp-content\/uploads\/sites\/2\/2025\/08\/jpg-9049.jpg","width":283,"height":303},{"@type":"BreadcrumbList","@id":"https:\/\/staging.forenteforlag.no\/dreyers\/produkt\/filefjell\/#breadcrumb","itemListElement":[{"@type":"ListItem","position":1,"name":"Hjem","item":"https:\/\/staging.forenteforlag.no\/dreyers\/"},{"@type":"ListItem","position":2,"name":"Alle b\u00f8ker","item":"https:\/\/staging.forenteforlag.no\/dreyers\/butikk\/"},{"@type":"ListItem","position":3,"name":"Filefjell"}]},{"@type":"WebSite","@id":"https:\/\/staging.forenteforlag.no\/dreyers\/#website","url":"https:\/\/staging.forenteforlag.no\/dreyers\/","name":"Dreyers Forlag","description":"","potentialAction":[{"@type":"SearchAction","target":{"@type":"EntryPoint","urlTemplate":"https:\/\/staging.forenteforlag.no\/dreyers\/?s={search_term_string}"},"query-input":{"@type":"PropertyValueSpecification","valueRequired":true,"valueName":"search_term_string"}}],"inLanguage":"nb-NO"}]}},"_links":{"self":[{"href":"https:\/\/staging.forenteforlag.no\/dreyers\/wp-json\/wp\/v2\/product\/21275","targetHints":{"allow":["GET"]}}],"collection":[{"href":"https:\/\/staging.forenteforlag.no\/dreyers\/wp-json\/wp\/v2\/product"}],"about":[{"href":"https:\/\/staging.forenteforlag.no\/dreyers\/wp-json\/wp\/v2\/types\/product"}],"wp:featuredmedia":[{"embeddable":true,"href":"https:\/\/staging.forenteforlag.no\/dreyers\/wp-json\/wp\/v2\/media\/24400"}],"wp:attachment":[{"href":"https:\/\/staging.forenteforlag.no\/dreyers\/wp-json\/wp\/v2\/media?parent=21275"}],"wp:term":[{"taxonomy":"product_brand","embeddable":true,"href":"https:\/\/staging.forenteforlag.no\/dreyers\/wp-json\/wp\/v2\/product_brand?post=21275"},{"taxonomy":"product_cat","embeddable":true,"href":"https:\/\/staging.forenteforlag.no\/dreyers\/wp-json\/wp\/v2\/product_cat?post=21275"},{"taxonomy":"product_tag","embeddable":true,"href":"https:\/\/staging.forenteforlag.no\/dreyers\/wp-json\/wp\/v2\/product_tag?post=21275"}],"curies":[{"name":"wp","href":"https:\/\/api.w.org\/{rel}","templated":true}]}}

<p>Til alle tider har Filefjell vore eit sentralt bindeledd mellom aust og vest &#8211; for folk, fuglar, dyr og planter. Tidlege kartleggarar meinte naturtilhøva på Filefjell kunne forklare viktige forskjellar i kulturen mellom aust og vest, og vasskiljet på «Fillefjeldene» blei brukt til å dele det sørlege Noreg i to. Filefjell blei sjølve symbolet på skiljet mellom aust og vest. Boka viser korleis kartlegginga av Filefjell inngjekk som ein del av nasjonsbygginga på 1800-talet. Den viser også korleis kunstnarar som J.C. Dahl og andre brukte Filefjell som ikon for den nye nasjonen, og korleis dette også var ein del av visjonen for dei første naturforskarane og fotografane som besøkte Filefjell.</p>
<p>Naturen på Filefjell inneheld både austlege og vestlege biogeografiske element, men er i stor grad også påverka av folks bruk av areal, skog og andre ressursar i dette sentrale fjellområdet. Boka kastar lys over korleis klimaendring påverkar planter og fjellskog i dag, og korleis dei endringane som går føre seg, også kan sporast tilbake til stølsdrift og menneskeleg aktivitet. Den fortel også om turar og turmål, både når dagane og nettene blir lange. Bli med inn&#8230;</p>

<p>Til alle tider har Filefjell vore eit sentralt bindeledd mellom aust og vest &#8211; for folk, fuglar, dyr og planter. Tidlege kartleggarar meinte naturtilhøva på Filefjell kunne forklare viktige forskjellar i kulturen mellom aust og vest, og vasskiljet på «Fillefjeldene» blei brukt til å dele det sørlege Noreg i to. Filefjell blei sjølve symbolet på [&hellip;]</p>

<!-- This site is optimized with the Yoast SEO plugin v26.6 - https://yoast.com/wordpress/plugins/seo/ -->
<title>Filefjell - Dreyers Forlag</title>
<meta name="robots" content="noindex, follow, max-snippet:-1, max-image-preview:large, max-video-preview:-1" />
<meta property="og:locale" content="nb_NO" />
<meta property="og:type" content="article" />
<meta property="og:title" content="Filefjell - Dreyers Forlag" />
<meta property="og:description" content="Til alle tider har Filefjell vore eit sentralt bindeledd mellom aust og vest &#8211; for folk, fuglar, dyr og planter. Tidlege kartleggarar meinte naturtilhøva på Filefjell kunne forklare viktige forskjellar i kulturen mellom aust og vest, og vasskiljet på «Fillefjeldene» blei brukt til å dele det sørlege Noreg i to. Filefjell blei sjølve symbolet på [&hellip;]" />
<meta property="og:url" content="https://staging.forenteforlag.no/dreyers/produkt/filefjell/" />
<meta property="og:site_name" content="Dreyers Forlag" />
<meta property="article:modified_time" content="2025-08-27T10:13:00+00:00" />
<meta property="og:image" content="https://staging.forenteforlag.no/dreyers/wp-content/uploads/sites/2/2025/08/jpg-9049.jpg" />
	<meta property="og:image:width" content="283" />
	<meta property="og:image:height" content="303" />
	<meta property="og:image:type" content="image/jpeg" />
<meta name="twitter:card" content="summary_large_image" />
<meta name="twitter:label1" content="Ansl. lesetid" />
	<meta name="twitter:data1" content="1 minutt" />
<script type="application/ld+json" class="yoast-schema-graph">{"@context":"https://schema.org","@graph":[{"@type":"WebPage","@id":"https://staging.forenteforlag.no/dreyers/produkt/filefjell/","url":"https://staging.forenteforlag.no/dreyers/produkt/filefjell/","name":"Filefjell - Dreyers Forlag","isPartOf":{"@id":"https://staging.forenteforlag.no/dreyers/#website"},"primaryImageOfPage":{"@id":"https://staging.forenteforlag.no/dreyers/produkt/filefjell/#primaryimage"},"image":{"@id":"https://staging.forenteforlag.no/dreyers/produkt/filefjell/#primaryimage"},"thumbnailUrl":"https://staging.forenteforlag.no/dreyers/wp-content/uploads/sites/2/2025/08/jpg-9049.jpg","datePublished":"2019-07-04T00:00:00+00:00","dateModified":"2025-08-27T10:13:00+00:00","breadcrumb":{"@id":"https://staging.forenteforlag.no/dreyers/produkt/filefjell/#breadcrumb"},"inLanguage":"nb-NO","potentialAction":[{"@type":"ReadAction","target":["https://staging.forenteforlag.no/dreyers/produkt/filefjell/"]}]},{"@type":"ImageObject","inLanguage":"nb-NO","@id":"https://staging.forenteforlag.no/dreyers/produkt/filefjell/#primaryimage","url":"https://staging.forenteforlag.no/dreyers/wp-content/uploads/sites/2/2025/08/jpg-9049.jpg","contentUrl":"https://staging.forenteforlag.no/dreyers/wp-content/uploads/sites/2/2025/08/jpg-9049.jpg","width":283,"height":303},{"@type":"BreadcrumbList","@id":"https://staging.forenteforlag.no/dreyers/produkt/filefjell/#breadcrumb","itemListElement":[{"@type":"ListItem","position":1,"name":"Hjem","item":"https://staging.forenteforlag.no/dreyers/"},{"@type":"ListItem","position":2,"name":"Alle bøker","item":"https://staging.forenteforlag.no/dreyers/butikk/"},{"@type":"ListItem","position":3,"name":"Filefjell"}]},{"@type":"WebSite","@id":"https://staging.forenteforlag.no/dreyers/#website","url":"https://staging.forenteforlag.no/dreyers/","name":"Dreyers Forlag","description":"","potentialAction":[{"@type":"SearchAction","target":{"@type":"EntryPoint","urlTemplate":"https://staging.forenteforlag.no/dreyers/?s={search_term_string}"},"query-input":{"@type":"PropertyValueSpecification","valueRequired":true,"valueName":"search_term_string"}}],"inLanguage":"nb-NO"}]}</script>
<!-- / Yoast SEO plugin. -->

Til alle tider har Filefjell vore eit sentralt bindeledd mellom aust og vest &#8211; for folk, fuglar, dyr og planter. Tidlege kartleggarar meinte naturtilhøva på Filefjell kunne forklare viktige forskjellar i kulturen mellom aust og vest, og vasskiljet på «Fillefjeldene» blei brukt til å dele det sørlege Noreg i to. Filefjell blei sjølve symbolet på [&hellip;]

Alle bøker
