{"id":21274,"date":"2019-11-18T01:00:00","date_gmt":"2019-11-18T00:00:00","guid":{"rendered":"https:\/\/dreyersforlag.forenteforlag.no\/produkt\/waffen-ss\/"},"modified":"2025-11-03T15:23:44","modified_gmt":"2025-11-03T14:23:44","slug":"waffen-ss","status":"publish","type":"product","link":"https:\/\/staging.forenteforlag.no\/dreyers\/produkt\/waffen-ss\/","title":{"rendered":"Waffen-SS"},"content":{"rendered":"<p>Et forbl\u00f8ffende paradoks i moderne milit\u00e6rhistorie er at den rasistiske organisasjonen SS skapte den mest multietniske og transnasjonale h\u00e6ren i det 20. \u00e5rhundre. Organisasjonens milit\u00e6re gren, Waffen-SS, utviklet seg i l\u00f8pet av Det tredje rikets historie fra en beskjeden livgarde for Hitler til en masseh\u00e6r med til sammen en million menn.<\/p>\n<p>Mange meldte seg frivillig til det de mente var en nazistisk eliteh\u00e6r, andre ble tvangsrekruttert etter hvert som krigen skred frem. Flertallet av soldatene kom fra Tyskland, men styrkene inkluderte mannskap fra hele Europa. Denne brokete .okken ble holdt stramt &#8211; SS-troppene var nazistenes europeiske soldater og de kjempet for Det tredje rikets dominans over Europa.<\/p>\n<p>Soldatene i Waffen-SS ble brukt p\u00e5 alle fronter i Europa og i alle former for krig og ugjerninger. De deltok i Holocaust, ble satt inn for \u00e5 bekjempe partisaner p\u00e5 Balkan, kjempet mot de allierte i Italia, gjorde tjeneste p\u00e5 Vestfronten og m\u00f8tte Den r\u00f8de arm\u00e9 p\u00e5 \u00d8stfronten fra Nordkapp til Kaukasus.<\/p>\n<p>Dette er det store verket som framlegger hele historien om Waffen-SS f\u00f8r, under og etter andre verdenskrig, og det f\u00f8rste verket som forteller denne historien p\u00e5 norsk. Boken er blitt til p\u00e5 bakgrunn av innsamlet materiale fra mer enn 20 arkiver i 16 land.<\/p>\n","protected":false},"excerpt":{"rendered":"<p>Et forbl\u00f8ffende paradoks i moderne milit\u00e6rhistorie er at den rasistiske organisasjonen SS skapte den mest multietniske og transnasjonale h\u00e6ren i det 20. \u00e5rhundre. Organisasjonens milit\u00e6re gren, Waffen-SS, utviklet seg i l\u00f8pet av Det tredje rikets historie fra en beskjeden livgarde for Hitler til en masseh\u00e6r med til sammen en million menn. Mange meldte seg frivillig [&hellip;]<\/p>\n","protected":false},"featured_media":23985,"template":"","meta":{"_acf_changed":false,"inline_featured_image":false},"product_brand":[],"product_cat":[23],"product_tag":[517,407,405,362,687,540,911],"class_list":{"0":"post-21274","1":"product","2":"type-product","3":"status-publish","4":"has-post-thumbnail","6":"product_cat-historie","7":"product_tag-1918-1939","8":"product_tag-1939-1945","9":"product_tag-andre-verdenskrig","10":"product_tag-faglitteratur","11":"product_tag-militaere","12":"product_tag-nazisme","13":"product_tag-ost-tyskland","14":"pa_format-innbundet","16":"first","17":"outofstock","18":"shipping-taxable","19":"purchasable","20":"product-type-simple"},"acf":{"anmeldelse":[{"tekst_anmeldelser":"\u00abEt mesterstykke av en bok [\u2026] fengslende godt skrevet\u00bb","av_anmeldelser":"Politiken","terningkast":"<i class=\"fa-solid fa-dice-six\"><\/i>","kilde":"Politiken"},{"tekst_anmeldelser":"\u00abForskning og fortelling p\u00e5 h\u00f8yeste internasjonale niv\u00e5\u00bb","av_anmeldelser":"Berlingske","terningkast":"<i class=\"fa-solid fa-dice-six\"><\/i>","kilde":"Berlingske"},{"tekst_anmeldelser":"\u00abFremragende og velskrevet historisk verk\u00bb","av_anmeldelser":"Kristeligt Dagblad","terningkast":"<i class=\"fa-solid fa-dice-six\"><\/i>","kilde":"Kristeligt Dagblad"},{"tekst_anmeldelser":"\u00abInternasjonalt format [\u2026] uhyre grundig og velskreven\u00bb","av_anmeldelser":"Ekstra Bladet","terningkast":"<i class=\"fa-solid fa-dice-six\"><\/i>","kilde":"Ekstra Bladet"},{"tekst_anmeldelser":"\u00abEn fremragende bok med stor spennvidde\u00bb","av_anmeldelser":"Weekendavisen","terningkast":"<i class=\"fa-solid fa-dice-five\"><\/i>","kilde":"Weekendavisen"},{"tekst_anmeldelser":"\u00abFremragende [\u2026] skrevet i et effektivt tilgjengelig spr\u00e5k\u00bb","av_anmeldelser":"Jyllands-Posten","terningkast":"<i class=\"fa-solid fa-dice-five\"><\/i>","kilde":"Jyllands-Posten"}]},"yoast_head":"<!-- This site is optimized with the Yoast SEO plugin v26.6 - https:\/\/yoast.com\/wordpress\/plugins\/seo\/ -->\n<title>Waffen-SS - Dreyers Forlag<\/title>\n<meta name=\"robots\" content=\"noindex, follow, max-snippet:-1, max-image-preview:large, max-video-preview:-1\" \/>\n<meta property=\"og:locale\" content=\"nb_NO\" \/>\n<meta property=\"og:type\" content=\"article\" \/>\n<meta property=\"og:title\" content=\"Waffen-SS - Dreyers Forlag\" \/>\n<meta property=\"og:description\" content=\"Et forbl\u00f8ffende paradoks i moderne milit\u00e6rhistorie er at den rasistiske organisasjonen SS skapte den mest multietniske og transnasjonale h\u00e6ren i det 20. \u00e5rhundre. Organisasjonens milit\u00e6re gren, Waffen-SS, utviklet seg i l\u00f8pet av Det tredje rikets historie fra en beskjeden livgarde for Hitler til en masseh\u00e6r med til sammen en million menn. Mange meldte seg frivillig [&hellip;]\" \/>\n<meta property=\"og:url\" content=\"https:\/\/staging.forenteforlag.no\/dreyers\/produkt\/waffen-ss\/\" \/>\n<meta property=\"og:site_name\" content=\"Dreyers Forlag\" \/>\n<meta property=\"article:modified_time\" content=\"2025-11-03T14:23:44+00:00\" \/>\n<meta property=\"og:image\" content=\"https:\/\/staging.forenteforlag.no\/dreyers\/wp-content\/uploads\/sites\/2\/2025\/08\/jpg-5297.jpg\" \/>\n\t<meta property=\"og:image:width\" content=\"448\" \/>\n\t<meta property=\"og:image:height\" content=\"638\" \/>\n\t<meta property=\"og:image:type\" content=\"image\/jpeg\" \/>\n<meta name=\"twitter:card\" content=\"summary_large_image\" \/>\n<meta name=\"twitter:label1\" content=\"Ansl. lesetid\" \/>\n\t<meta name=\"twitter:data1\" content=\"1 minutt\" \/>\n<script type=\"application\/ld+json\" class=\"yoast-schema-graph\">{\"@context\":\"https:\/\/schema.org\",\"@graph\":[{\"@type\":\"WebPage\",\"@id\":\"https:\/\/staging.forenteforlag.no\/dreyers\/produkt\/waffen-ss\/\",\"url\":\"https:\/\/staging.forenteforlag.no\/dreyers\/produkt\/waffen-ss\/\",\"name\":\"Waffen-SS - Dreyers Forlag\",\"isPartOf\":{\"@id\":\"https:\/\/staging.forenteforlag.no\/dreyers\/#website\"},\"primaryImageOfPage\":{\"@id\":\"https:\/\/staging.forenteforlag.no\/dreyers\/produkt\/waffen-ss\/#primaryimage\"},\"image\":{\"@id\":\"https:\/\/staging.forenteforlag.no\/dreyers\/produkt\/waffen-ss\/#primaryimage\"},\"thumbnailUrl\":\"https:\/\/staging.forenteforlag.no\/dreyers\/wp-content\/uploads\/sites\/2\/2025\/08\/jpg-5297.jpg\",\"datePublished\":\"2019-11-18T00:00:00+00:00\",\"dateModified\":\"2025-11-03T14:23:44+00:00\",\"breadcrumb\":{\"@id\":\"https:\/\/staging.forenteforlag.no\/dreyers\/produkt\/waffen-ss\/#breadcrumb\"},\"inLanguage\":\"nb-NO\",\"potentialAction\":[{\"@type\":\"ReadAction\",\"target\":[\"https:\/\/staging.forenteforlag.no\/dreyers\/produkt\/waffen-ss\/\"]}]},{\"@type\":\"ImageObject\",\"inLanguage\":\"nb-NO\",\"@id\":\"https:\/\/staging.forenteforlag.no\/dreyers\/produkt\/waffen-ss\/#primaryimage\",\"url\":\"https:\/\/staging.forenteforlag.no\/dreyers\/wp-content\/uploads\/sites\/2\/2025\/08\/jpg-5297.jpg\",\"contentUrl\":\"https:\/\/staging.forenteforlag.no\/dreyers\/wp-content\/uploads\/sites\/2\/2025\/08\/jpg-5297.jpg\",\"width\":448,\"height\":638},{\"@type\":\"BreadcrumbList\",\"@id\":\"https:\/\/staging.forenteforlag.no\/dreyers\/produkt\/waffen-ss\/#breadcrumb\",\"itemListElement\":[{\"@type\":\"ListItem\",\"position\":1,\"name\":\"Hjem\",\"item\":\"https:\/\/staging.forenteforlag.no\/dreyers\/\"},{\"@type\":\"ListItem\",\"position\":2,\"name\":\"Alle b\u00f8ker\",\"item\":\"https:\/\/staging.forenteforlag.no\/dreyers\/butikk\/\"},{\"@type\":\"ListItem\",\"position\":3,\"name\":\"Waffen-SS\"}]},{\"@type\":\"WebSite\",\"@id\":\"https:\/\/staging.forenteforlag.no\/dreyers\/#website\",\"url\":\"https:\/\/staging.forenteforlag.no\/dreyers\/\",\"name\":\"Dreyers Forlag\",\"description\":\"\",\"potentialAction\":[{\"@type\":\"SearchAction\",\"target\":{\"@type\":\"EntryPoint\",\"urlTemplate\":\"https:\/\/staging.forenteforlag.no\/dreyers\/?s={search_term_string}\"},\"query-input\":{\"@type\":\"PropertyValueSpecification\",\"valueRequired\":true,\"valueName\":\"search_term_string\"}}],\"inLanguage\":\"nb-NO\"}]}<\/script>\n<!-- \/ Yoast SEO plugin. -->","yoast_head_json":{"title":"Waffen-SS - Dreyers Forlag","robots":{"index":"noindex","follow":"follow","max-snippet":"max-snippet:-1","max-image-preview":"max-image-preview:large","max-video-preview":"max-video-preview:-1"},"og_locale":"nb_NO","og_type":"article","og_title":"Waffen-SS - Dreyers Forlag","og_description":"Et forbl\u00f8ffende paradoks i moderne milit\u00e6rhistorie er at den rasistiske organisasjonen SS skapte den mest multietniske og transnasjonale h\u00e6ren i det 20. \u00e5rhundre. Organisasjonens milit\u00e6re gren, Waffen-SS, utviklet seg i l\u00f8pet av Det tredje rikets historie fra en beskjeden livgarde for Hitler til en masseh\u00e6r med til sammen en million menn. Mange meldte seg frivillig [&hellip;]","og_url":"https:\/\/staging.forenteforlag.no\/dreyers\/produkt\/waffen-ss\/","og_site_name":"Dreyers Forlag","article_modified_time":"2025-11-03T14:23:44+00:00","og_image":[{"width":448,"height":638,"url":"https:\/\/staging.forenteforlag.no\/dreyers\/wp-content\/uploads\/sites\/2\/2025\/08\/jpg-5297.jpg","type":"image\/jpeg"}],"twitter_card":"summary_large_image","twitter_misc":{"Ansl. lesetid":"1 minutt"},"schema":{"@context":"https:\/\/schema.org","@graph":[{"@type":"WebPage","@id":"https:\/\/staging.forenteforlag.no\/dreyers\/produkt\/waffen-ss\/","url":"https:\/\/staging.forenteforlag.no\/dreyers\/produkt\/waffen-ss\/","name":"Waffen-SS - Dreyers Forlag","isPartOf":{"@id":"https:\/\/staging.forenteforlag.no\/dreyers\/#website"},"primaryImageOfPage":{"@id":"https:\/\/staging.forenteforlag.no\/dreyers\/produkt\/waffen-ss\/#primaryimage"},"image":{"@id":"https:\/\/staging.forenteforlag.no\/dreyers\/produkt\/waffen-ss\/#primaryimage"},"thumbnailUrl":"https:\/\/staging.forenteforlag.no\/dreyers\/wp-content\/uploads\/sites\/2\/2025\/08\/jpg-5297.jpg","datePublished":"2019-11-18T00:00:00+00:00","dateModified":"2025-11-03T14:23:44+00:00","breadcrumb":{"@id":"https:\/\/staging.forenteforlag.no\/dreyers\/produkt\/waffen-ss\/#breadcrumb"},"inLanguage":"nb-NO","potentialAction":[{"@type":"ReadAction","target":["https:\/\/staging.forenteforlag.no\/dreyers\/produkt\/waffen-ss\/"]}]},{"@type":"ImageObject","inLanguage":"nb-NO","@id":"https:\/\/staging.forenteforlag.no\/dreyers\/produkt\/waffen-ss\/#primaryimage","url":"https:\/\/staging.forenteforlag.no\/dreyers\/wp-content\/uploads\/sites\/2\/2025\/08\/jpg-5297.jpg","contentUrl":"https:\/\/staging.forenteforlag.no\/dreyers\/wp-content\/uploads\/sites\/2\/2025\/08\/jpg-5297.jpg","width":448,"height":638},{"@type":"BreadcrumbList","@id":"https:\/\/staging.forenteforlag.no\/dreyers\/produkt\/waffen-ss\/#breadcrumb","itemListElement":[{"@type":"ListItem","position":1,"name":"Hjem","item":"https:\/\/staging.forenteforlag.no\/dreyers\/"},{"@type":"ListItem","position":2,"name":"Alle b\u00f8ker","item":"https:\/\/staging.forenteforlag.no\/dreyers\/butikk\/"},{"@type":"ListItem","position":3,"name":"Waffen-SS"}]},{"@type":"WebSite","@id":"https:\/\/staging.forenteforlag.no\/dreyers\/#website","url":"https:\/\/staging.forenteforlag.no\/dreyers\/","name":"Dreyers Forlag","description":"","potentialAction":[{"@type":"SearchAction","target":{"@type":"EntryPoint","urlTemplate":"https:\/\/staging.forenteforlag.no\/dreyers\/?s={search_term_string}"},"query-input":{"@type":"PropertyValueSpecification","valueRequired":true,"valueName":"search_term_string"}}],"inLanguage":"nb-NO"}]}},"_links":{"self":[{"href":"https:\/\/staging.forenteforlag.no\/dreyers\/wp-json\/wp\/v2\/product\/21274","targetHints":{"allow":["GET"]}}],"collection":[{"href":"https:\/\/staging.forenteforlag.no\/dreyers\/wp-json\/wp\/v2\/product"}],"about":[{"href":"https:\/\/staging.forenteforlag.no\/dreyers\/wp-json\/wp\/v2\/types\/product"}],"wp:featuredmedia":[{"embeddable":true,"href":"https:\/\/staging.forenteforlag.no\/dreyers\/wp-json\/wp\/v2\/media\/23985"}],"wp:attachment":[{"href":"https:\/\/staging.forenteforlag.no\/dreyers\/wp-json\/wp\/v2\/media?parent=21274"}],"wp:term":[{"taxonomy":"product_brand","embeddable":true,"href":"https:\/\/staging.forenteforlag.no\/dreyers\/wp-json\/wp\/v2\/product_brand?post=21274"},{"taxonomy":"product_cat","embeddable":true,"href":"https:\/\/staging.forenteforlag.no\/dreyers\/wp-json\/wp\/v2\/product_cat?post=21274"},{"taxonomy":"product_tag","embeddable":true,"href":"https:\/\/staging.forenteforlag.no\/dreyers\/wp-json\/wp\/v2\/product_tag?post=21274"}],"curies":[{"name":"wp","href":"https:\/\/api.w.org\/{rel}","templated":true}]}}

<p>Et forbløffende paradoks i moderne militærhistorie er at den rasistiske organisasjonen SS skapte den mest multietniske og transnasjonale hæren i det 20. århundre. Organisasjonens militære gren, Waffen-SS, utviklet seg i løpet av Det tredje rikets historie fra en beskjeden livgarde for Hitler til en massehær med til sammen en million menn.</p>
<p>Mange meldte seg frivillig til det de mente var en nazistisk elitehær, andre ble tvangsrekruttert etter hvert som krigen skred frem. Flertallet av soldatene kom fra Tyskland, men styrkene inkluderte mannskap fra hele Europa. Denne brokete .okken ble holdt stramt &#8211; SS-troppene var nazistenes europeiske soldater og de kjempet for Det tredje rikets dominans over Europa.</p>
<p>Soldatene i Waffen-SS ble brukt på alle fronter i Europa og i alle former for krig og ugjerninger. De deltok i Holocaust, ble satt inn for å bekjempe partisaner på Balkan, kjempet mot de allierte i Italia, gjorde tjeneste på Vestfronten og møtte Den røde armé på Østfronten fra Nordkapp til Kaukasus.</p>
<p>Dette er det store verket som framlegger hele historien om Waffen-SS før, under og etter andre verdenskrig, og det første verket som forteller denne historien på norsk. Boken er blitt til på bakgrunn av innsamlet materiale fra mer enn 20 arkiver i 16 land.</p>

<p>Et forbløffende paradoks i moderne militærhistorie er at den rasistiske organisasjonen SS skapte den mest multietniske og transnasjonale hæren i det 20. århundre. Organisasjonens militære gren, Waffen-SS, utviklet seg i løpet av Det tredje rikets historie fra en beskjeden livgarde for Hitler til en massehær med til sammen en million menn. Mange meldte seg frivillig [&hellip;]</p>

«Forskning og fortelling på høyeste internasjonale nivå»

«Fremragende […] skrevet i et effektivt tilgjengelig språk»

<!-- This site is optimized with the Yoast SEO plugin v26.6 - https://yoast.com/wordpress/plugins/seo/ -->
<title>Waffen-SS - Dreyers Forlag</title>
<meta name="robots" content="noindex, follow, max-snippet:-1, max-image-preview:large, max-video-preview:-1" />
<meta property="og:locale" content="nb_NO" />
<meta property="og:type" content="article" />
<meta property="og:title" content="Waffen-SS - Dreyers Forlag" />
<meta property="og:description" content="Et forbløffende paradoks i moderne militærhistorie er at den rasistiske organisasjonen SS skapte den mest multietniske og transnasjonale hæren i det 20. århundre. Organisasjonens militære gren, Waffen-SS, utviklet seg i løpet av Det tredje rikets historie fra en beskjeden livgarde for Hitler til en massehær med til sammen en million menn. Mange meldte seg frivillig [&hellip;]" />
<meta property="og:url" content="https://staging.forenteforlag.no/dreyers/produkt/waffen-ss/" />
<meta property="og:site_name" content="Dreyers Forlag" />
<meta property="article:modified_time" content="2025-11-03T14:23:44+00:00" />
<meta property="og:image" content="https://staging.forenteforlag.no/dreyers/wp-content/uploads/sites/2/2025/08/jpg-5297.jpg" />
	<meta property="og:image:width" content="448" />
	<meta property="og:image:height" content="638" />
	<meta property="og:image:type" content="image/jpeg" />
<meta name="twitter:card" content="summary_large_image" />
<meta name="twitter:label1" content="Ansl. lesetid" />
	<meta name="twitter:data1" content="1 minutt" />
<script type="application/ld+json" class="yoast-schema-graph">{"@context":"https://schema.org","@graph":[{"@type":"WebPage","@id":"https://staging.forenteforlag.no/dreyers/produkt/waffen-ss/","url":"https://staging.forenteforlag.no/dreyers/produkt/waffen-ss/","name":"Waffen-SS - Dreyers Forlag","isPartOf":{"@id":"https://staging.forenteforlag.no/dreyers/#website"},"primaryImageOfPage":{"@id":"https://staging.forenteforlag.no/dreyers/produkt/waffen-ss/#primaryimage"},"image":{"@id":"https://staging.forenteforlag.no/dreyers/produkt/waffen-ss/#primaryimage"},"thumbnailUrl":"https://staging.forenteforlag.no/dreyers/wp-content/uploads/sites/2/2025/08/jpg-5297.jpg","datePublished":"2019-11-18T00:00:00+00:00","dateModified":"2025-11-03T14:23:44+00:00","breadcrumb":{"@id":"https://staging.forenteforlag.no/dreyers/produkt/waffen-ss/#breadcrumb"},"inLanguage":"nb-NO","potentialAction":[{"@type":"ReadAction","target":["https://staging.forenteforlag.no/dreyers/produkt/waffen-ss/"]}]},{"@type":"ImageObject","inLanguage":"nb-NO","@id":"https://staging.forenteforlag.no/dreyers/produkt/waffen-ss/#primaryimage","url":"https://staging.forenteforlag.no/dreyers/wp-content/uploads/sites/2/2025/08/jpg-5297.jpg","contentUrl":"https://staging.forenteforlag.no/dreyers/wp-content/uploads/sites/2/2025/08/jpg-5297.jpg","width":448,"height":638},{"@type":"BreadcrumbList","@id":"https://staging.forenteforlag.no/dreyers/produkt/waffen-ss/#breadcrumb","itemListElement":[{"@type":"ListItem","position":1,"name":"Hjem","item":"https://staging.forenteforlag.no/dreyers/"},{"@type":"ListItem","position":2,"name":"Alle bøker","item":"https://staging.forenteforlag.no/dreyers/butikk/"},{"@type":"ListItem","position":3,"name":"Waffen-SS"}]},{"@type":"WebSite","@id":"https://staging.forenteforlag.no/dreyers/#website","url":"https://staging.forenteforlag.no/dreyers/","name":"Dreyers Forlag","description":"","potentialAction":[{"@type":"SearchAction","target":{"@type":"EntryPoint","urlTemplate":"https://staging.forenteforlag.no/dreyers/?s={search_term_string}"},"query-input":{"@type":"PropertyValueSpecification","valueRequired":true,"valueName":"search_term_string"}}],"inLanguage":"nb-NO"}]}</script>
<!-- / Yoast SEO plugin. -->

Et forbløffende paradoks i moderne militærhistorie er at den rasistiske organisasjonen SS skapte den mest multietniske og transnasjonale hæren i det 20. århundre. Organisasjonens militære gren, Waffen-SS, utviklet seg i løpet av Det tredje rikets historie fra en beskjeden livgarde for Hitler til en massehær med til sammen en million menn. Mange meldte seg frivillig [&hellip;]

Alle bøker
