{"id":21271,"date":"2020-03-17T01:00:00","date_gmt":"2020-03-17T00:00:00","guid":{"rendered":"https:\/\/dreyersforlag.forenteforlag.no\/produkt\/om-ikke-na-nar-da\/"},"modified":"2025-08-27T11:37:57","modified_gmt":"2025-08-27T09:37:57","slug":"om-ikke-na-nar-da","status":"publish","type":"product","link":"https:\/\/staging.forenteforlag.no\/dreyers\/produkt\/om-ikke-na-nar-da\/","title":{"rendered":"Om ikke n\u00e5, n\u00e5r da?"},"content":{"rendered":"<p>I Om ikke n\u00e5, n\u00e5r da? er handlingen lagt til tidsrommet juli 1943-1945. Romanen forteller om en liten gruppe partisaner i det tyskokkuperte Ukraina. Noen av dem har unnsluppet massakrer og d\u00f8dsleirer, andre er desert\u00f8rer fra Den r\u00f8de arm\u00e9. De er p\u00e5 marsj vestover, og vi slipper dem ikke av syne f\u00f8r de n\u00e5r Italia, siste stasjon p\u00e5 vei til det forjettede land, Palestina. Levi kjenner disse menneskene, derfor mister de ikke troverdigheten selv i de avsnittene hvor deres eventyr og viderverdigheter bringer tanken hen p\u00e5 pikareskromanen. Her er galgenhumor og ironi, men ogs\u00e5 en understr\u00f8m av varme og kj\u00e6rlighet til j\u00f8disk kultur, til det j\u00f8diske mennesket, som gir boken et videre perspektiv enn det man vanligvis .nner i romaner med s\u00e5 n\u00e6r forankring i faktisk historisk sto.. Boken ble i 1982 hedret med de to h\u00f8yest hengende litteraturprisene i Italia &#8211; Viareggio- og Campiello-prisen. <\/p>\n<p>Etterord ved Margareth Hagen, professor i italiensk litteratur ved Universitetet i Bergen.<\/p>\n","protected":false},"excerpt":{"rendered":"<p>I Om ikke n\u00e5, n\u00e5r da? er handlingen lagt til tidsrommet juli 1943-1945. Romanen forteller om en liten gruppe partisaner i det tyskokkuperte Ukraina. Noen av dem har unnsluppet massakrer og d\u00f8dsleirer, andre er desert\u00f8rer fra Den r\u00f8de arm\u00e9. De er p\u00e5 marsj vestover, og vi slipper dem ikke av syne f\u00f8r de n\u00e5r Italia, [&hellip;]<\/p>\n","protected":false},"featured_media":24349,"template":"","meta":{"_acf_changed":false,"inline_featured_image":false},"product_brand":[],"product_cat":[1785,40],"product_tag":[407,405,1095,400,456,650,452,370,651],"class_list":{"0":"post-21271","1":"product","2":"type-product","3":"status-publish","4":"has-post-thumbnail","6":"product_cat-fripris","7":"product_cat-romaner","8":"product_tag-1939-1945","9":"product_tag-andre-verdenskrig","10":"product_tag-grafiske-romaner","11":"product_tag-historisk-litteratur","12":"product_tag-holocaust","13":"product_tag-italia","14":"product_tag-joder","15":"product_tag-skjonnlitteratur","16":"product_tag-ukraina","17":"pa_format-pocket","19":"first","20":"instock","21":"shipping-taxable","22":"purchasable","23":"product-type-simple"},"acf":{"anmeldelse":null},"yoast_head":"<!-- This site is optimized with the Yoast SEO plugin v26.6 - https:\/\/yoast.com\/wordpress\/plugins\/seo\/ -->\n<title>Om ikke n\u00e5, n\u00e5r da? - Dreyers Forlag<\/title>\n<meta name=\"robots\" content=\"noindex, follow, max-snippet:-1, max-image-preview:large, max-video-preview:-1\" \/>\n<meta property=\"og:locale\" content=\"nb_NO\" \/>\n<meta property=\"og:type\" content=\"article\" \/>\n<meta property=\"og:title\" content=\"Om ikke n\u00e5, n\u00e5r da? - Dreyers Forlag\" \/>\n<meta property=\"og:description\" content=\"I Om ikke n\u00e5, n\u00e5r da? er handlingen lagt til tidsrommet juli 1943-1945. Romanen forteller om en liten gruppe partisaner i det tyskokkuperte Ukraina. Noen av dem har unnsluppet massakrer og d\u00f8dsleirer, andre er desert\u00f8rer fra Den r\u00f8de arm\u00e9. De er p\u00e5 marsj vestover, og vi slipper dem ikke av syne f\u00f8r de n\u00e5r Italia, [&hellip;]\" \/>\n<meta property=\"og:url\" content=\"https:\/\/staging.forenteforlag.no\/dreyers\/produkt\/om-ikke-na-nar-da\/\" \/>\n<meta property=\"og:site_name\" content=\"Dreyers Forlag\" \/>\n<meta property=\"article:modified_time\" content=\"2025-08-27T09:37:57+00:00\" \/>\n<meta property=\"og:image\" content=\"https:\/\/staging.forenteforlag.no\/dreyers\/wp-content\/uploads\/sites\/2\/2025\/08\/jpg-8543.jpg\" \/>\n\t<meta property=\"og:image:width\" content=\"362\" \/>\n\t<meta property=\"og:image:height\" content=\"567\" \/>\n\t<meta property=\"og:image:type\" content=\"image\/jpeg\" \/>\n<meta name=\"twitter:card\" content=\"summary_large_image\" \/>\n<meta name=\"twitter:label1\" content=\"Ansl. lesetid\" \/>\n\t<meta name=\"twitter:data1\" content=\"1 minutt\" \/>\n<script type=\"application\/ld+json\" class=\"yoast-schema-graph\">{\"@context\":\"https:\/\/schema.org\",\"@graph\":[{\"@type\":\"WebPage\",\"@id\":\"https:\/\/staging.forenteforlag.no\/dreyers\/produkt\/om-ikke-na-nar-da\/\",\"url\":\"https:\/\/staging.forenteforlag.no\/dreyers\/produkt\/om-ikke-na-nar-da\/\",\"name\":\"Om ikke n\u00e5, n\u00e5r da? - Dreyers Forlag\",\"isPartOf\":{\"@id\":\"https:\/\/staging.forenteforlag.no\/dreyers\/#website\"},\"primaryImageOfPage\":{\"@id\":\"https:\/\/staging.forenteforlag.no\/dreyers\/produkt\/om-ikke-na-nar-da\/#primaryimage\"},\"image\":{\"@id\":\"https:\/\/staging.forenteforlag.no\/dreyers\/produkt\/om-ikke-na-nar-da\/#primaryimage\"},\"thumbnailUrl\":\"https:\/\/staging.forenteforlag.no\/dreyers\/wp-content\/uploads\/sites\/2\/2025\/08\/jpg-8543.jpg\",\"datePublished\":\"2020-03-17T00:00:00+00:00\",\"dateModified\":\"2025-08-27T09:37:57+00:00\",\"breadcrumb\":{\"@id\":\"https:\/\/staging.forenteforlag.no\/dreyers\/produkt\/om-ikke-na-nar-da\/#breadcrumb\"},\"inLanguage\":\"nb-NO\",\"potentialAction\":[{\"@type\":\"ReadAction\",\"target\":[\"https:\/\/staging.forenteforlag.no\/dreyers\/produkt\/om-ikke-na-nar-da\/\"]}]},{\"@type\":\"ImageObject\",\"inLanguage\":\"nb-NO\",\"@id\":\"https:\/\/staging.forenteforlag.no\/dreyers\/produkt\/om-ikke-na-nar-da\/#primaryimage\",\"url\":\"https:\/\/staging.forenteforlag.no\/dreyers\/wp-content\/uploads\/sites\/2\/2025\/08\/jpg-8543.jpg\",\"contentUrl\":\"https:\/\/staging.forenteforlag.no\/dreyers\/wp-content\/uploads\/sites\/2\/2025\/08\/jpg-8543.jpg\",\"width\":362,\"height\":567},{\"@type\":\"BreadcrumbList\",\"@id\":\"https:\/\/staging.forenteforlag.no\/dreyers\/produkt\/om-ikke-na-nar-da\/#breadcrumb\",\"itemListElement\":[{\"@type\":\"ListItem\",\"position\":1,\"name\":\"Hjem\",\"item\":\"https:\/\/staging.forenteforlag.no\/dreyers\/\"},{\"@type\":\"ListItem\",\"position\":2,\"name\":\"Alle b\u00f8ker\",\"item\":\"https:\/\/staging.forenteforlag.no\/dreyers\/butikk\/\"},{\"@type\":\"ListItem\",\"position\":3,\"name\":\"Om ikke n\u00e5, n\u00e5r da?\"}]},{\"@type\":\"WebSite\",\"@id\":\"https:\/\/staging.forenteforlag.no\/dreyers\/#website\",\"url\":\"https:\/\/staging.forenteforlag.no\/dreyers\/\",\"name\":\"Dreyers Forlag\",\"description\":\"\",\"potentialAction\":[{\"@type\":\"SearchAction\",\"target\":{\"@type\":\"EntryPoint\",\"urlTemplate\":\"https:\/\/staging.forenteforlag.no\/dreyers\/?s={search_term_string}\"},\"query-input\":{\"@type\":\"PropertyValueSpecification\",\"valueRequired\":true,\"valueName\":\"search_term_string\"}}],\"inLanguage\":\"nb-NO\"}]}<\/script>\n<!-- \/ Yoast SEO plugin. -->","yoast_head_json":{"title":"Om ikke n\u00e5, n\u00e5r da? - Dreyers Forlag","robots":{"index":"noindex","follow":"follow","max-snippet":"max-snippet:-1","max-image-preview":"max-image-preview:large","max-video-preview":"max-video-preview:-1"},"og_locale":"nb_NO","og_type":"article","og_title":"Om ikke n\u00e5, n\u00e5r da? - Dreyers Forlag","og_description":"I Om ikke n\u00e5, n\u00e5r da? er handlingen lagt til tidsrommet juli 1943-1945. Romanen forteller om en liten gruppe partisaner i det tyskokkuperte Ukraina. Noen av dem har unnsluppet massakrer og d\u00f8dsleirer, andre er desert\u00f8rer fra Den r\u00f8de arm\u00e9. De er p\u00e5 marsj vestover, og vi slipper dem ikke av syne f\u00f8r de n\u00e5r Italia, [&hellip;]","og_url":"https:\/\/staging.forenteforlag.no\/dreyers\/produkt\/om-ikke-na-nar-da\/","og_site_name":"Dreyers Forlag","article_modified_time":"2025-08-27T09:37:57+00:00","og_image":[{"width":362,"height":567,"url":"https:\/\/staging.forenteforlag.no\/dreyers\/wp-content\/uploads\/sites\/2\/2025\/08\/jpg-8543.jpg","type":"image\/jpeg"}],"twitter_card":"summary_large_image","twitter_misc":{"Ansl. lesetid":"1 minutt"},"schema":{"@context":"https:\/\/schema.org","@graph":[{"@type":"WebPage","@id":"https:\/\/staging.forenteforlag.no\/dreyers\/produkt\/om-ikke-na-nar-da\/","url":"https:\/\/staging.forenteforlag.no\/dreyers\/produkt\/om-ikke-na-nar-da\/","name":"Om ikke n\u00e5, n\u00e5r da? - Dreyers Forlag","isPartOf":{"@id":"https:\/\/staging.forenteforlag.no\/dreyers\/#website"},"primaryImageOfPage":{"@id":"https:\/\/staging.forenteforlag.no\/dreyers\/produkt\/om-ikke-na-nar-da\/#primaryimage"},"image":{"@id":"https:\/\/staging.forenteforlag.no\/dreyers\/produkt\/om-ikke-na-nar-da\/#primaryimage"},"thumbnailUrl":"https:\/\/staging.forenteforlag.no\/dreyers\/wp-content\/uploads\/sites\/2\/2025\/08\/jpg-8543.jpg","datePublished":"2020-03-17T00:00:00+00:00","dateModified":"2025-08-27T09:37:57+00:00","breadcrumb":{"@id":"https:\/\/staging.forenteforlag.no\/dreyers\/produkt\/om-ikke-na-nar-da\/#breadcrumb"},"inLanguage":"nb-NO","potentialAction":[{"@type":"ReadAction","target":["https:\/\/staging.forenteforlag.no\/dreyers\/produkt\/om-ikke-na-nar-da\/"]}]},{"@type":"ImageObject","inLanguage":"nb-NO","@id":"https:\/\/staging.forenteforlag.no\/dreyers\/produkt\/om-ikke-na-nar-da\/#primaryimage","url":"https:\/\/staging.forenteforlag.no\/dreyers\/wp-content\/uploads\/sites\/2\/2025\/08\/jpg-8543.jpg","contentUrl":"https:\/\/staging.forenteforlag.no\/dreyers\/wp-content\/uploads\/sites\/2\/2025\/08\/jpg-8543.jpg","width":362,"height":567},{"@type":"BreadcrumbList","@id":"https:\/\/staging.forenteforlag.no\/dreyers\/produkt\/om-ikke-na-nar-da\/#breadcrumb","itemListElement":[{"@type":"ListItem","position":1,"name":"Hjem","item":"https:\/\/staging.forenteforlag.no\/dreyers\/"},{"@type":"ListItem","position":2,"name":"Alle b\u00f8ker","item":"https:\/\/staging.forenteforlag.no\/dreyers\/butikk\/"},{"@type":"ListItem","position":3,"name":"Om ikke n\u00e5, n\u00e5r da?"}]},{"@type":"WebSite","@id":"https:\/\/staging.forenteforlag.no\/dreyers\/#website","url":"https:\/\/staging.forenteforlag.no\/dreyers\/","name":"Dreyers Forlag","description":"","potentialAction":[{"@type":"SearchAction","target":{"@type":"EntryPoint","urlTemplate":"https:\/\/staging.forenteforlag.no\/dreyers\/?s={search_term_string}"},"query-input":{"@type":"PropertyValueSpecification","valueRequired":true,"valueName":"search_term_string"}}],"inLanguage":"nb-NO"}]}},"_links":{"self":[{"href":"https:\/\/staging.forenteforlag.no\/dreyers\/wp-json\/wp\/v2\/product\/21271","targetHints":{"allow":["GET"]}}],"collection":[{"href":"https:\/\/staging.forenteforlag.no\/dreyers\/wp-json\/wp\/v2\/product"}],"about":[{"href":"https:\/\/staging.forenteforlag.no\/dreyers\/wp-json\/wp\/v2\/types\/product"}],"wp:featuredmedia":[{"embeddable":true,"href":"https:\/\/staging.forenteforlag.no\/dreyers\/wp-json\/wp\/v2\/media\/24349"}],"wp:attachment":[{"href":"https:\/\/staging.forenteforlag.no\/dreyers\/wp-json\/wp\/v2\/media?parent=21271"}],"wp:term":[{"taxonomy":"product_brand","embeddable":true,"href":"https:\/\/staging.forenteforlag.no\/dreyers\/wp-json\/wp\/v2\/product_brand?post=21271"},{"taxonomy":"product_cat","embeddable":true,"href":"https:\/\/staging.forenteforlag.no\/dreyers\/wp-json\/wp\/v2\/product_cat?post=21271"},{"taxonomy":"product_tag","embeddable":true,"href":"https:\/\/staging.forenteforlag.no\/dreyers\/wp-json\/wp\/v2\/product_tag?post=21271"}],"curies":[{"name":"wp","href":"https:\/\/api.w.org\/{rel}","templated":true}]}}

Om ikke nå, når da?

<p>I Om ikke nå, når da? er handlingen lagt til tidsrommet juli 1943-1945. Romanen forteller om en liten gruppe partisaner i det tyskokkuperte Ukraina. Noen av dem har unnsluppet massakrer og dødsleirer, andre er desertører fra Den røde armé. De er på marsj vestover, og vi slipper dem ikke av syne før de når Italia, siste stasjon på vei til det forjettede land, Palestina. Levi kjenner disse menneskene, derfor mister de ikke troverdigheten selv i de avsnittene hvor deres eventyr og viderverdigheter bringer tanken hen på pikareskromanen. Her er galgenhumor og ironi, men også en understrøm av varme og kjærlighet til jødisk kultur, til det jødiske mennesket, som gir boken et videre perspektiv enn det man vanligvis .nner i romaner med så nær forankring i faktisk historisk sto.. Boken ble i 1982 hedret med de to høyest hengende litteraturprisene i Italia &#8211; Viareggio- og Campiello-prisen. </p>
<p>Etterord ved Margareth Hagen, professor i italiensk litteratur ved Universitetet i Bergen.</p>

<p>I Om ikke nå, når da? er handlingen lagt til tidsrommet juli 1943-1945. Romanen forteller om en liten gruppe partisaner i det tyskokkuperte Ukraina. Noen av dem har unnsluppet massakrer og dødsleirer, andre er desertører fra Den røde armé. De er på marsj vestover, og vi slipper dem ikke av syne før de når Italia, [&hellip;]</p>

<!-- This site is optimized with the Yoast SEO plugin v26.6 - https://yoast.com/wordpress/plugins/seo/ -->
<title>Om ikke nå, når da? - Dreyers Forlag</title>
<meta name="robots" content="noindex, follow, max-snippet:-1, max-image-preview:large, max-video-preview:-1" />
<meta property="og:locale" content="nb_NO" />
<meta property="og:type" content="article" />
<meta property="og:title" content="Om ikke nå, når da? - Dreyers Forlag" />
<meta property="og:description" content="I Om ikke nå, når da? er handlingen lagt til tidsrommet juli 1943-1945. Romanen forteller om en liten gruppe partisaner i det tyskokkuperte Ukraina. Noen av dem har unnsluppet massakrer og dødsleirer, andre er desertører fra Den røde armé. De er på marsj vestover, og vi slipper dem ikke av syne før de når Italia, [&hellip;]" />
<meta property="og:url" content="https://staging.forenteforlag.no/dreyers/produkt/om-ikke-na-nar-da/" />
<meta property="og:site_name" content="Dreyers Forlag" />
<meta property="article:modified_time" content="2025-08-27T09:37:57+00:00" />
<meta property="og:image" content="https://staging.forenteforlag.no/dreyers/wp-content/uploads/sites/2/2025/08/jpg-8543.jpg" />
	<meta property="og:image:width" content="362" />
	<meta property="og:image:height" content="567" />
	<meta property="og:image:type" content="image/jpeg" />
<meta name="twitter:card" content="summary_large_image" />
<meta name="twitter:label1" content="Ansl. lesetid" />
	<meta name="twitter:data1" content="1 minutt" />
<script type="application/ld+json" class="yoast-schema-graph">{"@context":"https://schema.org","@graph":[{"@type":"WebPage","@id":"https://staging.forenteforlag.no/dreyers/produkt/om-ikke-na-nar-da/","url":"https://staging.forenteforlag.no/dreyers/produkt/om-ikke-na-nar-da/","name":"Om ikke nå, når da? - Dreyers Forlag","isPartOf":{"@id":"https://staging.forenteforlag.no/dreyers/#website"},"primaryImageOfPage":{"@id":"https://staging.forenteforlag.no/dreyers/produkt/om-ikke-na-nar-da/#primaryimage"},"image":{"@id":"https://staging.forenteforlag.no/dreyers/produkt/om-ikke-na-nar-da/#primaryimage"},"thumbnailUrl":"https://staging.forenteforlag.no/dreyers/wp-content/uploads/sites/2/2025/08/jpg-8543.jpg","datePublished":"2020-03-17T00:00:00+00:00","dateModified":"2025-08-27T09:37:57+00:00","breadcrumb":{"@id":"https://staging.forenteforlag.no/dreyers/produkt/om-ikke-na-nar-da/#breadcrumb"},"inLanguage":"nb-NO","potentialAction":[{"@type":"ReadAction","target":["https://staging.forenteforlag.no/dreyers/produkt/om-ikke-na-nar-da/"]}]},{"@type":"ImageObject","inLanguage":"nb-NO","@id":"https://staging.forenteforlag.no/dreyers/produkt/om-ikke-na-nar-da/#primaryimage","url":"https://staging.forenteforlag.no/dreyers/wp-content/uploads/sites/2/2025/08/jpg-8543.jpg","contentUrl":"https://staging.forenteforlag.no/dreyers/wp-content/uploads/sites/2/2025/08/jpg-8543.jpg","width":362,"height":567},{"@type":"BreadcrumbList","@id":"https://staging.forenteforlag.no/dreyers/produkt/om-ikke-na-nar-da/#breadcrumb","itemListElement":[{"@type":"ListItem","position":1,"name":"Hjem","item":"https://staging.forenteforlag.no/dreyers/"},{"@type":"ListItem","position":2,"name":"Alle bøker","item":"https://staging.forenteforlag.no/dreyers/butikk/"},{"@type":"ListItem","position":3,"name":"Om ikke nå, når da?"}]},{"@type":"WebSite","@id":"https://staging.forenteforlag.no/dreyers/#website","url":"https://staging.forenteforlag.no/dreyers/","name":"Dreyers Forlag","description":"","potentialAction":[{"@type":"SearchAction","target":{"@type":"EntryPoint","urlTemplate":"https://staging.forenteforlag.no/dreyers/?s={search_term_string}"},"query-input":{"@type":"PropertyValueSpecification","valueRequired":true,"valueName":"search_term_string"}}],"inLanguage":"nb-NO"}]}</script>
<!-- / Yoast SEO plugin. -->

Om ikke nå, når da? - Dreyers Forlag

I Om ikke nå, når da? er handlingen lagt til tidsrommet juli 1943-1945. Romanen forteller om en liten gruppe partisaner i det tyskokkuperte Ukraina. Noen av dem har unnsluppet massakrer og dødsleirer, andre er desertører fra Den røde armé. De er på marsj vestover, og vi slipper dem ikke av syne før de når Italia, [&hellip;]

Alle bøker
