{"id":21270,"date":"2020-03-17T01:00:00","date_gmt":"2020-03-17T00:00:00","guid":{"rendered":"https:\/\/dreyersforlag.forenteforlag.no\/produkt\/hvis-dette-er-et-menneske\/"},"modified":"2026-01-05T05:17:07","modified_gmt":"2026-01-05T04:17:07","slug":"hvis-dette-er-et-menneske","status":"publish","type":"product","link":"https:\/\/staging.forenteforlag.no\/dreyers\/produkt\/hvis-dette-er-et-menneske\/","title":{"rendered":"Hvis dette er et menneske"},"content":{"rendered":"<p><em>Hvis dette er et menneske<\/em> er Primo Levis vitnesbyrd fra Auschwitz. Teksten springer ut av Primo Levis grunnleggende \u00abtrang til \u00e5 la de andre f\u00e5 vite\u00bb. I sitt vitneprov omformer Levi ekstrem lidelse, ydmykelse, brutalitet, nedverdigelse og smerte til \u00f8kt innsikt og kunnskap. Bokens tittel, <em>Hvis dette er et menneske<\/em>, inviterer oss inn i en dyptg\u00e5ende refleksjon over hva et menneske er, hva som skal til for \u00e5 gj\u00f8re oss til mennesker, og hva som kan ta fra oss det menneskelige. Konsentrasjonsleiren som system hadde som form\u00e5l \u00e5 redusere fangene til \u00abundermennesker\u00bb, hvis eneste berettigelse var funksjonen som ren biologisk arbeidskraft. Romanen kan leses som en personlig beretning om leirerfaringer, men tekstens kanskje like viktige dimensjon er at den representerer et filosofisk og antropologisk studium av menneskelige ekstremsituasjoner. Rent konkret skildrer boken perioden fra Primo Levis arrestasjon i 1943 og oppholdet i Auschwitz fram til 18. januar 1945, da russiske styrker befridde leiren. Etterord ved Margareth Hagen, professor i italiensk litteratur ved Universitetet i Bergen.<\/p>\n","protected":false},"excerpt":{"rendered":"<p>Hvis dette er et menneske er Primo Levis vitnesbyrd fra Auschwitz. Teksten springer ut av Primo Levis grunnleggende \u00abtrang til \u00e5 la de andre f\u00e5 vite\u00bb. I sitt vitneprov omformer Levi ekstrem lidelse, ydmykelse, brutalitet, nedverdigelse og smerte til \u00f8kt innsikt og kunnskap. Bokens tittel, Hvis dette er et menneske, inviterer oss inn i en [&hellip;]<\/p>\n","protected":false},"featured_media":24229,"template":"","meta":{"_acf_changed":false,"inline_featured_image":false},"product_brand":[],"product_cat":[20,1785],"product_tag":[362],"class_list":{"0":"post-21270","1":"product","2":"type-product","3":"status-publish","4":"has-post-thumbnail","6":"product_cat-biografier-og-memoarer","7":"product_cat-fripris","8":"product_tag-faglitteratur","9":"pa_format-pocket","11":"first","12":"instock","13":"shipping-taxable","14":"purchasable","15":"product-type-simple"},"acf":{"anmeldelse":[{"tekst_anmeldelser":"\u00abI den kanskje aller fremste av \u00f8yenvitneskildringer som kom ut av nazistenes redselsvelde, Hvis dette er et menneske (1947), beskriver Levi kort at han i 1943 ble arrestert for partisanvirksomhet. [\u2026] Han skriver for selv \u00e5 kunne tro p\u00e5 det som skjedde og ikke glemme. Resultatet er en prosa s\u00e5 tindrende klar og forbl\u00f8ffende nyansert at den er opprivende \u00e5 lese. [\u2026] F\u00f8lelser og refleksjoner man i l\u00f8pet av et vanlig menneskeliv kanskje ikke engang vet eksisterer, vekkes her til live i Primo Levis prosa.\u00bb","av_anmeldelser":"Preben Jordal","terningkast":false,"kilde":"Aftenposten"}]},"yoast_head":"<!-- This site is optimized with the Yoast SEO plugin v26.6 - https:\/\/yoast.com\/wordpress\/plugins\/seo\/ -->\n<title>Hvis dette er et menneske - Dreyers Forlag<\/title>\n<meta name=\"robots\" content=\"noindex, follow, max-snippet:-1, max-image-preview:large, max-video-preview:-1\" \/>\n<meta property=\"og:locale\" content=\"nb_NO\" \/>\n<meta property=\"og:type\" content=\"article\" \/>\n<meta property=\"og:title\" content=\"Hvis dette er et menneske - Dreyers Forlag\" \/>\n<meta property=\"og:description\" content=\"Hvis dette er et menneske er Primo Levis vitnesbyrd fra Auschwitz. Teksten springer ut av Primo Levis grunnleggende \u00abtrang til \u00e5 la de andre f\u00e5 vite\u00bb. I sitt vitneprov omformer Levi ekstrem lidelse, ydmykelse, brutalitet, nedverdigelse og smerte til \u00f8kt innsikt og kunnskap. Bokens tittel, Hvis dette er et menneske, inviterer oss inn i en [&hellip;]\" \/>\n<meta property=\"og:url\" content=\"https:\/\/staging.forenteforlag.no\/dreyers\/produkt\/hvis-dette-er-et-menneske\/\" \/>\n<meta property=\"og:site_name\" content=\"Dreyers Forlag\" \/>\n<meta property=\"article:modified_time\" content=\"2026-01-05T04:17:07+00:00\" \/>\n<meta property=\"og:image\" content=\"https:\/\/staging.forenteforlag.no\/dreyers\/wp-content\/uploads\/sites\/2\/2025\/08\/jpg-7489.jpg\" \/>\n\t<meta property=\"og:image:width\" content=\"352\" \/>\n\t<meta property=\"og:image:height\" content=\"563\" \/>\n\t<meta property=\"og:image:type\" content=\"image\/jpeg\" \/>\n<meta name=\"twitter:card\" content=\"summary_large_image\" \/>\n<meta name=\"twitter:label1\" content=\"Ansl. lesetid\" \/>\n\t<meta name=\"twitter:data1\" content=\"1 minutt\" \/>\n<script type=\"application\/ld+json\" class=\"yoast-schema-graph\">{\"@context\":\"https:\/\/schema.org\",\"@graph\":[{\"@type\":\"WebPage\",\"@id\":\"https:\/\/staging.forenteforlag.no\/dreyers\/produkt\/hvis-dette-er-et-menneske\/\",\"url\":\"https:\/\/staging.forenteforlag.no\/dreyers\/produkt\/hvis-dette-er-et-menneske\/\",\"name\":\"Hvis dette er et menneske - Dreyers Forlag\",\"isPartOf\":{\"@id\":\"https:\/\/staging.forenteforlag.no\/dreyers\/#website\"},\"primaryImageOfPage\":{\"@id\":\"https:\/\/staging.forenteforlag.no\/dreyers\/produkt\/hvis-dette-er-et-menneske\/#primaryimage\"},\"image\":{\"@id\":\"https:\/\/staging.forenteforlag.no\/dreyers\/produkt\/hvis-dette-er-et-menneske\/#primaryimage\"},\"thumbnailUrl\":\"https:\/\/staging.forenteforlag.no\/dreyers\/wp-content\/uploads\/sites\/2\/2025\/08\/jpg-7489.jpg\",\"datePublished\":\"2020-03-17T00:00:00+00:00\",\"dateModified\":\"2026-01-05T04:17:07+00:00\",\"breadcrumb\":{\"@id\":\"https:\/\/staging.forenteforlag.no\/dreyers\/produkt\/hvis-dette-er-et-menneske\/#breadcrumb\"},\"inLanguage\":\"nb-NO\",\"potentialAction\":[{\"@type\":\"ReadAction\",\"target\":[\"https:\/\/staging.forenteforlag.no\/dreyers\/produkt\/hvis-dette-er-et-menneske\/\"]}]},{\"@type\":\"ImageObject\",\"inLanguage\":\"nb-NO\",\"@id\":\"https:\/\/staging.forenteforlag.no\/dreyers\/produkt\/hvis-dette-er-et-menneske\/#primaryimage\",\"url\":\"https:\/\/staging.forenteforlag.no\/dreyers\/wp-content\/uploads\/sites\/2\/2025\/08\/jpg-7489.jpg\",\"contentUrl\":\"https:\/\/staging.forenteforlag.no\/dreyers\/wp-content\/uploads\/sites\/2\/2025\/08\/jpg-7489.jpg\",\"width\":352,\"height\":563},{\"@type\":\"BreadcrumbList\",\"@id\":\"https:\/\/staging.forenteforlag.no\/dreyers\/produkt\/hvis-dette-er-et-menneske\/#breadcrumb\",\"itemListElement\":[{\"@type\":\"ListItem\",\"position\":1,\"name\":\"Hjem\",\"item\":\"https:\/\/staging.forenteforlag.no\/dreyers\/\"},{\"@type\":\"ListItem\",\"position\":2,\"name\":\"Alle b\u00f8ker\",\"item\":\"https:\/\/staging.forenteforlag.no\/dreyers\/butikk\/\"},{\"@type\":\"ListItem\",\"position\":3,\"name\":\"Hvis dette er et menneske\"}]},{\"@type\":\"WebSite\",\"@id\":\"https:\/\/staging.forenteforlag.no\/dreyers\/#website\",\"url\":\"https:\/\/staging.forenteforlag.no\/dreyers\/\",\"name\":\"Dreyers Forlag\",\"description\":\"\",\"potentialAction\":[{\"@type\":\"SearchAction\",\"target\":{\"@type\":\"EntryPoint\",\"urlTemplate\":\"https:\/\/staging.forenteforlag.no\/dreyers\/?s={search_term_string}\"},\"query-input\":{\"@type\":\"PropertyValueSpecification\",\"valueRequired\":true,\"valueName\":\"search_term_string\"}}],\"inLanguage\":\"nb-NO\"}]}<\/script>\n<!-- \/ Yoast SEO plugin. -->","yoast_head_json":{"title":"Hvis dette er et menneske - Dreyers Forlag","robots":{"index":"noindex","follow":"follow","max-snippet":"max-snippet:-1","max-image-preview":"max-image-preview:large","max-video-preview":"max-video-preview:-1"},"og_locale":"nb_NO","og_type":"article","og_title":"Hvis dette er et menneske - Dreyers Forlag","og_description":"Hvis dette er et menneske er Primo Levis vitnesbyrd fra Auschwitz. Teksten springer ut av Primo Levis grunnleggende \u00abtrang til \u00e5 la de andre f\u00e5 vite\u00bb. I sitt vitneprov omformer Levi ekstrem lidelse, ydmykelse, brutalitet, nedverdigelse og smerte til \u00f8kt innsikt og kunnskap. Bokens tittel, Hvis dette er et menneske, inviterer oss inn i en [&hellip;]","og_url":"https:\/\/staging.forenteforlag.no\/dreyers\/produkt\/hvis-dette-er-et-menneske\/","og_site_name":"Dreyers Forlag","article_modified_time":"2026-01-05T04:17:07+00:00","og_image":[{"width":352,"height":563,"url":"https:\/\/staging.forenteforlag.no\/dreyers\/wp-content\/uploads\/sites\/2\/2025\/08\/jpg-7489.jpg","type":"image\/jpeg"}],"twitter_card":"summary_large_image","twitter_misc":{"Ansl. lesetid":"1 minutt"},"schema":{"@context":"https:\/\/schema.org","@graph":[{"@type":"WebPage","@id":"https:\/\/staging.forenteforlag.no\/dreyers\/produkt\/hvis-dette-er-et-menneske\/","url":"https:\/\/staging.forenteforlag.no\/dreyers\/produkt\/hvis-dette-er-et-menneske\/","name":"Hvis dette er et menneske - Dreyers Forlag","isPartOf":{"@id":"https:\/\/staging.forenteforlag.no\/dreyers\/#website"},"primaryImageOfPage":{"@id":"https:\/\/staging.forenteforlag.no\/dreyers\/produkt\/hvis-dette-er-et-menneske\/#primaryimage"},"image":{"@id":"https:\/\/staging.forenteforlag.no\/dreyers\/produkt\/hvis-dette-er-et-menneske\/#primaryimage"},"thumbnailUrl":"https:\/\/staging.forenteforlag.no\/dreyers\/wp-content\/uploads\/sites\/2\/2025\/08\/jpg-7489.jpg","datePublished":"2020-03-17T00:00:00+00:00","dateModified":"2026-01-05T04:17:07+00:00","breadcrumb":{"@id":"https:\/\/staging.forenteforlag.no\/dreyers\/produkt\/hvis-dette-er-et-menneske\/#breadcrumb"},"inLanguage":"nb-NO","potentialAction":[{"@type":"ReadAction","target":["https:\/\/staging.forenteforlag.no\/dreyers\/produkt\/hvis-dette-er-et-menneske\/"]}]},{"@type":"ImageObject","inLanguage":"nb-NO","@id":"https:\/\/staging.forenteforlag.no\/dreyers\/produkt\/hvis-dette-er-et-menneske\/#primaryimage","url":"https:\/\/staging.forenteforlag.no\/dreyers\/wp-content\/uploads\/sites\/2\/2025\/08\/jpg-7489.jpg","contentUrl":"https:\/\/staging.forenteforlag.no\/dreyers\/wp-content\/uploads\/sites\/2\/2025\/08\/jpg-7489.jpg","width":352,"height":563},{"@type":"BreadcrumbList","@id":"https:\/\/staging.forenteforlag.no\/dreyers\/produkt\/hvis-dette-er-et-menneske\/#breadcrumb","itemListElement":[{"@type":"ListItem","position":1,"name":"Hjem","item":"https:\/\/staging.forenteforlag.no\/dreyers\/"},{"@type":"ListItem","position":2,"name":"Alle b\u00f8ker","item":"https:\/\/staging.forenteforlag.no\/dreyers\/butikk\/"},{"@type":"ListItem","position":3,"name":"Hvis dette er et menneske"}]},{"@type":"WebSite","@id":"https:\/\/staging.forenteforlag.no\/dreyers\/#website","url":"https:\/\/staging.forenteforlag.no\/dreyers\/","name":"Dreyers Forlag","description":"","potentialAction":[{"@type":"SearchAction","target":{"@type":"EntryPoint","urlTemplate":"https:\/\/staging.forenteforlag.no\/dreyers\/?s={search_term_string}"},"query-input":{"@type":"PropertyValueSpecification","valueRequired":true,"valueName":"search_term_string"}}],"inLanguage":"nb-NO"}]}},"_links":{"self":[{"href":"https:\/\/staging.forenteforlag.no\/dreyers\/wp-json\/wp\/v2\/product\/21270","targetHints":{"allow":["GET"]}}],"collection":[{"href":"https:\/\/staging.forenteforlag.no\/dreyers\/wp-json\/wp\/v2\/product"}],"about":[{"href":"https:\/\/staging.forenteforlag.no\/dreyers\/wp-json\/wp\/v2\/types\/product"}],"wp:featuredmedia":[{"embeddable":true,"href":"https:\/\/staging.forenteforlag.no\/dreyers\/wp-json\/wp\/v2\/media\/24229"}],"wp:attachment":[{"href":"https:\/\/staging.forenteforlag.no\/dreyers\/wp-json\/wp\/v2\/media?parent=21270"}],"wp:term":[{"taxonomy":"product_brand","embeddable":true,"href":"https:\/\/staging.forenteforlag.no\/dreyers\/wp-json\/wp\/v2\/product_brand?post=21270"},{"taxonomy":"product_cat","embeddable":true,"href":"https:\/\/staging.forenteforlag.no\/dreyers\/wp-json\/wp\/v2\/product_cat?post=21270"},{"taxonomy":"product_tag","embeddable":true,"href":"https:\/\/staging.forenteforlag.no\/dreyers\/wp-json\/wp\/v2\/product_tag?post=21270"}],"curies":[{"name":"wp","href":"https:\/\/api.w.org\/{rel}","templated":true}]}}

<p><em>Hvis dette er et menneske</em> er Primo Levis vitnesbyrd fra Auschwitz. Teksten springer ut av Primo Levis grunnleggende «trang til å la de andre få vite». I sitt vitneprov omformer Levi ekstrem lidelse, ydmykelse, brutalitet, nedverdigelse og smerte til økt innsikt og kunnskap. Bokens tittel, <em>Hvis dette er et menneske</em>, inviterer oss inn i en dyptgående refleksjon over hva et menneske er, hva som skal til for å gjøre oss til mennesker, og hva som kan ta fra oss det menneskelige. Konsentrasjonsleiren som system hadde som formål å redusere fangene til «undermennesker», hvis eneste berettigelse var funksjonen som ren biologisk arbeidskraft. Romanen kan leses som en personlig beretning om leirerfaringer, men tekstens kanskje like viktige dimensjon er at den representerer et filosofisk og antropologisk studium av menneskelige ekstremsituasjoner. Rent konkret skildrer boken perioden fra Primo Levis arrestasjon i 1943 og oppholdet i Auschwitz fram til 18. januar 1945, da russiske styrker befridde leiren. Etterord ved Margareth Hagen, professor i italiensk litteratur ved Universitetet i Bergen.</p>

<p>Hvis dette er et menneske er Primo Levis vitnesbyrd fra Auschwitz. Teksten springer ut av Primo Levis grunnleggende «trang til å la de andre få vite». I sitt vitneprov omformer Levi ekstrem lidelse, ydmykelse, brutalitet, nedverdigelse og smerte til økt innsikt og kunnskap. Bokens tittel, Hvis dette er et menneske, inviterer oss inn i en [&hellip;]</p>

«I den kanskje aller fremste av øyenvitneskildringer som kom ut av nazistenes redselsvelde, Hvis dette er et menneske (1947), beskriver Levi kort at han i 1943 ble arrestert for partisanvirksomhet. […] Han skriver for selv å kunne tro på det som skjedde og ikke glemme. Resultatet er en prosa så tindrende klar og forbløffende nyansert at den er opprivende å lese. […] Følelser og refleksjoner man i løpet av et vanlig menneskeliv kanskje ikke engang vet eksisterer, vekkes her til live i Primo Levis prosa.»

<!-- This site is optimized with the Yoast SEO plugin v26.6 - https://yoast.com/wordpress/plugins/seo/ -->
<title>Hvis dette er et menneske - Dreyers Forlag</title>
<meta name="robots" content="noindex, follow, max-snippet:-1, max-image-preview:large, max-video-preview:-1" />
<meta property="og:locale" content="nb_NO" />
<meta property="og:type" content="article" />
<meta property="og:title" content="Hvis dette er et menneske - Dreyers Forlag" />
<meta property="og:description" content="Hvis dette er et menneske er Primo Levis vitnesbyrd fra Auschwitz. Teksten springer ut av Primo Levis grunnleggende «trang til å la de andre få vite». I sitt vitneprov omformer Levi ekstrem lidelse, ydmykelse, brutalitet, nedverdigelse og smerte til økt innsikt og kunnskap. Bokens tittel, Hvis dette er et menneske, inviterer oss inn i en [&hellip;]" />
<meta property="og:url" content="https://staging.forenteforlag.no/dreyers/produkt/hvis-dette-er-et-menneske/" />
<meta property="og:site_name" content="Dreyers Forlag" />
<meta property="article:modified_time" content="2026-01-05T04:17:07+00:00" />
<meta property="og:image" content="https://staging.forenteforlag.no/dreyers/wp-content/uploads/sites/2/2025/08/jpg-7489.jpg" />
	<meta property="og:image:width" content="352" />
	<meta property="og:image:height" content="563" />
	<meta property="og:image:type" content="image/jpeg" />
<meta name="twitter:card" content="summary_large_image" />
<meta name="twitter:label1" content="Ansl. lesetid" />
	<meta name="twitter:data1" content="1 minutt" />
<script type="application/ld+json" class="yoast-schema-graph">{"@context":"https://schema.org","@graph":[{"@type":"WebPage","@id":"https://staging.forenteforlag.no/dreyers/produkt/hvis-dette-er-et-menneske/","url":"https://staging.forenteforlag.no/dreyers/produkt/hvis-dette-er-et-menneske/","name":"Hvis dette er et menneske - Dreyers Forlag","isPartOf":{"@id":"https://staging.forenteforlag.no/dreyers/#website"},"primaryImageOfPage":{"@id":"https://staging.forenteforlag.no/dreyers/produkt/hvis-dette-er-et-menneske/#primaryimage"},"image":{"@id":"https://staging.forenteforlag.no/dreyers/produkt/hvis-dette-er-et-menneske/#primaryimage"},"thumbnailUrl":"https://staging.forenteforlag.no/dreyers/wp-content/uploads/sites/2/2025/08/jpg-7489.jpg","datePublished":"2020-03-17T00:00:00+00:00","dateModified":"2026-01-05T04:17:07+00:00","breadcrumb":{"@id":"https://staging.forenteforlag.no/dreyers/produkt/hvis-dette-er-et-menneske/#breadcrumb"},"inLanguage":"nb-NO","potentialAction":[{"@type":"ReadAction","target":["https://staging.forenteforlag.no/dreyers/produkt/hvis-dette-er-et-menneske/"]}]},{"@type":"ImageObject","inLanguage":"nb-NO","@id":"https://staging.forenteforlag.no/dreyers/produkt/hvis-dette-er-et-menneske/#primaryimage","url":"https://staging.forenteforlag.no/dreyers/wp-content/uploads/sites/2/2025/08/jpg-7489.jpg","contentUrl":"https://staging.forenteforlag.no/dreyers/wp-content/uploads/sites/2/2025/08/jpg-7489.jpg","width":352,"height":563},{"@type":"BreadcrumbList","@id":"https://staging.forenteforlag.no/dreyers/produkt/hvis-dette-er-et-menneske/#breadcrumb","itemListElement":[{"@type":"ListItem","position":1,"name":"Hjem","item":"https://staging.forenteforlag.no/dreyers/"},{"@type":"ListItem","position":2,"name":"Alle bøker","item":"https://staging.forenteforlag.no/dreyers/butikk/"},{"@type":"ListItem","position":3,"name":"Hvis dette er et menneske"}]},{"@type":"WebSite","@id":"https://staging.forenteforlag.no/dreyers/#website","url":"https://staging.forenteforlag.no/dreyers/","name":"Dreyers Forlag","description":"","potentialAction":[{"@type":"SearchAction","target":{"@type":"EntryPoint","urlTemplate":"https://staging.forenteforlag.no/dreyers/?s={search_term_string}"},"query-input":{"@type":"PropertyValueSpecification","valueRequired":true,"valueName":"search_term_string"}}],"inLanguage":"nb-NO"}]}</script>
<!-- / Yoast SEO plugin. -->

Hvis dette er et menneske er Primo Levis vitnesbyrd fra Auschwitz. Teksten springer ut av Primo Levis grunnleggende «trang til å la de andre få vite». I sitt vitneprov omformer Levi ekstrem lidelse, ydmykelse, brutalitet, nedverdigelse og smerte til økt innsikt og kunnskap. Bokens tittel, Hvis dette er et menneske, inviterer oss inn i en [&hellip;]

Alle bøker
