{"id":21269,"date":"2019-10-03T02:00:00","date_gmt":"2019-10-03T00:00:00","guid":{"rendered":"https:\/\/dreyersforlag.forenteforlag.no\/produkt\/heideggers-testamente\/"},"modified":"2025-09-03T14:53:42","modified_gmt":"2025-09-03T12:53:42","slug":"heideggers-testamente","status":"publish","type":"product","link":"https:\/\/staging.forenteforlag.no\/dreyers\/produkt\/heideggers-testamente\/","title":{"rendered":"Heideggers testamente"},"content":{"rendered":"<p>Martin Heidegger regnes som den mest innflytelsesrike filosofen i det 20. \u00e5rhundre. Det er ogs\u00e5 kjent at han hadde nazistiske sympatier og var medlem av NSDAP i perioden 1933-1945. Utgivelsen av Svarte hefter (Schwarze Hefte) &#8211; hans filosofiske dagb\u00f8ker skrevet i perioden fra 1931-1975 &#8211; gir et mer detaljert bilde av Heideggers nazisme. Vi f\u00e5r en tydelig dokumentasjon ikke bare av hans dyrking av Hitler og nasjonalsosialismen, men ogs\u00e5 av et verdenssyn preget av antisemittisme. I heftene kan vi lese flere konspiratoriske passasjer om en \u00abmetafysisk j\u00f8dedom\u00bb, der j\u00f8dene er representanter for en verdensomspennende instrumentell rasjonalitet som har banet vei for materialisme og kapitalisme.<\/p>\n<p>I lys av dette m\u00e5 vi revurdere v\u00e5rt forhold til Heidegger som filosof og stille oss f\u00f8lgende sp\u00f8rsm\u00e5l: Skal vi lese alt Heidegger skrev, i lys av hans tid som nazist? Eller er tenkningen av et slikt format at den uansett g\u00e5r fri fra Heideggers politiske engasjement?<\/p>\n<p>Denne antologien er et fors\u00f8k p\u00e5 \u00e5 g\u00e5 inn p\u00e5 disse sp\u00f8rsm\u00e5lene. Foruten oversettelser av blant annet deler av Svarte hefter fra tysk til norsk, f\u00e5r vi perspektiver fra en rekke internasjonalt anerkjente Heidegger-forskere som analyserer Heideggers politiske engasjement, antisemittisme, sivilisasjonskritikk og religionskritikk.<\/p>\n","protected":false},"excerpt":{"rendered":"<p>Martin Heidegger regnes som den mest innflytelsesrike filosofen i det 20. \u00e5rhundre. Det er ogs\u00e5 kjent at han hadde nazistiske sympatier og var medlem av NSDAP i perioden 1933-1945. Utgivelsen av Svarte hefter (Schwarze Hefte) &#8211; hans filosofiske dagb\u00f8ker skrevet i perioden fra 1931-1975 &#8211; gir et mer detaljert bilde av Heideggers nazisme. Vi f\u00e5r [&hellip;]<\/p>\n","protected":false},"featured_media":24007,"template":"","meta":{"_acf_changed":false,"inline_featured_image":false},"product_brand":[],"product_cat":[21,1785],"product_tag":[362,827,503,540],"class_list":{"0":"post-21269","1":"product","2":"type-product","3":"status-publish","4":"has-post-thumbnail","6":"product_cat-filosofi","7":"product_cat-fripris","8":"product_tag-faglitteratur","9":"product_tag-filosofer","10":"product_tag-moderne-filosofi","11":"product_tag-nazisme","12":"pa_format-innbundet","14":"first","15":"instock","16":"shipping-taxable","17":"purchasable","18":"product-type-simple"},"acf":{"anmeldelse":null},"yoast_head":"<!-- This site is optimized with the Yoast SEO plugin v26.6 - https:\/\/yoast.com\/wordpress\/plugins\/seo\/ -->\n<title>Heideggers testamente - Dreyers Forlag<\/title>\n<meta name=\"robots\" content=\"noindex, follow, max-snippet:-1, max-image-preview:large, max-video-preview:-1\" \/>\n<meta property=\"og:locale\" content=\"nb_NO\" \/>\n<meta property=\"og:type\" content=\"article\" \/>\n<meta property=\"og:title\" content=\"Heideggers testamente - Dreyers Forlag\" \/>\n<meta property=\"og:description\" content=\"Martin Heidegger regnes som den mest innflytelsesrike filosofen i det 20. \u00e5rhundre. Det er ogs\u00e5 kjent at han hadde nazistiske sympatier og var medlem av NSDAP i perioden 1933-1945. Utgivelsen av Svarte hefter (Schwarze Hefte) &#8211; hans filosofiske dagb\u00f8ker skrevet i perioden fra 1931-1975 &#8211; gir et mer detaljert bilde av Heideggers nazisme. Vi f\u00e5r [&hellip;]\" \/>\n<meta property=\"og:url\" content=\"https:\/\/staging.forenteforlag.no\/dreyers\/produkt\/heideggers-testamente\/\" \/>\n<meta property=\"og:site_name\" content=\"Dreyers Forlag\" \/>\n<meta property=\"article:modified_time\" content=\"2025-09-03T12:53:42+00:00\" \/>\n<meta property=\"og:image\" content=\"https:\/\/staging.forenteforlag.no\/dreyers\/wp-content\/uploads\/sites\/2\/2025\/08\/jpg-5415.jpg\" \/>\n\t<meta property=\"og:image:width\" content=\"283\" \/>\n\t<meta property=\"og:image:height\" content=\"396\" \/>\n\t<meta property=\"og:image:type\" content=\"image\/jpeg\" \/>\n<meta name=\"twitter:card\" content=\"summary_large_image\" \/>\n<meta name=\"twitter:label1\" content=\"Ansl. lesetid\" \/>\n\t<meta name=\"twitter:data1\" content=\"2 minutter\" \/>\n<script type=\"application\/ld+json\" class=\"yoast-schema-graph\">{\"@context\":\"https:\/\/schema.org\",\"@graph\":[{\"@type\":\"WebPage\",\"@id\":\"https:\/\/staging.forenteforlag.no\/dreyers\/produkt\/heideggers-testamente\/\",\"url\":\"https:\/\/staging.forenteforlag.no\/dreyers\/produkt\/heideggers-testamente\/\",\"name\":\"Heideggers testamente - Dreyers Forlag\",\"isPartOf\":{\"@id\":\"https:\/\/staging.forenteforlag.no\/dreyers\/#website\"},\"primaryImageOfPage\":{\"@id\":\"https:\/\/staging.forenteforlag.no\/dreyers\/produkt\/heideggers-testamente\/#primaryimage\"},\"image\":{\"@id\":\"https:\/\/staging.forenteforlag.no\/dreyers\/produkt\/heideggers-testamente\/#primaryimage\"},\"thumbnailUrl\":\"https:\/\/staging.forenteforlag.no\/dreyers\/wp-content\/uploads\/sites\/2\/2025\/08\/jpg-5415.jpg\",\"datePublished\":\"2019-10-03T00:00:00+00:00\",\"dateModified\":\"2025-09-03T12:53:42+00:00\",\"breadcrumb\":{\"@id\":\"https:\/\/staging.forenteforlag.no\/dreyers\/produkt\/heideggers-testamente\/#breadcrumb\"},\"inLanguage\":\"nb-NO\",\"potentialAction\":[{\"@type\":\"ReadAction\",\"target\":[\"https:\/\/staging.forenteforlag.no\/dreyers\/produkt\/heideggers-testamente\/\"]}]},{\"@type\":\"ImageObject\",\"inLanguage\":\"nb-NO\",\"@id\":\"https:\/\/staging.forenteforlag.no\/dreyers\/produkt\/heideggers-testamente\/#primaryimage\",\"url\":\"https:\/\/staging.forenteforlag.no\/dreyers\/wp-content\/uploads\/sites\/2\/2025\/08\/jpg-5415.jpg\",\"contentUrl\":\"https:\/\/staging.forenteforlag.no\/dreyers\/wp-content\/uploads\/sites\/2\/2025\/08\/jpg-5415.jpg\",\"width\":283,\"height\":396},{\"@type\":\"BreadcrumbList\",\"@id\":\"https:\/\/staging.forenteforlag.no\/dreyers\/produkt\/heideggers-testamente\/#breadcrumb\",\"itemListElement\":[{\"@type\":\"ListItem\",\"position\":1,\"name\":\"Hjem\",\"item\":\"https:\/\/staging.forenteforlag.no\/dreyers\/\"},{\"@type\":\"ListItem\",\"position\":2,\"name\":\"Alle b\u00f8ker\",\"item\":\"https:\/\/staging.forenteforlag.no\/dreyers\/butikk\/\"},{\"@type\":\"ListItem\",\"position\":3,\"name\":\"Heideggers testamente\"}]},{\"@type\":\"WebSite\",\"@id\":\"https:\/\/staging.forenteforlag.no\/dreyers\/#website\",\"url\":\"https:\/\/staging.forenteforlag.no\/dreyers\/\",\"name\":\"Dreyers Forlag\",\"description\":\"\",\"potentialAction\":[{\"@type\":\"SearchAction\",\"target\":{\"@type\":\"EntryPoint\",\"urlTemplate\":\"https:\/\/staging.forenteforlag.no\/dreyers\/?s={search_term_string}\"},\"query-input\":{\"@type\":\"PropertyValueSpecification\",\"valueRequired\":true,\"valueName\":\"search_term_string\"}}],\"inLanguage\":\"nb-NO\"}]}<\/script>\n<!-- \/ Yoast SEO plugin. -->","yoast_head_json":{"title":"Heideggers testamente - Dreyers Forlag","robots":{"index":"noindex","follow":"follow","max-snippet":"max-snippet:-1","max-image-preview":"max-image-preview:large","max-video-preview":"max-video-preview:-1"},"og_locale":"nb_NO","og_type":"article","og_title":"Heideggers testamente - Dreyers Forlag","og_description":"Martin Heidegger regnes som den mest innflytelsesrike filosofen i det 20. \u00e5rhundre. Det er ogs\u00e5 kjent at han hadde nazistiske sympatier og var medlem av NSDAP i perioden 1933-1945. Utgivelsen av Svarte hefter (Schwarze Hefte) &#8211; hans filosofiske dagb\u00f8ker skrevet i perioden fra 1931-1975 &#8211; gir et mer detaljert bilde av Heideggers nazisme. Vi f\u00e5r [&hellip;]","og_url":"https:\/\/staging.forenteforlag.no\/dreyers\/produkt\/heideggers-testamente\/","og_site_name":"Dreyers Forlag","article_modified_time":"2025-09-03T12:53:42+00:00","og_image":[{"width":283,"height":396,"url":"https:\/\/staging.forenteforlag.no\/dreyers\/wp-content\/uploads\/sites\/2\/2025\/08\/jpg-5415.jpg","type":"image\/jpeg"}],"twitter_card":"summary_large_image","twitter_misc":{"Ansl. lesetid":"2 minutter"},"schema":{"@context":"https:\/\/schema.org","@graph":[{"@type":"WebPage","@id":"https:\/\/staging.forenteforlag.no\/dreyers\/produkt\/heideggers-testamente\/","url":"https:\/\/staging.forenteforlag.no\/dreyers\/produkt\/heideggers-testamente\/","name":"Heideggers testamente - Dreyers Forlag","isPartOf":{"@id":"https:\/\/staging.forenteforlag.no\/dreyers\/#website"},"primaryImageOfPage":{"@id":"https:\/\/staging.forenteforlag.no\/dreyers\/produkt\/heideggers-testamente\/#primaryimage"},"image":{"@id":"https:\/\/staging.forenteforlag.no\/dreyers\/produkt\/heideggers-testamente\/#primaryimage"},"thumbnailUrl":"https:\/\/staging.forenteforlag.no\/dreyers\/wp-content\/uploads\/sites\/2\/2025\/08\/jpg-5415.jpg","datePublished":"2019-10-03T00:00:00+00:00","dateModified":"2025-09-03T12:53:42+00:00","breadcrumb":{"@id":"https:\/\/staging.forenteforlag.no\/dreyers\/produkt\/heideggers-testamente\/#breadcrumb"},"inLanguage":"nb-NO","potentialAction":[{"@type":"ReadAction","target":["https:\/\/staging.forenteforlag.no\/dreyers\/produkt\/heideggers-testamente\/"]}]},{"@type":"ImageObject","inLanguage":"nb-NO","@id":"https:\/\/staging.forenteforlag.no\/dreyers\/produkt\/heideggers-testamente\/#primaryimage","url":"https:\/\/staging.forenteforlag.no\/dreyers\/wp-content\/uploads\/sites\/2\/2025\/08\/jpg-5415.jpg","contentUrl":"https:\/\/staging.forenteforlag.no\/dreyers\/wp-content\/uploads\/sites\/2\/2025\/08\/jpg-5415.jpg","width":283,"height":396},{"@type":"BreadcrumbList","@id":"https:\/\/staging.forenteforlag.no\/dreyers\/produkt\/heideggers-testamente\/#breadcrumb","itemListElement":[{"@type":"ListItem","position":1,"name":"Hjem","item":"https:\/\/staging.forenteforlag.no\/dreyers\/"},{"@type":"ListItem","position":2,"name":"Alle b\u00f8ker","item":"https:\/\/staging.forenteforlag.no\/dreyers\/butikk\/"},{"@type":"ListItem","position":3,"name":"Heideggers testamente"}]},{"@type":"WebSite","@id":"https:\/\/staging.forenteforlag.no\/dreyers\/#website","url":"https:\/\/staging.forenteforlag.no\/dreyers\/","name":"Dreyers Forlag","description":"","potentialAction":[{"@type":"SearchAction","target":{"@type":"EntryPoint","urlTemplate":"https:\/\/staging.forenteforlag.no\/dreyers\/?s={search_term_string}"},"query-input":{"@type":"PropertyValueSpecification","valueRequired":true,"valueName":"search_term_string"}}],"inLanguage":"nb-NO"}]}},"_links":{"self":[{"href":"https:\/\/staging.forenteforlag.no\/dreyers\/wp-json\/wp\/v2\/product\/21269","targetHints":{"allow":["GET"]}}],"collection":[{"href":"https:\/\/staging.forenteforlag.no\/dreyers\/wp-json\/wp\/v2\/product"}],"about":[{"href":"https:\/\/staging.forenteforlag.no\/dreyers\/wp-json\/wp\/v2\/types\/product"}],"wp:featuredmedia":[{"embeddable":true,"href":"https:\/\/staging.forenteforlag.no\/dreyers\/wp-json\/wp\/v2\/media\/24007"}],"wp:attachment":[{"href":"https:\/\/staging.forenteforlag.no\/dreyers\/wp-json\/wp\/v2\/media?parent=21269"}],"wp:term":[{"taxonomy":"product_brand","embeddable":true,"href":"https:\/\/staging.forenteforlag.no\/dreyers\/wp-json\/wp\/v2\/product_brand?post=21269"},{"taxonomy":"product_cat","embeddable":true,"href":"https:\/\/staging.forenteforlag.no\/dreyers\/wp-json\/wp\/v2\/product_cat?post=21269"},{"taxonomy":"product_tag","embeddable":true,"href":"https:\/\/staging.forenteforlag.no\/dreyers\/wp-json\/wp\/v2\/product_tag?post=21269"}],"curies":[{"name":"wp","href":"https:\/\/api.w.org\/{rel}","templated":true}]}}

<p>Martin Heidegger regnes som den mest innflytelsesrike filosofen i det 20. århundre. Det er også kjent at han hadde nazistiske sympatier og var medlem av NSDAP i perioden 1933-1945. Utgivelsen av Svarte hefter (Schwarze Hefte) &#8211; hans filosofiske dagbøker skrevet i perioden fra 1931-1975 &#8211; gir et mer detaljert bilde av Heideggers nazisme. Vi får en tydelig dokumentasjon ikke bare av hans dyrking av Hitler og nasjonalsosialismen, men også av et verdenssyn preget av antisemittisme. I heftene kan vi lese flere konspiratoriske passasjer om en «metafysisk jødedom», der jødene er representanter for en verdensomspennende instrumentell rasjonalitet som har banet vei for materialisme og kapitalisme.</p>
<p>I lys av dette må vi revurdere vårt forhold til Heidegger som filosof og stille oss følgende spørsmål: Skal vi lese alt Heidegger skrev, i lys av hans tid som nazist? Eller er tenkningen av et slikt format at den uansett går fri fra Heideggers politiske engasjement?</p>
<p>Denne antologien er et forsøk på å gå inn på disse spørsmålene. Foruten oversettelser av blant annet deler av Svarte hefter fra tysk til norsk, får vi perspektiver fra en rekke internasjonalt anerkjente Heidegger-forskere som analyserer Heideggers politiske engasjement, antisemittisme, sivilisasjonskritikk og religionskritikk.</p>

<p>Martin Heidegger regnes som den mest innflytelsesrike filosofen i det 20. århundre. Det er også kjent at han hadde nazistiske sympatier og var medlem av NSDAP i perioden 1933-1945. Utgivelsen av Svarte hefter (Schwarze Hefte) &#8211; hans filosofiske dagbøker skrevet i perioden fra 1931-1975 &#8211; gir et mer detaljert bilde av Heideggers nazisme. Vi får [&hellip;]</p>

<!-- This site is optimized with the Yoast SEO plugin v26.6 - https://yoast.com/wordpress/plugins/seo/ -->
<title>Heideggers testamente - Dreyers Forlag</title>
<meta name="robots" content="noindex, follow, max-snippet:-1, max-image-preview:large, max-video-preview:-1" />
<meta property="og:locale" content="nb_NO" />
<meta property="og:type" content="article" />
<meta property="og:title" content="Heideggers testamente - Dreyers Forlag" />
<meta property="og:description" content="Martin Heidegger regnes som den mest innflytelsesrike filosofen i det 20. århundre. Det er også kjent at han hadde nazistiske sympatier og var medlem av NSDAP i perioden 1933-1945. Utgivelsen av Svarte hefter (Schwarze Hefte) &#8211; hans filosofiske dagbøker skrevet i perioden fra 1931-1975 &#8211; gir et mer detaljert bilde av Heideggers nazisme. Vi får [&hellip;]" />
<meta property="og:url" content="https://staging.forenteforlag.no/dreyers/produkt/heideggers-testamente/" />
<meta property="og:site_name" content="Dreyers Forlag" />
<meta property="article:modified_time" content="2025-09-03T12:53:42+00:00" />
<meta property="og:image" content="https://staging.forenteforlag.no/dreyers/wp-content/uploads/sites/2/2025/08/jpg-5415.jpg" />
	<meta property="og:image:width" content="283" />
	<meta property="og:image:height" content="396" />
	<meta property="og:image:type" content="image/jpeg" />
<meta name="twitter:card" content="summary_large_image" />
<meta name="twitter:label1" content="Ansl. lesetid" />
	<meta name="twitter:data1" content="2 minutter" />
<script type="application/ld+json" class="yoast-schema-graph">{"@context":"https://schema.org","@graph":[{"@type":"WebPage","@id":"https://staging.forenteforlag.no/dreyers/produkt/heideggers-testamente/","url":"https://staging.forenteforlag.no/dreyers/produkt/heideggers-testamente/","name":"Heideggers testamente - Dreyers Forlag","isPartOf":{"@id":"https://staging.forenteforlag.no/dreyers/#website"},"primaryImageOfPage":{"@id":"https://staging.forenteforlag.no/dreyers/produkt/heideggers-testamente/#primaryimage"},"image":{"@id":"https://staging.forenteforlag.no/dreyers/produkt/heideggers-testamente/#primaryimage"},"thumbnailUrl":"https://staging.forenteforlag.no/dreyers/wp-content/uploads/sites/2/2025/08/jpg-5415.jpg","datePublished":"2019-10-03T00:00:00+00:00","dateModified":"2025-09-03T12:53:42+00:00","breadcrumb":{"@id":"https://staging.forenteforlag.no/dreyers/produkt/heideggers-testamente/#breadcrumb"},"inLanguage":"nb-NO","potentialAction":[{"@type":"ReadAction","target":["https://staging.forenteforlag.no/dreyers/produkt/heideggers-testamente/"]}]},{"@type":"ImageObject","inLanguage":"nb-NO","@id":"https://staging.forenteforlag.no/dreyers/produkt/heideggers-testamente/#primaryimage","url":"https://staging.forenteforlag.no/dreyers/wp-content/uploads/sites/2/2025/08/jpg-5415.jpg","contentUrl":"https://staging.forenteforlag.no/dreyers/wp-content/uploads/sites/2/2025/08/jpg-5415.jpg","width":283,"height":396},{"@type":"BreadcrumbList","@id":"https://staging.forenteforlag.no/dreyers/produkt/heideggers-testamente/#breadcrumb","itemListElement":[{"@type":"ListItem","position":1,"name":"Hjem","item":"https://staging.forenteforlag.no/dreyers/"},{"@type":"ListItem","position":2,"name":"Alle bøker","item":"https://staging.forenteforlag.no/dreyers/butikk/"},{"@type":"ListItem","position":3,"name":"Heideggers testamente"}]},{"@type":"WebSite","@id":"https://staging.forenteforlag.no/dreyers/#website","url":"https://staging.forenteforlag.no/dreyers/","name":"Dreyers Forlag","description":"","potentialAction":[{"@type":"SearchAction","target":{"@type":"EntryPoint","urlTemplate":"https://staging.forenteforlag.no/dreyers/?s={search_term_string}"},"query-input":{"@type":"PropertyValueSpecification","valueRequired":true,"valueName":"search_term_string"}}],"inLanguage":"nb-NO"}]}</script>
<!-- / Yoast SEO plugin. -->

Martin Heidegger regnes som den mest innflytelsesrike filosofen i det 20. århundre. Det er også kjent at han hadde nazistiske sympatier og var medlem av NSDAP i perioden 1933-1945. Utgivelsen av Svarte hefter (Schwarze Hefte) &#8211; hans filosofiske dagbøker skrevet i perioden fra 1931-1975 &#8211; gir et mer detaljert bilde av Heideggers nazisme. Vi får [&hellip;]

Alle bøker
