{"id":21268,"date":"2020-03-17T01:00:00","date_gmt":"2020-03-17T00:00:00","guid":{"rendered":"https:\/\/dreyersforlag.forenteforlag.no\/produkt\/de-druknede-og-de-bergede\/"},"modified":"2026-01-05T05:17:45","modified_gmt":"2026-01-05T04:17:45","slug":"de-druknede-og-de-bergede","status":"publish","type":"product","link":"https:\/\/staging.forenteforlag.no\/dreyers\/produkt\/de-druknede-og-de-bergede\/","title":{"rendered":"De druknede og de bergede"},"content":{"rendered":"<p>De druknede og de bergede blir ofte omtalt som Primo Levis etiske testament. Boken er et resultat av et liv med refleksjoner over Auschwitz og over hva som st\u00e5r igjen etter denne m\u00f8rke historiske hendelsen. F\u00f8rti \u00e5r etter den selvbiografiske vitneskildringen Hvis dette er et menneske og etter flere ti\u00e5r med formidlingsarbeid som tidsvitne m\u00e5 Levi ha kjent et sterkt behov for \u00e5 g\u00e5 enda dypere i analysen av utryddelsesleirenes vesen. Levis bok dissekerer Auschwitz som organisasjon med noen spesifikke kjennetegn. Han skriver seg stadig lenger inn i de store sp\u00f8rsm\u00e5lene som aldri slapp taket i ham: Hvordan fungerte Auschwitz? Hva slags menneskelige mekanismer var virksomme for \u00e5 f\u00e5 utryddelsesleiren til \u00e5 fungere? Hvordan ble fangene brukt? Hvem overlevde, hvem ble i stand til \u00e5 b\u00e6re vitnesbyrd? Hvordan fungerer minnet? Hvordan kan vi forst\u00e5 de overlevendes skamf\u00f8lelse? <\/p>\n<p>Etterord ved Margareth Hagen, professor i italiensk litteratur ved Universitetet i Bergen. <\/p>\n","protected":false},"excerpt":{"rendered":"<p>De druknede og de bergede blir ofte omtalt som Primo Levis etiske testament. Boken er et resultat av et liv med refleksjoner over Auschwitz og over hva som st\u00e5r igjen etter denne m\u00f8rke historiske hendelsen. F\u00f8rti \u00e5r etter den selvbiografiske vitneskildringen Hvis dette er et menneske og etter flere ti\u00e5r med formidlingsarbeid som tidsvitne m\u00e5 [&hellip;]<\/p>\n","protected":false},"featured_media":24198,"template":"","meta":{"_acf_changed":false,"inline_featured_image":false},"product_brand":[],"product_cat":[20,45,1785,42],"product_tag":[362],"class_list":{"0":"post-21268","1":"product","2":"type-product","3":"status-publish","4":"has-post-thumbnail","6":"product_cat-biografier-og-memoarer","7":"product_cat-essay","8":"product_cat-fripris","9":"product_cat-noveller","10":"product_tag-faglitteratur","11":"pa_format-pocket","13":"first","14":"instock","15":"shipping-taxable","16":"purchasable","17":"product-type-simple"},"acf":{"anmeldelse":null},"yoast_head":"<!-- This site is optimized with the Yoast SEO plugin v26.6 - https:\/\/yoast.com\/wordpress\/plugins\/seo\/ -->\n<title>De druknede og de bergede - Dreyers Forlag<\/title>\n<meta name=\"robots\" content=\"noindex, follow, max-snippet:-1, max-image-preview:large, max-video-preview:-1\" \/>\n<meta property=\"og:locale\" content=\"nb_NO\" \/>\n<meta property=\"og:type\" content=\"article\" \/>\n<meta property=\"og:title\" content=\"De druknede og de bergede - Dreyers Forlag\" \/>\n<meta property=\"og:description\" content=\"De druknede og de bergede blir ofte omtalt som Primo Levis etiske testament. Boken er et resultat av et liv med refleksjoner over Auschwitz og over hva som st\u00e5r igjen etter denne m\u00f8rke historiske hendelsen. F\u00f8rti \u00e5r etter den selvbiografiske vitneskildringen Hvis dette er et menneske og etter flere ti\u00e5r med formidlingsarbeid som tidsvitne m\u00e5 [&hellip;]\" \/>\n<meta property=\"og:url\" content=\"https:\/\/staging.forenteforlag.no\/dreyers\/produkt\/de-druknede-og-de-bergede\/\" \/>\n<meta property=\"og:site_name\" content=\"Dreyers Forlag\" \/>\n<meta property=\"article:modified_time\" content=\"2026-01-05T04:17:45+00:00\" \/>\n<meta property=\"og:image\" content=\"https:\/\/staging.forenteforlag.no\/dreyers\/wp-content\/uploads\/sites\/2\/2025\/08\/jpg-7154.jpg\" \/>\n\t<meta property=\"og:image:width\" content=\"362\" \/>\n\t<meta property=\"og:image:height\" content=\"567\" \/>\n\t<meta property=\"og:image:type\" content=\"image\/jpeg\" \/>\n<meta name=\"twitter:card\" content=\"summary_large_image\" \/>\n<meta name=\"twitter:label1\" content=\"Ansl. lesetid\" \/>\n\t<meta name=\"twitter:data1\" content=\"1 minutt\" \/>\n<script type=\"application\/ld+json\" class=\"yoast-schema-graph\">{\"@context\":\"https:\/\/schema.org\",\"@graph\":[{\"@type\":\"WebPage\",\"@id\":\"https:\/\/staging.forenteforlag.no\/dreyers\/produkt\/de-druknede-og-de-bergede\/\",\"url\":\"https:\/\/staging.forenteforlag.no\/dreyers\/produkt\/de-druknede-og-de-bergede\/\",\"name\":\"De druknede og de bergede - Dreyers Forlag\",\"isPartOf\":{\"@id\":\"https:\/\/staging.forenteforlag.no\/dreyers\/#website\"},\"primaryImageOfPage\":{\"@id\":\"https:\/\/staging.forenteforlag.no\/dreyers\/produkt\/de-druknede-og-de-bergede\/#primaryimage\"},\"image\":{\"@id\":\"https:\/\/staging.forenteforlag.no\/dreyers\/produkt\/de-druknede-og-de-bergede\/#primaryimage\"},\"thumbnailUrl\":\"https:\/\/staging.forenteforlag.no\/dreyers\/wp-content\/uploads\/sites\/2\/2025\/08\/jpg-7154.jpg\",\"datePublished\":\"2020-03-17T00:00:00+00:00\",\"dateModified\":\"2026-01-05T04:17:45+00:00\",\"breadcrumb\":{\"@id\":\"https:\/\/staging.forenteforlag.no\/dreyers\/produkt\/de-druknede-og-de-bergede\/#breadcrumb\"},\"inLanguage\":\"nb-NO\",\"potentialAction\":[{\"@type\":\"ReadAction\",\"target\":[\"https:\/\/staging.forenteforlag.no\/dreyers\/produkt\/de-druknede-og-de-bergede\/\"]}]},{\"@type\":\"ImageObject\",\"inLanguage\":\"nb-NO\",\"@id\":\"https:\/\/staging.forenteforlag.no\/dreyers\/produkt\/de-druknede-og-de-bergede\/#primaryimage\",\"url\":\"https:\/\/staging.forenteforlag.no\/dreyers\/wp-content\/uploads\/sites\/2\/2025\/08\/jpg-7154.jpg\",\"contentUrl\":\"https:\/\/staging.forenteforlag.no\/dreyers\/wp-content\/uploads\/sites\/2\/2025\/08\/jpg-7154.jpg\",\"width\":362,\"height\":567},{\"@type\":\"BreadcrumbList\",\"@id\":\"https:\/\/staging.forenteforlag.no\/dreyers\/produkt\/de-druknede-og-de-bergede\/#breadcrumb\",\"itemListElement\":[{\"@type\":\"ListItem\",\"position\":1,\"name\":\"Hjem\",\"item\":\"https:\/\/staging.forenteforlag.no\/dreyers\/\"},{\"@type\":\"ListItem\",\"position\":2,\"name\":\"Alle b\u00f8ker\",\"item\":\"https:\/\/staging.forenteforlag.no\/dreyers\/butikk\/\"},{\"@type\":\"ListItem\",\"position\":3,\"name\":\"De druknede og de bergede\"}]},{\"@type\":\"WebSite\",\"@id\":\"https:\/\/staging.forenteforlag.no\/dreyers\/#website\",\"url\":\"https:\/\/staging.forenteforlag.no\/dreyers\/\",\"name\":\"Dreyers Forlag\",\"description\":\"\",\"potentialAction\":[{\"@type\":\"SearchAction\",\"target\":{\"@type\":\"EntryPoint\",\"urlTemplate\":\"https:\/\/staging.forenteforlag.no\/dreyers\/?s={search_term_string}\"},\"query-input\":{\"@type\":\"PropertyValueSpecification\",\"valueRequired\":true,\"valueName\":\"search_term_string\"}}],\"inLanguage\":\"nb-NO\"}]}<\/script>\n<!-- \/ Yoast SEO plugin. -->","yoast_head_json":{"title":"De druknede og de bergede - Dreyers Forlag","robots":{"index":"noindex","follow":"follow","max-snippet":"max-snippet:-1","max-image-preview":"max-image-preview:large","max-video-preview":"max-video-preview:-1"},"og_locale":"nb_NO","og_type":"article","og_title":"De druknede og de bergede - Dreyers Forlag","og_description":"De druknede og de bergede blir ofte omtalt som Primo Levis etiske testament. Boken er et resultat av et liv med refleksjoner over Auschwitz og over hva som st\u00e5r igjen etter denne m\u00f8rke historiske hendelsen. F\u00f8rti \u00e5r etter den selvbiografiske vitneskildringen Hvis dette er et menneske og etter flere ti\u00e5r med formidlingsarbeid som tidsvitne m\u00e5 [&hellip;]","og_url":"https:\/\/staging.forenteforlag.no\/dreyers\/produkt\/de-druknede-og-de-bergede\/","og_site_name":"Dreyers Forlag","article_modified_time":"2026-01-05T04:17:45+00:00","og_image":[{"width":362,"height":567,"url":"https:\/\/staging.forenteforlag.no\/dreyers\/wp-content\/uploads\/sites\/2\/2025\/08\/jpg-7154.jpg","type":"image\/jpeg"}],"twitter_card":"summary_large_image","twitter_misc":{"Ansl. lesetid":"1 minutt"},"schema":{"@context":"https:\/\/schema.org","@graph":[{"@type":"WebPage","@id":"https:\/\/staging.forenteforlag.no\/dreyers\/produkt\/de-druknede-og-de-bergede\/","url":"https:\/\/staging.forenteforlag.no\/dreyers\/produkt\/de-druknede-og-de-bergede\/","name":"De druknede og de bergede - Dreyers Forlag","isPartOf":{"@id":"https:\/\/staging.forenteforlag.no\/dreyers\/#website"},"primaryImageOfPage":{"@id":"https:\/\/staging.forenteforlag.no\/dreyers\/produkt\/de-druknede-og-de-bergede\/#primaryimage"},"image":{"@id":"https:\/\/staging.forenteforlag.no\/dreyers\/produkt\/de-druknede-og-de-bergede\/#primaryimage"},"thumbnailUrl":"https:\/\/staging.forenteforlag.no\/dreyers\/wp-content\/uploads\/sites\/2\/2025\/08\/jpg-7154.jpg","datePublished":"2020-03-17T00:00:00+00:00","dateModified":"2026-01-05T04:17:45+00:00","breadcrumb":{"@id":"https:\/\/staging.forenteforlag.no\/dreyers\/produkt\/de-druknede-og-de-bergede\/#breadcrumb"},"inLanguage":"nb-NO","potentialAction":[{"@type":"ReadAction","target":["https:\/\/staging.forenteforlag.no\/dreyers\/produkt\/de-druknede-og-de-bergede\/"]}]},{"@type":"ImageObject","inLanguage":"nb-NO","@id":"https:\/\/staging.forenteforlag.no\/dreyers\/produkt\/de-druknede-og-de-bergede\/#primaryimage","url":"https:\/\/staging.forenteforlag.no\/dreyers\/wp-content\/uploads\/sites\/2\/2025\/08\/jpg-7154.jpg","contentUrl":"https:\/\/staging.forenteforlag.no\/dreyers\/wp-content\/uploads\/sites\/2\/2025\/08\/jpg-7154.jpg","width":362,"height":567},{"@type":"BreadcrumbList","@id":"https:\/\/staging.forenteforlag.no\/dreyers\/produkt\/de-druknede-og-de-bergede\/#breadcrumb","itemListElement":[{"@type":"ListItem","position":1,"name":"Hjem","item":"https:\/\/staging.forenteforlag.no\/dreyers\/"},{"@type":"ListItem","position":2,"name":"Alle b\u00f8ker","item":"https:\/\/staging.forenteforlag.no\/dreyers\/butikk\/"},{"@type":"ListItem","position":3,"name":"De druknede og de bergede"}]},{"@type":"WebSite","@id":"https:\/\/staging.forenteforlag.no\/dreyers\/#website","url":"https:\/\/staging.forenteforlag.no\/dreyers\/","name":"Dreyers Forlag","description":"","potentialAction":[{"@type":"SearchAction","target":{"@type":"EntryPoint","urlTemplate":"https:\/\/staging.forenteforlag.no\/dreyers\/?s={search_term_string}"},"query-input":{"@type":"PropertyValueSpecification","valueRequired":true,"valueName":"search_term_string"}}],"inLanguage":"nb-NO"}]}},"_links":{"self":[{"href":"https:\/\/staging.forenteforlag.no\/dreyers\/wp-json\/wp\/v2\/product\/21268","targetHints":{"allow":["GET"]}}],"collection":[{"href":"https:\/\/staging.forenteforlag.no\/dreyers\/wp-json\/wp\/v2\/product"}],"about":[{"href":"https:\/\/staging.forenteforlag.no\/dreyers\/wp-json\/wp\/v2\/types\/product"}],"wp:featuredmedia":[{"embeddable":true,"href":"https:\/\/staging.forenteforlag.no\/dreyers\/wp-json\/wp\/v2\/media\/24198"}],"wp:attachment":[{"href":"https:\/\/staging.forenteforlag.no\/dreyers\/wp-json\/wp\/v2\/media?parent=21268"}],"wp:term":[{"taxonomy":"product_brand","embeddable":true,"href":"https:\/\/staging.forenteforlag.no\/dreyers\/wp-json\/wp\/v2\/product_brand?post=21268"},{"taxonomy":"product_cat","embeddable":true,"href":"https:\/\/staging.forenteforlag.no\/dreyers\/wp-json\/wp\/v2\/product_cat?post=21268"},{"taxonomy":"product_tag","embeddable":true,"href":"https:\/\/staging.forenteforlag.no\/dreyers\/wp-json\/wp\/v2\/product_tag?post=21268"}],"curies":[{"name":"wp","href":"https:\/\/api.w.org\/{rel}","templated":true}]}}

<p>De druknede og de bergede blir ofte omtalt som Primo Levis etiske testament. Boken er et resultat av et liv med refleksjoner over Auschwitz og over hva som står igjen etter denne mørke historiske hendelsen. Førti år etter den selvbiografiske vitneskildringen Hvis dette er et menneske og etter flere tiår med formidlingsarbeid som tidsvitne må Levi ha kjent et sterkt behov for å gå enda dypere i analysen av utryddelsesleirenes vesen. Levis bok dissekerer Auschwitz som organisasjon med noen spesifikke kjennetegn. Han skriver seg stadig lenger inn i de store spørsmålene som aldri slapp taket i ham: Hvordan fungerte Auschwitz? Hva slags menneskelige mekanismer var virksomme for å få utryddelsesleiren til å fungere? Hvordan ble fangene brukt? Hvem overlevde, hvem ble i stand til å bære vitnesbyrd? Hvordan fungerer minnet? Hvordan kan vi forstå de overlevendes skamfølelse? </p>
<p>Etterord ved Margareth Hagen, professor i italiensk litteratur ved Universitetet i Bergen. </p>

<p>De druknede og de bergede blir ofte omtalt som Primo Levis etiske testament. Boken er et resultat av et liv med refleksjoner over Auschwitz og over hva som står igjen etter denne mørke historiske hendelsen. Førti år etter den selvbiografiske vitneskildringen Hvis dette er et menneske og etter flere tiår med formidlingsarbeid som tidsvitne må [&hellip;]</p>

<!-- This site is optimized with the Yoast SEO plugin v26.6 - https://yoast.com/wordpress/plugins/seo/ -->
<title>De druknede og de bergede - Dreyers Forlag</title>
<meta name="robots" content="noindex, follow, max-snippet:-1, max-image-preview:large, max-video-preview:-1" />
<meta property="og:locale" content="nb_NO" />
<meta property="og:type" content="article" />
<meta property="og:title" content="De druknede og de bergede - Dreyers Forlag" />
<meta property="og:description" content="De druknede og de bergede blir ofte omtalt som Primo Levis etiske testament. Boken er et resultat av et liv med refleksjoner over Auschwitz og over hva som står igjen etter denne mørke historiske hendelsen. Førti år etter den selvbiografiske vitneskildringen Hvis dette er et menneske og etter flere tiår med formidlingsarbeid som tidsvitne må [&hellip;]" />
<meta property="og:url" content="https://staging.forenteforlag.no/dreyers/produkt/de-druknede-og-de-bergede/" />
<meta property="og:site_name" content="Dreyers Forlag" />
<meta property="article:modified_time" content="2026-01-05T04:17:45+00:00" />
<meta property="og:image" content="https://staging.forenteforlag.no/dreyers/wp-content/uploads/sites/2/2025/08/jpg-7154.jpg" />
	<meta property="og:image:width" content="362" />
	<meta property="og:image:height" content="567" />
	<meta property="og:image:type" content="image/jpeg" />
<meta name="twitter:card" content="summary_large_image" />
<meta name="twitter:label1" content="Ansl. lesetid" />
	<meta name="twitter:data1" content="1 minutt" />
<script type="application/ld+json" class="yoast-schema-graph">{"@context":"https://schema.org","@graph":[{"@type":"WebPage","@id":"https://staging.forenteforlag.no/dreyers/produkt/de-druknede-og-de-bergede/","url":"https://staging.forenteforlag.no/dreyers/produkt/de-druknede-og-de-bergede/","name":"De druknede og de bergede - Dreyers Forlag","isPartOf":{"@id":"https://staging.forenteforlag.no/dreyers/#website"},"primaryImageOfPage":{"@id":"https://staging.forenteforlag.no/dreyers/produkt/de-druknede-og-de-bergede/#primaryimage"},"image":{"@id":"https://staging.forenteforlag.no/dreyers/produkt/de-druknede-og-de-bergede/#primaryimage"},"thumbnailUrl":"https://staging.forenteforlag.no/dreyers/wp-content/uploads/sites/2/2025/08/jpg-7154.jpg","datePublished":"2020-03-17T00:00:00+00:00","dateModified":"2026-01-05T04:17:45+00:00","breadcrumb":{"@id":"https://staging.forenteforlag.no/dreyers/produkt/de-druknede-og-de-bergede/#breadcrumb"},"inLanguage":"nb-NO","potentialAction":[{"@type":"ReadAction","target":["https://staging.forenteforlag.no/dreyers/produkt/de-druknede-og-de-bergede/"]}]},{"@type":"ImageObject","inLanguage":"nb-NO","@id":"https://staging.forenteforlag.no/dreyers/produkt/de-druknede-og-de-bergede/#primaryimage","url":"https://staging.forenteforlag.no/dreyers/wp-content/uploads/sites/2/2025/08/jpg-7154.jpg","contentUrl":"https://staging.forenteforlag.no/dreyers/wp-content/uploads/sites/2/2025/08/jpg-7154.jpg","width":362,"height":567},{"@type":"BreadcrumbList","@id":"https://staging.forenteforlag.no/dreyers/produkt/de-druknede-og-de-bergede/#breadcrumb","itemListElement":[{"@type":"ListItem","position":1,"name":"Hjem","item":"https://staging.forenteforlag.no/dreyers/"},{"@type":"ListItem","position":2,"name":"Alle bøker","item":"https://staging.forenteforlag.no/dreyers/butikk/"},{"@type":"ListItem","position":3,"name":"De druknede og de bergede"}]},{"@type":"WebSite","@id":"https://staging.forenteforlag.no/dreyers/#website","url":"https://staging.forenteforlag.no/dreyers/","name":"Dreyers Forlag","description":"","potentialAction":[{"@type":"SearchAction","target":{"@type":"EntryPoint","urlTemplate":"https://staging.forenteforlag.no/dreyers/?s={search_term_string}"},"query-input":{"@type":"PropertyValueSpecification","valueRequired":true,"valueName":"search_term_string"}}],"inLanguage":"nb-NO"}]}</script>
<!-- / Yoast SEO plugin. -->

De druknede og de bergede blir ofte omtalt som Primo Levis etiske testament. Boken er et resultat av et liv med refleksjoner over Auschwitz og over hva som står igjen etter denne mørke historiske hendelsen. Førti år etter den selvbiografiske vitneskildringen Hvis dette er et menneske og etter flere tiår med formidlingsarbeid som tidsvitne må [&hellip;]

Alle bøker
