{"id":21265,"date":"2021-03-30T02:00:00","date_gmt":"2021-03-30T00:00:00","guid":{"rendered":"https:\/\/dreyersforlag.forenteforlag.no\/produkt\/politisk-vold\/"},"modified":"2025-09-03T15:36:31","modified_gmt":"2025-09-03T13:36:31","slug":"politisk-vold","status":"publish","type":"product","link":"https:\/\/staging.forenteforlag.no\/dreyers\/produkt\/politisk-vold\/","title":{"rendered":"Politisk vold"},"content":{"rendered":"<p>Noen politiske ekstremister er voldelige, men ikke alle. Hva er sammenhengen mellom ekstreme holdninger og bruk av vold? Hvordan blir politisk voldsbruk legitimert, av ideologier, bevegelser og stater? Har alle ideologier, regimer og bevegelser det samme potensial for bruk av vold, eller er det forskjeller? Er voldsbruk f\u00f8rst og fremst et sp\u00f8rsm\u00e5l om taktikk eller strategi, eller har bruk av vold ogs\u00e5 en sosial funksjon? Hvordan kan vi forhindre at ikke-voldelige ekstremister blir voldelige?<\/p>\n<p>De.nisjoner av politisk ekstremisme har som oftest falt ned p\u00e5 en enkel forst\u00e5else om bruk av vold. Fra et statsperspektiv kan slike forenklinger v\u00e6re n\u00f8dvendige for \u00e5 utforme politikk. Men i et historisk og samtidspolitisk perspektiv s\u00e5 kan denne typen standardiserte de.nisjoner, som vektlegger virkemidler fremfor politiske m\u00e5l, ikke bare v\u00e6re lite fruktbare. De kan endatil gj\u00f8re det vanskelig \u00e5 oppdage og motvirke h\u00f8yst reelle trusler mot det liberale samfunnet. I denne boken problematiseres derfor forholdet mellom m\u00e5l og virkemidler hos politiske akt\u00f8rer ut fra en mer omfattende de.nisjon.<\/p>\n","protected":false},"excerpt":{"rendered":"<p>Noen politiske ekstremister er voldelige, men ikke alle. Hva er sammenhengen mellom ekstreme holdninger og bruk av vold? Hvordan blir politisk voldsbruk legitimert, av ideologier, bevegelser og stater? Har alle ideologier, regimer og bevegelser det samme potensial for bruk av vold, eller er det forskjeller? Er voldsbruk f\u00f8rst og fremst et sp\u00f8rsm\u00e5l om taktikk eller [&hellip;]<\/p>\n","protected":false},"featured_media":24362,"template":"","meta":{"_acf_changed":false,"inline_featured_image":false},"product_brand":[],"product_cat":[1785,32],"product_tag":[1127,362,549],"class_list":{"0":"post-21265","1":"product","2":"type-product","3":"status-publish","4":"has-post-thumbnail","6":"product_cat-fripris","7":"product_cat-samfunn-og-politikk","8":"product_tag-ekstremisme","9":"product_tag-faglitteratur","10":"product_tag-terrorisme","11":"pa_format-mykperm","13":"first","14":"instock","15":"shipping-taxable","16":"purchasable","17":"product-type-simple"},"acf":{"anmeldelse":null},"yoast_head":"<!-- This site is optimized with the Yoast SEO plugin v26.6 - https:\/\/yoast.com\/wordpress\/plugins\/seo\/ -->\n<title>Politisk vold - Dreyers Forlag<\/title>\n<meta name=\"robots\" content=\"noindex, follow, max-snippet:-1, max-image-preview:large, max-video-preview:-1\" \/>\n<meta property=\"og:locale\" content=\"nb_NO\" \/>\n<meta property=\"og:type\" content=\"article\" \/>\n<meta property=\"og:title\" content=\"Politisk vold - Dreyers Forlag\" \/>\n<meta property=\"og:description\" content=\"Noen politiske ekstremister er voldelige, men ikke alle. Hva er sammenhengen mellom ekstreme holdninger og bruk av vold? Hvordan blir politisk voldsbruk legitimert, av ideologier, bevegelser og stater? Har alle ideologier, regimer og bevegelser det samme potensial for bruk av vold, eller er det forskjeller? Er voldsbruk f\u00f8rst og fremst et sp\u00f8rsm\u00e5l om taktikk eller [&hellip;]\" \/>\n<meta property=\"og:url\" content=\"https:\/\/staging.forenteforlag.no\/dreyers\/produkt\/politisk-vold\/\" \/>\n<meta property=\"og:site_name\" content=\"Dreyers Forlag\" \/>\n<meta property=\"article:modified_time\" content=\"2025-09-03T13:36:31+00:00\" \/>\n<meta property=\"og:image\" content=\"https:\/\/staging.forenteforlag.no\/dreyers\/wp-content\/uploads\/sites\/2\/2025\/08\/jpg-8667.jpg\" \/>\n\t<meta property=\"og:image:width\" content=\"441\" \/>\n\t<meta property=\"og:image:height\" content=\"625\" \/>\n\t<meta property=\"og:image:type\" content=\"image\/jpeg\" \/>\n<meta name=\"twitter:card\" content=\"summary_large_image\" \/>\n<meta name=\"twitter:label1\" content=\"Ansl. lesetid\" \/>\n\t<meta name=\"twitter:data1\" content=\"2 minutter\" \/>\n<script type=\"application\/ld+json\" class=\"yoast-schema-graph\">{\"@context\":\"https:\/\/schema.org\",\"@graph\":[{\"@type\":\"WebPage\",\"@id\":\"https:\/\/staging.forenteforlag.no\/dreyers\/produkt\/politisk-vold\/\",\"url\":\"https:\/\/staging.forenteforlag.no\/dreyers\/produkt\/politisk-vold\/\",\"name\":\"Politisk vold - Dreyers Forlag\",\"isPartOf\":{\"@id\":\"https:\/\/staging.forenteforlag.no\/dreyers\/#website\"},\"primaryImageOfPage\":{\"@id\":\"https:\/\/staging.forenteforlag.no\/dreyers\/produkt\/politisk-vold\/#primaryimage\"},\"image\":{\"@id\":\"https:\/\/staging.forenteforlag.no\/dreyers\/produkt\/politisk-vold\/#primaryimage\"},\"thumbnailUrl\":\"https:\/\/staging.forenteforlag.no\/dreyers\/wp-content\/uploads\/sites\/2\/2025\/08\/jpg-8667.jpg\",\"datePublished\":\"2021-03-30T00:00:00+00:00\",\"dateModified\":\"2025-09-03T13:36:31+00:00\",\"breadcrumb\":{\"@id\":\"https:\/\/staging.forenteforlag.no\/dreyers\/produkt\/politisk-vold\/#breadcrumb\"},\"inLanguage\":\"nb-NO\",\"potentialAction\":[{\"@type\":\"ReadAction\",\"target\":[\"https:\/\/staging.forenteforlag.no\/dreyers\/produkt\/politisk-vold\/\"]}]},{\"@type\":\"ImageObject\",\"inLanguage\":\"nb-NO\",\"@id\":\"https:\/\/staging.forenteforlag.no\/dreyers\/produkt\/politisk-vold\/#primaryimage\",\"url\":\"https:\/\/staging.forenteforlag.no\/dreyers\/wp-content\/uploads\/sites\/2\/2025\/08\/jpg-8667.jpg\",\"contentUrl\":\"https:\/\/staging.forenteforlag.no\/dreyers\/wp-content\/uploads\/sites\/2\/2025\/08\/jpg-8667.jpg\",\"width\":441,\"height\":625},{\"@type\":\"BreadcrumbList\",\"@id\":\"https:\/\/staging.forenteforlag.no\/dreyers\/produkt\/politisk-vold\/#breadcrumb\",\"itemListElement\":[{\"@type\":\"ListItem\",\"position\":1,\"name\":\"Hjem\",\"item\":\"https:\/\/staging.forenteforlag.no\/dreyers\/\"},{\"@type\":\"ListItem\",\"position\":2,\"name\":\"Alle b\u00f8ker\",\"item\":\"https:\/\/staging.forenteforlag.no\/dreyers\/butikk\/\"},{\"@type\":\"ListItem\",\"position\":3,\"name\":\"Politisk vold\"}]},{\"@type\":\"WebSite\",\"@id\":\"https:\/\/staging.forenteforlag.no\/dreyers\/#website\",\"url\":\"https:\/\/staging.forenteforlag.no\/dreyers\/\",\"name\":\"Dreyers Forlag\",\"description\":\"\",\"potentialAction\":[{\"@type\":\"SearchAction\",\"target\":{\"@type\":\"EntryPoint\",\"urlTemplate\":\"https:\/\/staging.forenteforlag.no\/dreyers\/?s={search_term_string}\"},\"query-input\":{\"@type\":\"PropertyValueSpecification\",\"valueRequired\":true,\"valueName\":\"search_term_string\"}}],\"inLanguage\":\"nb-NO\"}]}<\/script>\n<!-- \/ Yoast SEO plugin. -->","yoast_head_json":{"title":"Politisk vold - Dreyers Forlag","robots":{"index":"noindex","follow":"follow","max-snippet":"max-snippet:-1","max-image-preview":"max-image-preview:large","max-video-preview":"max-video-preview:-1"},"og_locale":"nb_NO","og_type":"article","og_title":"Politisk vold - Dreyers Forlag","og_description":"Noen politiske ekstremister er voldelige, men ikke alle. Hva er sammenhengen mellom ekstreme holdninger og bruk av vold? Hvordan blir politisk voldsbruk legitimert, av ideologier, bevegelser og stater? Har alle ideologier, regimer og bevegelser det samme potensial for bruk av vold, eller er det forskjeller? Er voldsbruk f\u00f8rst og fremst et sp\u00f8rsm\u00e5l om taktikk eller [&hellip;]","og_url":"https:\/\/staging.forenteforlag.no\/dreyers\/produkt\/politisk-vold\/","og_site_name":"Dreyers Forlag","article_modified_time":"2025-09-03T13:36:31+00:00","og_image":[{"width":441,"height":625,"url":"https:\/\/staging.forenteforlag.no\/dreyers\/wp-content\/uploads\/sites\/2\/2025\/08\/jpg-8667.jpg","type":"image\/jpeg"}],"twitter_card":"summary_large_image","twitter_misc":{"Ansl. lesetid":"2 minutter"},"schema":{"@context":"https:\/\/schema.org","@graph":[{"@type":"WebPage","@id":"https:\/\/staging.forenteforlag.no\/dreyers\/produkt\/politisk-vold\/","url":"https:\/\/staging.forenteforlag.no\/dreyers\/produkt\/politisk-vold\/","name":"Politisk vold - Dreyers Forlag","isPartOf":{"@id":"https:\/\/staging.forenteforlag.no\/dreyers\/#website"},"primaryImageOfPage":{"@id":"https:\/\/staging.forenteforlag.no\/dreyers\/produkt\/politisk-vold\/#primaryimage"},"image":{"@id":"https:\/\/staging.forenteforlag.no\/dreyers\/produkt\/politisk-vold\/#primaryimage"},"thumbnailUrl":"https:\/\/staging.forenteforlag.no\/dreyers\/wp-content\/uploads\/sites\/2\/2025\/08\/jpg-8667.jpg","datePublished":"2021-03-30T00:00:00+00:00","dateModified":"2025-09-03T13:36:31+00:00","breadcrumb":{"@id":"https:\/\/staging.forenteforlag.no\/dreyers\/produkt\/politisk-vold\/#breadcrumb"},"inLanguage":"nb-NO","potentialAction":[{"@type":"ReadAction","target":["https:\/\/staging.forenteforlag.no\/dreyers\/produkt\/politisk-vold\/"]}]},{"@type":"ImageObject","inLanguage":"nb-NO","@id":"https:\/\/staging.forenteforlag.no\/dreyers\/produkt\/politisk-vold\/#primaryimage","url":"https:\/\/staging.forenteforlag.no\/dreyers\/wp-content\/uploads\/sites\/2\/2025\/08\/jpg-8667.jpg","contentUrl":"https:\/\/staging.forenteforlag.no\/dreyers\/wp-content\/uploads\/sites\/2\/2025\/08\/jpg-8667.jpg","width":441,"height":625},{"@type":"BreadcrumbList","@id":"https:\/\/staging.forenteforlag.no\/dreyers\/produkt\/politisk-vold\/#breadcrumb","itemListElement":[{"@type":"ListItem","position":1,"name":"Hjem","item":"https:\/\/staging.forenteforlag.no\/dreyers\/"},{"@type":"ListItem","position":2,"name":"Alle b\u00f8ker","item":"https:\/\/staging.forenteforlag.no\/dreyers\/butikk\/"},{"@type":"ListItem","position":3,"name":"Politisk vold"}]},{"@type":"WebSite","@id":"https:\/\/staging.forenteforlag.no\/dreyers\/#website","url":"https:\/\/staging.forenteforlag.no\/dreyers\/","name":"Dreyers Forlag","description":"","potentialAction":[{"@type":"SearchAction","target":{"@type":"EntryPoint","urlTemplate":"https:\/\/staging.forenteforlag.no\/dreyers\/?s={search_term_string}"},"query-input":{"@type":"PropertyValueSpecification","valueRequired":true,"valueName":"search_term_string"}}],"inLanguage":"nb-NO"}]}},"_links":{"self":[{"href":"https:\/\/staging.forenteforlag.no\/dreyers\/wp-json\/wp\/v2\/product\/21265","targetHints":{"allow":["GET"]}}],"collection":[{"href":"https:\/\/staging.forenteforlag.no\/dreyers\/wp-json\/wp\/v2\/product"}],"about":[{"href":"https:\/\/staging.forenteforlag.no\/dreyers\/wp-json\/wp\/v2\/types\/product"}],"wp:featuredmedia":[{"embeddable":true,"href":"https:\/\/staging.forenteforlag.no\/dreyers\/wp-json\/wp\/v2\/media\/24362"}],"wp:attachment":[{"href":"https:\/\/staging.forenteforlag.no\/dreyers\/wp-json\/wp\/v2\/media?parent=21265"}],"wp:term":[{"taxonomy":"product_brand","embeddable":true,"href":"https:\/\/staging.forenteforlag.no\/dreyers\/wp-json\/wp\/v2\/product_brand?post=21265"},{"taxonomy":"product_cat","embeddable":true,"href":"https:\/\/staging.forenteforlag.no\/dreyers\/wp-json\/wp\/v2\/product_cat?post=21265"},{"taxonomy":"product_tag","embeddable":true,"href":"https:\/\/staging.forenteforlag.no\/dreyers\/wp-json\/wp\/v2\/product_tag?post=21265"}],"curies":[{"name":"wp","href":"https:\/\/api.w.org\/{rel}","templated":true}]}}

<p>Noen politiske ekstremister er voldelige, men ikke alle. Hva er sammenhengen mellom ekstreme holdninger og bruk av vold? Hvordan blir politisk voldsbruk legitimert, av ideologier, bevegelser og stater? Har alle ideologier, regimer og bevegelser det samme potensial for bruk av vold, eller er det forskjeller? Er voldsbruk først og fremst et spørsmål om taktikk eller strategi, eller har bruk av vold også en sosial funksjon? Hvordan kan vi forhindre at ikke-voldelige ekstremister blir voldelige?</p>
<p>De.nisjoner av politisk ekstremisme har som oftest falt ned på en enkel forståelse om bruk av vold. Fra et statsperspektiv kan slike forenklinger være nødvendige for å utforme politikk. Men i et historisk og samtidspolitisk perspektiv så kan denne typen standardiserte de.nisjoner, som vektlegger virkemidler fremfor politiske mål, ikke bare være lite fruktbare. De kan endatil gjøre det vanskelig å oppdage og motvirke høyst reelle trusler mot det liberale samfunnet. I denne boken problematiseres derfor forholdet mellom mål og virkemidler hos politiske aktører ut fra en mer omfattende de.nisjon.</p>

<p>Noen politiske ekstremister er voldelige, men ikke alle. Hva er sammenhengen mellom ekstreme holdninger og bruk av vold? Hvordan blir politisk voldsbruk legitimert, av ideologier, bevegelser og stater? Har alle ideologier, regimer og bevegelser det samme potensial for bruk av vold, eller er det forskjeller? Er voldsbruk først og fremst et spørsmål om taktikk eller [&hellip;]</p>

<!-- This site is optimized with the Yoast SEO plugin v26.6 - https://yoast.com/wordpress/plugins/seo/ -->
<title>Politisk vold - Dreyers Forlag</title>
<meta name="robots" content="noindex, follow, max-snippet:-1, max-image-preview:large, max-video-preview:-1" />
<meta property="og:locale" content="nb_NO" />
<meta property="og:type" content="article" />
<meta property="og:title" content="Politisk vold - Dreyers Forlag" />
<meta property="og:description" content="Noen politiske ekstremister er voldelige, men ikke alle. Hva er sammenhengen mellom ekstreme holdninger og bruk av vold? Hvordan blir politisk voldsbruk legitimert, av ideologier, bevegelser og stater? Har alle ideologier, regimer og bevegelser det samme potensial for bruk av vold, eller er det forskjeller? Er voldsbruk først og fremst et spørsmål om taktikk eller [&hellip;]" />
<meta property="og:url" content="https://staging.forenteforlag.no/dreyers/produkt/politisk-vold/" />
<meta property="og:site_name" content="Dreyers Forlag" />
<meta property="article:modified_time" content="2025-09-03T13:36:31+00:00" />
<meta property="og:image" content="https://staging.forenteforlag.no/dreyers/wp-content/uploads/sites/2/2025/08/jpg-8667.jpg" />
	<meta property="og:image:width" content="441" />
	<meta property="og:image:height" content="625" />
	<meta property="og:image:type" content="image/jpeg" />
<meta name="twitter:card" content="summary_large_image" />
<meta name="twitter:label1" content="Ansl. lesetid" />
	<meta name="twitter:data1" content="2 minutter" />
<script type="application/ld+json" class="yoast-schema-graph">{"@context":"https://schema.org","@graph":[{"@type":"WebPage","@id":"https://staging.forenteforlag.no/dreyers/produkt/politisk-vold/","url":"https://staging.forenteforlag.no/dreyers/produkt/politisk-vold/","name":"Politisk vold - Dreyers Forlag","isPartOf":{"@id":"https://staging.forenteforlag.no/dreyers/#website"},"primaryImageOfPage":{"@id":"https://staging.forenteforlag.no/dreyers/produkt/politisk-vold/#primaryimage"},"image":{"@id":"https://staging.forenteforlag.no/dreyers/produkt/politisk-vold/#primaryimage"},"thumbnailUrl":"https://staging.forenteforlag.no/dreyers/wp-content/uploads/sites/2/2025/08/jpg-8667.jpg","datePublished":"2021-03-30T00:00:00+00:00","dateModified":"2025-09-03T13:36:31+00:00","breadcrumb":{"@id":"https://staging.forenteforlag.no/dreyers/produkt/politisk-vold/#breadcrumb"},"inLanguage":"nb-NO","potentialAction":[{"@type":"ReadAction","target":["https://staging.forenteforlag.no/dreyers/produkt/politisk-vold/"]}]},{"@type":"ImageObject","inLanguage":"nb-NO","@id":"https://staging.forenteforlag.no/dreyers/produkt/politisk-vold/#primaryimage","url":"https://staging.forenteforlag.no/dreyers/wp-content/uploads/sites/2/2025/08/jpg-8667.jpg","contentUrl":"https://staging.forenteforlag.no/dreyers/wp-content/uploads/sites/2/2025/08/jpg-8667.jpg","width":441,"height":625},{"@type":"BreadcrumbList","@id":"https://staging.forenteforlag.no/dreyers/produkt/politisk-vold/#breadcrumb","itemListElement":[{"@type":"ListItem","position":1,"name":"Hjem","item":"https://staging.forenteforlag.no/dreyers/"},{"@type":"ListItem","position":2,"name":"Alle bøker","item":"https://staging.forenteforlag.no/dreyers/butikk/"},{"@type":"ListItem","position":3,"name":"Politisk vold"}]},{"@type":"WebSite","@id":"https://staging.forenteforlag.no/dreyers/#website","url":"https://staging.forenteforlag.no/dreyers/","name":"Dreyers Forlag","description":"","potentialAction":[{"@type":"SearchAction","target":{"@type":"EntryPoint","urlTemplate":"https://staging.forenteforlag.no/dreyers/?s={search_term_string}"},"query-input":{"@type":"PropertyValueSpecification","valueRequired":true,"valueName":"search_term_string"}}],"inLanguage":"nb-NO"}]}</script>
<!-- / Yoast SEO plugin. -->

Noen politiske ekstremister er voldelige, men ikke alle. Hva er sammenhengen mellom ekstreme holdninger og bruk av vold? Hvordan blir politisk voldsbruk legitimert, av ideologier, bevegelser og stater? Har alle ideologier, regimer og bevegelser det samme potensial for bruk av vold, eller er det forskjeller? Er voldsbruk først og fremst et spørsmål om taktikk eller [&hellip;]

Alle bøker
