{"id":21263,"date":"2020-05-28T02:00:00","date_gmt":"2020-05-28T00:00:00","guid":{"rendered":"https:\/\/dreyersforlag.forenteforlag.no\/produkt\/historie-og-moral-2\/"},"modified":"2025-09-04T13:29:47","modified_gmt":"2025-09-04T11:29:47","slug":"historie-og-moral-2","status":"publish","type":"product","link":"https:\/\/staging.forenteforlag.no\/dreyers\/produkt\/historie-og-moral-2\/","title":{"rendered":"Historie og moral"},"content":{"rendered":"<p>De norske j\u00f8denes skjebne under annen verdenskrig er tragisk, dramatisk &#8211; og, skulle man tro, velkjent. Men alle sider ved historien er fremdeles ikke utforsket. Kontroversene rundt Marte Michelets bok om hjemmefronten og j\u00f8dene h\u00f8sten 2018 viser ogs\u00e5 hvor f\u00f8lelsesladd temaet er.<\/p>\n<p>Den ukjente NS-loven om j\u00f8der ble aldri satt ut i livet. Hva gikk den ut p\u00e5, og hvorfor var det s\u00e5 stor uenighet om den innad i Quislings regime? Hva var det London-regjeringen og den illegale pressen egentlig visste og skrev om j\u00f8denes skjebne? Hvordan endret omtalene av j\u00f8der og antisemittisme seg i den norske o.entligheten i kj\u00f8lvannet av Holocaust-erfaringen?<\/p>\n<p>Denne boken behandler disse sp\u00f8rsm\u00e5lene og .ere ukjente eller lite unders\u00f8kte temaer knyttet til Holocaust i Norge. Den g\u00e5r inn p\u00e5 et felt der det historiske og moralske krysser hverandre. For det f\u00f8rste rettes det fokus mot antisemittismen som ideologi og praksis, med vekt p\u00e5 okkupasjonstiden. For det andre tematiserer boken hvordan motstandsbevegelsen, eksilregjeringen og det demokratiske Norge forholdt seg til nasjonalsosialistenes fors\u00f8k p\u00e5 \u00e5 tilintetgj\u00f8re j\u00f8dene.<\/p>\n","protected":false},"excerpt":{"rendered":"<p>De norske j\u00f8denes skjebne under annen verdenskrig er tragisk, dramatisk &#8211; og, skulle man tro, velkjent. Men alle sider ved historien er fremdeles ikke utforsket. Kontroversene rundt Marte Michelets bok om hjemmefronten og j\u00f8dene h\u00f8sten 2018 viser ogs\u00e5 hvor f\u00f8lelsesladd temaet er. Den ukjente NS-loven om j\u00f8der ble aldri satt ut i livet. Hva gikk [&hellip;]<\/p>\n","protected":false},"featured_media":24047,"template":"","meta":{"_acf_changed":false,"inline_featured_image":false},"product_brand":[],"product_cat":[1785,23,32],"product_tag":[407,405,388,362,456,452,526,439],"class_list":{"0":"post-21263","1":"product","2":"type-product","3":"status-publish","4":"has-post-thumbnail","6":"product_cat-fripris","7":"product_cat-historie","8":"product_cat-samfunn-og-politikk","9":"product_tag-1939-1945","10":"product_tag-andre-verdenskrig","11":"product_tag-antisemittisme","12":"product_tag-faglitteratur","13":"product_tag-holocaust","14":"product_tag-joder","15":"product_tag-motstandsarbeid","16":"product_tag-nord-norge","17":"pa_format-innbundet","19":"first","20":"instock","21":"shipping-taxable","22":"purchasable","23":"product-type-simple"},"acf":{"anmeldelse":null},"yoast_head":"<!-- This site is optimized with the Yoast SEO plugin v26.6 - https:\/\/yoast.com\/wordpress\/plugins\/seo\/ -->\n<title>Historie og moral - Dreyers Forlag<\/title>\n<meta name=\"robots\" content=\"noindex, follow, max-snippet:-1, max-image-preview:large, max-video-preview:-1\" \/>\n<meta property=\"og:locale\" content=\"nb_NO\" \/>\n<meta property=\"og:type\" content=\"article\" \/>\n<meta property=\"og:title\" content=\"Historie og moral - Dreyers Forlag\" \/>\n<meta property=\"og:description\" content=\"De norske j\u00f8denes skjebne under annen verdenskrig er tragisk, dramatisk &#8211; og, skulle man tro, velkjent. Men alle sider ved historien er fremdeles ikke utforsket. Kontroversene rundt Marte Michelets bok om hjemmefronten og j\u00f8dene h\u00f8sten 2018 viser ogs\u00e5 hvor f\u00f8lelsesladd temaet er. Den ukjente NS-loven om j\u00f8der ble aldri satt ut i livet. Hva gikk [&hellip;]\" \/>\n<meta property=\"og:url\" content=\"https:\/\/staging.forenteforlag.no\/dreyers\/produkt\/historie-og-moral-2\/\" \/>\n<meta property=\"og:site_name\" content=\"Dreyers Forlag\" \/>\n<meta property=\"article:modified_time\" content=\"2025-09-04T11:29:47+00:00\" \/>\n<meta property=\"og:image\" content=\"https:\/\/staging.forenteforlag.no\/dreyers\/wp-content\/uploads\/sites\/2\/2025\/08\/jpg-5721.jpg\" \/>\n\t<meta property=\"og:image:width\" content=\"441\" \/>\n\t<meta property=\"og:image:height\" content=\"649\" \/>\n\t<meta property=\"og:image:type\" content=\"image\/jpeg\" \/>\n<meta name=\"twitter:card\" content=\"summary_large_image\" \/>\n<meta name=\"twitter:label1\" content=\"Ansl. lesetid\" \/>\n\t<meta name=\"twitter:data1\" content=\"2 minutter\" \/>\n<script type=\"application\/ld+json\" class=\"yoast-schema-graph\">{\"@context\":\"https:\/\/schema.org\",\"@graph\":[{\"@type\":\"WebPage\",\"@id\":\"https:\/\/staging.forenteforlag.no\/dreyers\/produkt\/historie-og-moral-2\/\",\"url\":\"https:\/\/staging.forenteforlag.no\/dreyers\/produkt\/historie-og-moral-2\/\",\"name\":\"Historie og moral - Dreyers Forlag\",\"isPartOf\":{\"@id\":\"https:\/\/staging.forenteforlag.no\/dreyers\/#website\"},\"primaryImageOfPage\":{\"@id\":\"https:\/\/staging.forenteforlag.no\/dreyers\/produkt\/historie-og-moral-2\/#primaryimage\"},\"image\":{\"@id\":\"https:\/\/staging.forenteforlag.no\/dreyers\/produkt\/historie-og-moral-2\/#primaryimage\"},\"thumbnailUrl\":\"https:\/\/staging.forenteforlag.no\/dreyers\/wp-content\/uploads\/sites\/2\/2025\/08\/jpg-5721.jpg\",\"datePublished\":\"2020-05-28T00:00:00+00:00\",\"dateModified\":\"2025-09-04T11:29:47+00:00\",\"breadcrumb\":{\"@id\":\"https:\/\/staging.forenteforlag.no\/dreyers\/produkt\/historie-og-moral-2\/#breadcrumb\"},\"inLanguage\":\"nb-NO\",\"potentialAction\":[{\"@type\":\"ReadAction\",\"target\":[\"https:\/\/staging.forenteforlag.no\/dreyers\/produkt\/historie-og-moral-2\/\"]}]},{\"@type\":\"ImageObject\",\"inLanguage\":\"nb-NO\",\"@id\":\"https:\/\/staging.forenteforlag.no\/dreyers\/produkt\/historie-og-moral-2\/#primaryimage\",\"url\":\"https:\/\/staging.forenteforlag.no\/dreyers\/wp-content\/uploads\/sites\/2\/2025\/08\/jpg-5721.jpg\",\"contentUrl\":\"https:\/\/staging.forenteforlag.no\/dreyers\/wp-content\/uploads\/sites\/2\/2025\/08\/jpg-5721.jpg\",\"width\":441,\"height\":649},{\"@type\":\"BreadcrumbList\",\"@id\":\"https:\/\/staging.forenteforlag.no\/dreyers\/produkt\/historie-og-moral-2\/#breadcrumb\",\"itemListElement\":[{\"@type\":\"ListItem\",\"position\":1,\"name\":\"Hjem\",\"item\":\"https:\/\/staging.forenteforlag.no\/dreyers\/\"},{\"@type\":\"ListItem\",\"position\":2,\"name\":\"Alle b\u00f8ker\",\"item\":\"https:\/\/staging.forenteforlag.no\/dreyers\/butikk\/\"},{\"@type\":\"ListItem\",\"position\":3,\"name\":\"Historie og moral\"}]},{\"@type\":\"WebSite\",\"@id\":\"https:\/\/staging.forenteforlag.no\/dreyers\/#website\",\"url\":\"https:\/\/staging.forenteforlag.no\/dreyers\/\",\"name\":\"Dreyers Forlag\",\"description\":\"\",\"potentialAction\":[{\"@type\":\"SearchAction\",\"target\":{\"@type\":\"EntryPoint\",\"urlTemplate\":\"https:\/\/staging.forenteforlag.no\/dreyers\/?s={search_term_string}\"},\"query-input\":{\"@type\":\"PropertyValueSpecification\",\"valueRequired\":true,\"valueName\":\"search_term_string\"}}],\"inLanguage\":\"nb-NO\"}]}<\/script>\n<!-- \/ Yoast SEO plugin. -->","yoast_head_json":{"title":"Historie og moral - Dreyers Forlag","robots":{"index":"noindex","follow":"follow","max-snippet":"max-snippet:-1","max-image-preview":"max-image-preview:large","max-video-preview":"max-video-preview:-1"},"og_locale":"nb_NO","og_type":"article","og_title":"Historie og moral - Dreyers Forlag","og_description":"De norske j\u00f8denes skjebne under annen verdenskrig er tragisk, dramatisk &#8211; og, skulle man tro, velkjent. Men alle sider ved historien er fremdeles ikke utforsket. Kontroversene rundt Marte Michelets bok om hjemmefronten og j\u00f8dene h\u00f8sten 2018 viser ogs\u00e5 hvor f\u00f8lelsesladd temaet er. Den ukjente NS-loven om j\u00f8der ble aldri satt ut i livet. Hva gikk [&hellip;]","og_url":"https:\/\/staging.forenteforlag.no\/dreyers\/produkt\/historie-og-moral-2\/","og_site_name":"Dreyers Forlag","article_modified_time":"2025-09-04T11:29:47+00:00","og_image":[{"width":441,"height":649,"url":"https:\/\/staging.forenteforlag.no\/dreyers\/wp-content\/uploads\/sites\/2\/2025\/08\/jpg-5721.jpg","type":"image\/jpeg"}],"twitter_card":"summary_large_image","twitter_misc":{"Ansl. lesetid":"2 minutter"},"schema":{"@context":"https:\/\/schema.org","@graph":[{"@type":"WebPage","@id":"https:\/\/staging.forenteforlag.no\/dreyers\/produkt\/historie-og-moral-2\/","url":"https:\/\/staging.forenteforlag.no\/dreyers\/produkt\/historie-og-moral-2\/","name":"Historie og moral - Dreyers Forlag","isPartOf":{"@id":"https:\/\/staging.forenteforlag.no\/dreyers\/#website"},"primaryImageOfPage":{"@id":"https:\/\/staging.forenteforlag.no\/dreyers\/produkt\/historie-og-moral-2\/#primaryimage"},"image":{"@id":"https:\/\/staging.forenteforlag.no\/dreyers\/produkt\/historie-og-moral-2\/#primaryimage"},"thumbnailUrl":"https:\/\/staging.forenteforlag.no\/dreyers\/wp-content\/uploads\/sites\/2\/2025\/08\/jpg-5721.jpg","datePublished":"2020-05-28T00:00:00+00:00","dateModified":"2025-09-04T11:29:47+00:00","breadcrumb":{"@id":"https:\/\/staging.forenteforlag.no\/dreyers\/produkt\/historie-og-moral-2\/#breadcrumb"},"inLanguage":"nb-NO","potentialAction":[{"@type":"ReadAction","target":["https:\/\/staging.forenteforlag.no\/dreyers\/produkt\/historie-og-moral-2\/"]}]},{"@type":"ImageObject","inLanguage":"nb-NO","@id":"https:\/\/staging.forenteforlag.no\/dreyers\/produkt\/historie-og-moral-2\/#primaryimage","url":"https:\/\/staging.forenteforlag.no\/dreyers\/wp-content\/uploads\/sites\/2\/2025\/08\/jpg-5721.jpg","contentUrl":"https:\/\/staging.forenteforlag.no\/dreyers\/wp-content\/uploads\/sites\/2\/2025\/08\/jpg-5721.jpg","width":441,"height":649},{"@type":"BreadcrumbList","@id":"https:\/\/staging.forenteforlag.no\/dreyers\/produkt\/historie-og-moral-2\/#breadcrumb","itemListElement":[{"@type":"ListItem","position":1,"name":"Hjem","item":"https:\/\/staging.forenteforlag.no\/dreyers\/"},{"@type":"ListItem","position":2,"name":"Alle b\u00f8ker","item":"https:\/\/staging.forenteforlag.no\/dreyers\/butikk\/"},{"@type":"ListItem","position":3,"name":"Historie og moral"}]},{"@type":"WebSite","@id":"https:\/\/staging.forenteforlag.no\/dreyers\/#website","url":"https:\/\/staging.forenteforlag.no\/dreyers\/","name":"Dreyers Forlag","description":"","potentialAction":[{"@type":"SearchAction","target":{"@type":"EntryPoint","urlTemplate":"https:\/\/staging.forenteforlag.no\/dreyers\/?s={search_term_string}"},"query-input":{"@type":"PropertyValueSpecification","valueRequired":true,"valueName":"search_term_string"}}],"inLanguage":"nb-NO"}]}},"_links":{"self":[{"href":"https:\/\/staging.forenteforlag.no\/dreyers\/wp-json\/wp\/v2\/product\/21263","targetHints":{"allow":["GET"]}}],"collection":[{"href":"https:\/\/staging.forenteforlag.no\/dreyers\/wp-json\/wp\/v2\/product"}],"about":[{"href":"https:\/\/staging.forenteforlag.no\/dreyers\/wp-json\/wp\/v2\/types\/product"}],"wp:featuredmedia":[{"embeddable":true,"href":"https:\/\/staging.forenteforlag.no\/dreyers\/wp-json\/wp\/v2\/media\/24047"}],"wp:attachment":[{"href":"https:\/\/staging.forenteforlag.no\/dreyers\/wp-json\/wp\/v2\/media?parent=21263"}],"wp:term":[{"taxonomy":"product_brand","embeddable":true,"href":"https:\/\/staging.forenteforlag.no\/dreyers\/wp-json\/wp\/v2\/product_brand?post=21263"},{"taxonomy":"product_cat","embeddable":true,"href":"https:\/\/staging.forenteforlag.no\/dreyers\/wp-json\/wp\/v2\/product_cat?post=21263"},{"taxonomy":"product_tag","embeddable":true,"href":"https:\/\/staging.forenteforlag.no\/dreyers\/wp-json\/wp\/v2\/product_tag?post=21263"}],"curies":[{"name":"wp","href":"https:\/\/api.w.org\/{rel}","templated":true}]}}

<p>De norske jødenes skjebne under annen verdenskrig er tragisk, dramatisk &#8211; og, skulle man tro, velkjent. Men alle sider ved historien er fremdeles ikke utforsket. Kontroversene rundt Marte Michelets bok om hjemmefronten og jødene høsten 2018 viser også hvor følelsesladd temaet er.</p>
<p>Den ukjente NS-loven om jøder ble aldri satt ut i livet. Hva gikk den ut på, og hvorfor var det så stor uenighet om den innad i Quislings regime? Hva var det London-regjeringen og den illegale pressen egentlig visste og skrev om jødenes skjebne? Hvordan endret omtalene av jøder og antisemittisme seg i den norske o.entligheten i kjølvannet av Holocaust-erfaringen?</p>
<p>Denne boken behandler disse spørsmålene og .ere ukjente eller lite undersøkte temaer knyttet til Holocaust i Norge. Den går inn på et felt der det historiske og moralske krysser hverandre. For det første rettes det fokus mot antisemittismen som ideologi og praksis, med vekt på okkupasjonstiden. For det andre tematiserer boken hvordan motstandsbevegelsen, eksilregjeringen og det demokratiske Norge forholdt seg til nasjonalsosialistenes forsøk på å tilintetgjøre jødene.</p>

<p>De norske jødenes skjebne under annen verdenskrig er tragisk, dramatisk &#8211; og, skulle man tro, velkjent. Men alle sider ved historien er fremdeles ikke utforsket. Kontroversene rundt Marte Michelets bok om hjemmefronten og jødene høsten 2018 viser også hvor følelsesladd temaet er. Den ukjente NS-loven om jøder ble aldri satt ut i livet. Hva gikk [&hellip;]</p>

<!-- This site is optimized with the Yoast SEO plugin v26.6 - https://yoast.com/wordpress/plugins/seo/ -->
<title>Historie og moral - Dreyers Forlag</title>
<meta name="robots" content="noindex, follow, max-snippet:-1, max-image-preview:large, max-video-preview:-1" />
<meta property="og:locale" content="nb_NO" />
<meta property="og:type" content="article" />
<meta property="og:title" content="Historie og moral - Dreyers Forlag" />
<meta property="og:description" content="De norske jødenes skjebne under annen verdenskrig er tragisk, dramatisk &#8211; og, skulle man tro, velkjent. Men alle sider ved historien er fremdeles ikke utforsket. Kontroversene rundt Marte Michelets bok om hjemmefronten og jødene høsten 2018 viser også hvor følelsesladd temaet er. Den ukjente NS-loven om jøder ble aldri satt ut i livet. Hva gikk [&hellip;]" />
<meta property="og:url" content="https://staging.forenteforlag.no/dreyers/produkt/historie-og-moral-2/" />
<meta property="og:site_name" content="Dreyers Forlag" />
<meta property="article:modified_time" content="2025-09-04T11:29:47+00:00" />
<meta property="og:image" content="https://staging.forenteforlag.no/dreyers/wp-content/uploads/sites/2/2025/08/jpg-5721.jpg" />
	<meta property="og:image:width" content="441" />
	<meta property="og:image:height" content="649" />
	<meta property="og:image:type" content="image/jpeg" />
<meta name="twitter:card" content="summary_large_image" />
<meta name="twitter:label1" content="Ansl. lesetid" />
	<meta name="twitter:data1" content="2 minutter" />
<script type="application/ld+json" class="yoast-schema-graph">{"@context":"https://schema.org","@graph":[{"@type":"WebPage","@id":"https://staging.forenteforlag.no/dreyers/produkt/historie-og-moral-2/","url":"https://staging.forenteforlag.no/dreyers/produkt/historie-og-moral-2/","name":"Historie og moral - Dreyers Forlag","isPartOf":{"@id":"https://staging.forenteforlag.no/dreyers/#website"},"primaryImageOfPage":{"@id":"https://staging.forenteforlag.no/dreyers/produkt/historie-og-moral-2/#primaryimage"},"image":{"@id":"https://staging.forenteforlag.no/dreyers/produkt/historie-og-moral-2/#primaryimage"},"thumbnailUrl":"https://staging.forenteforlag.no/dreyers/wp-content/uploads/sites/2/2025/08/jpg-5721.jpg","datePublished":"2020-05-28T00:00:00+00:00","dateModified":"2025-09-04T11:29:47+00:00","breadcrumb":{"@id":"https://staging.forenteforlag.no/dreyers/produkt/historie-og-moral-2/#breadcrumb"},"inLanguage":"nb-NO","potentialAction":[{"@type":"ReadAction","target":["https://staging.forenteforlag.no/dreyers/produkt/historie-og-moral-2/"]}]},{"@type":"ImageObject","inLanguage":"nb-NO","@id":"https://staging.forenteforlag.no/dreyers/produkt/historie-og-moral-2/#primaryimage","url":"https://staging.forenteforlag.no/dreyers/wp-content/uploads/sites/2/2025/08/jpg-5721.jpg","contentUrl":"https://staging.forenteforlag.no/dreyers/wp-content/uploads/sites/2/2025/08/jpg-5721.jpg","width":441,"height":649},{"@type":"BreadcrumbList","@id":"https://staging.forenteforlag.no/dreyers/produkt/historie-og-moral-2/#breadcrumb","itemListElement":[{"@type":"ListItem","position":1,"name":"Hjem","item":"https://staging.forenteforlag.no/dreyers/"},{"@type":"ListItem","position":2,"name":"Alle bøker","item":"https://staging.forenteforlag.no/dreyers/butikk/"},{"@type":"ListItem","position":3,"name":"Historie og moral"}]},{"@type":"WebSite","@id":"https://staging.forenteforlag.no/dreyers/#website","url":"https://staging.forenteforlag.no/dreyers/","name":"Dreyers Forlag","description":"","potentialAction":[{"@type":"SearchAction","target":{"@type":"EntryPoint","urlTemplate":"https://staging.forenteforlag.no/dreyers/?s={search_term_string}"},"query-input":{"@type":"PropertyValueSpecification","valueRequired":true,"valueName":"search_term_string"}}],"inLanguage":"nb-NO"}]}</script>
<!-- / Yoast SEO plugin. -->

De norske jødenes skjebne under annen verdenskrig er tragisk, dramatisk &#8211; og, skulle man tro, velkjent. Men alle sider ved historien er fremdeles ikke utforsket. Kontroversene rundt Marte Michelets bok om hjemmefronten og jødene høsten 2018 viser også hvor følelsesladd temaet er. Den ukjente NS-loven om jøder ble aldri satt ut i livet. Hva gikk [&hellip;]

Alle bøker
