{"id":21262,"date":"2021-04-13T02:00:00","date_gmt":"2021-04-13T00:00:00","guid":{"rendered":"https:\/\/dreyersforlag.forenteforlag.no\/produkt\/knut-hamsun-og-det-norske-holocaust\/"},"modified":"2025-08-27T14:13:11","modified_gmt":"2025-08-27T12:13:11","slug":"knut-hamsun-og-det-norske-holocaust","status":"publish","type":"product","link":"https:\/\/staging.forenteforlag.no\/dreyers\/produkt\/knut-hamsun-og-det-norske-holocaust\/","title":{"rendered":"Knut Hamsun og det norske Holocaust"},"content":{"rendered":"<p>Hamsuns roman Markens Gr\u00f8de ble utgitt 1. desember 1917.  Romanen ble en salgssuksess, ogs\u00e5 internasjonalt, is\u00e6r etter at forfatteren mottok Nobelprisen for den i 1920. P\u00e5 dagen 25 \u00e5r etter utgivelsen, den 1. desember 1942, markerte Aftenposten jubileet med en artikkel som hyllet Hamsun og romanen. Samme dag ble Israel Leib Sachnowitz drept i konsentrasjonsleiren Auschwitz. Det ble slutten p\u00e5 en ideologisk kamp mellom den j\u00f8diske handels- mannen og den norske bonden som Hamsun hadde fremstilt 25 \u00e5r tidligere i den romanen han n\u00e5 ble hyllet for. Som f\u00f8lge av omfattende registreringer og arrestasjoner i Vestfold var 31 av fylkets 41 fastboende j\u00f8der blitt deportert. Syv av Israels \u00e5tte barn ble drept. <\/p>\n<p>I denne boken leses Hamsuns forfatterskap i lys av de historiske kjensgjerningene. Israel og hans familie, som Hamsun kjente fra sin tid i Larvik, gir navn og ansikt til det folkemordet som foregikk rett i n\u00e6rheten, men som norske litteraturforskere og historikere lenge har holdt p\u00e5 en armlengdes avstand. P\u00e5 Torvet 4 i Larvik ligger det i dag ni snublesteiner over familien Sachnowitz, \u00e9n av dem til minne om Herman, som overlevde.  Ingen av de ansvarlige for registreringen og arrestasjonene i fylket ble d\u00f8mt for medvirkning.<\/p>\n","protected":false},"excerpt":{"rendered":"<p>Hamsuns roman Markens Gr\u00f8de ble utgitt 1. desember 1917. Romanen ble en salgssuksess, ogs\u00e5 internasjonalt, is\u00e6r etter at forfatteren mottok Nobelprisen for den i 1920. P\u00e5 dagen 25 \u00e5r etter utgivelsen, den 1. desember 1942, markerte Aftenposten jubileet med en artikkel som hyllet Hamsun og romanen. Samme dag ble Israel Leib Sachnowitz drept i konsentrasjonsleiren [&hellip;]<\/p>\n","protected":false},"featured_media":24292,"template":"","meta":{"_acf_changed":false,"inline_featured_image":false},"product_brand":[],"product_cat":[20,1785,23,26],"product_tag":[407,405,362,413,456,452,439],"class_list":{"0":"post-21262","1":"product","2":"type-product","3":"status-publish","4":"has-post-thumbnail","6":"product_cat-biografier-og-memoarer","7":"product_cat-fripris","8":"product_cat-historie","9":"product_cat-kunst-og-kultur","10":"product_tag-1939-1945","11":"product_tag-andre-verdenskrig","12":"product_tag-faglitteratur","13":"product_tag-forfattere","14":"product_tag-holocaust","15":"product_tag-joder","16":"product_tag-nord-norge","17":"pa_format-innbundet","19":"first","20":"instock","21":"shipping-taxable","22":"purchasable","23":"product-type-simple"},"acf":{"anmeldelse":null},"yoast_head":"<!-- This site is optimized with the Yoast SEO plugin v26.6 - https:\/\/yoast.com\/wordpress\/plugins\/seo\/ -->\n<title>Knut Hamsun og det norske Holocaust - Dreyers Forlag<\/title>\n<meta name=\"robots\" content=\"noindex, follow, max-snippet:-1, max-image-preview:large, max-video-preview:-1\" \/>\n<meta property=\"og:locale\" content=\"nb_NO\" \/>\n<meta property=\"og:type\" content=\"article\" \/>\n<meta property=\"og:title\" content=\"Knut Hamsun og det norske Holocaust - Dreyers Forlag\" \/>\n<meta property=\"og:description\" content=\"Hamsuns roman Markens Gr\u00f8de ble utgitt 1. desember 1917. Romanen ble en salgssuksess, ogs\u00e5 internasjonalt, is\u00e6r etter at forfatteren mottok Nobelprisen for den i 1920. P\u00e5 dagen 25 \u00e5r etter utgivelsen, den 1. desember 1942, markerte Aftenposten jubileet med en artikkel som hyllet Hamsun og romanen. Samme dag ble Israel Leib Sachnowitz drept i konsentrasjonsleiren [&hellip;]\" \/>\n<meta property=\"og:url\" content=\"https:\/\/staging.forenteforlag.no\/dreyers\/produkt\/knut-hamsun-og-det-norske-holocaust\/\" \/>\n<meta property=\"og:site_name\" content=\"Dreyers Forlag\" \/>\n<meta property=\"article:modified_time\" content=\"2025-08-27T12:13:11+00:00\" \/>\n<meta property=\"og:image\" content=\"https:\/\/staging.forenteforlag.no\/dreyers\/wp-content\/uploads\/sites\/2\/2025\/08\/jpg-8078.jpg\" \/>\n\t<meta property=\"og:image:width\" content=\"455\" \/>\n\t<meta property=\"og:image:height\" content=\"644\" \/>\n\t<meta property=\"og:image:type\" content=\"image\/jpeg\" \/>\n<meta name=\"twitter:card\" content=\"summary_large_image\" \/>\n<meta name=\"twitter:label1\" content=\"Ansl. lesetid\" \/>\n\t<meta name=\"twitter:data1\" content=\"1 minutt\" \/>\n<script type=\"application\/ld+json\" class=\"yoast-schema-graph\">{\"@context\":\"https:\/\/schema.org\",\"@graph\":[{\"@type\":\"WebPage\",\"@id\":\"https:\/\/staging.forenteforlag.no\/dreyers\/produkt\/knut-hamsun-og-det-norske-holocaust\/\",\"url\":\"https:\/\/staging.forenteforlag.no\/dreyers\/produkt\/knut-hamsun-og-det-norske-holocaust\/\",\"name\":\"Knut Hamsun og det norske Holocaust - Dreyers Forlag\",\"isPartOf\":{\"@id\":\"https:\/\/staging.forenteforlag.no\/dreyers\/#website\"},\"primaryImageOfPage\":{\"@id\":\"https:\/\/staging.forenteforlag.no\/dreyers\/produkt\/knut-hamsun-og-det-norske-holocaust\/#primaryimage\"},\"image\":{\"@id\":\"https:\/\/staging.forenteforlag.no\/dreyers\/produkt\/knut-hamsun-og-det-norske-holocaust\/#primaryimage\"},\"thumbnailUrl\":\"https:\/\/staging.forenteforlag.no\/dreyers\/wp-content\/uploads\/sites\/2\/2025\/08\/jpg-8078.jpg\",\"datePublished\":\"2021-04-13T00:00:00+00:00\",\"dateModified\":\"2025-08-27T12:13:11+00:00\",\"breadcrumb\":{\"@id\":\"https:\/\/staging.forenteforlag.no\/dreyers\/produkt\/knut-hamsun-og-det-norske-holocaust\/#breadcrumb\"},\"inLanguage\":\"nb-NO\",\"potentialAction\":[{\"@type\":\"ReadAction\",\"target\":[\"https:\/\/staging.forenteforlag.no\/dreyers\/produkt\/knut-hamsun-og-det-norske-holocaust\/\"]}]},{\"@type\":\"ImageObject\",\"inLanguage\":\"nb-NO\",\"@id\":\"https:\/\/staging.forenteforlag.no\/dreyers\/produkt\/knut-hamsun-og-det-norske-holocaust\/#primaryimage\",\"url\":\"https:\/\/staging.forenteforlag.no\/dreyers\/wp-content\/uploads\/sites\/2\/2025\/08\/jpg-8078.jpg\",\"contentUrl\":\"https:\/\/staging.forenteforlag.no\/dreyers\/wp-content\/uploads\/sites\/2\/2025\/08\/jpg-8078.jpg\",\"width\":455,\"height\":644},{\"@type\":\"BreadcrumbList\",\"@id\":\"https:\/\/staging.forenteforlag.no\/dreyers\/produkt\/knut-hamsun-og-det-norske-holocaust\/#breadcrumb\",\"itemListElement\":[{\"@type\":\"ListItem\",\"position\":1,\"name\":\"Hjem\",\"item\":\"https:\/\/staging.forenteforlag.no\/dreyers\/\"},{\"@type\":\"ListItem\",\"position\":2,\"name\":\"Alle b\u00f8ker\",\"item\":\"https:\/\/staging.forenteforlag.no\/dreyers\/butikk\/\"},{\"@type\":\"ListItem\",\"position\":3,\"name\":\"Knut Hamsun og det norske Holocaust\"}]},{\"@type\":\"WebSite\",\"@id\":\"https:\/\/staging.forenteforlag.no\/dreyers\/#website\",\"url\":\"https:\/\/staging.forenteforlag.no\/dreyers\/\",\"name\":\"Dreyers Forlag\",\"description\":\"\",\"potentialAction\":[{\"@type\":\"SearchAction\",\"target\":{\"@type\":\"EntryPoint\",\"urlTemplate\":\"https:\/\/staging.forenteforlag.no\/dreyers\/?s={search_term_string}\"},\"query-input\":{\"@type\":\"PropertyValueSpecification\",\"valueRequired\":true,\"valueName\":\"search_term_string\"}}],\"inLanguage\":\"nb-NO\"}]}<\/script>\n<!-- \/ Yoast SEO plugin. -->","yoast_head_json":{"title":"Knut Hamsun og det norske Holocaust - Dreyers Forlag","robots":{"index":"noindex","follow":"follow","max-snippet":"max-snippet:-1","max-image-preview":"max-image-preview:large","max-video-preview":"max-video-preview:-1"},"og_locale":"nb_NO","og_type":"article","og_title":"Knut Hamsun og det norske Holocaust - Dreyers Forlag","og_description":"Hamsuns roman Markens Gr\u00f8de ble utgitt 1. desember 1917. Romanen ble en salgssuksess, ogs\u00e5 internasjonalt, is\u00e6r etter at forfatteren mottok Nobelprisen for den i 1920. P\u00e5 dagen 25 \u00e5r etter utgivelsen, den 1. desember 1942, markerte Aftenposten jubileet med en artikkel som hyllet Hamsun og romanen. Samme dag ble Israel Leib Sachnowitz drept i konsentrasjonsleiren [&hellip;]","og_url":"https:\/\/staging.forenteforlag.no\/dreyers\/produkt\/knut-hamsun-og-det-norske-holocaust\/","og_site_name":"Dreyers Forlag","article_modified_time":"2025-08-27T12:13:11+00:00","og_image":[{"width":455,"height":644,"url":"https:\/\/staging.forenteforlag.no\/dreyers\/wp-content\/uploads\/sites\/2\/2025\/08\/jpg-8078.jpg","type":"image\/jpeg"}],"twitter_card":"summary_large_image","twitter_misc":{"Ansl. lesetid":"1 minutt"},"schema":{"@context":"https:\/\/schema.org","@graph":[{"@type":"WebPage","@id":"https:\/\/staging.forenteforlag.no\/dreyers\/produkt\/knut-hamsun-og-det-norske-holocaust\/","url":"https:\/\/staging.forenteforlag.no\/dreyers\/produkt\/knut-hamsun-og-det-norske-holocaust\/","name":"Knut Hamsun og det norske Holocaust - Dreyers Forlag","isPartOf":{"@id":"https:\/\/staging.forenteforlag.no\/dreyers\/#website"},"primaryImageOfPage":{"@id":"https:\/\/staging.forenteforlag.no\/dreyers\/produkt\/knut-hamsun-og-det-norske-holocaust\/#primaryimage"},"image":{"@id":"https:\/\/staging.forenteforlag.no\/dreyers\/produkt\/knut-hamsun-og-det-norske-holocaust\/#primaryimage"},"thumbnailUrl":"https:\/\/staging.forenteforlag.no\/dreyers\/wp-content\/uploads\/sites\/2\/2025\/08\/jpg-8078.jpg","datePublished":"2021-04-13T00:00:00+00:00","dateModified":"2025-08-27T12:13:11+00:00","breadcrumb":{"@id":"https:\/\/staging.forenteforlag.no\/dreyers\/produkt\/knut-hamsun-og-det-norske-holocaust\/#breadcrumb"},"inLanguage":"nb-NO","potentialAction":[{"@type":"ReadAction","target":["https:\/\/staging.forenteforlag.no\/dreyers\/produkt\/knut-hamsun-og-det-norske-holocaust\/"]}]},{"@type":"ImageObject","inLanguage":"nb-NO","@id":"https:\/\/staging.forenteforlag.no\/dreyers\/produkt\/knut-hamsun-og-det-norske-holocaust\/#primaryimage","url":"https:\/\/staging.forenteforlag.no\/dreyers\/wp-content\/uploads\/sites\/2\/2025\/08\/jpg-8078.jpg","contentUrl":"https:\/\/staging.forenteforlag.no\/dreyers\/wp-content\/uploads\/sites\/2\/2025\/08\/jpg-8078.jpg","width":455,"height":644},{"@type":"BreadcrumbList","@id":"https:\/\/staging.forenteforlag.no\/dreyers\/produkt\/knut-hamsun-og-det-norske-holocaust\/#breadcrumb","itemListElement":[{"@type":"ListItem","position":1,"name":"Hjem","item":"https:\/\/staging.forenteforlag.no\/dreyers\/"},{"@type":"ListItem","position":2,"name":"Alle b\u00f8ker","item":"https:\/\/staging.forenteforlag.no\/dreyers\/butikk\/"},{"@type":"ListItem","position":3,"name":"Knut Hamsun og det norske Holocaust"}]},{"@type":"WebSite","@id":"https:\/\/staging.forenteforlag.no\/dreyers\/#website","url":"https:\/\/staging.forenteforlag.no\/dreyers\/","name":"Dreyers Forlag","description":"","potentialAction":[{"@type":"SearchAction","target":{"@type":"EntryPoint","urlTemplate":"https:\/\/staging.forenteforlag.no\/dreyers\/?s={search_term_string}"},"query-input":{"@type":"PropertyValueSpecification","valueRequired":true,"valueName":"search_term_string"}}],"inLanguage":"nb-NO"}]}},"_links":{"self":[{"href":"https:\/\/staging.forenteforlag.no\/dreyers\/wp-json\/wp\/v2\/product\/21262","targetHints":{"allow":["GET"]}}],"collection":[{"href":"https:\/\/staging.forenteforlag.no\/dreyers\/wp-json\/wp\/v2\/product"}],"about":[{"href":"https:\/\/staging.forenteforlag.no\/dreyers\/wp-json\/wp\/v2\/types\/product"}],"wp:featuredmedia":[{"embeddable":true,"href":"https:\/\/staging.forenteforlag.no\/dreyers\/wp-json\/wp\/v2\/media\/24292"}],"wp:attachment":[{"href":"https:\/\/staging.forenteforlag.no\/dreyers\/wp-json\/wp\/v2\/media?parent=21262"}],"wp:term":[{"taxonomy":"product_brand","embeddable":true,"href":"https:\/\/staging.forenteforlag.no\/dreyers\/wp-json\/wp\/v2\/product_brand?post=21262"},{"taxonomy":"product_cat","embeddable":true,"href":"https:\/\/staging.forenteforlag.no\/dreyers\/wp-json\/wp\/v2\/product_cat?post=21262"},{"taxonomy":"product_tag","embeddable":true,"href":"https:\/\/staging.forenteforlag.no\/dreyers\/wp-json\/wp\/v2\/product_tag?post=21262"}],"curies":[{"name":"wp","href":"https:\/\/api.w.org\/{rel}","templated":true}]}}

<p>Hamsuns roman Markens Grøde ble utgitt 1. desember 1917.  Romanen ble en salgssuksess, også internasjonalt, især etter at forfatteren mottok Nobelprisen for den i 1920. På dagen 25 år etter utgivelsen, den 1. desember 1942, markerte Aftenposten jubileet med en artikkel som hyllet Hamsun og romanen. Samme dag ble Israel Leib Sachnowitz drept i konsentrasjonsleiren Auschwitz. Det ble slutten på en ideologisk kamp mellom den jødiske handels- mannen og den norske bonden som Hamsun hadde fremstilt 25 år tidligere i den romanen han nå ble hyllet for. Som følge av omfattende registreringer og arrestasjoner i Vestfold var 31 av fylkets 41 fastboende jøder blitt deportert. Syv av Israels åtte barn ble drept. </p>
<p>I denne boken leses Hamsuns forfatterskap i lys av de historiske kjensgjerningene. Israel og hans familie, som Hamsun kjente fra sin tid i Larvik, gir navn og ansikt til det folkemordet som foregikk rett i nærheten, men som norske litteraturforskere og historikere lenge har holdt på en armlengdes avstand. På Torvet 4 i Larvik ligger det i dag ni snublesteiner over familien Sachnowitz, én av dem til minne om Herman, som overlevde.  Ingen av de ansvarlige for registreringen og arrestasjonene i fylket ble dømt for medvirkning.</p>

<p>Hamsuns roman Markens Grøde ble utgitt 1. desember 1917. Romanen ble en salgssuksess, også internasjonalt, især etter at forfatteren mottok Nobelprisen for den i 1920. På dagen 25 år etter utgivelsen, den 1. desember 1942, markerte Aftenposten jubileet med en artikkel som hyllet Hamsun og romanen. Samme dag ble Israel Leib Sachnowitz drept i konsentrasjonsleiren [&hellip;]</p>

<!-- This site is optimized with the Yoast SEO plugin v26.6 - https://yoast.com/wordpress/plugins/seo/ -->
<title>Knut Hamsun og det norske Holocaust - Dreyers Forlag</title>
<meta name="robots" content="noindex, follow, max-snippet:-1, max-image-preview:large, max-video-preview:-1" />
<meta property="og:locale" content="nb_NO" />
<meta property="og:type" content="article" />
<meta property="og:title" content="Knut Hamsun og det norske Holocaust - Dreyers Forlag" />
<meta property="og:description" content="Hamsuns roman Markens Grøde ble utgitt 1. desember 1917. Romanen ble en salgssuksess, også internasjonalt, især etter at forfatteren mottok Nobelprisen for den i 1920. På dagen 25 år etter utgivelsen, den 1. desember 1942, markerte Aftenposten jubileet med en artikkel som hyllet Hamsun og romanen. Samme dag ble Israel Leib Sachnowitz drept i konsentrasjonsleiren [&hellip;]" />
<meta property="og:url" content="https://staging.forenteforlag.no/dreyers/produkt/knut-hamsun-og-det-norske-holocaust/" />
<meta property="og:site_name" content="Dreyers Forlag" />
<meta property="article:modified_time" content="2025-08-27T12:13:11+00:00" />
<meta property="og:image" content="https://staging.forenteforlag.no/dreyers/wp-content/uploads/sites/2/2025/08/jpg-8078.jpg" />
	<meta property="og:image:width" content="455" />
	<meta property="og:image:height" content="644" />
	<meta property="og:image:type" content="image/jpeg" />
<meta name="twitter:card" content="summary_large_image" />
<meta name="twitter:label1" content="Ansl. lesetid" />
	<meta name="twitter:data1" content="1 minutt" />
<script type="application/ld+json" class="yoast-schema-graph">{"@context":"https://schema.org","@graph":[{"@type":"WebPage","@id":"https://staging.forenteforlag.no/dreyers/produkt/knut-hamsun-og-det-norske-holocaust/","url":"https://staging.forenteforlag.no/dreyers/produkt/knut-hamsun-og-det-norske-holocaust/","name":"Knut Hamsun og det norske Holocaust - Dreyers Forlag","isPartOf":{"@id":"https://staging.forenteforlag.no/dreyers/#website"},"primaryImageOfPage":{"@id":"https://staging.forenteforlag.no/dreyers/produkt/knut-hamsun-og-det-norske-holocaust/#primaryimage"},"image":{"@id":"https://staging.forenteforlag.no/dreyers/produkt/knut-hamsun-og-det-norske-holocaust/#primaryimage"},"thumbnailUrl":"https://staging.forenteforlag.no/dreyers/wp-content/uploads/sites/2/2025/08/jpg-8078.jpg","datePublished":"2021-04-13T00:00:00+00:00","dateModified":"2025-08-27T12:13:11+00:00","breadcrumb":{"@id":"https://staging.forenteforlag.no/dreyers/produkt/knut-hamsun-og-det-norske-holocaust/#breadcrumb"},"inLanguage":"nb-NO","potentialAction":[{"@type":"ReadAction","target":["https://staging.forenteforlag.no/dreyers/produkt/knut-hamsun-og-det-norske-holocaust/"]}]},{"@type":"ImageObject","inLanguage":"nb-NO","@id":"https://staging.forenteforlag.no/dreyers/produkt/knut-hamsun-og-det-norske-holocaust/#primaryimage","url":"https://staging.forenteforlag.no/dreyers/wp-content/uploads/sites/2/2025/08/jpg-8078.jpg","contentUrl":"https://staging.forenteforlag.no/dreyers/wp-content/uploads/sites/2/2025/08/jpg-8078.jpg","width":455,"height":644},{"@type":"BreadcrumbList","@id":"https://staging.forenteforlag.no/dreyers/produkt/knut-hamsun-og-det-norske-holocaust/#breadcrumb","itemListElement":[{"@type":"ListItem","position":1,"name":"Hjem","item":"https://staging.forenteforlag.no/dreyers/"},{"@type":"ListItem","position":2,"name":"Alle bøker","item":"https://staging.forenteforlag.no/dreyers/butikk/"},{"@type":"ListItem","position":3,"name":"Knut Hamsun og det norske Holocaust"}]},{"@type":"WebSite","@id":"https://staging.forenteforlag.no/dreyers/#website","url":"https://staging.forenteforlag.no/dreyers/","name":"Dreyers Forlag","description":"","potentialAction":[{"@type":"SearchAction","target":{"@type":"EntryPoint","urlTemplate":"https://staging.forenteforlag.no/dreyers/?s={search_term_string}"},"query-input":{"@type":"PropertyValueSpecification","valueRequired":true,"valueName":"search_term_string"}}],"inLanguage":"nb-NO"}]}</script>
<!-- / Yoast SEO plugin. -->

Hamsuns roman Markens Grøde ble utgitt 1. desember 1917. Romanen ble en salgssuksess, også internasjonalt, især etter at forfatteren mottok Nobelprisen for den i 1920. På dagen 25 år etter utgivelsen, den 1. desember 1942, markerte Aftenposten jubileet med en artikkel som hyllet Hamsun og romanen. Samme dag ble Israel Leib Sachnowitz drept i konsentrasjonsleiren [&hellip;]

Alle bøker
