{"id":21259,"date":"2020-11-20T01:00:00","date_gmt":"2020-11-20T00:00:00","guid":{"rendered":"https:\/\/dreyersforlag.forenteforlag.no\/produkt\/vesten-mot-vesten\/"},"modified":"2025-08-27T14:13:00","modified_gmt":"2025-08-27T12:13:00","slug":"vesten-mot-vesten","status":"publish","type":"product","link":"https:\/\/staging.forenteforlag.no\/dreyers\/produkt\/vesten-mot-vesten\/","title":{"rendered":"Vesten mot vesten"},"content":{"rendered":"<p>\u00abHvordan kan det ha seg at Vesten &#8211; som har overvunnet alle rivaler og levert frihet, fred, likhet, velstand og fremskritt p\u00e5 et niv\u00e5 ingen hadde trodd var mulig &#8211; er i ferd med \u00e5 tape mot seg selv?\u00bb Det er dette paradokset Rune Lykkeberg har satt seg fore \u00e5 unders\u00f8ke i boken Vesten mot Vesten. <\/p>\n<p>Det finnes mange analyser av hva som har frembragt populisme, Trump og Brexit, men Lykkeberg gir en annen og sv\u00e6rt original utlegning av Vestens storhet og fall. Gjennom lesninger av b\u00f8ker som Harry Potter og The Hunger Games, og eksempler fra romaner, film, musikk og id\u00e9historie, viser Lykkeberg oss kulturhistorien som utgj\u00f8r bakteppet for det 21. \u00e5rhundrets politiske konflikter.<\/p>\n","protected":false},"excerpt":{"rendered":"<p>\u00abHvordan kan det ha seg at Vesten &#8211; som har overvunnet alle rivaler og levert frihet, fred, likhet, velstand og fremskritt p\u00e5 et niv\u00e5 ingen hadde trodd var mulig &#8211; er i ferd med \u00e5 tape mot seg selv?\u00bb Det er dette paradokset Rune Lykkeberg har satt seg fore \u00e5 unders\u00f8ke i boken Vesten mot [&hellip;]<\/p>\n","protected":false},"featured_media":24211,"template":"","meta":{"_acf_changed":false,"inline_featured_image":false},"product_brand":[],"product_cat":[1785,23,32],"product_tag":[365,557,362,668,361,962],"class_list":{"0":"post-21259","1":"product","2":"type-product","3":"status-publish","4":"has-post-thumbnail","6":"product_cat-fripris","7":"product_cat-historie","8":"product_cat-samfunn-og-politikk","9":"product_tag-1945-1999","10":"product_tag-2000-tallet","11":"product_tag-faglitteratur","12":"product_tag-idehistorie","13":"product_tag-kulturhistorie","14":"product_tag-politisk-teori","15":"pa_format-innbundet","17":"first","18":"instock","19":"shipping-taxable","20":"purchasable","21":"product-type-simple"},"acf":{"anmeldelse":null},"yoast_head":"<!-- This site is optimized with the Yoast SEO plugin v26.6 - https:\/\/yoast.com\/wordpress\/plugins\/seo\/ -->\n<title>Vesten mot vesten - Dreyers Forlag<\/title>\n<meta name=\"robots\" content=\"noindex, follow, max-snippet:-1, max-image-preview:large, max-video-preview:-1\" \/>\n<meta property=\"og:locale\" content=\"nb_NO\" \/>\n<meta property=\"og:type\" content=\"article\" \/>\n<meta property=\"og:title\" content=\"Vesten mot vesten - Dreyers Forlag\" \/>\n<meta property=\"og:description\" content=\"\u00abHvordan kan det ha seg at Vesten &#8211; som har overvunnet alle rivaler og levert frihet, fred, likhet, velstand og fremskritt p\u00e5 et niv\u00e5 ingen hadde trodd var mulig &#8211; er i ferd med \u00e5 tape mot seg selv?\u00bb Det er dette paradokset Rune Lykkeberg har satt seg fore \u00e5 unders\u00f8ke i boken Vesten mot [&hellip;]\" \/>\n<meta property=\"og:url\" content=\"https:\/\/staging.forenteforlag.no\/dreyers\/produkt\/vesten-mot-vesten\/\" \/>\n<meta property=\"og:site_name\" content=\"Dreyers Forlag\" \/>\n<meta property=\"article:modified_time\" content=\"2025-08-27T12:13:00+00:00\" \/>\n<meta property=\"og:image\" content=\"https:\/\/staging.forenteforlag.no\/dreyers\/wp-content\/uploads\/sites\/2\/2025\/08\/jpg-7349-scaled-1-scaled.jpg\" \/>\n\t<meta property=\"og:image:width\" content=\"1450\" \/>\n\t<meta property=\"og:image:height\" content=\"1920\" \/>\n\t<meta property=\"og:image:type\" content=\"image\/jpeg\" \/>\n<meta name=\"twitter:card\" content=\"summary_large_image\" \/>\n<meta name=\"twitter:label1\" content=\"Ansl. lesetid\" \/>\n\t<meta name=\"twitter:data1\" content=\"1 minutt\" \/>\n<script type=\"application\/ld+json\" class=\"yoast-schema-graph\">{\"@context\":\"https:\/\/schema.org\",\"@graph\":[{\"@type\":\"WebPage\",\"@id\":\"https:\/\/staging.forenteforlag.no\/dreyers\/produkt\/vesten-mot-vesten\/\",\"url\":\"https:\/\/staging.forenteforlag.no\/dreyers\/produkt\/vesten-mot-vesten\/\",\"name\":\"Vesten mot vesten - Dreyers Forlag\",\"isPartOf\":{\"@id\":\"https:\/\/staging.forenteforlag.no\/dreyers\/#website\"},\"primaryImageOfPage\":{\"@id\":\"https:\/\/staging.forenteforlag.no\/dreyers\/produkt\/vesten-mot-vesten\/#primaryimage\"},\"image\":{\"@id\":\"https:\/\/staging.forenteforlag.no\/dreyers\/produkt\/vesten-mot-vesten\/#primaryimage\"},\"thumbnailUrl\":\"https:\/\/staging.forenteforlag.no\/dreyers\/wp-content\/uploads\/sites\/2\/2025\/08\/jpg-7349-scaled-1-scaled.jpg\",\"datePublished\":\"2020-11-20T00:00:00+00:00\",\"dateModified\":\"2025-08-27T12:13:00+00:00\",\"breadcrumb\":{\"@id\":\"https:\/\/staging.forenteforlag.no\/dreyers\/produkt\/vesten-mot-vesten\/#breadcrumb\"},\"inLanguage\":\"nb-NO\",\"potentialAction\":[{\"@type\":\"ReadAction\",\"target\":[\"https:\/\/staging.forenteforlag.no\/dreyers\/produkt\/vesten-mot-vesten\/\"]}]},{\"@type\":\"ImageObject\",\"inLanguage\":\"nb-NO\",\"@id\":\"https:\/\/staging.forenteforlag.no\/dreyers\/produkt\/vesten-mot-vesten\/#primaryimage\",\"url\":\"https:\/\/staging.forenteforlag.no\/dreyers\/wp-content\/uploads\/sites\/2\/2025\/08\/jpg-7349-scaled-1-scaled.jpg\",\"contentUrl\":\"https:\/\/staging.forenteforlag.no\/dreyers\/wp-content\/uploads\/sites\/2\/2025\/08\/jpg-7349-scaled-1-scaled.jpg\",\"width\":1450,\"height\":1920},{\"@type\":\"BreadcrumbList\",\"@id\":\"https:\/\/staging.forenteforlag.no\/dreyers\/produkt\/vesten-mot-vesten\/#breadcrumb\",\"itemListElement\":[{\"@type\":\"ListItem\",\"position\":1,\"name\":\"Hjem\",\"item\":\"https:\/\/staging.forenteforlag.no\/dreyers\/\"},{\"@type\":\"ListItem\",\"position\":2,\"name\":\"Alle b\u00f8ker\",\"item\":\"https:\/\/staging.forenteforlag.no\/dreyers\/butikk\/\"},{\"@type\":\"ListItem\",\"position\":3,\"name\":\"Vesten mot vesten\"}]},{\"@type\":\"WebSite\",\"@id\":\"https:\/\/staging.forenteforlag.no\/dreyers\/#website\",\"url\":\"https:\/\/staging.forenteforlag.no\/dreyers\/\",\"name\":\"Dreyers Forlag\",\"description\":\"\",\"potentialAction\":[{\"@type\":\"SearchAction\",\"target\":{\"@type\":\"EntryPoint\",\"urlTemplate\":\"https:\/\/staging.forenteforlag.no\/dreyers\/?s={search_term_string}\"},\"query-input\":{\"@type\":\"PropertyValueSpecification\",\"valueRequired\":true,\"valueName\":\"search_term_string\"}}],\"inLanguage\":\"nb-NO\"}]}<\/script>\n<!-- \/ Yoast SEO plugin. -->","yoast_head_json":{"title":"Vesten mot vesten - Dreyers Forlag","robots":{"index":"noindex","follow":"follow","max-snippet":"max-snippet:-1","max-image-preview":"max-image-preview:large","max-video-preview":"max-video-preview:-1"},"og_locale":"nb_NO","og_type":"article","og_title":"Vesten mot vesten - Dreyers Forlag","og_description":"\u00abHvordan kan det ha seg at Vesten &#8211; som har overvunnet alle rivaler og levert frihet, fred, likhet, velstand og fremskritt p\u00e5 et niv\u00e5 ingen hadde trodd var mulig &#8211; er i ferd med \u00e5 tape mot seg selv?\u00bb Det er dette paradokset Rune Lykkeberg har satt seg fore \u00e5 unders\u00f8ke i boken Vesten mot [&hellip;]","og_url":"https:\/\/staging.forenteforlag.no\/dreyers\/produkt\/vesten-mot-vesten\/","og_site_name":"Dreyers Forlag","article_modified_time":"2025-08-27T12:13:00+00:00","og_image":[{"width":1450,"height":1920,"url":"https:\/\/staging.forenteforlag.no\/dreyers\/wp-content\/uploads\/sites\/2\/2025\/08\/jpg-7349-scaled-1-scaled.jpg","type":"image\/jpeg"}],"twitter_card":"summary_large_image","twitter_misc":{"Ansl. lesetid":"1 minutt"},"schema":{"@context":"https:\/\/schema.org","@graph":[{"@type":"WebPage","@id":"https:\/\/staging.forenteforlag.no\/dreyers\/produkt\/vesten-mot-vesten\/","url":"https:\/\/staging.forenteforlag.no\/dreyers\/produkt\/vesten-mot-vesten\/","name":"Vesten mot vesten - Dreyers Forlag","isPartOf":{"@id":"https:\/\/staging.forenteforlag.no\/dreyers\/#website"},"primaryImageOfPage":{"@id":"https:\/\/staging.forenteforlag.no\/dreyers\/produkt\/vesten-mot-vesten\/#primaryimage"},"image":{"@id":"https:\/\/staging.forenteforlag.no\/dreyers\/produkt\/vesten-mot-vesten\/#primaryimage"},"thumbnailUrl":"https:\/\/staging.forenteforlag.no\/dreyers\/wp-content\/uploads\/sites\/2\/2025\/08\/jpg-7349-scaled-1-scaled.jpg","datePublished":"2020-11-20T00:00:00+00:00","dateModified":"2025-08-27T12:13:00+00:00","breadcrumb":{"@id":"https:\/\/staging.forenteforlag.no\/dreyers\/produkt\/vesten-mot-vesten\/#breadcrumb"},"inLanguage":"nb-NO","potentialAction":[{"@type":"ReadAction","target":["https:\/\/staging.forenteforlag.no\/dreyers\/produkt\/vesten-mot-vesten\/"]}]},{"@type":"ImageObject","inLanguage":"nb-NO","@id":"https:\/\/staging.forenteforlag.no\/dreyers\/produkt\/vesten-mot-vesten\/#primaryimage","url":"https:\/\/staging.forenteforlag.no\/dreyers\/wp-content\/uploads\/sites\/2\/2025\/08\/jpg-7349-scaled-1-scaled.jpg","contentUrl":"https:\/\/staging.forenteforlag.no\/dreyers\/wp-content\/uploads\/sites\/2\/2025\/08\/jpg-7349-scaled-1-scaled.jpg","width":1450,"height":1920},{"@type":"BreadcrumbList","@id":"https:\/\/staging.forenteforlag.no\/dreyers\/produkt\/vesten-mot-vesten\/#breadcrumb","itemListElement":[{"@type":"ListItem","position":1,"name":"Hjem","item":"https:\/\/staging.forenteforlag.no\/dreyers\/"},{"@type":"ListItem","position":2,"name":"Alle b\u00f8ker","item":"https:\/\/staging.forenteforlag.no\/dreyers\/butikk\/"},{"@type":"ListItem","position":3,"name":"Vesten mot vesten"}]},{"@type":"WebSite","@id":"https:\/\/staging.forenteforlag.no\/dreyers\/#website","url":"https:\/\/staging.forenteforlag.no\/dreyers\/","name":"Dreyers Forlag","description":"","potentialAction":[{"@type":"SearchAction","target":{"@type":"EntryPoint","urlTemplate":"https:\/\/staging.forenteforlag.no\/dreyers\/?s={search_term_string}"},"query-input":{"@type":"PropertyValueSpecification","valueRequired":true,"valueName":"search_term_string"}}],"inLanguage":"nb-NO"}]}},"_links":{"self":[{"href":"https:\/\/staging.forenteforlag.no\/dreyers\/wp-json\/wp\/v2\/product\/21259","targetHints":{"allow":["GET"]}}],"collection":[{"href":"https:\/\/staging.forenteforlag.no\/dreyers\/wp-json\/wp\/v2\/product"}],"about":[{"href":"https:\/\/staging.forenteforlag.no\/dreyers\/wp-json\/wp\/v2\/types\/product"}],"wp:featuredmedia":[{"embeddable":true,"href":"https:\/\/staging.forenteforlag.no\/dreyers\/wp-json\/wp\/v2\/media\/24211"}],"wp:attachment":[{"href":"https:\/\/staging.forenteforlag.no\/dreyers\/wp-json\/wp\/v2\/media?parent=21259"}],"wp:term":[{"taxonomy":"product_brand","embeddable":true,"href":"https:\/\/staging.forenteforlag.no\/dreyers\/wp-json\/wp\/v2\/product_brand?post=21259"},{"taxonomy":"product_cat","embeddable":true,"href":"https:\/\/staging.forenteforlag.no\/dreyers\/wp-json\/wp\/v2\/product_cat?post=21259"},{"taxonomy":"product_tag","embeddable":true,"href":"https:\/\/staging.forenteforlag.no\/dreyers\/wp-json\/wp\/v2\/product_tag?post=21259"}],"curies":[{"name":"wp","href":"https:\/\/api.w.org\/{rel}","templated":true}]}}

<p>«Hvordan kan det ha seg at Vesten &#8211; som har overvunnet alle rivaler og levert frihet, fred, likhet, velstand og fremskritt på et nivå ingen hadde trodd var mulig &#8211; er i ferd med å tape mot seg selv?» Det er dette paradokset Rune Lykkeberg har satt seg fore å undersøke i boken Vesten mot Vesten. </p>
<p>Det finnes mange analyser av hva som har frembragt populisme, Trump og Brexit, men Lykkeberg gir en annen og svært original utlegning av Vestens storhet og fall. Gjennom lesninger av bøker som Harry Potter og The Hunger Games, og eksempler fra romaner, film, musikk og idéhistorie, viser Lykkeberg oss kulturhistorien som utgjør bakteppet for det 21. århundrets politiske konflikter.</p>

<p>«Hvordan kan det ha seg at Vesten &#8211; som har overvunnet alle rivaler og levert frihet, fred, likhet, velstand og fremskritt på et nivå ingen hadde trodd var mulig &#8211; er i ferd med å tape mot seg selv?» Det er dette paradokset Rune Lykkeberg har satt seg fore å undersøke i boken Vesten mot [&hellip;]</p>

<!-- This site is optimized with the Yoast SEO plugin v26.6 - https://yoast.com/wordpress/plugins/seo/ -->
<title>Vesten mot vesten - Dreyers Forlag</title>
<meta name="robots" content="noindex, follow, max-snippet:-1, max-image-preview:large, max-video-preview:-1" />
<meta property="og:locale" content="nb_NO" />
<meta property="og:type" content="article" />
<meta property="og:title" content="Vesten mot vesten - Dreyers Forlag" />
<meta property="og:description" content="«Hvordan kan det ha seg at Vesten &#8211; som har overvunnet alle rivaler og levert frihet, fred, likhet, velstand og fremskritt på et nivå ingen hadde trodd var mulig &#8211; er i ferd med å tape mot seg selv?» Det er dette paradokset Rune Lykkeberg har satt seg fore å undersøke i boken Vesten mot [&hellip;]" />
<meta property="og:url" content="https://staging.forenteforlag.no/dreyers/produkt/vesten-mot-vesten/" />
<meta property="og:site_name" content="Dreyers Forlag" />
<meta property="article:modified_time" content="2025-08-27T12:13:00+00:00" />
<meta property="og:image" content="https://staging.forenteforlag.no/dreyers/wp-content/uploads/sites/2/2025/08/jpg-7349-scaled-1-scaled.jpg" />
	<meta property="og:image:width" content="1450" />
	<meta property="og:image:height" content="1920" />
	<meta property="og:image:type" content="image/jpeg" />
<meta name="twitter:card" content="summary_large_image" />
<meta name="twitter:label1" content="Ansl. lesetid" />
	<meta name="twitter:data1" content="1 minutt" />
<script type="application/ld+json" class="yoast-schema-graph">{"@context":"https://schema.org","@graph":[{"@type":"WebPage","@id":"https://staging.forenteforlag.no/dreyers/produkt/vesten-mot-vesten/","url":"https://staging.forenteforlag.no/dreyers/produkt/vesten-mot-vesten/","name":"Vesten mot vesten - Dreyers Forlag","isPartOf":{"@id":"https://staging.forenteforlag.no/dreyers/#website"},"primaryImageOfPage":{"@id":"https://staging.forenteforlag.no/dreyers/produkt/vesten-mot-vesten/#primaryimage"},"image":{"@id":"https://staging.forenteforlag.no/dreyers/produkt/vesten-mot-vesten/#primaryimage"},"thumbnailUrl":"https://staging.forenteforlag.no/dreyers/wp-content/uploads/sites/2/2025/08/jpg-7349-scaled-1-scaled.jpg","datePublished":"2020-11-20T00:00:00+00:00","dateModified":"2025-08-27T12:13:00+00:00","breadcrumb":{"@id":"https://staging.forenteforlag.no/dreyers/produkt/vesten-mot-vesten/#breadcrumb"},"inLanguage":"nb-NO","potentialAction":[{"@type":"ReadAction","target":["https://staging.forenteforlag.no/dreyers/produkt/vesten-mot-vesten/"]}]},{"@type":"ImageObject","inLanguage":"nb-NO","@id":"https://staging.forenteforlag.no/dreyers/produkt/vesten-mot-vesten/#primaryimage","url":"https://staging.forenteforlag.no/dreyers/wp-content/uploads/sites/2/2025/08/jpg-7349-scaled-1-scaled.jpg","contentUrl":"https://staging.forenteforlag.no/dreyers/wp-content/uploads/sites/2/2025/08/jpg-7349-scaled-1-scaled.jpg","width":1450,"height":1920},{"@type":"BreadcrumbList","@id":"https://staging.forenteforlag.no/dreyers/produkt/vesten-mot-vesten/#breadcrumb","itemListElement":[{"@type":"ListItem","position":1,"name":"Hjem","item":"https://staging.forenteforlag.no/dreyers/"},{"@type":"ListItem","position":2,"name":"Alle bøker","item":"https://staging.forenteforlag.no/dreyers/butikk/"},{"@type":"ListItem","position":3,"name":"Vesten mot vesten"}]},{"@type":"WebSite","@id":"https://staging.forenteforlag.no/dreyers/#website","url":"https://staging.forenteforlag.no/dreyers/","name":"Dreyers Forlag","description":"","potentialAction":[{"@type":"SearchAction","target":{"@type":"EntryPoint","urlTemplate":"https://staging.forenteforlag.no/dreyers/?s={search_term_string}"},"query-input":{"@type":"PropertyValueSpecification","valueRequired":true,"valueName":"search_term_string"}}],"inLanguage":"nb-NO"}]}</script>
<!-- / Yoast SEO plugin. -->

«Hvordan kan det ha seg at Vesten &#8211; som har overvunnet alle rivaler og levert frihet, fred, likhet, velstand og fremskritt på et nivå ingen hadde trodd var mulig &#8211; er i ferd med å tape mot seg selv?» Det er dette paradokset Rune Lykkeberg har satt seg fore å undersøke i boken Vesten mot [&hellip;]

Alle bøker
