{"id":21254,"date":"2021-08-23T02:00:00","date_gmt":"2021-08-23T00:00:00","guid":{"rendered":"https:\/\/dreyersforlag.forenteforlag.no\/produkt\/kornboka\/"},"modified":"2025-08-27T14:08:11","modified_gmt":"2025-08-27T12:08:11","slug":"kornboka","status":"publish","type":"product","link":"https:\/\/staging.forenteforlag.no\/dreyers\/produkt\/kornboka\/","title":{"rendered":"Kornboka"},"content":{"rendered":"<p>Boka tar for seg korleis historia til kornet er vevd inn i sivilisasjonane som har bygd p\u00e5 det, fram til i dag. Biologiske eigenskapar og mutasjonar vi har m\u00f8tt p\u00e5 tallerken og i gryta, er evolusjonsbiologi god som nokon. Dei finst i spr\u00e5ket, i religion og kultur, i forskjellar mellom samfunn og i global politikk i dag. Dei stivelsesrike grasfr\u00f8a vi har levd av i tusenvis av \u00e5r, vil vi \u00f2g avhenge av framover &#8211; men korleis? <\/p>\n<p>Folk har sanka korn i titusenvis av \u00e5r &#8211; men for 10-12 000 \u00e5r sidan tok dei til \u00e5 temme det &#8211; f\u00f8rst i Midtausten, snart etter i Kina, s\u00e5 Mellom-Amerika, Afrika og India. Dei blei, liksom husdyra, genetisk endra til eit liv i fangenskap. Dei kunne r\u00f8mme igjen, men ikkje menneska, fordi dei raskt blei fleire. Fordi kornet var haldbart i \u00e5revis, blei kornlageret verdas f\u00f8rste pengar og kapital og grunnlag for klassesamfunn. Alle kornsamfunn utvikla derfor skriftspr\u00e5k og talsystem. I Kina og Afrika blei kornet kokt, i Midtausten male til mj\u00f8l og bakt til br\u00f8d. Alle kunne n\u00e5r som helst brygge \u00f8l av det. <\/p>\n<p>Det siste ti\u00e5ret har DNA-sekvensering klarlagt mange av gena som temma kveite, ris, mais og andre kornartar. Somme mutasjonar, som aroma i basmati-ris, skjedde ein gong og spreidde seg til jasmin-ris. Andre eigenskapar har oppst\u00e5tt fleire gonger. Saman med ny arkeologi trer dei mange kornhistoriene n\u00e5 fram. <\/p>\n<p>Kornets biologiske historie er v\u00e5r mathistorie. Rikdomen p\u00e5 mutasjonar gjorde mogleg mangedoblinga i kornproduksjonen i l\u00f8pet av 1900-talet. Trass i ei tredobling av folketalet fall kornprisen kontinuerleg, bortsett fr\u00e5 under verdskrigane og ei b\u00f8rsboble i 1973. Ingen hundre\u00e5r f\u00f8r har sett ei slik utvikling. Kornet mettar dei sju milliardane i dag , men kan det \u00f2g mette ti? M\u00e5 vi ete meir korn, heller enn \u00e5 f\u00f8 opp stadig fleire husdyr? Og er det sunt for oss? Fr\u00e5 \u00e5 vera eit symbol p\u00e5 overflod, feira p\u00e5 tallause myntar og frimerke, blir korn &#8211; s\u00e6rleg kveite &#8211; n\u00e5 klandra for sjukdomar som c\u00f8liaki, diabetes og fedme. Samtidig vil mange ha<\/p>\n","protected":false},"excerpt":{"rendered":"<p>Boka tar for seg korleis historia til kornet er vevd inn i sivilisasjonane som har bygd p\u00e5 det, fram til i dag. Biologiske eigenskapar og mutasjonar vi har m\u00f8tt p\u00e5 tallerken og i gryta, er evolusjonsbiologi god som nokon. Dei finst i spr\u00e5ket, i religion og kultur, i forskjellar mellom samfunn og i global politikk [&hellip;]<\/p>\n","protected":false},"featured_media":24420,"template":"","meta":{"_acf_changed":false,"inline_featured_image":false},"product_brand":[],"product_cat":[1785,23,29],"product_tag":[738,1793,362,1722,361],"class_list":{"0":"post-21254","1":"product","2":"type-product","3":"status-publish","4":"has-post-thumbnail","6":"product_cat-fripris","7":"product_cat-historie","8":"product_cat-natur-friluftsliv-og-sport","9":"product_tag-alkoholmisbruk","10":"product_tag-broderi","11":"product_tag-faglitteratur","12":"product_tag-korn","13":"product_tag-kulturhistorie","14":"pa_format-innbundet","16":"first","17":"instock","18":"shipping-taxable","19":"purchasable","20":"product-type-simple"},"acf":{"anmeldelse":null},"yoast_head":"<!-- This site is optimized with the Yoast SEO plugin v26.6 - https:\/\/yoast.com\/wordpress\/plugins\/seo\/ -->\n<title>Kornboka - Dreyers Forlag<\/title>\n<meta name=\"robots\" content=\"noindex, follow, max-snippet:-1, max-image-preview:large, max-video-preview:-1\" \/>\n<meta property=\"og:locale\" content=\"nb_NO\" \/>\n<meta property=\"og:type\" content=\"article\" \/>\n<meta property=\"og:title\" content=\"Kornboka - Dreyers Forlag\" \/>\n<meta property=\"og:description\" content=\"Boka tar for seg korleis historia til kornet er vevd inn i sivilisasjonane som har bygd p\u00e5 det, fram til i dag. Biologiske eigenskapar og mutasjonar vi har m\u00f8tt p\u00e5 tallerken og i gryta, er evolusjonsbiologi god som nokon. Dei finst i spr\u00e5ket, i religion og kultur, i forskjellar mellom samfunn og i global politikk [&hellip;]\" \/>\n<meta property=\"og:url\" content=\"https:\/\/staging.forenteforlag.no\/dreyers\/produkt\/kornboka\/\" \/>\n<meta property=\"og:site_name\" content=\"Dreyers Forlag\" \/>\n<meta property=\"article:modified_time\" content=\"2025-08-27T12:08:11+00:00\" \/>\n<meta property=\"og:image\" content=\"https:\/\/staging.forenteforlag.no\/dreyers\/wp-content\/uploads\/sites\/2\/2025\/08\/jpg-9216.jpg\" \/>\n\t<meta property=\"og:image:width\" content=\"680\" \/>\n\t<meta property=\"og:image:height\" content=\"754\" \/>\n\t<meta property=\"og:image:type\" content=\"image\/jpeg\" \/>\n<meta name=\"twitter:card\" content=\"summary_large_image\" \/>\n<meta name=\"twitter:label1\" content=\"Ansl. lesetid\" \/>\n\t<meta name=\"twitter:data1\" content=\"2 minutter\" \/>\n<script type=\"application\/ld+json\" class=\"yoast-schema-graph\">{\"@context\":\"https:\/\/schema.org\",\"@graph\":[{\"@type\":\"WebPage\",\"@id\":\"https:\/\/staging.forenteforlag.no\/dreyers\/produkt\/kornboka\/\",\"url\":\"https:\/\/staging.forenteforlag.no\/dreyers\/produkt\/kornboka\/\",\"name\":\"Kornboka - Dreyers Forlag\",\"isPartOf\":{\"@id\":\"https:\/\/staging.forenteforlag.no\/dreyers\/#website\"},\"primaryImageOfPage\":{\"@id\":\"https:\/\/staging.forenteforlag.no\/dreyers\/produkt\/kornboka\/#primaryimage\"},\"image\":{\"@id\":\"https:\/\/staging.forenteforlag.no\/dreyers\/produkt\/kornboka\/#primaryimage\"},\"thumbnailUrl\":\"https:\/\/staging.forenteforlag.no\/dreyers\/wp-content\/uploads\/sites\/2\/2025\/08\/jpg-9216.jpg\",\"datePublished\":\"2021-08-23T00:00:00+00:00\",\"dateModified\":\"2025-08-27T12:08:11+00:00\",\"breadcrumb\":{\"@id\":\"https:\/\/staging.forenteforlag.no\/dreyers\/produkt\/kornboka\/#breadcrumb\"},\"inLanguage\":\"nb-NO\",\"potentialAction\":[{\"@type\":\"ReadAction\",\"target\":[\"https:\/\/staging.forenteforlag.no\/dreyers\/produkt\/kornboka\/\"]}]},{\"@type\":\"ImageObject\",\"inLanguage\":\"nb-NO\",\"@id\":\"https:\/\/staging.forenteforlag.no\/dreyers\/produkt\/kornboka\/#primaryimage\",\"url\":\"https:\/\/staging.forenteforlag.no\/dreyers\/wp-content\/uploads\/sites\/2\/2025\/08\/jpg-9216.jpg\",\"contentUrl\":\"https:\/\/staging.forenteforlag.no\/dreyers\/wp-content\/uploads\/sites\/2\/2025\/08\/jpg-9216.jpg\",\"width\":680,\"height\":754},{\"@type\":\"BreadcrumbList\",\"@id\":\"https:\/\/staging.forenteforlag.no\/dreyers\/produkt\/kornboka\/#breadcrumb\",\"itemListElement\":[{\"@type\":\"ListItem\",\"position\":1,\"name\":\"Hjem\",\"item\":\"https:\/\/staging.forenteforlag.no\/dreyers\/\"},{\"@type\":\"ListItem\",\"position\":2,\"name\":\"Alle b\u00f8ker\",\"item\":\"https:\/\/staging.forenteforlag.no\/dreyers\/butikk\/\"},{\"@type\":\"ListItem\",\"position\":3,\"name\":\"Kornboka\"}]},{\"@type\":\"WebSite\",\"@id\":\"https:\/\/staging.forenteforlag.no\/dreyers\/#website\",\"url\":\"https:\/\/staging.forenteforlag.no\/dreyers\/\",\"name\":\"Dreyers Forlag\",\"description\":\"\",\"potentialAction\":[{\"@type\":\"SearchAction\",\"target\":{\"@type\":\"EntryPoint\",\"urlTemplate\":\"https:\/\/staging.forenteforlag.no\/dreyers\/?s={search_term_string}\"},\"query-input\":{\"@type\":\"PropertyValueSpecification\",\"valueRequired\":true,\"valueName\":\"search_term_string\"}}],\"inLanguage\":\"nb-NO\"}]}<\/script>\n<!-- \/ Yoast SEO plugin. -->","yoast_head_json":{"title":"Kornboka - Dreyers Forlag","robots":{"index":"noindex","follow":"follow","max-snippet":"max-snippet:-1","max-image-preview":"max-image-preview:large","max-video-preview":"max-video-preview:-1"},"og_locale":"nb_NO","og_type":"article","og_title":"Kornboka - Dreyers Forlag","og_description":"Boka tar for seg korleis historia til kornet er vevd inn i sivilisasjonane som har bygd p\u00e5 det, fram til i dag. Biologiske eigenskapar og mutasjonar vi har m\u00f8tt p\u00e5 tallerken og i gryta, er evolusjonsbiologi god som nokon. Dei finst i spr\u00e5ket, i religion og kultur, i forskjellar mellom samfunn og i global politikk [&hellip;]","og_url":"https:\/\/staging.forenteforlag.no\/dreyers\/produkt\/kornboka\/","og_site_name":"Dreyers Forlag","article_modified_time":"2025-08-27T12:08:11+00:00","og_image":[{"width":680,"height":754,"url":"https:\/\/staging.forenteforlag.no\/dreyers\/wp-content\/uploads\/sites\/2\/2025\/08\/jpg-9216.jpg","type":"image\/jpeg"}],"twitter_card":"summary_large_image","twitter_misc":{"Ansl. lesetid":"2 minutter"},"schema":{"@context":"https:\/\/schema.org","@graph":[{"@type":"WebPage","@id":"https:\/\/staging.forenteforlag.no\/dreyers\/produkt\/kornboka\/","url":"https:\/\/staging.forenteforlag.no\/dreyers\/produkt\/kornboka\/","name":"Kornboka - Dreyers Forlag","isPartOf":{"@id":"https:\/\/staging.forenteforlag.no\/dreyers\/#website"},"primaryImageOfPage":{"@id":"https:\/\/staging.forenteforlag.no\/dreyers\/produkt\/kornboka\/#primaryimage"},"image":{"@id":"https:\/\/staging.forenteforlag.no\/dreyers\/produkt\/kornboka\/#primaryimage"},"thumbnailUrl":"https:\/\/staging.forenteforlag.no\/dreyers\/wp-content\/uploads\/sites\/2\/2025\/08\/jpg-9216.jpg","datePublished":"2021-08-23T00:00:00+00:00","dateModified":"2025-08-27T12:08:11+00:00","breadcrumb":{"@id":"https:\/\/staging.forenteforlag.no\/dreyers\/produkt\/kornboka\/#breadcrumb"},"inLanguage":"nb-NO","potentialAction":[{"@type":"ReadAction","target":["https:\/\/staging.forenteforlag.no\/dreyers\/produkt\/kornboka\/"]}]},{"@type":"ImageObject","inLanguage":"nb-NO","@id":"https:\/\/staging.forenteforlag.no\/dreyers\/produkt\/kornboka\/#primaryimage","url":"https:\/\/staging.forenteforlag.no\/dreyers\/wp-content\/uploads\/sites\/2\/2025\/08\/jpg-9216.jpg","contentUrl":"https:\/\/staging.forenteforlag.no\/dreyers\/wp-content\/uploads\/sites\/2\/2025\/08\/jpg-9216.jpg","width":680,"height":754},{"@type":"BreadcrumbList","@id":"https:\/\/staging.forenteforlag.no\/dreyers\/produkt\/kornboka\/#breadcrumb","itemListElement":[{"@type":"ListItem","position":1,"name":"Hjem","item":"https:\/\/staging.forenteforlag.no\/dreyers\/"},{"@type":"ListItem","position":2,"name":"Alle b\u00f8ker","item":"https:\/\/staging.forenteforlag.no\/dreyers\/butikk\/"},{"@type":"ListItem","position":3,"name":"Kornboka"}]},{"@type":"WebSite","@id":"https:\/\/staging.forenteforlag.no\/dreyers\/#website","url":"https:\/\/staging.forenteforlag.no\/dreyers\/","name":"Dreyers Forlag","description":"","potentialAction":[{"@type":"SearchAction","target":{"@type":"EntryPoint","urlTemplate":"https:\/\/staging.forenteforlag.no\/dreyers\/?s={search_term_string}"},"query-input":{"@type":"PropertyValueSpecification","valueRequired":true,"valueName":"search_term_string"}}],"inLanguage":"nb-NO"}]}},"_links":{"self":[{"href":"https:\/\/staging.forenteforlag.no\/dreyers\/wp-json\/wp\/v2\/product\/21254","targetHints":{"allow":["GET"]}}],"collection":[{"href":"https:\/\/staging.forenteforlag.no\/dreyers\/wp-json\/wp\/v2\/product"}],"about":[{"href":"https:\/\/staging.forenteforlag.no\/dreyers\/wp-json\/wp\/v2\/types\/product"}],"wp:featuredmedia":[{"embeddable":true,"href":"https:\/\/staging.forenteforlag.no\/dreyers\/wp-json\/wp\/v2\/media\/24420"}],"wp:attachment":[{"href":"https:\/\/staging.forenteforlag.no\/dreyers\/wp-json\/wp\/v2\/media?parent=21254"}],"wp:term":[{"taxonomy":"product_brand","embeddable":true,"href":"https:\/\/staging.forenteforlag.no\/dreyers\/wp-json\/wp\/v2\/product_brand?post=21254"},{"taxonomy":"product_cat","embeddable":true,"href":"https:\/\/staging.forenteforlag.no\/dreyers\/wp-json\/wp\/v2\/product_cat?post=21254"},{"taxonomy":"product_tag","embeddable":true,"href":"https:\/\/staging.forenteforlag.no\/dreyers\/wp-json\/wp\/v2\/product_tag?post=21254"}],"curies":[{"name":"wp","href":"https:\/\/api.w.org\/{rel}","templated":true}]}}