{"id":21250,"date":"2021-10-12T02:00:00","date_gmt":"2021-10-12T00:00:00","guid":{"rendered":"https:\/\/dreyersforlag.forenteforlag.no\/produkt\/krigsbrev\/"},"modified":"2025-08-27T14:08:32","modified_gmt":"2025-08-27T12:08:32","slug":"krigsbrev","status":"publish","type":"product","link":"https:\/\/staging.forenteforlag.no\/dreyers\/produkt\/krigsbrev\/","title":{"rendered":"Krigsbrev"},"content":{"rendered":"<p>Sent p\u00e5 vinteren 1716 st\u00e5r Karl XIIs arm\u00e9 i Norge. Den store nordiske krigen drar seg mot sitt sekstende \u00e5r, og situasjonen er desperat. Litt etter litt har det svenske stormaktsveldet rast sammen.  <\/p>\n<p>Fra felttoget skriver de svenske soldatene hjem, men mange brev n\u00e5r aldri Sverige, de blir fanget opp av dansk-norske milit\u00e6re speidere. Etter hvert havner brevene i det danske Riksarkivet. Fra denne samlingen l\u00f8fter n\u00e5, dr\u00f8ye tre hundre \u00e5r senere, historikeren Peter Ullgren fram de ukjente soldatenes krigshistorie. Soldatene framtrer i brevene som familiefors\u00f8rgere, ektemaker, fedre og s\u00f8nner, fanget i krigens meningsl\u00f8se helvete.  <\/p>\n<p>Kj\u00e6rlighet og h\u00e5p, fortvilelse, d\u00f8d og utslettelse preger brevene.  Kommer vi noensinne hjem igjen? Hvordan g\u00e5r det med dem der hjemme? Hvem skal d\u00f8den r\u00e5ke neste gang? Det kommer til syne et bilde av en krigstr\u00f8tt og oppgitt h\u00e6r.  <\/p>\n<p>Dette er krigen sett nedenfra. Det er soldatenes opplevelser vi f\u00e5r skildret. Ullgren gir oss et enest\u00e5ende blikk inn i den hverdagen som fantes i krigen i Norge p\u00e5 1700-tallet. Plutselig f\u00e5r den enkelte soldat individualitet &#8211; det er noen som venter p\u00e5 ham der hjemme.<\/p>\n","protected":false},"excerpt":{"rendered":"<p>Sent p\u00e5 vinteren 1716 st\u00e5r Karl XIIs arm\u00e9 i Norge. Den store nordiske krigen drar seg mot sitt sekstende \u00e5r, og situasjonen er desperat. Litt etter litt har det svenske stormaktsveldet rast sammen. Fra felttoget skriver de svenske soldatene hjem, men mange brev n\u00e5r aldri Sverige, de blir fanget opp av dansk-norske milit\u00e6re speidere. Etter [&hellip;]<\/p>\n","protected":false},"featured_media":24466,"template":"","meta":{"_acf_changed":false,"inline_featured_image":false},"product_brand":[],"product_cat":[20,1785,23],"product_tag":[1605,405,362,439,401,547],"class_list":{"0":"post-21250","1":"product","2":"type-product","3":"status-publish","4":"has-post-thumbnail","6":"product_cat-biografier-og-memoarer","7":"product_cat-fripris","8":"product_cat-historie","9":"product_tag-1700-1750","10":"product_tag-andre-verdenskrig","11":"product_tag-faglitteratur","12":"product_tag-nord-norge","13":"product_tag-soldater","14":"product_tag-sverige","15":"pa_format-innbundet","17":"first","18":"instock","19":"shipping-taxable","20":"purchasable","21":"product-type-simple"},"acf":{"anmeldelse":null},"yoast_head":"<!-- This site is optimized with the Yoast SEO plugin v26.6 - https:\/\/yoast.com\/wordpress\/plugins\/seo\/ -->\n<title>Krigsbrev - Dreyers Forlag<\/title>\n<meta name=\"robots\" content=\"noindex, follow, max-snippet:-1, max-image-preview:large, max-video-preview:-1\" \/>\n<meta property=\"og:locale\" content=\"nb_NO\" \/>\n<meta property=\"og:type\" content=\"article\" \/>\n<meta property=\"og:title\" content=\"Krigsbrev - Dreyers Forlag\" \/>\n<meta property=\"og:description\" content=\"Sent p\u00e5 vinteren 1716 st\u00e5r Karl XIIs arm\u00e9 i Norge. Den store nordiske krigen drar seg mot sitt sekstende \u00e5r, og situasjonen er desperat. Litt etter litt har det svenske stormaktsveldet rast sammen. Fra felttoget skriver de svenske soldatene hjem, men mange brev n\u00e5r aldri Sverige, de blir fanget opp av dansk-norske milit\u00e6re speidere. Etter [&hellip;]\" \/>\n<meta property=\"og:url\" content=\"https:\/\/staging.forenteforlag.no\/dreyers\/produkt\/krigsbrev\/\" \/>\n<meta property=\"og:site_name\" content=\"Dreyers Forlag\" \/>\n<meta property=\"article:modified_time\" content=\"2025-08-27T12:08:32+00:00\" \/>\n<meta property=\"og:image\" content=\"https:\/\/staging.forenteforlag.no\/dreyers\/wp-content\/uploads\/sites\/2\/2025\/08\/jpg-9649-scaled-1-scaled.jpg\" \/>\n\t<meta property=\"og:image:width\" content=\"1360\" \/>\n\t<meta property=\"og:image:height\" content=\"1920\" \/>\n\t<meta property=\"og:image:type\" content=\"image\/jpeg\" \/>\n<meta name=\"twitter:card\" content=\"summary_large_image\" \/>\n<meta name=\"twitter:label1\" content=\"Ansl. lesetid\" \/>\n\t<meta name=\"twitter:data1\" content=\"1 minutt\" \/>\n<script type=\"application\/ld+json\" class=\"yoast-schema-graph\">{\"@context\":\"https:\/\/schema.org\",\"@graph\":[{\"@type\":\"WebPage\",\"@id\":\"https:\/\/staging.forenteforlag.no\/dreyers\/produkt\/krigsbrev\/\",\"url\":\"https:\/\/staging.forenteforlag.no\/dreyers\/produkt\/krigsbrev\/\",\"name\":\"Krigsbrev - Dreyers Forlag\",\"isPartOf\":{\"@id\":\"https:\/\/staging.forenteforlag.no\/dreyers\/#website\"},\"primaryImageOfPage\":{\"@id\":\"https:\/\/staging.forenteforlag.no\/dreyers\/produkt\/krigsbrev\/#primaryimage\"},\"image\":{\"@id\":\"https:\/\/staging.forenteforlag.no\/dreyers\/produkt\/krigsbrev\/#primaryimage\"},\"thumbnailUrl\":\"https:\/\/staging.forenteforlag.no\/dreyers\/wp-content\/uploads\/sites\/2\/2025\/08\/jpg-9649-scaled-1-scaled.jpg\",\"datePublished\":\"2021-10-12T00:00:00+00:00\",\"dateModified\":\"2025-08-27T12:08:32+00:00\",\"breadcrumb\":{\"@id\":\"https:\/\/staging.forenteforlag.no\/dreyers\/produkt\/krigsbrev\/#breadcrumb\"},\"inLanguage\":\"nb-NO\",\"potentialAction\":[{\"@type\":\"ReadAction\",\"target\":[\"https:\/\/staging.forenteforlag.no\/dreyers\/produkt\/krigsbrev\/\"]}]},{\"@type\":\"ImageObject\",\"inLanguage\":\"nb-NO\",\"@id\":\"https:\/\/staging.forenteforlag.no\/dreyers\/produkt\/krigsbrev\/#primaryimage\",\"url\":\"https:\/\/staging.forenteforlag.no\/dreyers\/wp-content\/uploads\/sites\/2\/2025\/08\/jpg-9649-scaled-1-scaled.jpg\",\"contentUrl\":\"https:\/\/staging.forenteforlag.no\/dreyers\/wp-content\/uploads\/sites\/2\/2025\/08\/jpg-9649-scaled-1-scaled.jpg\",\"width\":1360,\"height\":1920},{\"@type\":\"BreadcrumbList\",\"@id\":\"https:\/\/staging.forenteforlag.no\/dreyers\/produkt\/krigsbrev\/#breadcrumb\",\"itemListElement\":[{\"@type\":\"ListItem\",\"position\":1,\"name\":\"Hjem\",\"item\":\"https:\/\/staging.forenteforlag.no\/dreyers\/\"},{\"@type\":\"ListItem\",\"position\":2,\"name\":\"Alle b\u00f8ker\",\"item\":\"https:\/\/staging.forenteforlag.no\/dreyers\/butikk\/\"},{\"@type\":\"ListItem\",\"position\":3,\"name\":\"Krigsbrev\"}]},{\"@type\":\"WebSite\",\"@id\":\"https:\/\/staging.forenteforlag.no\/dreyers\/#website\",\"url\":\"https:\/\/staging.forenteforlag.no\/dreyers\/\",\"name\":\"Dreyers Forlag\",\"description\":\"\",\"potentialAction\":[{\"@type\":\"SearchAction\",\"target\":{\"@type\":\"EntryPoint\",\"urlTemplate\":\"https:\/\/staging.forenteforlag.no\/dreyers\/?s={search_term_string}\"},\"query-input\":{\"@type\":\"PropertyValueSpecification\",\"valueRequired\":true,\"valueName\":\"search_term_string\"}}],\"inLanguage\":\"nb-NO\"}]}<\/script>\n<!-- \/ Yoast SEO plugin. -->","yoast_head_json":{"title":"Krigsbrev - Dreyers Forlag","robots":{"index":"noindex","follow":"follow","max-snippet":"max-snippet:-1","max-image-preview":"max-image-preview:large","max-video-preview":"max-video-preview:-1"},"og_locale":"nb_NO","og_type":"article","og_title":"Krigsbrev - Dreyers Forlag","og_description":"Sent p\u00e5 vinteren 1716 st\u00e5r Karl XIIs arm\u00e9 i Norge. Den store nordiske krigen drar seg mot sitt sekstende \u00e5r, og situasjonen er desperat. Litt etter litt har det svenske stormaktsveldet rast sammen. Fra felttoget skriver de svenske soldatene hjem, men mange brev n\u00e5r aldri Sverige, de blir fanget opp av dansk-norske milit\u00e6re speidere. Etter [&hellip;]","og_url":"https:\/\/staging.forenteforlag.no\/dreyers\/produkt\/krigsbrev\/","og_site_name":"Dreyers Forlag","article_modified_time":"2025-08-27T12:08:32+00:00","og_image":[{"width":1360,"height":1920,"url":"https:\/\/staging.forenteforlag.no\/dreyers\/wp-content\/uploads\/sites\/2\/2025\/08\/jpg-9649-scaled-1-scaled.jpg","type":"image\/jpeg"}],"twitter_card":"summary_large_image","twitter_misc":{"Ansl. lesetid":"1 minutt"},"schema":{"@context":"https:\/\/schema.org","@graph":[{"@type":"WebPage","@id":"https:\/\/staging.forenteforlag.no\/dreyers\/produkt\/krigsbrev\/","url":"https:\/\/staging.forenteforlag.no\/dreyers\/produkt\/krigsbrev\/","name":"Krigsbrev - Dreyers Forlag","isPartOf":{"@id":"https:\/\/staging.forenteforlag.no\/dreyers\/#website"},"primaryImageOfPage":{"@id":"https:\/\/staging.forenteforlag.no\/dreyers\/produkt\/krigsbrev\/#primaryimage"},"image":{"@id":"https:\/\/staging.forenteforlag.no\/dreyers\/produkt\/krigsbrev\/#primaryimage"},"thumbnailUrl":"https:\/\/staging.forenteforlag.no\/dreyers\/wp-content\/uploads\/sites\/2\/2025\/08\/jpg-9649-scaled-1-scaled.jpg","datePublished":"2021-10-12T00:00:00+00:00","dateModified":"2025-08-27T12:08:32+00:00","breadcrumb":{"@id":"https:\/\/staging.forenteforlag.no\/dreyers\/produkt\/krigsbrev\/#breadcrumb"},"inLanguage":"nb-NO","potentialAction":[{"@type":"ReadAction","target":["https:\/\/staging.forenteforlag.no\/dreyers\/produkt\/krigsbrev\/"]}]},{"@type":"ImageObject","inLanguage":"nb-NO","@id":"https:\/\/staging.forenteforlag.no\/dreyers\/produkt\/krigsbrev\/#primaryimage","url":"https:\/\/staging.forenteforlag.no\/dreyers\/wp-content\/uploads\/sites\/2\/2025\/08\/jpg-9649-scaled-1-scaled.jpg","contentUrl":"https:\/\/staging.forenteforlag.no\/dreyers\/wp-content\/uploads\/sites\/2\/2025\/08\/jpg-9649-scaled-1-scaled.jpg","width":1360,"height":1920},{"@type":"BreadcrumbList","@id":"https:\/\/staging.forenteforlag.no\/dreyers\/produkt\/krigsbrev\/#breadcrumb","itemListElement":[{"@type":"ListItem","position":1,"name":"Hjem","item":"https:\/\/staging.forenteforlag.no\/dreyers\/"},{"@type":"ListItem","position":2,"name":"Alle b\u00f8ker","item":"https:\/\/staging.forenteforlag.no\/dreyers\/butikk\/"},{"@type":"ListItem","position":3,"name":"Krigsbrev"}]},{"@type":"WebSite","@id":"https:\/\/staging.forenteforlag.no\/dreyers\/#website","url":"https:\/\/staging.forenteforlag.no\/dreyers\/","name":"Dreyers Forlag","description":"","potentialAction":[{"@type":"SearchAction","target":{"@type":"EntryPoint","urlTemplate":"https:\/\/staging.forenteforlag.no\/dreyers\/?s={search_term_string}"},"query-input":{"@type":"PropertyValueSpecification","valueRequired":true,"valueName":"search_term_string"}}],"inLanguage":"nb-NO"}]}},"_links":{"self":[{"href":"https:\/\/staging.forenteforlag.no\/dreyers\/wp-json\/wp\/v2\/product\/21250","targetHints":{"allow":["GET"]}}],"collection":[{"href":"https:\/\/staging.forenteforlag.no\/dreyers\/wp-json\/wp\/v2\/product"}],"about":[{"href":"https:\/\/staging.forenteforlag.no\/dreyers\/wp-json\/wp\/v2\/types\/product"}],"wp:featuredmedia":[{"embeddable":true,"href":"https:\/\/staging.forenteforlag.no\/dreyers\/wp-json\/wp\/v2\/media\/24466"}],"wp:attachment":[{"href":"https:\/\/staging.forenteforlag.no\/dreyers\/wp-json\/wp\/v2\/media?parent=21250"}],"wp:term":[{"taxonomy":"product_brand","embeddable":true,"href":"https:\/\/staging.forenteforlag.no\/dreyers\/wp-json\/wp\/v2\/product_brand?post=21250"},{"taxonomy":"product_cat","embeddable":true,"href":"https:\/\/staging.forenteforlag.no\/dreyers\/wp-json\/wp\/v2\/product_cat?post=21250"},{"taxonomy":"product_tag","embeddable":true,"href":"https:\/\/staging.forenteforlag.no\/dreyers\/wp-json\/wp\/v2\/product_tag?post=21250"}],"curies":[{"name":"wp","href":"https:\/\/api.w.org\/{rel}","templated":true}]}}