{"id":21247,"date":"2021-11-01T01:00:00","date_gmt":"2021-11-01T00:00:00","guid":{"rendered":"https:\/\/dreyersforlag.forenteforlag.no\/produkt\/den-nye-kalde-krigen\/"},"modified":"2025-08-27T14:08:33","modified_gmt":"2025-08-27T12:08:33","slug":"den-nye-kalde-krigen","status":"publish","type":"product","link":"https:\/\/staging.forenteforlag.no\/dreyers\/produkt\/den-nye-kalde-krigen\/","title":{"rendered":"Den nye kalde krigen"},"content":{"rendered":"<p>Kina st\u00e5r i \u00f8kende grad frem som en supermakt, f\u00f8rst og fremst \u00f8konomisk, men ogs\u00e5 milit\u00e6rt. Landet utfordrer USAs dominerende stilling i verden, og den USA-ledede liberale verdensorden etter den andre verdenskrig. <\/p>\n<p>Xi-regimet har slukket h\u00e5pet om at \u00f8konomisk fremgang skulle lede Kina i liberal retning. Et sterkere og mer selvhevdende Kina f\u00f8rer isteden til \u00f8kende konflikter med Vesten, ikke minst i handelspolitikken. Regimets stadig mer autorit\u00e6re fremferd og menneskerettighetsbrudd, s\u00e6rlig mot uigurene og i Hongkong, har bidratt til en forverring av forholdet. Kinas naboer, s\u00e6rlig i S\u00f8r-Kina-havet, opplever et Kina som tar seg til rette, og trusselen mot Taiwan \u00f8ker. Vi ser konturene av en ny kald krig. <\/p>\n<p>Selv om Kinas makt vokser, er det p\u00e5 ingen m\u00e5te gitt at landet etter hvert kan m\u00e5le seg med USA. Mens USA har allierte verden rundt, har Kina sv\u00e6rt f\u00e5. Ogs\u00e5 p\u00e5 hjemme- bane st\u00e5r Kina foran store utfordringer. Arbeidsstyrken krymper, samtidig som antallet eldre eksploderer. En enorm gjeldsoppbygging, spesielt i eiendomssektoren, gj\u00f8r \u00f8konomien s\u00e5rbar. <\/p>\n<p>Snoen setter stormaktskonflikten inn i en historisk og geopolitisk sammenheng.<\/p>\n","protected":false},"excerpt":{"rendered":"<p>Kina st\u00e5r i \u00f8kende grad frem som en supermakt, f\u00f8rst og fremst \u00f8konomisk, men ogs\u00e5 milit\u00e6rt. Landet utfordrer USAs dominerende stilling i verden, og den USA-ledede liberale verdensorden etter den andre verdenskrig. Xi-regimet har slukket h\u00e5pet om at \u00f8konomisk fremgang skulle lede Kina i liberal retning. Et sterkere og mer selvhevdende Kina f\u00f8rer isteden til [&hellip;]<\/p>\n","protected":false},"featured_media":24129,"template":"","meta":{"_acf_changed":false,"inline_featured_image":false},"product_brand":[],"product_cat":[1785,32],"product_tag":[362,555,863,434],"class_list":{"0":"post-21247","1":"product","2":"type-product","3":"status-publish","4":"has-post-thumbnail","6":"product_cat-fripris","7":"product_cat-samfunn-og-politikk","8":"product_tag-faglitteratur","9":"product_tag-internasjonal-politikk","10":"product_tag-kina","11":"product_tag-usa","12":"pa_format-innbundet","14":"first","15":"instock","16":"shipping-taxable","17":"purchasable","18":"product-type-simple"},"acf":{"anmeldelse":null},"yoast_head":"<!-- This site is optimized with the Yoast SEO plugin v26.6 - https:\/\/yoast.com\/wordpress\/plugins\/seo\/ -->\n<title>Den nye kalde krigen - Dreyers Forlag<\/title>\n<meta name=\"robots\" content=\"noindex, follow, max-snippet:-1, max-image-preview:large, max-video-preview:-1\" \/>\n<meta property=\"og:locale\" content=\"nb_NO\" \/>\n<meta property=\"og:type\" content=\"article\" \/>\n<meta property=\"og:title\" content=\"Den nye kalde krigen - Dreyers Forlag\" \/>\n<meta property=\"og:description\" content=\"Kina st\u00e5r i \u00f8kende grad frem som en supermakt, f\u00f8rst og fremst \u00f8konomisk, men ogs\u00e5 milit\u00e6rt. Landet utfordrer USAs dominerende stilling i verden, og den USA-ledede liberale verdensorden etter den andre verdenskrig. Xi-regimet har slukket h\u00e5pet om at \u00f8konomisk fremgang skulle lede Kina i liberal retning. Et sterkere og mer selvhevdende Kina f\u00f8rer isteden til [&hellip;]\" \/>\n<meta property=\"og:url\" content=\"https:\/\/staging.forenteforlag.no\/dreyers\/produkt\/den-nye-kalde-krigen\/\" \/>\n<meta property=\"og:site_name\" content=\"Dreyers Forlag\" \/>\n<meta property=\"article:modified_time\" content=\"2025-08-27T12:08:33+00:00\" \/>\n<meta property=\"og:image\" content=\"https:\/\/staging.forenteforlag.no\/dreyers\/wp-content\/uploads\/sites\/2\/2025\/08\/jpg-6543.jpg\" \/>\n\t<meta property=\"og:image:width\" content=\"1000\" \/>\n\t<meta property=\"og:image:height\" content=\"1457\" \/>\n\t<meta property=\"og:image:type\" content=\"image\/jpeg\" \/>\n<meta name=\"twitter:card\" content=\"summary_large_image\" \/>\n<meta name=\"twitter:label1\" content=\"Ansl. lesetid\" \/>\n\t<meta name=\"twitter:data1\" content=\"1 minutt\" \/>\n<script type=\"application\/ld+json\" class=\"yoast-schema-graph\">{\"@context\":\"https:\/\/schema.org\",\"@graph\":[{\"@type\":\"WebPage\",\"@id\":\"https:\/\/staging.forenteforlag.no\/dreyers\/produkt\/den-nye-kalde-krigen\/\",\"url\":\"https:\/\/staging.forenteforlag.no\/dreyers\/produkt\/den-nye-kalde-krigen\/\",\"name\":\"Den nye kalde krigen - Dreyers Forlag\",\"isPartOf\":{\"@id\":\"https:\/\/staging.forenteforlag.no\/dreyers\/#website\"},\"primaryImageOfPage\":{\"@id\":\"https:\/\/staging.forenteforlag.no\/dreyers\/produkt\/den-nye-kalde-krigen\/#primaryimage\"},\"image\":{\"@id\":\"https:\/\/staging.forenteforlag.no\/dreyers\/produkt\/den-nye-kalde-krigen\/#primaryimage\"},\"thumbnailUrl\":\"https:\/\/staging.forenteforlag.no\/dreyers\/wp-content\/uploads\/sites\/2\/2025\/08\/jpg-6543.jpg\",\"datePublished\":\"2021-11-01T00:00:00+00:00\",\"dateModified\":\"2025-08-27T12:08:33+00:00\",\"breadcrumb\":{\"@id\":\"https:\/\/staging.forenteforlag.no\/dreyers\/produkt\/den-nye-kalde-krigen\/#breadcrumb\"},\"inLanguage\":\"nb-NO\",\"potentialAction\":[{\"@type\":\"ReadAction\",\"target\":[\"https:\/\/staging.forenteforlag.no\/dreyers\/produkt\/den-nye-kalde-krigen\/\"]}]},{\"@type\":\"ImageObject\",\"inLanguage\":\"nb-NO\",\"@id\":\"https:\/\/staging.forenteforlag.no\/dreyers\/produkt\/den-nye-kalde-krigen\/#primaryimage\",\"url\":\"https:\/\/staging.forenteforlag.no\/dreyers\/wp-content\/uploads\/sites\/2\/2025\/08\/jpg-6543.jpg\",\"contentUrl\":\"https:\/\/staging.forenteforlag.no\/dreyers\/wp-content\/uploads\/sites\/2\/2025\/08\/jpg-6543.jpg\",\"width\":1000,\"height\":1457},{\"@type\":\"BreadcrumbList\",\"@id\":\"https:\/\/staging.forenteforlag.no\/dreyers\/produkt\/den-nye-kalde-krigen\/#breadcrumb\",\"itemListElement\":[{\"@type\":\"ListItem\",\"position\":1,\"name\":\"Hjem\",\"item\":\"https:\/\/staging.forenteforlag.no\/dreyers\/\"},{\"@type\":\"ListItem\",\"position\":2,\"name\":\"Alle b\u00f8ker\",\"item\":\"https:\/\/staging.forenteforlag.no\/dreyers\/butikk\/\"},{\"@type\":\"ListItem\",\"position\":3,\"name\":\"Den nye kalde krigen\"}]},{\"@type\":\"WebSite\",\"@id\":\"https:\/\/staging.forenteforlag.no\/dreyers\/#website\",\"url\":\"https:\/\/staging.forenteforlag.no\/dreyers\/\",\"name\":\"Dreyers Forlag\",\"description\":\"\",\"potentialAction\":[{\"@type\":\"SearchAction\",\"target\":{\"@type\":\"EntryPoint\",\"urlTemplate\":\"https:\/\/staging.forenteforlag.no\/dreyers\/?s={search_term_string}\"},\"query-input\":{\"@type\":\"PropertyValueSpecification\",\"valueRequired\":true,\"valueName\":\"search_term_string\"}}],\"inLanguage\":\"nb-NO\"}]}<\/script>\n<!-- \/ Yoast SEO plugin. -->","yoast_head_json":{"title":"Den nye kalde krigen - Dreyers Forlag","robots":{"index":"noindex","follow":"follow","max-snippet":"max-snippet:-1","max-image-preview":"max-image-preview:large","max-video-preview":"max-video-preview:-1"},"og_locale":"nb_NO","og_type":"article","og_title":"Den nye kalde krigen - Dreyers Forlag","og_description":"Kina st\u00e5r i \u00f8kende grad frem som en supermakt, f\u00f8rst og fremst \u00f8konomisk, men ogs\u00e5 milit\u00e6rt. Landet utfordrer USAs dominerende stilling i verden, og den USA-ledede liberale verdensorden etter den andre verdenskrig. Xi-regimet har slukket h\u00e5pet om at \u00f8konomisk fremgang skulle lede Kina i liberal retning. Et sterkere og mer selvhevdende Kina f\u00f8rer isteden til [&hellip;]","og_url":"https:\/\/staging.forenteforlag.no\/dreyers\/produkt\/den-nye-kalde-krigen\/","og_site_name":"Dreyers Forlag","article_modified_time":"2025-08-27T12:08:33+00:00","og_image":[{"width":1000,"height":1457,"url":"https:\/\/staging.forenteforlag.no\/dreyers\/wp-content\/uploads\/sites\/2\/2025\/08\/jpg-6543.jpg","type":"image\/jpeg"}],"twitter_card":"summary_large_image","twitter_misc":{"Ansl. lesetid":"1 minutt"},"schema":{"@context":"https:\/\/schema.org","@graph":[{"@type":"WebPage","@id":"https:\/\/staging.forenteforlag.no\/dreyers\/produkt\/den-nye-kalde-krigen\/","url":"https:\/\/staging.forenteforlag.no\/dreyers\/produkt\/den-nye-kalde-krigen\/","name":"Den nye kalde krigen - Dreyers Forlag","isPartOf":{"@id":"https:\/\/staging.forenteforlag.no\/dreyers\/#website"},"primaryImageOfPage":{"@id":"https:\/\/staging.forenteforlag.no\/dreyers\/produkt\/den-nye-kalde-krigen\/#primaryimage"},"image":{"@id":"https:\/\/staging.forenteforlag.no\/dreyers\/produkt\/den-nye-kalde-krigen\/#primaryimage"},"thumbnailUrl":"https:\/\/staging.forenteforlag.no\/dreyers\/wp-content\/uploads\/sites\/2\/2025\/08\/jpg-6543.jpg","datePublished":"2021-11-01T00:00:00+00:00","dateModified":"2025-08-27T12:08:33+00:00","breadcrumb":{"@id":"https:\/\/staging.forenteforlag.no\/dreyers\/produkt\/den-nye-kalde-krigen\/#breadcrumb"},"inLanguage":"nb-NO","potentialAction":[{"@type":"ReadAction","target":["https:\/\/staging.forenteforlag.no\/dreyers\/produkt\/den-nye-kalde-krigen\/"]}]},{"@type":"ImageObject","inLanguage":"nb-NO","@id":"https:\/\/staging.forenteforlag.no\/dreyers\/produkt\/den-nye-kalde-krigen\/#primaryimage","url":"https:\/\/staging.forenteforlag.no\/dreyers\/wp-content\/uploads\/sites\/2\/2025\/08\/jpg-6543.jpg","contentUrl":"https:\/\/staging.forenteforlag.no\/dreyers\/wp-content\/uploads\/sites\/2\/2025\/08\/jpg-6543.jpg","width":1000,"height":1457},{"@type":"BreadcrumbList","@id":"https:\/\/staging.forenteforlag.no\/dreyers\/produkt\/den-nye-kalde-krigen\/#breadcrumb","itemListElement":[{"@type":"ListItem","position":1,"name":"Hjem","item":"https:\/\/staging.forenteforlag.no\/dreyers\/"},{"@type":"ListItem","position":2,"name":"Alle b\u00f8ker","item":"https:\/\/staging.forenteforlag.no\/dreyers\/butikk\/"},{"@type":"ListItem","position":3,"name":"Den nye kalde krigen"}]},{"@type":"WebSite","@id":"https:\/\/staging.forenteforlag.no\/dreyers\/#website","url":"https:\/\/staging.forenteforlag.no\/dreyers\/","name":"Dreyers Forlag","description":"","potentialAction":[{"@type":"SearchAction","target":{"@type":"EntryPoint","urlTemplate":"https:\/\/staging.forenteforlag.no\/dreyers\/?s={search_term_string}"},"query-input":{"@type":"PropertyValueSpecification","valueRequired":true,"valueName":"search_term_string"}}],"inLanguage":"nb-NO"}]}},"_links":{"self":[{"href":"https:\/\/staging.forenteforlag.no\/dreyers\/wp-json\/wp\/v2\/product\/21247","targetHints":{"allow":["GET"]}}],"collection":[{"href":"https:\/\/staging.forenteforlag.no\/dreyers\/wp-json\/wp\/v2\/product"}],"about":[{"href":"https:\/\/staging.forenteforlag.no\/dreyers\/wp-json\/wp\/v2\/types\/product"}],"wp:featuredmedia":[{"embeddable":true,"href":"https:\/\/staging.forenteforlag.no\/dreyers\/wp-json\/wp\/v2\/media\/24129"}],"wp:attachment":[{"href":"https:\/\/staging.forenteforlag.no\/dreyers\/wp-json\/wp\/v2\/media?parent=21247"}],"wp:term":[{"taxonomy":"product_brand","embeddable":true,"href":"https:\/\/staging.forenteforlag.no\/dreyers\/wp-json\/wp\/v2\/product_brand?post=21247"},{"taxonomy":"product_cat","embeddable":true,"href":"https:\/\/staging.forenteforlag.no\/dreyers\/wp-json\/wp\/v2\/product_cat?post=21247"},{"taxonomy":"product_tag","embeddable":true,"href":"https:\/\/staging.forenteforlag.no\/dreyers\/wp-json\/wp\/v2\/product_tag?post=21247"}],"curies":[{"name":"wp","href":"https:\/\/api.w.org\/{rel}","templated":true}]}}

<p>Kina står i økende grad frem som en supermakt, først og fremst økonomisk, men også militært. Landet utfordrer USAs dominerende stilling i verden, og den USA-ledede liberale verdensorden etter den andre verdenskrig. </p>
<p>Xi-regimet har slukket håpet om at økonomisk fremgang skulle lede Kina i liberal retning. Et sterkere og mer selvhevdende Kina fører isteden til økende konflikter med Vesten, ikke minst i handelspolitikken. Regimets stadig mer autoritære fremferd og menneskerettighetsbrudd, særlig mot uigurene og i Hongkong, har bidratt til en forverring av forholdet. Kinas naboer, særlig i Sør-Kina-havet, opplever et Kina som tar seg til rette, og trusselen mot Taiwan øker. Vi ser konturene av en ny kald krig. </p>
<p>Selv om Kinas makt vokser, er det på ingen måte gitt at landet etter hvert kan måle seg med USA. Mens USA har allierte verden rundt, har Kina svært få. Også på hjemme- bane står Kina foran store utfordringer. Arbeidsstyrken krymper, samtidig som antallet eldre eksploderer. En enorm gjeldsoppbygging, spesielt i eiendomssektoren, gjør økonomien sårbar. </p>
<p>Snoen setter stormaktskonflikten inn i en historisk og geopolitisk sammenheng.</p>

<p>Kina står i økende grad frem som en supermakt, først og fremst økonomisk, men også militært. Landet utfordrer USAs dominerende stilling i verden, og den USA-ledede liberale verdensorden etter den andre verdenskrig. Xi-regimet har slukket håpet om at økonomisk fremgang skulle lede Kina i liberal retning. Et sterkere og mer selvhevdende Kina fører isteden til [&hellip;]</p>

<!-- This site is optimized with the Yoast SEO plugin v26.6 - https://yoast.com/wordpress/plugins/seo/ -->
<title>Den nye kalde krigen - Dreyers Forlag</title>
<meta name="robots" content="noindex, follow, max-snippet:-1, max-image-preview:large, max-video-preview:-1" />
<meta property="og:locale" content="nb_NO" />
<meta property="og:type" content="article" />
<meta property="og:title" content="Den nye kalde krigen - Dreyers Forlag" />
<meta property="og:description" content="Kina står i økende grad frem som en supermakt, først og fremst økonomisk, men også militært. Landet utfordrer USAs dominerende stilling i verden, og den USA-ledede liberale verdensorden etter den andre verdenskrig. Xi-regimet har slukket håpet om at økonomisk fremgang skulle lede Kina i liberal retning. Et sterkere og mer selvhevdende Kina fører isteden til [&hellip;]" />
<meta property="og:url" content="https://staging.forenteforlag.no/dreyers/produkt/den-nye-kalde-krigen/" />
<meta property="og:site_name" content="Dreyers Forlag" />
<meta property="article:modified_time" content="2025-08-27T12:08:33+00:00" />
<meta property="og:image" content="https://staging.forenteforlag.no/dreyers/wp-content/uploads/sites/2/2025/08/jpg-6543.jpg" />
	<meta property="og:image:width" content="1000" />
	<meta property="og:image:height" content="1457" />
	<meta property="og:image:type" content="image/jpeg" />
<meta name="twitter:card" content="summary_large_image" />
<meta name="twitter:label1" content="Ansl. lesetid" />
	<meta name="twitter:data1" content="1 minutt" />
<script type="application/ld+json" class="yoast-schema-graph">{"@context":"https://schema.org","@graph":[{"@type":"WebPage","@id":"https://staging.forenteforlag.no/dreyers/produkt/den-nye-kalde-krigen/","url":"https://staging.forenteforlag.no/dreyers/produkt/den-nye-kalde-krigen/","name":"Den nye kalde krigen - Dreyers Forlag","isPartOf":{"@id":"https://staging.forenteforlag.no/dreyers/#website"},"primaryImageOfPage":{"@id":"https://staging.forenteforlag.no/dreyers/produkt/den-nye-kalde-krigen/#primaryimage"},"image":{"@id":"https://staging.forenteforlag.no/dreyers/produkt/den-nye-kalde-krigen/#primaryimage"},"thumbnailUrl":"https://staging.forenteforlag.no/dreyers/wp-content/uploads/sites/2/2025/08/jpg-6543.jpg","datePublished":"2021-11-01T00:00:00+00:00","dateModified":"2025-08-27T12:08:33+00:00","breadcrumb":{"@id":"https://staging.forenteforlag.no/dreyers/produkt/den-nye-kalde-krigen/#breadcrumb"},"inLanguage":"nb-NO","potentialAction":[{"@type":"ReadAction","target":["https://staging.forenteforlag.no/dreyers/produkt/den-nye-kalde-krigen/"]}]},{"@type":"ImageObject","inLanguage":"nb-NO","@id":"https://staging.forenteforlag.no/dreyers/produkt/den-nye-kalde-krigen/#primaryimage","url":"https://staging.forenteforlag.no/dreyers/wp-content/uploads/sites/2/2025/08/jpg-6543.jpg","contentUrl":"https://staging.forenteforlag.no/dreyers/wp-content/uploads/sites/2/2025/08/jpg-6543.jpg","width":1000,"height":1457},{"@type":"BreadcrumbList","@id":"https://staging.forenteforlag.no/dreyers/produkt/den-nye-kalde-krigen/#breadcrumb","itemListElement":[{"@type":"ListItem","position":1,"name":"Hjem","item":"https://staging.forenteforlag.no/dreyers/"},{"@type":"ListItem","position":2,"name":"Alle bøker","item":"https://staging.forenteforlag.no/dreyers/butikk/"},{"@type":"ListItem","position":3,"name":"Den nye kalde krigen"}]},{"@type":"WebSite","@id":"https://staging.forenteforlag.no/dreyers/#website","url":"https://staging.forenteforlag.no/dreyers/","name":"Dreyers Forlag","description":"","potentialAction":[{"@type":"SearchAction","target":{"@type":"EntryPoint","urlTemplate":"https://staging.forenteforlag.no/dreyers/?s={search_term_string}"},"query-input":{"@type":"PropertyValueSpecification","valueRequired":true,"valueName":"search_term_string"}}],"inLanguage":"nb-NO"}]}</script>
<!-- / Yoast SEO plugin. -->

Kina står i økende grad frem som en supermakt, først og fremst økonomisk, men også militært. Landet utfordrer USAs dominerende stilling i verden, og den USA-ledede liberale verdensorden etter den andre verdenskrig. Xi-regimet har slukket håpet om at økonomisk fremgang skulle lede Kina i liberal retning. Et sterkere og mer selvhevdende Kina fører isteden til [&hellip;]

Alle bøker
