{"id":21239,"date":"2020-08-24T02:00:00","date_gmt":"2020-08-24T00:00:00","guid":{"rendered":"https:\/\/dreyersforlag.forenteforlag.no\/produkt\/pandemi-og-unntakstilstand\/"},"modified":"2025-08-27T14:08:33","modified_gmt":"2025-08-27T12:08:33","slug":"pandemi-og-unntakstilstand","status":"publish","type":"product","link":"https:\/\/staging.forenteforlag.no\/dreyers\/produkt\/pandemi-og-unntakstilstand\/","title":{"rendered":"Pandemi og unntakstilstand"},"content":{"rendered":"<p>Kan en diskusjon om unntakstilstand, og teorien om dette, gi nyttig innsikt i analysen av koronaloven og bruken av smittevernloven? Hva ligger i begrepet rettsliggj\u00f8ring, og hva er betydningen av den vestlige rettstradisjonen for forholdet mellom rett og politikk? <\/p>\n<p>Slike sentrale sp\u00f8rsm\u00e5l reises, f\u00f8r boken belyser de pr\u00f8velsene den norske rettsstaten ble utsatt for gjennom Nav-skandalen og pandemien fram mot v\u00e5ren og sommeren 2020. Oppmerksomheten er rettet mot forholdet mellom v\u00e5re \u00f8verste statsorganer, Stortinget, regjeringen og domstolene og de unntaksfullmaktene regjeringen fikk for \u00e5 h\u00e5ndtere krisen. <\/p>\n<p>Av og til kan \u00abunyttig\u00bb forskning vise seg sv\u00e6rt s\u00e5 nyttig. Flere \u00e5rs forskning p\u00e5 domstoler under autorit\u00e6re forhold i forrige \u00e5rhundres Europa har satt forfatteren i stand til \u00e5 levere den f\u00f8rste analysen av de tiltak som ble satt inn i Norge under pandemien, og av de utfordringene pandemien stilte v\u00e5rt politiske og rettslige system overfor. Boka er et viktig bidrag til teorien om unntakstilstand.<\/p>\n","protected":false},"excerpt":{"rendered":"<p>Kan en diskusjon om unntakstilstand, og teorien om dette, gi nyttig innsikt i analysen av koronaloven og bruken av smittevernloven? Hva ligger i begrepet rettsliggj\u00f8ring, og hva er betydningen av den vestlige rettstradisjonen for forholdet mellom rett og politikk? Slike sentrale sp\u00f8rsm\u00e5l reises, f\u00f8r boken belyser de pr\u00f8velsene den norske rettsstaten ble utsatt for gjennom [&hellip;]<\/p>\n","protected":false},"featured_media":24053,"template":"","meta":{"_acf_changed":false,"inline_featured_image":false},"product_brand":[],"product_cat":[1785,32],"product_tag":[1093,362,488,439,489,1141],"class_list":{"0":"post-21239","1":"product","2":"type-product","3":"status-publish","4":"has-post-thumbnail","6":"product_cat-fripris","7":"product_cat-samfunn-og-politikk","8":"product_tag-2020-2029","9":"product_tag-faglitteratur","10":"product_tag-koronavirussykdommer","11":"product_tag-nord-norge","12":"product_tag-pandemier","13":"product_tag-rettsvesen","14":"pa_format-mykperm","16":"first","17":"outofstock","18":"shipping-taxable","19":"purchasable","20":"product-type-simple"},"acf":{"anmeldelse":null},"yoast_head":"<!-- This site is optimized with the Yoast SEO plugin v26.6 - https:\/\/yoast.com\/wordpress\/plugins\/seo\/ -->\n<title>Pandemi og unntakstilstand - Dreyers Forlag<\/title>\n<meta name=\"robots\" content=\"noindex, follow, max-snippet:-1, max-image-preview:large, max-video-preview:-1\" \/>\n<meta property=\"og:locale\" content=\"nb_NO\" \/>\n<meta property=\"og:type\" content=\"article\" \/>\n<meta property=\"og:title\" content=\"Pandemi og unntakstilstand - Dreyers Forlag\" \/>\n<meta property=\"og:description\" content=\"Kan en diskusjon om unntakstilstand, og teorien om dette, gi nyttig innsikt i analysen av koronaloven og bruken av smittevernloven? Hva ligger i begrepet rettsliggj\u00f8ring, og hva er betydningen av den vestlige rettstradisjonen for forholdet mellom rett og politikk? Slike sentrale sp\u00f8rsm\u00e5l reises, f\u00f8r boken belyser de pr\u00f8velsene den norske rettsstaten ble utsatt for gjennom [&hellip;]\" \/>\n<meta property=\"og:url\" content=\"https:\/\/staging.forenteforlag.no\/dreyers\/produkt\/pandemi-og-unntakstilstand\/\" \/>\n<meta property=\"og:site_name\" content=\"Dreyers Forlag\" \/>\n<meta property=\"article:modified_time\" content=\"2025-08-27T12:08:33+00:00\" \/>\n<meta property=\"og:image\" content=\"https:\/\/staging.forenteforlag.no\/dreyers\/wp-content\/uploads\/sites\/2\/2025\/08\/jpg-5787.jpg\" \/>\n\t<meta property=\"og:image:width\" content=\"354\" \/>\n\t<meta property=\"og:image:height\" content=\"567\" \/>\n\t<meta property=\"og:image:type\" content=\"image\/jpeg\" \/>\n<meta name=\"twitter:card\" content=\"summary_large_image\" \/>\n<meta name=\"twitter:label1\" content=\"Ansl. lesetid\" \/>\n\t<meta name=\"twitter:data1\" content=\"1 minutt\" \/>\n<script type=\"application\/ld+json\" class=\"yoast-schema-graph\">{\"@context\":\"https:\/\/schema.org\",\"@graph\":[{\"@type\":\"WebPage\",\"@id\":\"https:\/\/staging.forenteforlag.no\/dreyers\/produkt\/pandemi-og-unntakstilstand\/\",\"url\":\"https:\/\/staging.forenteforlag.no\/dreyers\/produkt\/pandemi-og-unntakstilstand\/\",\"name\":\"Pandemi og unntakstilstand - Dreyers Forlag\",\"isPartOf\":{\"@id\":\"https:\/\/staging.forenteforlag.no\/dreyers\/#website\"},\"primaryImageOfPage\":{\"@id\":\"https:\/\/staging.forenteforlag.no\/dreyers\/produkt\/pandemi-og-unntakstilstand\/#primaryimage\"},\"image\":{\"@id\":\"https:\/\/staging.forenteforlag.no\/dreyers\/produkt\/pandemi-og-unntakstilstand\/#primaryimage\"},\"thumbnailUrl\":\"https:\/\/staging.forenteforlag.no\/dreyers\/wp-content\/uploads\/sites\/2\/2025\/08\/jpg-5787.jpg\",\"datePublished\":\"2020-08-24T00:00:00+00:00\",\"dateModified\":\"2025-08-27T12:08:33+00:00\",\"breadcrumb\":{\"@id\":\"https:\/\/staging.forenteforlag.no\/dreyers\/produkt\/pandemi-og-unntakstilstand\/#breadcrumb\"},\"inLanguage\":\"nb-NO\",\"potentialAction\":[{\"@type\":\"ReadAction\",\"target\":[\"https:\/\/staging.forenteforlag.no\/dreyers\/produkt\/pandemi-og-unntakstilstand\/\"]}]},{\"@type\":\"ImageObject\",\"inLanguage\":\"nb-NO\",\"@id\":\"https:\/\/staging.forenteforlag.no\/dreyers\/produkt\/pandemi-og-unntakstilstand\/#primaryimage\",\"url\":\"https:\/\/staging.forenteforlag.no\/dreyers\/wp-content\/uploads\/sites\/2\/2025\/08\/jpg-5787.jpg\",\"contentUrl\":\"https:\/\/staging.forenteforlag.no\/dreyers\/wp-content\/uploads\/sites\/2\/2025\/08\/jpg-5787.jpg\",\"width\":354,\"height\":567},{\"@type\":\"BreadcrumbList\",\"@id\":\"https:\/\/staging.forenteforlag.no\/dreyers\/produkt\/pandemi-og-unntakstilstand\/#breadcrumb\",\"itemListElement\":[{\"@type\":\"ListItem\",\"position\":1,\"name\":\"Hjem\",\"item\":\"https:\/\/staging.forenteforlag.no\/dreyers\/\"},{\"@type\":\"ListItem\",\"position\":2,\"name\":\"Alle b\u00f8ker\",\"item\":\"https:\/\/staging.forenteforlag.no\/dreyers\/butikk\/\"},{\"@type\":\"ListItem\",\"position\":3,\"name\":\"Pandemi og unntakstilstand\"}]},{\"@type\":\"WebSite\",\"@id\":\"https:\/\/staging.forenteforlag.no\/dreyers\/#website\",\"url\":\"https:\/\/staging.forenteforlag.no\/dreyers\/\",\"name\":\"Dreyers Forlag\",\"description\":\"\",\"potentialAction\":[{\"@type\":\"SearchAction\",\"target\":{\"@type\":\"EntryPoint\",\"urlTemplate\":\"https:\/\/staging.forenteforlag.no\/dreyers\/?s={search_term_string}\"},\"query-input\":{\"@type\":\"PropertyValueSpecification\",\"valueRequired\":true,\"valueName\":\"search_term_string\"}}],\"inLanguage\":\"nb-NO\"}]}<\/script>\n<!-- \/ Yoast SEO plugin. -->","yoast_head_json":{"title":"Pandemi og unntakstilstand - Dreyers Forlag","robots":{"index":"noindex","follow":"follow","max-snippet":"max-snippet:-1","max-image-preview":"max-image-preview:large","max-video-preview":"max-video-preview:-1"},"og_locale":"nb_NO","og_type":"article","og_title":"Pandemi og unntakstilstand - Dreyers Forlag","og_description":"Kan en diskusjon om unntakstilstand, og teorien om dette, gi nyttig innsikt i analysen av koronaloven og bruken av smittevernloven? Hva ligger i begrepet rettsliggj\u00f8ring, og hva er betydningen av den vestlige rettstradisjonen for forholdet mellom rett og politikk? Slike sentrale sp\u00f8rsm\u00e5l reises, f\u00f8r boken belyser de pr\u00f8velsene den norske rettsstaten ble utsatt for gjennom [&hellip;]","og_url":"https:\/\/staging.forenteforlag.no\/dreyers\/produkt\/pandemi-og-unntakstilstand\/","og_site_name":"Dreyers Forlag","article_modified_time":"2025-08-27T12:08:33+00:00","og_image":[{"width":354,"height":567,"url":"https:\/\/staging.forenteforlag.no\/dreyers\/wp-content\/uploads\/sites\/2\/2025\/08\/jpg-5787.jpg","type":"image\/jpeg"}],"twitter_card":"summary_large_image","twitter_misc":{"Ansl. lesetid":"1 minutt"},"schema":{"@context":"https:\/\/schema.org","@graph":[{"@type":"WebPage","@id":"https:\/\/staging.forenteforlag.no\/dreyers\/produkt\/pandemi-og-unntakstilstand\/","url":"https:\/\/staging.forenteforlag.no\/dreyers\/produkt\/pandemi-og-unntakstilstand\/","name":"Pandemi og unntakstilstand - Dreyers Forlag","isPartOf":{"@id":"https:\/\/staging.forenteforlag.no\/dreyers\/#website"},"primaryImageOfPage":{"@id":"https:\/\/staging.forenteforlag.no\/dreyers\/produkt\/pandemi-og-unntakstilstand\/#primaryimage"},"image":{"@id":"https:\/\/staging.forenteforlag.no\/dreyers\/produkt\/pandemi-og-unntakstilstand\/#primaryimage"},"thumbnailUrl":"https:\/\/staging.forenteforlag.no\/dreyers\/wp-content\/uploads\/sites\/2\/2025\/08\/jpg-5787.jpg","datePublished":"2020-08-24T00:00:00+00:00","dateModified":"2025-08-27T12:08:33+00:00","breadcrumb":{"@id":"https:\/\/staging.forenteforlag.no\/dreyers\/produkt\/pandemi-og-unntakstilstand\/#breadcrumb"},"inLanguage":"nb-NO","potentialAction":[{"@type":"ReadAction","target":["https:\/\/staging.forenteforlag.no\/dreyers\/produkt\/pandemi-og-unntakstilstand\/"]}]},{"@type":"ImageObject","inLanguage":"nb-NO","@id":"https:\/\/staging.forenteforlag.no\/dreyers\/produkt\/pandemi-og-unntakstilstand\/#primaryimage","url":"https:\/\/staging.forenteforlag.no\/dreyers\/wp-content\/uploads\/sites\/2\/2025\/08\/jpg-5787.jpg","contentUrl":"https:\/\/staging.forenteforlag.no\/dreyers\/wp-content\/uploads\/sites\/2\/2025\/08\/jpg-5787.jpg","width":354,"height":567},{"@type":"BreadcrumbList","@id":"https:\/\/staging.forenteforlag.no\/dreyers\/produkt\/pandemi-og-unntakstilstand\/#breadcrumb","itemListElement":[{"@type":"ListItem","position":1,"name":"Hjem","item":"https:\/\/staging.forenteforlag.no\/dreyers\/"},{"@type":"ListItem","position":2,"name":"Alle b\u00f8ker","item":"https:\/\/staging.forenteforlag.no\/dreyers\/butikk\/"},{"@type":"ListItem","position":3,"name":"Pandemi og unntakstilstand"}]},{"@type":"WebSite","@id":"https:\/\/staging.forenteforlag.no\/dreyers\/#website","url":"https:\/\/staging.forenteforlag.no\/dreyers\/","name":"Dreyers Forlag","description":"","potentialAction":[{"@type":"SearchAction","target":{"@type":"EntryPoint","urlTemplate":"https:\/\/staging.forenteforlag.no\/dreyers\/?s={search_term_string}"},"query-input":{"@type":"PropertyValueSpecification","valueRequired":true,"valueName":"search_term_string"}}],"inLanguage":"nb-NO"}]}},"_links":{"self":[{"href":"https:\/\/staging.forenteforlag.no\/dreyers\/wp-json\/wp\/v2\/product\/21239","targetHints":{"allow":["GET"]}}],"collection":[{"href":"https:\/\/staging.forenteforlag.no\/dreyers\/wp-json\/wp\/v2\/product"}],"about":[{"href":"https:\/\/staging.forenteforlag.no\/dreyers\/wp-json\/wp\/v2\/types\/product"}],"wp:featuredmedia":[{"embeddable":true,"href":"https:\/\/staging.forenteforlag.no\/dreyers\/wp-json\/wp\/v2\/media\/24053"}],"wp:attachment":[{"href":"https:\/\/staging.forenteforlag.no\/dreyers\/wp-json\/wp\/v2\/media?parent=21239"}],"wp:term":[{"taxonomy":"product_brand","embeddable":true,"href":"https:\/\/staging.forenteforlag.no\/dreyers\/wp-json\/wp\/v2\/product_brand?post=21239"},{"taxonomy":"product_cat","embeddable":true,"href":"https:\/\/staging.forenteforlag.no\/dreyers\/wp-json\/wp\/v2\/product_cat?post=21239"},{"taxonomy":"product_tag","embeddable":true,"href":"https:\/\/staging.forenteforlag.no\/dreyers\/wp-json\/wp\/v2\/product_tag?post=21239"}],"curies":[{"name":"wp","href":"https:\/\/api.w.org\/{rel}","templated":true}]}}

<p>Kan en diskusjon om unntakstilstand, og teorien om dette, gi nyttig innsikt i analysen av koronaloven og bruken av smittevernloven? Hva ligger i begrepet rettsliggjøring, og hva er betydningen av den vestlige rettstradisjonen for forholdet mellom rett og politikk? </p>
<p>Slike sentrale spørsmål reises, før boken belyser de prøvelsene den norske rettsstaten ble utsatt for gjennom Nav-skandalen og pandemien fram mot våren og sommeren 2020. Oppmerksomheten er rettet mot forholdet mellom våre øverste statsorganer, Stortinget, regjeringen og domstolene og de unntaksfullmaktene regjeringen fikk for å håndtere krisen. </p>
<p>Av og til kan «unyttig» forskning vise seg svært så nyttig. Flere års forskning på domstoler under autoritære forhold i forrige århundres Europa har satt forfatteren i stand til å levere den første analysen av de tiltak som ble satt inn i Norge under pandemien, og av de utfordringene pandemien stilte vårt politiske og rettslige system overfor. Boka er et viktig bidrag til teorien om unntakstilstand.</p>

<p>Kan en diskusjon om unntakstilstand, og teorien om dette, gi nyttig innsikt i analysen av koronaloven og bruken av smittevernloven? Hva ligger i begrepet rettsliggjøring, og hva er betydningen av den vestlige rettstradisjonen for forholdet mellom rett og politikk? Slike sentrale spørsmål reises, før boken belyser de prøvelsene den norske rettsstaten ble utsatt for gjennom [&hellip;]</p>

<!-- This site is optimized with the Yoast SEO plugin v26.6 - https://yoast.com/wordpress/plugins/seo/ -->
<title>Pandemi og unntakstilstand - Dreyers Forlag</title>
<meta name="robots" content="noindex, follow, max-snippet:-1, max-image-preview:large, max-video-preview:-1" />
<meta property="og:locale" content="nb_NO" />
<meta property="og:type" content="article" />
<meta property="og:title" content="Pandemi og unntakstilstand - Dreyers Forlag" />
<meta property="og:description" content="Kan en diskusjon om unntakstilstand, og teorien om dette, gi nyttig innsikt i analysen av koronaloven og bruken av smittevernloven? Hva ligger i begrepet rettsliggjøring, og hva er betydningen av den vestlige rettstradisjonen for forholdet mellom rett og politikk? Slike sentrale spørsmål reises, før boken belyser de prøvelsene den norske rettsstaten ble utsatt for gjennom [&hellip;]" />
<meta property="og:url" content="https://staging.forenteforlag.no/dreyers/produkt/pandemi-og-unntakstilstand/" />
<meta property="og:site_name" content="Dreyers Forlag" />
<meta property="article:modified_time" content="2025-08-27T12:08:33+00:00" />
<meta property="og:image" content="https://staging.forenteforlag.no/dreyers/wp-content/uploads/sites/2/2025/08/jpg-5787.jpg" />
	<meta property="og:image:width" content="354" />
	<meta property="og:image:height" content="567" />
	<meta property="og:image:type" content="image/jpeg" />
<meta name="twitter:card" content="summary_large_image" />
<meta name="twitter:label1" content="Ansl. lesetid" />
	<meta name="twitter:data1" content="1 minutt" />
<script type="application/ld+json" class="yoast-schema-graph">{"@context":"https://schema.org","@graph":[{"@type":"WebPage","@id":"https://staging.forenteforlag.no/dreyers/produkt/pandemi-og-unntakstilstand/","url":"https://staging.forenteforlag.no/dreyers/produkt/pandemi-og-unntakstilstand/","name":"Pandemi og unntakstilstand - Dreyers Forlag","isPartOf":{"@id":"https://staging.forenteforlag.no/dreyers/#website"},"primaryImageOfPage":{"@id":"https://staging.forenteforlag.no/dreyers/produkt/pandemi-og-unntakstilstand/#primaryimage"},"image":{"@id":"https://staging.forenteforlag.no/dreyers/produkt/pandemi-og-unntakstilstand/#primaryimage"},"thumbnailUrl":"https://staging.forenteforlag.no/dreyers/wp-content/uploads/sites/2/2025/08/jpg-5787.jpg","datePublished":"2020-08-24T00:00:00+00:00","dateModified":"2025-08-27T12:08:33+00:00","breadcrumb":{"@id":"https://staging.forenteforlag.no/dreyers/produkt/pandemi-og-unntakstilstand/#breadcrumb"},"inLanguage":"nb-NO","potentialAction":[{"@type":"ReadAction","target":["https://staging.forenteforlag.no/dreyers/produkt/pandemi-og-unntakstilstand/"]}]},{"@type":"ImageObject","inLanguage":"nb-NO","@id":"https://staging.forenteforlag.no/dreyers/produkt/pandemi-og-unntakstilstand/#primaryimage","url":"https://staging.forenteforlag.no/dreyers/wp-content/uploads/sites/2/2025/08/jpg-5787.jpg","contentUrl":"https://staging.forenteforlag.no/dreyers/wp-content/uploads/sites/2/2025/08/jpg-5787.jpg","width":354,"height":567},{"@type":"BreadcrumbList","@id":"https://staging.forenteforlag.no/dreyers/produkt/pandemi-og-unntakstilstand/#breadcrumb","itemListElement":[{"@type":"ListItem","position":1,"name":"Hjem","item":"https://staging.forenteforlag.no/dreyers/"},{"@type":"ListItem","position":2,"name":"Alle bøker","item":"https://staging.forenteforlag.no/dreyers/butikk/"},{"@type":"ListItem","position":3,"name":"Pandemi og unntakstilstand"}]},{"@type":"WebSite","@id":"https://staging.forenteforlag.no/dreyers/#website","url":"https://staging.forenteforlag.no/dreyers/","name":"Dreyers Forlag","description":"","potentialAction":[{"@type":"SearchAction","target":{"@type":"EntryPoint","urlTemplate":"https://staging.forenteforlag.no/dreyers/?s={search_term_string}"},"query-input":{"@type":"PropertyValueSpecification","valueRequired":true,"valueName":"search_term_string"}}],"inLanguage":"nb-NO"}]}</script>
<!-- / Yoast SEO plugin. -->

Kan en diskusjon om unntakstilstand, og teorien om dette, gi nyttig innsikt i analysen av koronaloven og bruken av smittevernloven? Hva ligger i begrepet rettsliggjøring, og hva er betydningen av den vestlige rettstradisjonen for forholdet mellom rett og politikk? Slike sentrale spørsmål reises, før boken belyser de prøvelsene den norske rettsstaten ble utsatt for gjennom [&hellip;]

Alle bøker
