{"id":21238,"date":"2020-09-02T02:00:00","date_gmt":"2020-09-02T00:00:00","guid":{"rendered":"https:\/\/dreyersforlag.forenteforlag.no\/produkt\/der-villgraset-gror\/"},"modified":"2025-09-23T15:37:53","modified_gmt":"2025-09-23T13:37:53","slug":"der-villgraset-gror","status":"publish","type":"product","link":"https:\/\/staging.forenteforlag.no\/dreyers\/produkt\/der-villgraset-gror\/","title":{"rendered":"Der villgraset gror"},"content":{"rendered":"<p>\u00abN\u00e5r krubba er tom, bitst hestane\u00bb, heiter det. Risikerer vi ei matkrise, som knapp kornforsyning og vanskar med kornimport? Vi ser p\u00e5 mat som forbruksvarer, vi kj\u00f8per og kastar overfloda. Vi produserer mat lausriven fr\u00e5 arealgrunnlaget. Vil vi fortsetja slik, og la landet gro att? <\/p>\n<p>Kva inneber sosial og \u00f8kologisk berekraft? Aukrust vil styrkje det allsidige familiejordbruket, med balanse i ressurskrinsl\u00f8pet. Fr\u00e5 fjord til fjell kan vi nytte utmark ueigna til dyrking av menneskemat til beite, og auke matplanteproduksjonen og sj\u00f8lvforsyninga. Eit framtidsretta jordbruk i livskraftige lokalsamfunn handlar om samfunnstryggleik for alle. Beredskapsplan for mat, korn, s\u00e5varer og f\u00f4r, som del av ein nasjonal beredskaps- og kriseplan, st\u00e5r ikkje i motsetning til internasjonal handel og samarbeid. <\/p>\n<p>Kvifor svelt 821 millionar menneske, sj\u00f8lv med nok mat i verda? Industrijordbruket st\u00e5r for urettferdig fordeling av jord og makt. I ti\u00e5r har vi overskride jorda si toleevne. For \u00e5 tryggje matforsyninga framover, oppmodar FN kvart land fr\u00e5 styresmakter til lokalsamfunn til enkeltindivid \u00e5 ta hand om fruktbar jord, naturmangfald og klimaomsyn. Det er naudsynt med omfattande systemskifte og endringar i levevis. <\/p>\n<p>Forfattaren vender seg til den allmene lesar, og tek opp sentrale tema omkring livsgrunnlag, levevis og matproduksjon.<\/p>\n","protected":false},"excerpt":{"rendered":"<p>\u00abN\u00e5r krubba er tom, bitst hestane\u00bb, heiter det. Risikerer vi ei matkrise, som knapp kornforsyning og vanskar med kornimport? Vi ser p\u00e5 mat som forbruksvarer, vi kj\u00f8per og kastar overfloda. Vi produserer mat lausriven fr\u00e5 arealgrunnlaget. Vil vi fortsetja slik, og la landet gro att? Kva inneber sosial og \u00f8kologisk berekraft? Aukrust vil styrkje det [&hellip;]<\/p>\n","protected":false},"featured_media":24025,"template":"","meta":{"_acf_changed":false,"inline_featured_image":false},"product_brand":[],"product_cat":[1785,32],"product_tag":[362],"class_list":{"0":"post-21238","1":"product","2":"type-product","3":"status-publish","4":"has-post-thumbnail","6":"product_cat-fripris","7":"product_cat-samfunn-og-politikk","8":"product_tag-faglitteratur","9":"pa_format-mykperm","11":"first","12":"instock","13":"shipping-taxable","14":"purchasable","15":"product-type-simple"},"acf":{"anmeldelse":null},"yoast_head":"<!-- This site is optimized with the Yoast SEO plugin v26.6 - https:\/\/yoast.com\/wordpress\/plugins\/seo\/ -->\n<title>Der villgraset gror - Dreyers Forlag<\/title>\n<meta name=\"robots\" content=\"noindex, follow, max-snippet:-1, max-image-preview:large, max-video-preview:-1\" \/>\n<meta property=\"og:locale\" content=\"nb_NO\" \/>\n<meta property=\"og:type\" content=\"article\" \/>\n<meta property=\"og:title\" content=\"Der villgraset gror - Dreyers Forlag\" \/>\n<meta property=\"og:description\" content=\"\u00abN\u00e5r krubba er tom, bitst hestane\u00bb, heiter det. Risikerer vi ei matkrise, som knapp kornforsyning og vanskar med kornimport? Vi ser p\u00e5 mat som forbruksvarer, vi kj\u00f8per og kastar overfloda. Vi produserer mat lausriven fr\u00e5 arealgrunnlaget. Vil vi fortsetja slik, og la landet gro att? Kva inneber sosial og \u00f8kologisk berekraft? Aukrust vil styrkje det [&hellip;]\" \/>\n<meta property=\"og:url\" content=\"https:\/\/staging.forenteforlag.no\/dreyers\/produkt\/der-villgraset-gror\/\" \/>\n<meta property=\"og:site_name\" content=\"Dreyers Forlag\" \/>\n<meta property=\"article:modified_time\" content=\"2025-09-23T13:37:53+00:00\" \/>\n<meta property=\"og:image\" content=\"https:\/\/staging.forenteforlag.no\/dreyers\/wp-content\/uploads\/sites\/2\/2025\/08\/jpg-5522.jpg\" \/>\n\t<meta property=\"og:image:width\" content=\"367\" \/>\n\t<meta property=\"og:image:height\" content=\"570\" \/>\n\t<meta property=\"og:image:type\" content=\"image\/jpeg\" \/>\n<meta name=\"twitter:card\" content=\"summary_large_image\" \/>\n<meta name=\"twitter:label1\" content=\"Ansl. lesetid\" \/>\n\t<meta name=\"twitter:data1\" content=\"1 minutt\" \/>\n<script type=\"application\/ld+json\" class=\"yoast-schema-graph\">{\"@context\":\"https:\/\/schema.org\",\"@graph\":[{\"@type\":\"WebPage\",\"@id\":\"https:\/\/staging.forenteforlag.no\/dreyers\/produkt\/der-villgraset-gror\/\",\"url\":\"https:\/\/staging.forenteforlag.no\/dreyers\/produkt\/der-villgraset-gror\/\",\"name\":\"Der villgraset gror - Dreyers Forlag\",\"isPartOf\":{\"@id\":\"https:\/\/staging.forenteforlag.no\/dreyers\/#website\"},\"primaryImageOfPage\":{\"@id\":\"https:\/\/staging.forenteforlag.no\/dreyers\/produkt\/der-villgraset-gror\/#primaryimage\"},\"image\":{\"@id\":\"https:\/\/staging.forenteforlag.no\/dreyers\/produkt\/der-villgraset-gror\/#primaryimage\"},\"thumbnailUrl\":\"https:\/\/staging.forenteforlag.no\/dreyers\/wp-content\/uploads\/sites\/2\/2025\/08\/jpg-5522.jpg\",\"datePublished\":\"2020-09-02T00:00:00+00:00\",\"dateModified\":\"2025-09-23T13:37:53+00:00\",\"breadcrumb\":{\"@id\":\"https:\/\/staging.forenteforlag.no\/dreyers\/produkt\/der-villgraset-gror\/#breadcrumb\"},\"inLanguage\":\"nb-NO\",\"potentialAction\":[{\"@type\":\"ReadAction\",\"target\":[\"https:\/\/staging.forenteforlag.no\/dreyers\/produkt\/der-villgraset-gror\/\"]}]},{\"@type\":\"ImageObject\",\"inLanguage\":\"nb-NO\",\"@id\":\"https:\/\/staging.forenteforlag.no\/dreyers\/produkt\/der-villgraset-gror\/#primaryimage\",\"url\":\"https:\/\/staging.forenteforlag.no\/dreyers\/wp-content\/uploads\/sites\/2\/2025\/08\/jpg-5522.jpg\",\"contentUrl\":\"https:\/\/staging.forenteforlag.no\/dreyers\/wp-content\/uploads\/sites\/2\/2025\/08\/jpg-5522.jpg\",\"width\":367,\"height\":570},{\"@type\":\"BreadcrumbList\",\"@id\":\"https:\/\/staging.forenteforlag.no\/dreyers\/produkt\/der-villgraset-gror\/#breadcrumb\",\"itemListElement\":[{\"@type\":\"ListItem\",\"position\":1,\"name\":\"Hjem\",\"item\":\"https:\/\/staging.forenteforlag.no\/dreyers\/\"},{\"@type\":\"ListItem\",\"position\":2,\"name\":\"Alle b\u00f8ker\",\"item\":\"https:\/\/staging.forenteforlag.no\/dreyers\/butikk\/\"},{\"@type\":\"ListItem\",\"position\":3,\"name\":\"Der villgraset gror\"}]},{\"@type\":\"WebSite\",\"@id\":\"https:\/\/staging.forenteforlag.no\/dreyers\/#website\",\"url\":\"https:\/\/staging.forenteforlag.no\/dreyers\/\",\"name\":\"Dreyers Forlag\",\"description\":\"\",\"potentialAction\":[{\"@type\":\"SearchAction\",\"target\":{\"@type\":\"EntryPoint\",\"urlTemplate\":\"https:\/\/staging.forenteforlag.no\/dreyers\/?s={search_term_string}\"},\"query-input\":{\"@type\":\"PropertyValueSpecification\",\"valueRequired\":true,\"valueName\":\"search_term_string\"}}],\"inLanguage\":\"nb-NO\"}]}<\/script>\n<!-- \/ Yoast SEO plugin. -->","yoast_head_json":{"title":"Der villgraset gror - Dreyers Forlag","robots":{"index":"noindex","follow":"follow","max-snippet":"max-snippet:-1","max-image-preview":"max-image-preview:large","max-video-preview":"max-video-preview:-1"},"og_locale":"nb_NO","og_type":"article","og_title":"Der villgraset gror - Dreyers Forlag","og_description":"\u00abN\u00e5r krubba er tom, bitst hestane\u00bb, heiter det. Risikerer vi ei matkrise, som knapp kornforsyning og vanskar med kornimport? Vi ser p\u00e5 mat som forbruksvarer, vi kj\u00f8per og kastar overfloda. Vi produserer mat lausriven fr\u00e5 arealgrunnlaget. Vil vi fortsetja slik, og la landet gro att? Kva inneber sosial og \u00f8kologisk berekraft? Aukrust vil styrkje det [&hellip;]","og_url":"https:\/\/staging.forenteforlag.no\/dreyers\/produkt\/der-villgraset-gror\/","og_site_name":"Dreyers Forlag","article_modified_time":"2025-09-23T13:37:53+00:00","og_image":[{"width":367,"height":570,"url":"https:\/\/staging.forenteforlag.no\/dreyers\/wp-content\/uploads\/sites\/2\/2025\/08\/jpg-5522.jpg","type":"image\/jpeg"}],"twitter_card":"summary_large_image","twitter_misc":{"Ansl. lesetid":"1 minutt"},"schema":{"@context":"https:\/\/schema.org","@graph":[{"@type":"WebPage","@id":"https:\/\/staging.forenteforlag.no\/dreyers\/produkt\/der-villgraset-gror\/","url":"https:\/\/staging.forenteforlag.no\/dreyers\/produkt\/der-villgraset-gror\/","name":"Der villgraset gror - Dreyers Forlag","isPartOf":{"@id":"https:\/\/staging.forenteforlag.no\/dreyers\/#website"},"primaryImageOfPage":{"@id":"https:\/\/staging.forenteforlag.no\/dreyers\/produkt\/der-villgraset-gror\/#primaryimage"},"image":{"@id":"https:\/\/staging.forenteforlag.no\/dreyers\/produkt\/der-villgraset-gror\/#primaryimage"},"thumbnailUrl":"https:\/\/staging.forenteforlag.no\/dreyers\/wp-content\/uploads\/sites\/2\/2025\/08\/jpg-5522.jpg","datePublished":"2020-09-02T00:00:00+00:00","dateModified":"2025-09-23T13:37:53+00:00","breadcrumb":{"@id":"https:\/\/staging.forenteforlag.no\/dreyers\/produkt\/der-villgraset-gror\/#breadcrumb"},"inLanguage":"nb-NO","potentialAction":[{"@type":"ReadAction","target":["https:\/\/staging.forenteforlag.no\/dreyers\/produkt\/der-villgraset-gror\/"]}]},{"@type":"ImageObject","inLanguage":"nb-NO","@id":"https:\/\/staging.forenteforlag.no\/dreyers\/produkt\/der-villgraset-gror\/#primaryimage","url":"https:\/\/staging.forenteforlag.no\/dreyers\/wp-content\/uploads\/sites\/2\/2025\/08\/jpg-5522.jpg","contentUrl":"https:\/\/staging.forenteforlag.no\/dreyers\/wp-content\/uploads\/sites\/2\/2025\/08\/jpg-5522.jpg","width":367,"height":570},{"@type":"BreadcrumbList","@id":"https:\/\/staging.forenteforlag.no\/dreyers\/produkt\/der-villgraset-gror\/#breadcrumb","itemListElement":[{"@type":"ListItem","position":1,"name":"Hjem","item":"https:\/\/staging.forenteforlag.no\/dreyers\/"},{"@type":"ListItem","position":2,"name":"Alle b\u00f8ker","item":"https:\/\/staging.forenteforlag.no\/dreyers\/butikk\/"},{"@type":"ListItem","position":3,"name":"Der villgraset gror"}]},{"@type":"WebSite","@id":"https:\/\/staging.forenteforlag.no\/dreyers\/#website","url":"https:\/\/staging.forenteforlag.no\/dreyers\/","name":"Dreyers Forlag","description":"","potentialAction":[{"@type":"SearchAction","target":{"@type":"EntryPoint","urlTemplate":"https:\/\/staging.forenteforlag.no\/dreyers\/?s={search_term_string}"},"query-input":{"@type":"PropertyValueSpecification","valueRequired":true,"valueName":"search_term_string"}}],"inLanguage":"nb-NO"}]}},"_links":{"self":[{"href":"https:\/\/staging.forenteforlag.no\/dreyers\/wp-json\/wp\/v2\/product\/21238","targetHints":{"allow":["GET"]}}],"collection":[{"href":"https:\/\/staging.forenteforlag.no\/dreyers\/wp-json\/wp\/v2\/product"}],"about":[{"href":"https:\/\/staging.forenteforlag.no\/dreyers\/wp-json\/wp\/v2\/types\/product"}],"wp:featuredmedia":[{"embeddable":true,"href":"https:\/\/staging.forenteforlag.no\/dreyers\/wp-json\/wp\/v2\/media\/24025"}],"wp:attachment":[{"href":"https:\/\/staging.forenteforlag.no\/dreyers\/wp-json\/wp\/v2\/media?parent=21238"}],"wp:term":[{"taxonomy":"product_brand","embeddable":true,"href":"https:\/\/staging.forenteforlag.no\/dreyers\/wp-json\/wp\/v2\/product_brand?post=21238"},{"taxonomy":"product_cat","embeddable":true,"href":"https:\/\/staging.forenteforlag.no\/dreyers\/wp-json\/wp\/v2\/product_cat?post=21238"},{"taxonomy":"product_tag","embeddable":true,"href":"https:\/\/staging.forenteforlag.no\/dreyers\/wp-json\/wp\/v2\/product_tag?post=21238"}],"curies":[{"name":"wp","href":"https:\/\/api.w.org\/{rel}","templated":true}]}}