{"id":21237,"date":"2020-09-14T02:00:00","date_gmt":"2020-09-14T00:00:00","guid":{"rendered":"https:\/\/dreyersforlag.forenteforlag.no\/produkt\/distriktsoppror-2\/"},"modified":"2025-08-27T10:59:48","modified_gmt":"2025-08-27T08:59:48","slug":"distriktsoppror-2","status":"publish","type":"product","link":"https:\/\/staging.forenteforlag.no\/dreyers\/produkt\/distriktsoppror-2\/","title":{"rendered":"Distriktsoppr\u00f8r"},"content":{"rendered":"<p>Etter kommune- og fylkesvalet 2019 ser vi klare teikn p\u00e5 at det er eit distriktsoppr\u00f8r p\u00e5 gang i Noreg. Fr\u00e5 media h\u00f8yrer vi om alt fr\u00e5 motstand mot vindm\u00f8ller, h\u00f8gare ferjeprisar og alle former for sentralisering: det vera seg kommune- og regionreform, politireform, eller nedlegging av sjukehus og studiestader. <\/p>\n<p>Konklusjonen i denne boka er at det er ikkje eitt, men mange distriktsoppr\u00f8r som ulmar her i landet. Felles for alle er at dei tappar politisk energi ifr\u00e5 motsetninga mellom sentrum og periferi, som den verdsber\u00f8mte norske statsvitaren Stein Rokkan i si tid p\u00e5viste var ei grunnleggande konfliktlinje i norsk politikk.  <\/p>\n<p>Forfattarane i denne boka tek utgangspunkt i denne konfliktdimensjonen, og pr\u00f8ver \u00e5 fange og analysere kva som ligg under desse oppr\u00f8ra, kva dei har f\u00f8rt til s\u00e5 langt og kva dei kan f\u00f8re til av endringar i framtida. Kapitla er skrivne av noen av v\u00e5re fremste samfunnsforskarar innan distrikts- og ruralforskinga. Samla gir dei eit overordna og oppdatert blikk p\u00e5 den norske konfliktdimensjonen sentrum-periferi.<\/p>\n","protected":false},"excerpt":{"rendered":"<p>Etter kommune- og fylkesvalet 2019 ser vi klare teikn p\u00e5 at det er eit distriktsoppr\u00f8r p\u00e5 gang i Noreg. Fr\u00e5 media h\u00f8yrer vi om alt fr\u00e5 motstand mot vindm\u00f8ller, h\u00f8gare ferjeprisar og alle former for sentralisering: det vera seg kommune- og regionreform, politireform, eller nedlegging av sjukehus og studiestader. Konklusjonen i denne boka er at [&hellip;]<\/p>\n","protected":false},"featured_media":24274,"template":"","meta":{"_acf_changed":false,"inline_featured_image":false},"product_brand":[],"product_cat":[32],"product_tag":[362,926,439,655],"class_list":{"0":"post-21237","1":"product","2":"type-product","3":"status-publish","4":"has-post-thumbnail","6":"product_cat-samfunn-og-politikk","7":"product_tag-faglitteratur","8":"product_tag-lokalsamfunn","9":"product_tag-nord-norge","10":"product_tag-politisk-styring","11":"pa_format-innbundet","13":"first","14":"outofstock","15":"shipping-taxable","16":"purchasable","17":"product-type-simple"},"acf":{"anmeldelse":null},"yoast_head":"<!-- This site is optimized with the Yoast SEO plugin v26.6 - https:\/\/yoast.com\/wordpress\/plugins\/seo\/ -->\n<title>Distriktsoppr\u00f8r - Dreyers Forlag<\/title>\n<meta name=\"robots\" content=\"noindex, follow, max-snippet:-1, max-image-preview:large, max-video-preview:-1\" \/>\n<meta property=\"og:locale\" content=\"nb_NO\" \/>\n<meta property=\"og:type\" content=\"article\" \/>\n<meta property=\"og:title\" content=\"Distriktsoppr\u00f8r - Dreyers Forlag\" \/>\n<meta property=\"og:description\" content=\"Etter kommune- og fylkesvalet 2019 ser vi klare teikn p\u00e5 at det er eit distriktsoppr\u00f8r p\u00e5 gang i Noreg. Fr\u00e5 media h\u00f8yrer vi om alt fr\u00e5 motstand mot vindm\u00f8ller, h\u00f8gare ferjeprisar og alle former for sentralisering: det vera seg kommune- og regionreform, politireform, eller nedlegging av sjukehus og studiestader. Konklusjonen i denne boka er at [&hellip;]\" \/>\n<meta property=\"og:url\" content=\"https:\/\/staging.forenteforlag.no\/dreyers\/produkt\/distriktsoppror-2\/\" \/>\n<meta property=\"og:site_name\" content=\"Dreyers Forlag\" \/>\n<meta property=\"article:modified_time\" content=\"2025-08-27T08:59:48+00:00\" \/>\n<meta property=\"og:image\" content=\"https:\/\/staging.forenteforlag.no\/dreyers\/wp-content\/uploads\/sites\/2\/2025\/08\/jpg-7946.jpg\" \/>\n\t<meta property=\"og:image:width\" content=\"459\" \/>\n\t<meta property=\"og:image:height\" content=\"643\" \/>\n\t<meta property=\"og:image:type\" content=\"image\/jpeg\" \/>\n<meta name=\"twitter:card\" content=\"summary_large_image\" \/>\n<meta name=\"twitter:label1\" content=\"Ansl. lesetid\" \/>\n\t<meta name=\"twitter:data1\" content=\"1 minutt\" \/>\n<script type=\"application\/ld+json\" class=\"yoast-schema-graph\">{\"@context\":\"https:\/\/schema.org\",\"@graph\":[{\"@type\":\"WebPage\",\"@id\":\"https:\/\/staging.forenteforlag.no\/dreyers\/produkt\/distriktsoppror-2\/\",\"url\":\"https:\/\/staging.forenteforlag.no\/dreyers\/produkt\/distriktsoppror-2\/\",\"name\":\"Distriktsoppr\u00f8r - Dreyers Forlag\",\"isPartOf\":{\"@id\":\"https:\/\/staging.forenteforlag.no\/dreyers\/#website\"},\"primaryImageOfPage\":{\"@id\":\"https:\/\/staging.forenteforlag.no\/dreyers\/produkt\/distriktsoppror-2\/#primaryimage\"},\"image\":{\"@id\":\"https:\/\/staging.forenteforlag.no\/dreyers\/produkt\/distriktsoppror-2\/#primaryimage\"},\"thumbnailUrl\":\"https:\/\/staging.forenteforlag.no\/dreyers\/wp-content\/uploads\/sites\/2\/2025\/08\/jpg-7946.jpg\",\"datePublished\":\"2020-09-14T00:00:00+00:00\",\"dateModified\":\"2025-08-27T08:59:48+00:00\",\"breadcrumb\":{\"@id\":\"https:\/\/staging.forenteforlag.no\/dreyers\/produkt\/distriktsoppror-2\/#breadcrumb\"},\"inLanguage\":\"nb-NO\",\"potentialAction\":[{\"@type\":\"ReadAction\",\"target\":[\"https:\/\/staging.forenteforlag.no\/dreyers\/produkt\/distriktsoppror-2\/\"]}]},{\"@type\":\"ImageObject\",\"inLanguage\":\"nb-NO\",\"@id\":\"https:\/\/staging.forenteforlag.no\/dreyers\/produkt\/distriktsoppror-2\/#primaryimage\",\"url\":\"https:\/\/staging.forenteforlag.no\/dreyers\/wp-content\/uploads\/sites\/2\/2025\/08\/jpg-7946.jpg\",\"contentUrl\":\"https:\/\/staging.forenteforlag.no\/dreyers\/wp-content\/uploads\/sites\/2\/2025\/08\/jpg-7946.jpg\",\"width\":459,\"height\":643},{\"@type\":\"BreadcrumbList\",\"@id\":\"https:\/\/staging.forenteforlag.no\/dreyers\/produkt\/distriktsoppror-2\/#breadcrumb\",\"itemListElement\":[{\"@type\":\"ListItem\",\"position\":1,\"name\":\"Hjem\",\"item\":\"https:\/\/staging.forenteforlag.no\/dreyers\/\"},{\"@type\":\"ListItem\",\"position\":2,\"name\":\"Alle b\u00f8ker\",\"item\":\"https:\/\/staging.forenteforlag.no\/dreyers\/butikk\/\"},{\"@type\":\"ListItem\",\"position\":3,\"name\":\"Distriktsoppr\u00f8r\"}]},{\"@type\":\"WebSite\",\"@id\":\"https:\/\/staging.forenteforlag.no\/dreyers\/#website\",\"url\":\"https:\/\/staging.forenteforlag.no\/dreyers\/\",\"name\":\"Dreyers Forlag\",\"description\":\"\",\"potentialAction\":[{\"@type\":\"SearchAction\",\"target\":{\"@type\":\"EntryPoint\",\"urlTemplate\":\"https:\/\/staging.forenteforlag.no\/dreyers\/?s={search_term_string}\"},\"query-input\":{\"@type\":\"PropertyValueSpecification\",\"valueRequired\":true,\"valueName\":\"search_term_string\"}}],\"inLanguage\":\"nb-NO\"}]}<\/script>\n<!-- \/ Yoast SEO plugin. -->","yoast_head_json":{"title":"Distriktsoppr\u00f8r - Dreyers Forlag","robots":{"index":"noindex","follow":"follow","max-snippet":"max-snippet:-1","max-image-preview":"max-image-preview:large","max-video-preview":"max-video-preview:-1"},"og_locale":"nb_NO","og_type":"article","og_title":"Distriktsoppr\u00f8r - Dreyers Forlag","og_description":"Etter kommune- og fylkesvalet 2019 ser vi klare teikn p\u00e5 at det er eit distriktsoppr\u00f8r p\u00e5 gang i Noreg. Fr\u00e5 media h\u00f8yrer vi om alt fr\u00e5 motstand mot vindm\u00f8ller, h\u00f8gare ferjeprisar og alle former for sentralisering: det vera seg kommune- og regionreform, politireform, eller nedlegging av sjukehus og studiestader. Konklusjonen i denne boka er at [&hellip;]","og_url":"https:\/\/staging.forenteforlag.no\/dreyers\/produkt\/distriktsoppror-2\/","og_site_name":"Dreyers Forlag","article_modified_time":"2025-08-27T08:59:48+00:00","og_image":[{"width":459,"height":643,"url":"https:\/\/staging.forenteforlag.no\/dreyers\/wp-content\/uploads\/sites\/2\/2025\/08\/jpg-7946.jpg","type":"image\/jpeg"}],"twitter_card":"summary_large_image","twitter_misc":{"Ansl. lesetid":"1 minutt"},"schema":{"@context":"https:\/\/schema.org","@graph":[{"@type":"WebPage","@id":"https:\/\/staging.forenteforlag.no\/dreyers\/produkt\/distriktsoppror-2\/","url":"https:\/\/staging.forenteforlag.no\/dreyers\/produkt\/distriktsoppror-2\/","name":"Distriktsoppr\u00f8r - Dreyers Forlag","isPartOf":{"@id":"https:\/\/staging.forenteforlag.no\/dreyers\/#website"},"primaryImageOfPage":{"@id":"https:\/\/staging.forenteforlag.no\/dreyers\/produkt\/distriktsoppror-2\/#primaryimage"},"image":{"@id":"https:\/\/staging.forenteforlag.no\/dreyers\/produkt\/distriktsoppror-2\/#primaryimage"},"thumbnailUrl":"https:\/\/staging.forenteforlag.no\/dreyers\/wp-content\/uploads\/sites\/2\/2025\/08\/jpg-7946.jpg","datePublished":"2020-09-14T00:00:00+00:00","dateModified":"2025-08-27T08:59:48+00:00","breadcrumb":{"@id":"https:\/\/staging.forenteforlag.no\/dreyers\/produkt\/distriktsoppror-2\/#breadcrumb"},"inLanguage":"nb-NO","potentialAction":[{"@type":"ReadAction","target":["https:\/\/staging.forenteforlag.no\/dreyers\/produkt\/distriktsoppror-2\/"]}]},{"@type":"ImageObject","inLanguage":"nb-NO","@id":"https:\/\/staging.forenteforlag.no\/dreyers\/produkt\/distriktsoppror-2\/#primaryimage","url":"https:\/\/staging.forenteforlag.no\/dreyers\/wp-content\/uploads\/sites\/2\/2025\/08\/jpg-7946.jpg","contentUrl":"https:\/\/staging.forenteforlag.no\/dreyers\/wp-content\/uploads\/sites\/2\/2025\/08\/jpg-7946.jpg","width":459,"height":643},{"@type":"BreadcrumbList","@id":"https:\/\/staging.forenteforlag.no\/dreyers\/produkt\/distriktsoppror-2\/#breadcrumb","itemListElement":[{"@type":"ListItem","position":1,"name":"Hjem","item":"https:\/\/staging.forenteforlag.no\/dreyers\/"},{"@type":"ListItem","position":2,"name":"Alle b\u00f8ker","item":"https:\/\/staging.forenteforlag.no\/dreyers\/butikk\/"},{"@type":"ListItem","position":3,"name":"Distriktsoppr\u00f8r"}]},{"@type":"WebSite","@id":"https:\/\/staging.forenteforlag.no\/dreyers\/#website","url":"https:\/\/staging.forenteforlag.no\/dreyers\/","name":"Dreyers Forlag","description":"","potentialAction":[{"@type":"SearchAction","target":{"@type":"EntryPoint","urlTemplate":"https:\/\/staging.forenteforlag.no\/dreyers\/?s={search_term_string}"},"query-input":{"@type":"PropertyValueSpecification","valueRequired":true,"valueName":"search_term_string"}}],"inLanguage":"nb-NO"}]}},"_links":{"self":[{"href":"https:\/\/staging.forenteforlag.no\/dreyers\/wp-json\/wp\/v2\/product\/21237","targetHints":{"allow":["GET"]}}],"collection":[{"href":"https:\/\/staging.forenteforlag.no\/dreyers\/wp-json\/wp\/v2\/product"}],"about":[{"href":"https:\/\/staging.forenteforlag.no\/dreyers\/wp-json\/wp\/v2\/types\/product"}],"wp:featuredmedia":[{"embeddable":true,"href":"https:\/\/staging.forenteforlag.no\/dreyers\/wp-json\/wp\/v2\/media\/24274"}],"wp:attachment":[{"href":"https:\/\/staging.forenteforlag.no\/dreyers\/wp-json\/wp\/v2\/media?parent=21237"}],"wp:term":[{"taxonomy":"product_brand","embeddable":true,"href":"https:\/\/staging.forenteforlag.no\/dreyers\/wp-json\/wp\/v2\/product_brand?post=21237"},{"taxonomy":"product_cat","embeddable":true,"href":"https:\/\/staging.forenteforlag.no\/dreyers\/wp-json\/wp\/v2\/product_cat?post=21237"},{"taxonomy":"product_tag","embeddable":true,"href":"https:\/\/staging.forenteforlag.no\/dreyers\/wp-json\/wp\/v2\/product_tag?post=21237"}],"curies":[{"name":"wp","href":"https:\/\/api.w.org\/{rel}","templated":true}]}}

Distriktsopprør

<p>Etter kommune- og fylkesvalet 2019 ser vi klare teikn på at det er eit distriktsopprør på gang i Noreg. Frå media høyrer vi om alt frå motstand mot vindmøller, høgare ferjeprisar og alle former for sentralisering: det vera seg kommune- og regionreform, politireform, eller nedlegging av sjukehus og studiestader. </p>
<p>Konklusjonen i denne boka er at det er ikkje eitt, men mange distriktsopprør som ulmar her i landet. Felles for alle er at dei tappar politisk energi ifrå motsetninga mellom sentrum og periferi, som den verdsberømte norske statsvitaren Stein Rokkan i si tid påviste var ei grunnleggande konfliktlinje i norsk politikk.  </p>
<p>Forfattarane i denne boka tek utgangspunkt i denne konfliktdimensjonen, og prøver å fange og analysere kva som ligg under desse opprøra, kva dei har ført til så langt og kva dei kan føre til av endringar i framtida. Kapitla er skrivne av noen av våre fremste samfunnsforskarar innan distrikts- og ruralforskinga. Samla gir dei eit overordna og oppdatert blikk på den norske konfliktdimensjonen sentrum-periferi.</p>

<p>Etter kommune- og fylkesvalet 2019 ser vi klare teikn på at det er eit distriktsopprør på gang i Noreg. Frå media høyrer vi om alt frå motstand mot vindmøller, høgare ferjeprisar og alle former for sentralisering: det vera seg kommune- og regionreform, politireform, eller nedlegging av sjukehus og studiestader. Konklusjonen i denne boka er at [&hellip;]</p>

<!-- This site is optimized with the Yoast SEO plugin v26.6 - https://yoast.com/wordpress/plugins/seo/ -->
<title>Distriktsopprør - Dreyers Forlag</title>
<meta name="robots" content="noindex, follow, max-snippet:-1, max-image-preview:large, max-video-preview:-1" />
<meta property="og:locale" content="nb_NO" />
<meta property="og:type" content="article" />
<meta property="og:title" content="Distriktsopprør - Dreyers Forlag" />
<meta property="og:description" content="Etter kommune- og fylkesvalet 2019 ser vi klare teikn på at det er eit distriktsopprør på gang i Noreg. Frå media høyrer vi om alt frå motstand mot vindmøller, høgare ferjeprisar og alle former for sentralisering: det vera seg kommune- og regionreform, politireform, eller nedlegging av sjukehus og studiestader. Konklusjonen i denne boka er at [&hellip;]" />
<meta property="og:url" content="https://staging.forenteforlag.no/dreyers/produkt/distriktsoppror-2/" />
<meta property="og:site_name" content="Dreyers Forlag" />
<meta property="article:modified_time" content="2025-08-27T08:59:48+00:00" />
<meta property="og:image" content="https://staging.forenteforlag.no/dreyers/wp-content/uploads/sites/2/2025/08/jpg-7946.jpg" />
	<meta property="og:image:width" content="459" />
	<meta property="og:image:height" content="643" />
	<meta property="og:image:type" content="image/jpeg" />
<meta name="twitter:card" content="summary_large_image" />
<meta name="twitter:label1" content="Ansl. lesetid" />
	<meta name="twitter:data1" content="1 minutt" />
<script type="application/ld+json" class="yoast-schema-graph">{"@context":"https://schema.org","@graph":[{"@type":"WebPage","@id":"https://staging.forenteforlag.no/dreyers/produkt/distriktsoppror-2/","url":"https://staging.forenteforlag.no/dreyers/produkt/distriktsoppror-2/","name":"Distriktsopprør - Dreyers Forlag","isPartOf":{"@id":"https://staging.forenteforlag.no/dreyers/#website"},"primaryImageOfPage":{"@id":"https://staging.forenteforlag.no/dreyers/produkt/distriktsoppror-2/#primaryimage"},"image":{"@id":"https://staging.forenteforlag.no/dreyers/produkt/distriktsoppror-2/#primaryimage"},"thumbnailUrl":"https://staging.forenteforlag.no/dreyers/wp-content/uploads/sites/2/2025/08/jpg-7946.jpg","datePublished":"2020-09-14T00:00:00+00:00","dateModified":"2025-08-27T08:59:48+00:00","breadcrumb":{"@id":"https://staging.forenteforlag.no/dreyers/produkt/distriktsoppror-2/#breadcrumb"},"inLanguage":"nb-NO","potentialAction":[{"@type":"ReadAction","target":["https://staging.forenteforlag.no/dreyers/produkt/distriktsoppror-2/"]}]},{"@type":"ImageObject","inLanguage":"nb-NO","@id":"https://staging.forenteforlag.no/dreyers/produkt/distriktsoppror-2/#primaryimage","url":"https://staging.forenteforlag.no/dreyers/wp-content/uploads/sites/2/2025/08/jpg-7946.jpg","contentUrl":"https://staging.forenteforlag.no/dreyers/wp-content/uploads/sites/2/2025/08/jpg-7946.jpg","width":459,"height":643},{"@type":"BreadcrumbList","@id":"https://staging.forenteforlag.no/dreyers/produkt/distriktsoppror-2/#breadcrumb","itemListElement":[{"@type":"ListItem","position":1,"name":"Hjem","item":"https://staging.forenteforlag.no/dreyers/"},{"@type":"ListItem","position":2,"name":"Alle bøker","item":"https://staging.forenteforlag.no/dreyers/butikk/"},{"@type":"ListItem","position":3,"name":"Distriktsopprør"}]},{"@type":"WebSite","@id":"https://staging.forenteforlag.no/dreyers/#website","url":"https://staging.forenteforlag.no/dreyers/","name":"Dreyers Forlag","description":"","potentialAction":[{"@type":"SearchAction","target":{"@type":"EntryPoint","urlTemplate":"https://staging.forenteforlag.no/dreyers/?s={search_term_string}"},"query-input":{"@type":"PropertyValueSpecification","valueRequired":true,"valueName":"search_term_string"}}],"inLanguage":"nb-NO"}]}</script>
<!-- / Yoast SEO plugin. -->

Distriktsopprør - Dreyers Forlag

Etter kommune- og fylkesvalet 2019 ser vi klare teikn på at det er eit distriktsopprør på gang i Noreg. Frå media høyrer vi om alt frå motstand mot vindmøller, høgare ferjeprisar og alle former for sentralisering: det vera seg kommune- og regionreform, politireform, eller nedlegging av sjukehus og studiestader. Konklusjonen i denne boka er at [&hellip;]

Alle bøker
