{"id":21233,"date":"2020-10-13T02:00:00","date_gmt":"2020-10-13T00:00:00","guid":{"rendered":"https:\/\/dreyersforlag.forenteforlag.no\/produkt\/kapitalismens-framtid\/"},"modified":"2025-08-27T12:30:42","modified_gmt":"2025-08-27T10:30:42","slug":"kapitalismens-framtid","status":"publish","type":"product","link":"https:\/\/staging.forenteforlag.no\/dreyers\/produkt\/kapitalismens-framtid\/","title":{"rendered":"Kapitalismens framtid"},"content":{"rendered":"<p>Paul Collier, en av v\u00e5r tids mest markante \u00f8konomer, legger her frem et manifest for en ny kapitalisme. <\/p>\n<p>If\u00f8lge hans diagnose for dagens kapitalistiske samfunn dreier det seg ikke bare om skjev fordeling mellom fattig og rik, men ogs\u00e5 om den \u00f8kende kl\u00f8ften i samfunnsfundamentet &#8211; mellom byene og resten av landet, mellom urban elite og .ertallet av befolkningen, mellom h\u00f8yt utdannede og de med mindre utdanning. I Rottweiler-samfunnet, som Collier kaller det, hvor slitne arbeidere gj\u00f8r oppr\u00f8r mot kapitalistiske \u00absnyltere\u00bb, taper verdien av tillit og sosialt samhold terreng, og i vakuumet som oppst\u00e5r er det bare de rivaliserende ideologiene, sosialisme og populisme, som har grepet fatt i skillelinjene som blant annet har f\u00f8rt til Trump, Brexit og ytre h\u00f8yres oppsving i Tyskland og Italia. <\/p>\n<p>Mange har kritisert kapitalismen, men f\u00e5 har presentert et s\u00e5 realistisk forslag til forbedringer. I denne dyptf\u00f8lte og originale boka legger Collier fram et manifest for en sosialkapitalisme som bygger p\u00e5 en ny samfunnsetikk som vil bygge bro over de \u00f8konomiske, sosiale og kulturelle skillene.<\/p>\n","protected":false},"excerpt":{"rendered":"<p>Paul Collier, en av v\u00e5r tids mest markante \u00f8konomer, legger her frem et manifest for en ny kapitalisme. If\u00f8lge hans diagnose for dagens kapitalistiske samfunn dreier det seg ikke bare om skjev fordeling mellom fattig og rik, men ogs\u00e5 om den \u00f8kende kl\u00f8ften i samfunnsfundamentet &#8211; mellom byene og resten av landet, mellom urban elite [&hellip;]<\/p>\n","protected":false},"featured_media":24435,"template":"","meta":{"_acf_changed":false,"inline_featured_image":false},"product_brand":[],"product_cat":[1785,32],"product_tag":[362,855],"class_list":{"0":"post-21233","1":"product","2":"type-product","3":"status-publish","4":"has-post-thumbnail","6":"product_cat-fripris","7":"product_cat-samfunn-og-politikk","8":"product_tag-faglitteratur","9":"product_tag-kapitalisme","10":"pa_format-innbundet","12":"first","13":"instock","14":"shipping-taxable","15":"purchasable","16":"product-type-simple"},"acf":{"anmeldelse":null},"yoast_head":"<!-- This site is optimized with the Yoast SEO plugin v26.6 - https:\/\/yoast.com\/wordpress\/plugins\/seo\/ -->\n<title>Kapitalismens framtid - Dreyers Forlag<\/title>\n<meta name=\"robots\" content=\"noindex, follow, max-snippet:-1, max-image-preview:large, max-video-preview:-1\" \/>\n<meta property=\"og:locale\" content=\"nb_NO\" \/>\n<meta property=\"og:type\" content=\"article\" \/>\n<meta property=\"og:title\" content=\"Kapitalismens framtid - Dreyers Forlag\" \/>\n<meta property=\"og:description\" content=\"Paul Collier, en av v\u00e5r tids mest markante \u00f8konomer, legger her frem et manifest for en ny kapitalisme. If\u00f8lge hans diagnose for dagens kapitalistiske samfunn dreier det seg ikke bare om skjev fordeling mellom fattig og rik, men ogs\u00e5 om den \u00f8kende kl\u00f8ften i samfunnsfundamentet &#8211; mellom byene og resten av landet, mellom urban elite [&hellip;]\" \/>\n<meta property=\"og:url\" content=\"https:\/\/staging.forenteforlag.no\/dreyers\/produkt\/kapitalismens-framtid\/\" \/>\n<meta property=\"og:site_name\" content=\"Dreyers Forlag\" \/>\n<meta property=\"article:modified_time\" content=\"2025-08-27T10:30:42+00:00\" \/>\n<meta property=\"og:image\" content=\"https:\/\/staging.forenteforlag.no\/dreyers\/wp-content\/uploads\/sites\/2\/2025\/08\/jpg-9360.jpg\" \/>\n\t<meta property=\"og:image:width\" content=\"434\" \/>\n\t<meta property=\"og:image:height\" content=\"640\" \/>\n\t<meta property=\"og:image:type\" content=\"image\/jpeg\" \/>\n<meta name=\"twitter:card\" content=\"summary_large_image\" \/>\n<meta name=\"twitter:label1\" content=\"Ansl. lesetid\" \/>\n\t<meta name=\"twitter:data1\" content=\"1 minutt\" \/>\n<script type=\"application\/ld+json\" class=\"yoast-schema-graph\">{\"@context\":\"https:\/\/schema.org\",\"@graph\":[{\"@type\":\"WebPage\",\"@id\":\"https:\/\/staging.forenteforlag.no\/dreyers\/produkt\/kapitalismens-framtid\/\",\"url\":\"https:\/\/staging.forenteforlag.no\/dreyers\/produkt\/kapitalismens-framtid\/\",\"name\":\"Kapitalismens framtid - Dreyers Forlag\",\"isPartOf\":{\"@id\":\"https:\/\/staging.forenteforlag.no\/dreyers\/#website\"},\"primaryImageOfPage\":{\"@id\":\"https:\/\/staging.forenteforlag.no\/dreyers\/produkt\/kapitalismens-framtid\/#primaryimage\"},\"image\":{\"@id\":\"https:\/\/staging.forenteforlag.no\/dreyers\/produkt\/kapitalismens-framtid\/#primaryimage\"},\"thumbnailUrl\":\"https:\/\/staging.forenteforlag.no\/dreyers\/wp-content\/uploads\/sites\/2\/2025\/08\/jpg-9360.jpg\",\"datePublished\":\"2020-10-13T00:00:00+00:00\",\"dateModified\":\"2025-08-27T10:30:42+00:00\",\"breadcrumb\":{\"@id\":\"https:\/\/staging.forenteforlag.no\/dreyers\/produkt\/kapitalismens-framtid\/#breadcrumb\"},\"inLanguage\":\"nb-NO\",\"potentialAction\":[{\"@type\":\"ReadAction\",\"target\":[\"https:\/\/staging.forenteforlag.no\/dreyers\/produkt\/kapitalismens-framtid\/\"]}]},{\"@type\":\"ImageObject\",\"inLanguage\":\"nb-NO\",\"@id\":\"https:\/\/staging.forenteforlag.no\/dreyers\/produkt\/kapitalismens-framtid\/#primaryimage\",\"url\":\"https:\/\/staging.forenteforlag.no\/dreyers\/wp-content\/uploads\/sites\/2\/2025\/08\/jpg-9360.jpg\",\"contentUrl\":\"https:\/\/staging.forenteforlag.no\/dreyers\/wp-content\/uploads\/sites\/2\/2025\/08\/jpg-9360.jpg\",\"width\":434,\"height\":640},{\"@type\":\"BreadcrumbList\",\"@id\":\"https:\/\/staging.forenteforlag.no\/dreyers\/produkt\/kapitalismens-framtid\/#breadcrumb\",\"itemListElement\":[{\"@type\":\"ListItem\",\"position\":1,\"name\":\"Hjem\",\"item\":\"https:\/\/staging.forenteforlag.no\/dreyers\/\"},{\"@type\":\"ListItem\",\"position\":2,\"name\":\"Alle b\u00f8ker\",\"item\":\"https:\/\/staging.forenteforlag.no\/dreyers\/butikk\/\"},{\"@type\":\"ListItem\",\"position\":3,\"name\":\"Kapitalismens framtid\"}]},{\"@type\":\"WebSite\",\"@id\":\"https:\/\/staging.forenteforlag.no\/dreyers\/#website\",\"url\":\"https:\/\/staging.forenteforlag.no\/dreyers\/\",\"name\":\"Dreyers Forlag\",\"description\":\"\",\"potentialAction\":[{\"@type\":\"SearchAction\",\"target\":{\"@type\":\"EntryPoint\",\"urlTemplate\":\"https:\/\/staging.forenteforlag.no\/dreyers\/?s={search_term_string}\"},\"query-input\":{\"@type\":\"PropertyValueSpecification\",\"valueRequired\":true,\"valueName\":\"search_term_string\"}}],\"inLanguage\":\"nb-NO\"}]}<\/script>\n<!-- \/ Yoast SEO plugin. -->","yoast_head_json":{"title":"Kapitalismens framtid - Dreyers Forlag","robots":{"index":"noindex","follow":"follow","max-snippet":"max-snippet:-1","max-image-preview":"max-image-preview:large","max-video-preview":"max-video-preview:-1"},"og_locale":"nb_NO","og_type":"article","og_title":"Kapitalismens framtid - Dreyers Forlag","og_description":"Paul Collier, en av v\u00e5r tids mest markante \u00f8konomer, legger her frem et manifest for en ny kapitalisme. If\u00f8lge hans diagnose for dagens kapitalistiske samfunn dreier det seg ikke bare om skjev fordeling mellom fattig og rik, men ogs\u00e5 om den \u00f8kende kl\u00f8ften i samfunnsfundamentet &#8211; mellom byene og resten av landet, mellom urban elite [&hellip;]","og_url":"https:\/\/staging.forenteforlag.no\/dreyers\/produkt\/kapitalismens-framtid\/","og_site_name":"Dreyers Forlag","article_modified_time":"2025-08-27T10:30:42+00:00","og_image":[{"width":434,"height":640,"url":"https:\/\/staging.forenteforlag.no\/dreyers\/wp-content\/uploads\/sites\/2\/2025\/08\/jpg-9360.jpg","type":"image\/jpeg"}],"twitter_card":"summary_large_image","twitter_misc":{"Ansl. lesetid":"1 minutt"},"schema":{"@context":"https:\/\/schema.org","@graph":[{"@type":"WebPage","@id":"https:\/\/staging.forenteforlag.no\/dreyers\/produkt\/kapitalismens-framtid\/","url":"https:\/\/staging.forenteforlag.no\/dreyers\/produkt\/kapitalismens-framtid\/","name":"Kapitalismens framtid - Dreyers Forlag","isPartOf":{"@id":"https:\/\/staging.forenteforlag.no\/dreyers\/#website"},"primaryImageOfPage":{"@id":"https:\/\/staging.forenteforlag.no\/dreyers\/produkt\/kapitalismens-framtid\/#primaryimage"},"image":{"@id":"https:\/\/staging.forenteforlag.no\/dreyers\/produkt\/kapitalismens-framtid\/#primaryimage"},"thumbnailUrl":"https:\/\/staging.forenteforlag.no\/dreyers\/wp-content\/uploads\/sites\/2\/2025\/08\/jpg-9360.jpg","datePublished":"2020-10-13T00:00:00+00:00","dateModified":"2025-08-27T10:30:42+00:00","breadcrumb":{"@id":"https:\/\/staging.forenteforlag.no\/dreyers\/produkt\/kapitalismens-framtid\/#breadcrumb"},"inLanguage":"nb-NO","potentialAction":[{"@type":"ReadAction","target":["https:\/\/staging.forenteforlag.no\/dreyers\/produkt\/kapitalismens-framtid\/"]}]},{"@type":"ImageObject","inLanguage":"nb-NO","@id":"https:\/\/staging.forenteforlag.no\/dreyers\/produkt\/kapitalismens-framtid\/#primaryimage","url":"https:\/\/staging.forenteforlag.no\/dreyers\/wp-content\/uploads\/sites\/2\/2025\/08\/jpg-9360.jpg","contentUrl":"https:\/\/staging.forenteforlag.no\/dreyers\/wp-content\/uploads\/sites\/2\/2025\/08\/jpg-9360.jpg","width":434,"height":640},{"@type":"BreadcrumbList","@id":"https:\/\/staging.forenteforlag.no\/dreyers\/produkt\/kapitalismens-framtid\/#breadcrumb","itemListElement":[{"@type":"ListItem","position":1,"name":"Hjem","item":"https:\/\/staging.forenteforlag.no\/dreyers\/"},{"@type":"ListItem","position":2,"name":"Alle b\u00f8ker","item":"https:\/\/staging.forenteforlag.no\/dreyers\/butikk\/"},{"@type":"ListItem","position":3,"name":"Kapitalismens framtid"}]},{"@type":"WebSite","@id":"https:\/\/staging.forenteforlag.no\/dreyers\/#website","url":"https:\/\/staging.forenteforlag.no\/dreyers\/","name":"Dreyers Forlag","description":"","potentialAction":[{"@type":"SearchAction","target":{"@type":"EntryPoint","urlTemplate":"https:\/\/staging.forenteforlag.no\/dreyers\/?s={search_term_string}"},"query-input":{"@type":"PropertyValueSpecification","valueRequired":true,"valueName":"search_term_string"}}],"inLanguage":"nb-NO"}]}},"_links":{"self":[{"href":"https:\/\/staging.forenteforlag.no\/dreyers\/wp-json\/wp\/v2\/product\/21233","targetHints":{"allow":["GET"]}}],"collection":[{"href":"https:\/\/staging.forenteforlag.no\/dreyers\/wp-json\/wp\/v2\/product"}],"about":[{"href":"https:\/\/staging.forenteforlag.no\/dreyers\/wp-json\/wp\/v2\/types\/product"}],"wp:featuredmedia":[{"embeddable":true,"href":"https:\/\/staging.forenteforlag.no\/dreyers\/wp-json\/wp\/v2\/media\/24435"}],"wp:attachment":[{"href":"https:\/\/staging.forenteforlag.no\/dreyers\/wp-json\/wp\/v2\/media?parent=21233"}],"wp:term":[{"taxonomy":"product_brand","embeddable":true,"href":"https:\/\/staging.forenteforlag.no\/dreyers\/wp-json\/wp\/v2\/product_brand?post=21233"},{"taxonomy":"product_cat","embeddable":true,"href":"https:\/\/staging.forenteforlag.no\/dreyers\/wp-json\/wp\/v2\/product_cat?post=21233"},{"taxonomy":"product_tag","embeddable":true,"href":"https:\/\/staging.forenteforlag.no\/dreyers\/wp-json\/wp\/v2\/product_tag?post=21233"}],"curies":[{"name":"wp","href":"https:\/\/api.w.org\/{rel}","templated":true}]}}

<p>Paul Collier, en av vår tids mest markante økonomer, legger her frem et manifest for en ny kapitalisme. </p>
<p>Ifølge hans diagnose for dagens kapitalistiske samfunn dreier det seg ikke bare om skjev fordeling mellom fattig og rik, men også om den økende kløften i samfunnsfundamentet &#8211; mellom byene og resten av landet, mellom urban elite og .ertallet av befolkningen, mellom høyt utdannede og de med mindre utdanning. I Rottweiler-samfunnet, som Collier kaller det, hvor slitne arbeidere gjør opprør mot kapitalistiske «snyltere», taper verdien av tillit og sosialt samhold terreng, og i vakuumet som oppstår er det bare de rivaliserende ideologiene, sosialisme og populisme, som har grepet fatt i skillelinjene som blant annet har ført til Trump, Brexit og ytre høyres oppsving i Tyskland og Italia. </p>
<p>Mange har kritisert kapitalismen, men få har presentert et så realistisk forslag til forbedringer. I denne dyptfølte og originale boka legger Collier fram et manifest for en sosialkapitalisme som bygger på en ny samfunnsetikk som vil bygge bro over de økonomiske, sosiale og kulturelle skillene.</p>

<p>Paul Collier, en av vår tids mest markante økonomer, legger her frem et manifest for en ny kapitalisme. Ifølge hans diagnose for dagens kapitalistiske samfunn dreier det seg ikke bare om skjev fordeling mellom fattig og rik, men også om den økende kløften i samfunnsfundamentet &#8211; mellom byene og resten av landet, mellom urban elite [&hellip;]</p>

<!-- This site is optimized with the Yoast SEO plugin v26.6 - https://yoast.com/wordpress/plugins/seo/ -->
<title>Kapitalismens framtid - Dreyers Forlag</title>
<meta name="robots" content="noindex, follow, max-snippet:-1, max-image-preview:large, max-video-preview:-1" />
<meta property="og:locale" content="nb_NO" />
<meta property="og:type" content="article" />
<meta property="og:title" content="Kapitalismens framtid - Dreyers Forlag" />
<meta property="og:description" content="Paul Collier, en av vår tids mest markante økonomer, legger her frem et manifest for en ny kapitalisme. Ifølge hans diagnose for dagens kapitalistiske samfunn dreier det seg ikke bare om skjev fordeling mellom fattig og rik, men også om den økende kløften i samfunnsfundamentet &#8211; mellom byene og resten av landet, mellom urban elite [&hellip;]" />
<meta property="og:url" content="https://staging.forenteforlag.no/dreyers/produkt/kapitalismens-framtid/" />
<meta property="og:site_name" content="Dreyers Forlag" />
<meta property="article:modified_time" content="2025-08-27T10:30:42+00:00" />
<meta property="og:image" content="https://staging.forenteforlag.no/dreyers/wp-content/uploads/sites/2/2025/08/jpg-9360.jpg" />
	<meta property="og:image:width" content="434" />
	<meta property="og:image:height" content="640" />
	<meta property="og:image:type" content="image/jpeg" />
<meta name="twitter:card" content="summary_large_image" />
<meta name="twitter:label1" content="Ansl. lesetid" />
	<meta name="twitter:data1" content="1 minutt" />
<script type="application/ld+json" class="yoast-schema-graph">{"@context":"https://schema.org","@graph":[{"@type":"WebPage","@id":"https://staging.forenteforlag.no/dreyers/produkt/kapitalismens-framtid/","url":"https://staging.forenteforlag.no/dreyers/produkt/kapitalismens-framtid/","name":"Kapitalismens framtid - Dreyers Forlag","isPartOf":{"@id":"https://staging.forenteforlag.no/dreyers/#website"},"primaryImageOfPage":{"@id":"https://staging.forenteforlag.no/dreyers/produkt/kapitalismens-framtid/#primaryimage"},"image":{"@id":"https://staging.forenteforlag.no/dreyers/produkt/kapitalismens-framtid/#primaryimage"},"thumbnailUrl":"https://staging.forenteforlag.no/dreyers/wp-content/uploads/sites/2/2025/08/jpg-9360.jpg","datePublished":"2020-10-13T00:00:00+00:00","dateModified":"2025-08-27T10:30:42+00:00","breadcrumb":{"@id":"https://staging.forenteforlag.no/dreyers/produkt/kapitalismens-framtid/#breadcrumb"},"inLanguage":"nb-NO","potentialAction":[{"@type":"ReadAction","target":["https://staging.forenteforlag.no/dreyers/produkt/kapitalismens-framtid/"]}]},{"@type":"ImageObject","inLanguage":"nb-NO","@id":"https://staging.forenteforlag.no/dreyers/produkt/kapitalismens-framtid/#primaryimage","url":"https://staging.forenteforlag.no/dreyers/wp-content/uploads/sites/2/2025/08/jpg-9360.jpg","contentUrl":"https://staging.forenteforlag.no/dreyers/wp-content/uploads/sites/2/2025/08/jpg-9360.jpg","width":434,"height":640},{"@type":"BreadcrumbList","@id":"https://staging.forenteforlag.no/dreyers/produkt/kapitalismens-framtid/#breadcrumb","itemListElement":[{"@type":"ListItem","position":1,"name":"Hjem","item":"https://staging.forenteforlag.no/dreyers/"},{"@type":"ListItem","position":2,"name":"Alle bøker","item":"https://staging.forenteforlag.no/dreyers/butikk/"},{"@type":"ListItem","position":3,"name":"Kapitalismens framtid"}]},{"@type":"WebSite","@id":"https://staging.forenteforlag.no/dreyers/#website","url":"https://staging.forenteforlag.no/dreyers/","name":"Dreyers Forlag","description":"","potentialAction":[{"@type":"SearchAction","target":{"@type":"EntryPoint","urlTemplate":"https://staging.forenteforlag.no/dreyers/?s={search_term_string}"},"query-input":{"@type":"PropertyValueSpecification","valueRequired":true,"valueName":"search_term_string"}}],"inLanguage":"nb-NO"}]}</script>
<!-- / Yoast SEO plugin. -->

Paul Collier, en av vår tids mest markante økonomer, legger her frem et manifest for en ny kapitalisme. Ifølge hans diagnose for dagens kapitalistiske samfunn dreier det seg ikke bare om skjev fordeling mellom fattig og rik, men også om den økende kløften i samfunnsfundamentet &#8211; mellom byene og resten av landet, mellom urban elite [&hellip;]

Alle bøker
