{"id":21230,"date":"2020-10-16T02:00:00","date_gmt":"2020-10-16T00:00:00","guid":{"rendered":"https:\/\/dreyersforlag.forenteforlag.no\/produkt\/tillit-i-koronaens-tid\/"},"modified":"2025-08-27T09:58:44","modified_gmt":"2025-08-27T07:58:44","slug":"tillit-i-koronaens-tid","status":"publish","type":"product","link":"https:\/\/staging.forenteforlag.no\/dreyers\/produkt\/tillit-i-koronaens-tid\/","title":{"rendered":"Tillit i koronaens tid"},"content":{"rendered":"<p>Covid-19-utbruddet f\u00f8rte til de mest dramatiske tiltakene gjennomf\u00f8rt i Norge i fredstid med stengte grenser og skoler, forbud mot folkeansamlinger og strenge hygieneregler. Elektronisk kommunikasjon tok p\u00e5 f\u00e5 dager over som kanal for m\u00f8ter og samtaler i arbeidslivet og i samfunnet ellers. <\/p>\n<p>Det Norske Videnskaps-Akademi gjennomf\u00f8rte en foredragsserie over Internett fra mars til juni 2020 der pandemien ble satt inn i en bredere samfunnsmessig, historisk og kulturell kontekst med folkeopplysning som m\u00e5l. Vitenskapen og forskningsbasert kunnskap er viktigere enn noen gang, og er en forutsetning for \u00e5 bekjempe covid-19- viruset og bringe samfunnet p\u00e5 fote igjen n\u00e5r trusselen er over. Kunnskap er ogs\u00e5 det beste middelet mot den frykten som hersket, og som kan bre seg p\u00e5 nytt om utviklingen kommer ut av kontroll igjen. <\/p>\n<p>Boken inneholder 11 foredrag fra foredragsserien \u00abPandemien &#8211; tillit i koronaens tid\u00bb og fem foredrag fra et n\u00e6rt tilknyttet problemkompleks: antimikrobiell resistens (AMR) &#8211; antibiotikaresistens &#8211; som er en langsom, global pandemi som samvirker med korona-pandemien, ikke minst i land der antimikrobiell resistens er utbredt.<\/p>\n","protected":false},"excerpt":{"rendered":"<p>Covid-19-utbruddet f\u00f8rte til de mest dramatiske tiltakene gjennomf\u00f8rt i Norge i fredstid med stengte grenser og skoler, forbud mot folkeansamlinger og strenge hygieneregler. Elektronisk kommunikasjon tok p\u00e5 f\u00e5 dager over som kanal for m\u00f8ter og samtaler i arbeidslivet og i samfunnet ellers. Det Norske Videnskaps-Akademi gjennomf\u00f8rte en foredragsserie over Internett fra mars til juni 2020 [&hellip;]<\/p>\n","protected":false},"featured_media":24217,"template":"","meta":{"_acf_changed":false,"inline_featured_image":false},"product_brand":[],"product_cat":[1785,32],"product_tag":[362,488,489],"class_list":{"0":"post-21230","1":"product","2":"type-product","3":"status-publish","4":"has-post-thumbnail","6":"product_cat-fripris","7":"product_cat-samfunn-og-politikk","8":"product_tag-faglitteratur","9":"product_tag-koronavirussykdommer","10":"product_tag-pandemier","11":"pa_format-mykperm","13":"first","14":"instock","15":"shipping-taxable","16":"purchasable","17":"product-type-simple"},"acf":{"anmeldelse":null},"yoast_head":"<!-- This site is optimized with the Yoast SEO plugin v26.6 - https:\/\/yoast.com\/wordpress\/plugins\/seo\/ -->\n<title>Tillit i koronaens tid - Dreyers Forlag<\/title>\n<meta name=\"robots\" content=\"noindex, follow, max-snippet:-1, max-image-preview:large, max-video-preview:-1\" \/>\n<meta property=\"og:locale\" content=\"nb_NO\" \/>\n<meta property=\"og:type\" content=\"article\" \/>\n<meta property=\"og:title\" content=\"Tillit i koronaens tid - Dreyers Forlag\" \/>\n<meta property=\"og:description\" content=\"Covid-19-utbruddet f\u00f8rte til de mest dramatiske tiltakene gjennomf\u00f8rt i Norge i fredstid med stengte grenser og skoler, forbud mot folkeansamlinger og strenge hygieneregler. Elektronisk kommunikasjon tok p\u00e5 f\u00e5 dager over som kanal for m\u00f8ter og samtaler i arbeidslivet og i samfunnet ellers. Det Norske Videnskaps-Akademi gjennomf\u00f8rte en foredragsserie over Internett fra mars til juni 2020 [&hellip;]\" \/>\n<meta property=\"og:url\" content=\"https:\/\/staging.forenteforlag.no\/dreyers\/produkt\/tillit-i-koronaens-tid\/\" \/>\n<meta property=\"og:site_name\" content=\"Dreyers Forlag\" \/>\n<meta property=\"article:modified_time\" content=\"2025-08-27T07:58:44+00:00\" \/>\n<meta property=\"og:image\" content=\"https:\/\/staging.forenteforlag.no\/dreyers\/wp-content\/uploads\/sites\/2\/2025\/08\/jpg-7414.jpg\" \/>\n\t<meta property=\"og:image:width\" content=\"353\" \/>\n\t<meta property=\"og:image:height\" content=\"565\" \/>\n\t<meta property=\"og:image:type\" content=\"image\/jpeg\" \/>\n<meta name=\"twitter:card\" content=\"summary_large_image\" \/>\n<meta name=\"twitter:label1\" content=\"Ansl. lesetid\" \/>\n\t<meta name=\"twitter:data1\" content=\"2 minutter\" \/>\n<script type=\"application\/ld+json\" class=\"yoast-schema-graph\">{\"@context\":\"https:\/\/schema.org\",\"@graph\":[{\"@type\":\"WebPage\",\"@id\":\"https:\/\/staging.forenteforlag.no\/dreyers\/produkt\/tillit-i-koronaens-tid\/\",\"url\":\"https:\/\/staging.forenteforlag.no\/dreyers\/produkt\/tillit-i-koronaens-tid\/\",\"name\":\"Tillit i koronaens tid - Dreyers Forlag\",\"isPartOf\":{\"@id\":\"https:\/\/staging.forenteforlag.no\/dreyers\/#website\"},\"primaryImageOfPage\":{\"@id\":\"https:\/\/staging.forenteforlag.no\/dreyers\/produkt\/tillit-i-koronaens-tid\/#primaryimage\"},\"image\":{\"@id\":\"https:\/\/staging.forenteforlag.no\/dreyers\/produkt\/tillit-i-koronaens-tid\/#primaryimage\"},\"thumbnailUrl\":\"https:\/\/staging.forenteforlag.no\/dreyers\/wp-content\/uploads\/sites\/2\/2025\/08\/jpg-7414.jpg\",\"datePublished\":\"2020-10-16T00:00:00+00:00\",\"dateModified\":\"2025-08-27T07:58:44+00:00\",\"breadcrumb\":{\"@id\":\"https:\/\/staging.forenteforlag.no\/dreyers\/produkt\/tillit-i-koronaens-tid\/#breadcrumb\"},\"inLanguage\":\"nb-NO\",\"potentialAction\":[{\"@type\":\"ReadAction\",\"target\":[\"https:\/\/staging.forenteforlag.no\/dreyers\/produkt\/tillit-i-koronaens-tid\/\"]}]},{\"@type\":\"ImageObject\",\"inLanguage\":\"nb-NO\",\"@id\":\"https:\/\/staging.forenteforlag.no\/dreyers\/produkt\/tillit-i-koronaens-tid\/#primaryimage\",\"url\":\"https:\/\/staging.forenteforlag.no\/dreyers\/wp-content\/uploads\/sites\/2\/2025\/08\/jpg-7414.jpg\",\"contentUrl\":\"https:\/\/staging.forenteforlag.no\/dreyers\/wp-content\/uploads\/sites\/2\/2025\/08\/jpg-7414.jpg\",\"width\":353,\"height\":565},{\"@type\":\"BreadcrumbList\",\"@id\":\"https:\/\/staging.forenteforlag.no\/dreyers\/produkt\/tillit-i-koronaens-tid\/#breadcrumb\",\"itemListElement\":[{\"@type\":\"ListItem\",\"position\":1,\"name\":\"Hjem\",\"item\":\"https:\/\/staging.forenteforlag.no\/dreyers\/\"},{\"@type\":\"ListItem\",\"position\":2,\"name\":\"Alle b\u00f8ker\",\"item\":\"https:\/\/staging.forenteforlag.no\/dreyers\/butikk\/\"},{\"@type\":\"ListItem\",\"position\":3,\"name\":\"Tillit i koronaens tid\"}]},{\"@type\":\"WebSite\",\"@id\":\"https:\/\/staging.forenteforlag.no\/dreyers\/#website\",\"url\":\"https:\/\/staging.forenteforlag.no\/dreyers\/\",\"name\":\"Dreyers Forlag\",\"description\":\"\",\"potentialAction\":[{\"@type\":\"SearchAction\",\"target\":{\"@type\":\"EntryPoint\",\"urlTemplate\":\"https:\/\/staging.forenteforlag.no\/dreyers\/?s={search_term_string}\"},\"query-input\":{\"@type\":\"PropertyValueSpecification\",\"valueRequired\":true,\"valueName\":\"search_term_string\"}}],\"inLanguage\":\"nb-NO\"}]}<\/script>\n<!-- \/ Yoast SEO plugin. -->","yoast_head_json":{"title":"Tillit i koronaens tid - Dreyers Forlag","robots":{"index":"noindex","follow":"follow","max-snippet":"max-snippet:-1","max-image-preview":"max-image-preview:large","max-video-preview":"max-video-preview:-1"},"og_locale":"nb_NO","og_type":"article","og_title":"Tillit i koronaens tid - Dreyers Forlag","og_description":"Covid-19-utbruddet f\u00f8rte til de mest dramatiske tiltakene gjennomf\u00f8rt i Norge i fredstid med stengte grenser og skoler, forbud mot folkeansamlinger og strenge hygieneregler. Elektronisk kommunikasjon tok p\u00e5 f\u00e5 dager over som kanal for m\u00f8ter og samtaler i arbeidslivet og i samfunnet ellers. Det Norske Videnskaps-Akademi gjennomf\u00f8rte en foredragsserie over Internett fra mars til juni 2020 [&hellip;]","og_url":"https:\/\/staging.forenteforlag.no\/dreyers\/produkt\/tillit-i-koronaens-tid\/","og_site_name":"Dreyers Forlag","article_modified_time":"2025-08-27T07:58:44+00:00","og_image":[{"width":353,"height":565,"url":"https:\/\/staging.forenteforlag.no\/dreyers\/wp-content\/uploads\/sites\/2\/2025\/08\/jpg-7414.jpg","type":"image\/jpeg"}],"twitter_card":"summary_large_image","twitter_misc":{"Ansl. lesetid":"2 minutter"},"schema":{"@context":"https:\/\/schema.org","@graph":[{"@type":"WebPage","@id":"https:\/\/staging.forenteforlag.no\/dreyers\/produkt\/tillit-i-koronaens-tid\/","url":"https:\/\/staging.forenteforlag.no\/dreyers\/produkt\/tillit-i-koronaens-tid\/","name":"Tillit i koronaens tid - Dreyers Forlag","isPartOf":{"@id":"https:\/\/staging.forenteforlag.no\/dreyers\/#website"},"primaryImageOfPage":{"@id":"https:\/\/staging.forenteforlag.no\/dreyers\/produkt\/tillit-i-koronaens-tid\/#primaryimage"},"image":{"@id":"https:\/\/staging.forenteforlag.no\/dreyers\/produkt\/tillit-i-koronaens-tid\/#primaryimage"},"thumbnailUrl":"https:\/\/staging.forenteforlag.no\/dreyers\/wp-content\/uploads\/sites\/2\/2025\/08\/jpg-7414.jpg","datePublished":"2020-10-16T00:00:00+00:00","dateModified":"2025-08-27T07:58:44+00:00","breadcrumb":{"@id":"https:\/\/staging.forenteforlag.no\/dreyers\/produkt\/tillit-i-koronaens-tid\/#breadcrumb"},"inLanguage":"nb-NO","potentialAction":[{"@type":"ReadAction","target":["https:\/\/staging.forenteforlag.no\/dreyers\/produkt\/tillit-i-koronaens-tid\/"]}]},{"@type":"ImageObject","inLanguage":"nb-NO","@id":"https:\/\/staging.forenteforlag.no\/dreyers\/produkt\/tillit-i-koronaens-tid\/#primaryimage","url":"https:\/\/staging.forenteforlag.no\/dreyers\/wp-content\/uploads\/sites\/2\/2025\/08\/jpg-7414.jpg","contentUrl":"https:\/\/staging.forenteforlag.no\/dreyers\/wp-content\/uploads\/sites\/2\/2025\/08\/jpg-7414.jpg","width":353,"height":565},{"@type":"BreadcrumbList","@id":"https:\/\/staging.forenteforlag.no\/dreyers\/produkt\/tillit-i-koronaens-tid\/#breadcrumb","itemListElement":[{"@type":"ListItem","position":1,"name":"Hjem","item":"https:\/\/staging.forenteforlag.no\/dreyers\/"},{"@type":"ListItem","position":2,"name":"Alle b\u00f8ker","item":"https:\/\/staging.forenteforlag.no\/dreyers\/butikk\/"},{"@type":"ListItem","position":3,"name":"Tillit i koronaens tid"}]},{"@type":"WebSite","@id":"https:\/\/staging.forenteforlag.no\/dreyers\/#website","url":"https:\/\/staging.forenteforlag.no\/dreyers\/","name":"Dreyers Forlag","description":"","potentialAction":[{"@type":"SearchAction","target":{"@type":"EntryPoint","urlTemplate":"https:\/\/staging.forenteforlag.no\/dreyers\/?s={search_term_string}"},"query-input":{"@type":"PropertyValueSpecification","valueRequired":true,"valueName":"search_term_string"}}],"inLanguage":"nb-NO"}]}},"_links":{"self":[{"href":"https:\/\/staging.forenteforlag.no\/dreyers\/wp-json\/wp\/v2\/product\/21230","targetHints":{"allow":["GET"]}}],"collection":[{"href":"https:\/\/staging.forenteforlag.no\/dreyers\/wp-json\/wp\/v2\/product"}],"about":[{"href":"https:\/\/staging.forenteforlag.no\/dreyers\/wp-json\/wp\/v2\/types\/product"}],"wp:featuredmedia":[{"embeddable":true,"href":"https:\/\/staging.forenteforlag.no\/dreyers\/wp-json\/wp\/v2\/media\/24217"}],"wp:attachment":[{"href":"https:\/\/staging.forenteforlag.no\/dreyers\/wp-json\/wp\/v2\/media?parent=21230"}],"wp:term":[{"taxonomy":"product_brand","embeddable":true,"href":"https:\/\/staging.forenteforlag.no\/dreyers\/wp-json\/wp\/v2\/product_brand?post=21230"},{"taxonomy":"product_cat","embeddable":true,"href":"https:\/\/staging.forenteforlag.no\/dreyers\/wp-json\/wp\/v2\/product_cat?post=21230"},{"taxonomy":"product_tag","embeddable":true,"href":"https:\/\/staging.forenteforlag.no\/dreyers\/wp-json\/wp\/v2\/product_tag?post=21230"}],"curies":[{"name":"wp","href":"https:\/\/api.w.org\/{rel}","templated":true}]}}

<p>Covid-19-utbruddet førte til de mest dramatiske tiltakene gjennomført i Norge i fredstid med stengte grenser og skoler, forbud mot folkeansamlinger og strenge hygieneregler. Elektronisk kommunikasjon tok på få dager over som kanal for møter og samtaler i arbeidslivet og i samfunnet ellers. </p>
<p>Det Norske Videnskaps-Akademi gjennomførte en foredragsserie over Internett fra mars til juni 2020 der pandemien ble satt inn i en bredere samfunnsmessig, historisk og kulturell kontekst med folkeopplysning som mål. Vitenskapen og forskningsbasert kunnskap er viktigere enn noen gang, og er en forutsetning for å bekjempe covid-19- viruset og bringe samfunnet på fote igjen når trusselen er over. Kunnskap er også det beste middelet mot den frykten som hersket, og som kan bre seg på nytt om utviklingen kommer ut av kontroll igjen. </p>
<p>Boken inneholder 11 foredrag fra foredragsserien «Pandemien &#8211; tillit i koronaens tid» og fem foredrag fra et nært tilknyttet problemkompleks: antimikrobiell resistens (AMR) &#8211; antibiotikaresistens &#8211; som er en langsom, global pandemi som samvirker med korona-pandemien, ikke minst i land der antimikrobiell resistens er utbredt.</p>

<p>Covid-19-utbruddet førte til de mest dramatiske tiltakene gjennomført i Norge i fredstid med stengte grenser og skoler, forbud mot folkeansamlinger og strenge hygieneregler. Elektronisk kommunikasjon tok på få dager over som kanal for møter og samtaler i arbeidslivet og i samfunnet ellers. Det Norske Videnskaps-Akademi gjennomførte en foredragsserie over Internett fra mars til juni 2020 [&hellip;]</p>

<!-- This site is optimized with the Yoast SEO plugin v26.6 - https://yoast.com/wordpress/plugins/seo/ -->
<title>Tillit i koronaens tid - Dreyers Forlag</title>
<meta name="robots" content="noindex, follow, max-snippet:-1, max-image-preview:large, max-video-preview:-1" />
<meta property="og:locale" content="nb_NO" />
<meta property="og:type" content="article" />
<meta property="og:title" content="Tillit i koronaens tid - Dreyers Forlag" />
<meta property="og:description" content="Covid-19-utbruddet førte til de mest dramatiske tiltakene gjennomført i Norge i fredstid med stengte grenser og skoler, forbud mot folkeansamlinger og strenge hygieneregler. Elektronisk kommunikasjon tok på få dager over som kanal for møter og samtaler i arbeidslivet og i samfunnet ellers. Det Norske Videnskaps-Akademi gjennomførte en foredragsserie over Internett fra mars til juni 2020 [&hellip;]" />
<meta property="og:url" content="https://staging.forenteforlag.no/dreyers/produkt/tillit-i-koronaens-tid/" />
<meta property="og:site_name" content="Dreyers Forlag" />
<meta property="article:modified_time" content="2025-08-27T07:58:44+00:00" />
<meta property="og:image" content="https://staging.forenteforlag.no/dreyers/wp-content/uploads/sites/2/2025/08/jpg-7414.jpg" />
	<meta property="og:image:width" content="353" />
	<meta property="og:image:height" content="565" />
	<meta property="og:image:type" content="image/jpeg" />
<meta name="twitter:card" content="summary_large_image" />
<meta name="twitter:label1" content="Ansl. lesetid" />
	<meta name="twitter:data1" content="2 minutter" />
<script type="application/ld+json" class="yoast-schema-graph">{"@context":"https://schema.org","@graph":[{"@type":"WebPage","@id":"https://staging.forenteforlag.no/dreyers/produkt/tillit-i-koronaens-tid/","url":"https://staging.forenteforlag.no/dreyers/produkt/tillit-i-koronaens-tid/","name":"Tillit i koronaens tid - Dreyers Forlag","isPartOf":{"@id":"https://staging.forenteforlag.no/dreyers/#website"},"primaryImageOfPage":{"@id":"https://staging.forenteforlag.no/dreyers/produkt/tillit-i-koronaens-tid/#primaryimage"},"image":{"@id":"https://staging.forenteforlag.no/dreyers/produkt/tillit-i-koronaens-tid/#primaryimage"},"thumbnailUrl":"https://staging.forenteforlag.no/dreyers/wp-content/uploads/sites/2/2025/08/jpg-7414.jpg","datePublished":"2020-10-16T00:00:00+00:00","dateModified":"2025-08-27T07:58:44+00:00","breadcrumb":{"@id":"https://staging.forenteforlag.no/dreyers/produkt/tillit-i-koronaens-tid/#breadcrumb"},"inLanguage":"nb-NO","potentialAction":[{"@type":"ReadAction","target":["https://staging.forenteforlag.no/dreyers/produkt/tillit-i-koronaens-tid/"]}]},{"@type":"ImageObject","inLanguage":"nb-NO","@id":"https://staging.forenteforlag.no/dreyers/produkt/tillit-i-koronaens-tid/#primaryimage","url":"https://staging.forenteforlag.no/dreyers/wp-content/uploads/sites/2/2025/08/jpg-7414.jpg","contentUrl":"https://staging.forenteforlag.no/dreyers/wp-content/uploads/sites/2/2025/08/jpg-7414.jpg","width":353,"height":565},{"@type":"BreadcrumbList","@id":"https://staging.forenteforlag.no/dreyers/produkt/tillit-i-koronaens-tid/#breadcrumb","itemListElement":[{"@type":"ListItem","position":1,"name":"Hjem","item":"https://staging.forenteforlag.no/dreyers/"},{"@type":"ListItem","position":2,"name":"Alle bøker","item":"https://staging.forenteforlag.no/dreyers/butikk/"},{"@type":"ListItem","position":3,"name":"Tillit i koronaens tid"}]},{"@type":"WebSite","@id":"https://staging.forenteforlag.no/dreyers/#website","url":"https://staging.forenteforlag.no/dreyers/","name":"Dreyers Forlag","description":"","potentialAction":[{"@type":"SearchAction","target":{"@type":"EntryPoint","urlTemplate":"https://staging.forenteforlag.no/dreyers/?s={search_term_string}"},"query-input":{"@type":"PropertyValueSpecification","valueRequired":true,"valueName":"search_term_string"}}],"inLanguage":"nb-NO"}]}</script>
<!-- / Yoast SEO plugin. -->

Covid-19-utbruddet førte til de mest dramatiske tiltakene gjennomført i Norge i fredstid med stengte grenser og skoler, forbud mot folkeansamlinger og strenge hygieneregler. Elektronisk kommunikasjon tok på få dager over som kanal for møter og samtaler i arbeidslivet og i samfunnet ellers. Det Norske Videnskaps-Akademi gjennomførte en foredragsserie over Internett fra mars til juni 2020 [&hellip;]

Alle bøker
