{"id":21227,"date":"2020-10-28T01:00:00","date_gmt":"2020-10-28T00:00:00","guid":{"rendered":"https:\/\/dreyersforlag.forenteforlag.no\/produkt\/rapport-fra-ein-gjennomgang-av-hva-visste-hjemmefronten\/"},"modified":"2026-01-05T05:19:42","modified_gmt":"2026-01-05T04:19:42","slug":"rapport-fra-ein-gjennomgang-av-hva-visste-hjemmefronten","status":"publish","type":"product","link":"https:\/\/staging.forenteforlag.no\/dreyers\/produkt\/rapport-fra-ein-gjennomgang-av-hva-visste-hjemmefronten\/","title":{"rendered":"Rapport fr\u00e5 ein gjennomgang av Hva visste hjemmefronten?"},"content":{"rendered":"<p>Boka Hva visste hjemmefronten av Marte Michelet skapte stor debatt etter lanseringa hausten 2018. Mange engasjerte seg og hadde sterke meiningar, men kjeldene til Michelet vart i liten grad kasta lys over. <\/p>\n<p>Det har difor vore naudsynt med ein gjennomgang av boka til Michelet. Tidleg vart mistanken vekt hos forfattarane om at framstillinga av akt\u00f8rar og hendingar var skeiv, med selektiv bruk av originalkjelder eller gjennom feillesing. <\/p>\n<p>Forfattarane har konsentrert seg om nokre av dei viktigaste emna i boka: Var tre tyskarar ansvarlege for \u00e5 gje tidlege konkrete varsel om arrestasjonen av dei norske j\u00f8dane? Vart flyktningrutene stengde for j\u00f8dar berre fordi dei var j\u00f8dar? Vart j\u00f8dar p\u00e5 flukt utsette for pengeutpressing av profittdrivne menneskesmuglarar? Og har historikarar og sentrale akt\u00f8rar pr\u00f8vd \u00e5 skjule sanninga?<\/p>\n","protected":false},"excerpt":{"rendered":"<p>Boka Hva visste hjemmefronten av Marte Michelet skapte stor debatt etter lanseringa hausten 2018. Mange engasjerte seg og hadde sterke meiningar, men kjeldene til Michelet vart i liten grad kasta lys over. Det har difor vore naudsynt med ein gjennomgang av boka til Michelet. Tidleg vart mistanken vekt hos forfattarane om at framstillinga av akt\u00f8rar [&hellip;]<\/p>\n","protected":false},"featured_media":24461,"template":"","meta":{"_acf_changed":false,"inline_featured_image":false},"product_brand":[],"product_cat":[1785,23,32],"product_tag":[362],"class_list":{"0":"post-21227","1":"product","2":"type-product","3":"status-publish","4":"has-post-thumbnail","6":"product_cat-fripris","7":"product_cat-historie","8":"product_cat-samfunn-og-politikk","9":"product_tag-faglitteratur","10":"pa_format-innbundet","12":"first","13":"instock","14":"shipping-taxable","15":"purchasable","16":"product-type-simple"},"acf":{"anmeldelse":null},"yoast_head":"<!-- This site is optimized with the Yoast SEO plugin v26.6 - https:\/\/yoast.com\/wordpress\/plugins\/seo\/ -->\n<title>Rapport fr\u00e5 ein gjennomgang av Hva visste hjemmefronten? - Dreyers Forlag<\/title>\n<meta name=\"robots\" content=\"noindex, follow, max-snippet:-1, max-image-preview:large, max-video-preview:-1\" \/>\n<meta property=\"og:locale\" content=\"nb_NO\" \/>\n<meta property=\"og:type\" content=\"article\" \/>\n<meta property=\"og:title\" content=\"Rapport fr\u00e5 ein gjennomgang av Hva visste hjemmefronten? - Dreyers Forlag\" \/>\n<meta property=\"og:description\" content=\"Boka Hva visste hjemmefronten av Marte Michelet skapte stor debatt etter lanseringa hausten 2018. Mange engasjerte seg og hadde sterke meiningar, men kjeldene til Michelet vart i liten grad kasta lys over. Det har difor vore naudsynt med ein gjennomgang av boka til Michelet. Tidleg vart mistanken vekt hos forfattarane om at framstillinga av akt\u00f8rar [&hellip;]\" \/>\n<meta property=\"og:url\" content=\"https:\/\/staging.forenteforlag.no\/dreyers\/produkt\/rapport-fra-ein-gjennomgang-av-hva-visste-hjemmefronten\/\" \/>\n<meta property=\"og:site_name\" content=\"Dreyers Forlag\" \/>\n<meta property=\"article:modified_time\" content=\"2026-01-05T04:19:42+00:00\" \/>\n<meta property=\"og:image\" content=\"https:\/\/staging.forenteforlag.no\/dreyers\/wp-content\/uploads\/sites\/2\/2025\/08\/jpg-9608-scaled.jpg\" \/>\n\t<meta property=\"og:image:width\" content=\"1418\" \/>\n\t<meta property=\"og:image:height\" content=\"1920\" \/>\n\t<meta property=\"og:image:type\" content=\"image\/jpeg\" \/>\n<meta name=\"twitter:card\" content=\"summary_large_image\" \/>\n<meta name=\"twitter:label1\" content=\"Ansl. lesetid\" \/>\n\t<meta name=\"twitter:data1\" content=\"1 minutt\" \/>\n<script type=\"application\/ld+json\" class=\"yoast-schema-graph\">{\"@context\":\"https:\/\/schema.org\",\"@graph\":[{\"@type\":\"WebPage\",\"@id\":\"https:\/\/staging.forenteforlag.no\/dreyers\/produkt\/rapport-fra-ein-gjennomgang-av-hva-visste-hjemmefronten\/\",\"url\":\"https:\/\/staging.forenteforlag.no\/dreyers\/produkt\/rapport-fra-ein-gjennomgang-av-hva-visste-hjemmefronten\/\",\"name\":\"Rapport fr\u00e5 ein gjennomgang av Hva visste hjemmefronten? - Dreyers Forlag\",\"isPartOf\":{\"@id\":\"https:\/\/staging.forenteforlag.no\/dreyers\/#website\"},\"primaryImageOfPage\":{\"@id\":\"https:\/\/staging.forenteforlag.no\/dreyers\/produkt\/rapport-fra-ein-gjennomgang-av-hva-visste-hjemmefronten\/#primaryimage\"},\"image\":{\"@id\":\"https:\/\/staging.forenteforlag.no\/dreyers\/produkt\/rapport-fra-ein-gjennomgang-av-hva-visste-hjemmefronten\/#primaryimage\"},\"thumbnailUrl\":\"https:\/\/staging.forenteforlag.no\/dreyers\/wp-content\/uploads\/sites\/2\/2025\/08\/jpg-9608-scaled.jpg\",\"datePublished\":\"2020-10-28T00:00:00+00:00\",\"dateModified\":\"2026-01-05T04:19:42+00:00\",\"breadcrumb\":{\"@id\":\"https:\/\/staging.forenteforlag.no\/dreyers\/produkt\/rapport-fra-ein-gjennomgang-av-hva-visste-hjemmefronten\/#breadcrumb\"},\"inLanguage\":\"nb-NO\",\"potentialAction\":[{\"@type\":\"ReadAction\",\"target\":[\"https:\/\/staging.forenteforlag.no\/dreyers\/produkt\/rapport-fra-ein-gjennomgang-av-hva-visste-hjemmefronten\/\"]}]},{\"@type\":\"ImageObject\",\"inLanguage\":\"nb-NO\",\"@id\":\"https:\/\/staging.forenteforlag.no\/dreyers\/produkt\/rapport-fra-ein-gjennomgang-av-hva-visste-hjemmefronten\/#primaryimage\",\"url\":\"https:\/\/staging.forenteforlag.no\/dreyers\/wp-content\/uploads\/sites\/2\/2025\/08\/jpg-9608-scaled.jpg\",\"contentUrl\":\"https:\/\/staging.forenteforlag.no\/dreyers\/wp-content\/uploads\/sites\/2\/2025\/08\/jpg-9608-scaled.jpg\",\"width\":1418,\"height\":1920},{\"@type\":\"BreadcrumbList\",\"@id\":\"https:\/\/staging.forenteforlag.no\/dreyers\/produkt\/rapport-fra-ein-gjennomgang-av-hva-visste-hjemmefronten\/#breadcrumb\",\"itemListElement\":[{\"@type\":\"ListItem\",\"position\":1,\"name\":\"Hjem\",\"item\":\"https:\/\/staging.forenteforlag.no\/dreyers\/\"},{\"@type\":\"ListItem\",\"position\":2,\"name\":\"Alle b\u00f8ker\",\"item\":\"https:\/\/staging.forenteforlag.no\/dreyers\/butikk\/\"},{\"@type\":\"ListItem\",\"position\":3,\"name\":\"Rapport fr\u00e5 ein gjennomgang av Hva visste hjemmefronten?\"}]},{\"@type\":\"WebSite\",\"@id\":\"https:\/\/staging.forenteforlag.no\/dreyers\/#website\",\"url\":\"https:\/\/staging.forenteforlag.no\/dreyers\/\",\"name\":\"Dreyers Forlag\",\"description\":\"\",\"potentialAction\":[{\"@type\":\"SearchAction\",\"target\":{\"@type\":\"EntryPoint\",\"urlTemplate\":\"https:\/\/staging.forenteforlag.no\/dreyers\/?s={search_term_string}\"},\"query-input\":{\"@type\":\"PropertyValueSpecification\",\"valueRequired\":true,\"valueName\":\"search_term_string\"}}],\"inLanguage\":\"nb-NO\"}]}<\/script>\n<!-- \/ Yoast SEO plugin. -->","yoast_head_json":{"title":"Rapport fr\u00e5 ein gjennomgang av Hva visste hjemmefronten? - Dreyers Forlag","robots":{"index":"noindex","follow":"follow","max-snippet":"max-snippet:-1","max-image-preview":"max-image-preview:large","max-video-preview":"max-video-preview:-1"},"og_locale":"nb_NO","og_type":"article","og_title":"Rapport fr\u00e5 ein gjennomgang av Hva visste hjemmefronten? - Dreyers Forlag","og_description":"Boka Hva visste hjemmefronten av Marte Michelet skapte stor debatt etter lanseringa hausten 2018. Mange engasjerte seg og hadde sterke meiningar, men kjeldene til Michelet vart i liten grad kasta lys over. Det har difor vore naudsynt med ein gjennomgang av boka til Michelet. Tidleg vart mistanken vekt hos forfattarane om at framstillinga av akt\u00f8rar [&hellip;]","og_url":"https:\/\/staging.forenteforlag.no\/dreyers\/produkt\/rapport-fra-ein-gjennomgang-av-hva-visste-hjemmefronten\/","og_site_name":"Dreyers Forlag","article_modified_time":"2026-01-05T04:19:42+00:00","og_image":[{"width":1418,"height":1920,"url":"https:\/\/staging.forenteforlag.no\/dreyers\/wp-content\/uploads\/sites\/2\/2025\/08\/jpg-9608-scaled.jpg","type":"image\/jpeg"}],"twitter_card":"summary_large_image","twitter_misc":{"Ansl. lesetid":"1 minutt"},"schema":{"@context":"https:\/\/schema.org","@graph":[{"@type":"WebPage","@id":"https:\/\/staging.forenteforlag.no\/dreyers\/produkt\/rapport-fra-ein-gjennomgang-av-hva-visste-hjemmefronten\/","url":"https:\/\/staging.forenteforlag.no\/dreyers\/produkt\/rapport-fra-ein-gjennomgang-av-hva-visste-hjemmefronten\/","name":"Rapport fr\u00e5 ein gjennomgang av Hva visste hjemmefronten? - Dreyers Forlag","isPartOf":{"@id":"https:\/\/staging.forenteforlag.no\/dreyers\/#website"},"primaryImageOfPage":{"@id":"https:\/\/staging.forenteforlag.no\/dreyers\/produkt\/rapport-fra-ein-gjennomgang-av-hva-visste-hjemmefronten\/#primaryimage"},"image":{"@id":"https:\/\/staging.forenteforlag.no\/dreyers\/produkt\/rapport-fra-ein-gjennomgang-av-hva-visste-hjemmefronten\/#primaryimage"},"thumbnailUrl":"https:\/\/staging.forenteforlag.no\/dreyers\/wp-content\/uploads\/sites\/2\/2025\/08\/jpg-9608-scaled.jpg","datePublished":"2020-10-28T00:00:00+00:00","dateModified":"2026-01-05T04:19:42+00:00","breadcrumb":{"@id":"https:\/\/staging.forenteforlag.no\/dreyers\/produkt\/rapport-fra-ein-gjennomgang-av-hva-visste-hjemmefronten\/#breadcrumb"},"inLanguage":"nb-NO","potentialAction":[{"@type":"ReadAction","target":["https:\/\/staging.forenteforlag.no\/dreyers\/produkt\/rapport-fra-ein-gjennomgang-av-hva-visste-hjemmefronten\/"]}]},{"@type":"ImageObject","inLanguage":"nb-NO","@id":"https:\/\/staging.forenteforlag.no\/dreyers\/produkt\/rapport-fra-ein-gjennomgang-av-hva-visste-hjemmefronten\/#primaryimage","url":"https:\/\/staging.forenteforlag.no\/dreyers\/wp-content\/uploads\/sites\/2\/2025\/08\/jpg-9608-scaled.jpg","contentUrl":"https:\/\/staging.forenteforlag.no\/dreyers\/wp-content\/uploads\/sites\/2\/2025\/08\/jpg-9608-scaled.jpg","width":1418,"height":1920},{"@type":"BreadcrumbList","@id":"https:\/\/staging.forenteforlag.no\/dreyers\/produkt\/rapport-fra-ein-gjennomgang-av-hva-visste-hjemmefronten\/#breadcrumb","itemListElement":[{"@type":"ListItem","position":1,"name":"Hjem","item":"https:\/\/staging.forenteforlag.no\/dreyers\/"},{"@type":"ListItem","position":2,"name":"Alle b\u00f8ker","item":"https:\/\/staging.forenteforlag.no\/dreyers\/butikk\/"},{"@type":"ListItem","position":3,"name":"Rapport fr\u00e5 ein gjennomgang av Hva visste hjemmefronten?"}]},{"@type":"WebSite","@id":"https:\/\/staging.forenteforlag.no\/dreyers\/#website","url":"https:\/\/staging.forenteforlag.no\/dreyers\/","name":"Dreyers Forlag","description":"","potentialAction":[{"@type":"SearchAction","target":{"@type":"EntryPoint","urlTemplate":"https:\/\/staging.forenteforlag.no\/dreyers\/?s={search_term_string}"},"query-input":{"@type":"PropertyValueSpecification","valueRequired":true,"valueName":"search_term_string"}}],"inLanguage":"nb-NO"}]}},"_links":{"self":[{"href":"https:\/\/staging.forenteforlag.no\/dreyers\/wp-json\/wp\/v2\/product\/21227","targetHints":{"allow":["GET"]}}],"collection":[{"href":"https:\/\/staging.forenteforlag.no\/dreyers\/wp-json\/wp\/v2\/product"}],"about":[{"href":"https:\/\/staging.forenteforlag.no\/dreyers\/wp-json\/wp\/v2\/types\/product"}],"wp:featuredmedia":[{"embeddable":true,"href":"https:\/\/staging.forenteforlag.no\/dreyers\/wp-json\/wp\/v2\/media\/24461"}],"wp:attachment":[{"href":"https:\/\/staging.forenteforlag.no\/dreyers\/wp-json\/wp\/v2\/media?parent=21227"}],"wp:term":[{"taxonomy":"product_brand","embeddable":true,"href":"https:\/\/staging.forenteforlag.no\/dreyers\/wp-json\/wp\/v2\/product_brand?post=21227"},{"taxonomy":"product_cat","embeddable":true,"href":"https:\/\/staging.forenteforlag.no\/dreyers\/wp-json\/wp\/v2\/product_cat?post=21227"},{"taxonomy":"product_tag","embeddable":true,"href":"https:\/\/staging.forenteforlag.no\/dreyers\/wp-json\/wp\/v2\/product_tag?post=21227"}],"curies":[{"name":"wp","href":"https:\/\/api.w.org\/{rel}","templated":true}]}}