{"id":21222,"date":"2021-03-10T01:00:00","date_gmt":"2021-03-10T00:00:00","guid":{"rendered":"https:\/\/dreyersforlag.forenteforlag.no\/produkt\/middelalderinstrumenter\/"},"modified":"2025-08-27T09:33:17","modified_gmt":"2025-08-27T07:33:17","slug":"middelalderinstrumenter","status":"publish","type":"product","link":"https:\/\/staging.forenteforlag.no\/dreyers\/produkt\/middelalderinstrumenter\/","title":{"rendered":"Middelalderinstrumenter"},"content":{"rendered":"<p>Boken Middelalderinstrumenter er en formidling i tekst og bilder av Sverre Jensens livslange virke som middelaldermusiker, komponist\/arrang\u00f8r og instrumentbygger. Han tar utgangspunkt i hvordan hans kj\u00e6rlighetsforhold til middelaldermusikken oppsto: i spanske og europeiske kirker. Ved \u00e5 studere og avtegne figurer fra middelalderen av engler eller mennesker som spilte, kunne han dokumentere instrumentene og gjenskape dem hjemme p\u00e5 verkstedet i Norge. Interessen smittet over p\u00e5 norsk tradisjonsmusikk; med sikker sans for \u00e5 tenke nytt innenfor gamle rammer, begynte han \u00e5 lage langeleiker, lyrer, fidler og lutter som han ogs\u00e5 l\u00e6rte seg \u00e5 spille p\u00e5. <\/p>\n<p>Sverre Jensen l\u00e5ner gjerne ut instrumenter, og med sine egenproduserte instrumenter og frodige, stilrene arrangementer har han dannet gruppene Kalenda Maya, Aurora Borealis og Al Andaluz. <\/p>\n<p>Han har ogs\u00e5 videreformidlet sine instrumentbyggerkunnskaper videre, blant annet ved \u00e5 undervise barna p\u00e5 Steinerskolen p\u00e5 Nesodden og gjennom Middelalderforeningen i Oslos aktiviteter for barn. <\/p>\n<p>Bokens mange illustrasjoner best\u00e5r av Sverre Jensens tegninger og fotografier av de ferdige instrumentene. Han skriver ogs\u00e5 om hvordan detaljene p\u00e5 instrumentene m\u00e5 utformes for \u00e5 fungere, og han skriver ogs\u00e5 noe om hvordan de kan ha blitt brukt. Boken har med et utvalg av hans arbeidstegninger for instrumentene.<\/p>\n","protected":false},"excerpt":{"rendered":"<p>Boken Middelalderinstrumenter er en formidling i tekst og bilder av Sverre Jensens livslange virke som middelaldermusiker, komponist\/arrang\u00f8r og instrumentbygger. Han tar utgangspunkt i hvordan hans kj\u00e6rlighetsforhold til middelaldermusikken oppsto: i spanske og europeiske kirker. Ved \u00e5 studere og avtegne figurer fra middelalderen av engler eller mennesker som spilte, kunne han dokumentere instrumentene og gjenskape dem [&hellip;]<\/p>\n","protected":false},"featured_media":24190,"template":"","meta":{"_acf_changed":false,"inline_featured_image":false},"product_brand":[],"product_cat":[22,1785],"product_tag":[362,789,681,1073],"class_list":{"0":"post-21222","1":"product","2":"type-product","3":"status-publish","4":"has-post-thumbnail","6":"product_cat-folkloristikk-og-kulturarv","7":"product_cat-fripris","8":"product_tag-faglitteratur","9":"product_tag-hoymiddelalderen","10":"product_tag-musikkhistorie","11":"product_tag-musikkinstrumenter","12":"pa_format-innbundet","14":"first","15":"instock","16":"shipping-taxable","17":"purchasable","18":"product-type-simple"},"acf":{"anmeldelse":null},"yoast_head":"<!-- This site is optimized with the Yoast SEO plugin v26.6 - https:\/\/yoast.com\/wordpress\/plugins\/seo\/ -->\n<title>Middelalderinstrumenter - Dreyers Forlag<\/title>\n<meta name=\"robots\" content=\"noindex, follow, max-snippet:-1, max-image-preview:large, max-video-preview:-1\" \/>\n<meta property=\"og:locale\" content=\"nb_NO\" \/>\n<meta property=\"og:type\" content=\"article\" \/>\n<meta property=\"og:title\" content=\"Middelalderinstrumenter - Dreyers Forlag\" \/>\n<meta property=\"og:description\" content=\"Boken Middelalderinstrumenter er en formidling i tekst og bilder av Sverre Jensens livslange virke som middelaldermusiker, komponist\/arrang\u00f8r og instrumentbygger. Han tar utgangspunkt i hvordan hans kj\u00e6rlighetsforhold til middelaldermusikken oppsto: i spanske og europeiske kirker. Ved \u00e5 studere og avtegne figurer fra middelalderen av engler eller mennesker som spilte, kunne han dokumentere instrumentene og gjenskape dem [&hellip;]\" \/>\n<meta property=\"og:url\" content=\"https:\/\/staging.forenteforlag.no\/dreyers\/produkt\/middelalderinstrumenter\/\" \/>\n<meta property=\"og:site_name\" content=\"Dreyers Forlag\" \/>\n<meta property=\"article:modified_time\" content=\"2025-08-27T07:33:17+00:00\" \/>\n<meta property=\"og:image\" content=\"https:\/\/staging.forenteforlag.no\/dreyers\/wp-content\/uploads\/sites\/2\/2025\/08\/jpg-7096.jpg\" \/>\n\t<meta property=\"og:image:width\" content=\"593\" \/>\n\t<meta property=\"og:image:height\" content=\"613\" \/>\n\t<meta property=\"og:image:type\" content=\"image\/jpeg\" \/>\n<meta name=\"twitter:card\" content=\"summary_large_image\" \/>\n<meta name=\"twitter:label1\" content=\"Ansl. lesetid\" \/>\n\t<meta name=\"twitter:data1\" content=\"1 minutt\" \/>\n<script type=\"application\/ld+json\" class=\"yoast-schema-graph\">{\"@context\":\"https:\/\/schema.org\",\"@graph\":[{\"@type\":\"WebPage\",\"@id\":\"https:\/\/staging.forenteforlag.no\/dreyers\/produkt\/middelalderinstrumenter\/\",\"url\":\"https:\/\/staging.forenteforlag.no\/dreyers\/produkt\/middelalderinstrumenter\/\",\"name\":\"Middelalderinstrumenter - Dreyers Forlag\",\"isPartOf\":{\"@id\":\"https:\/\/staging.forenteforlag.no\/dreyers\/#website\"},\"primaryImageOfPage\":{\"@id\":\"https:\/\/staging.forenteforlag.no\/dreyers\/produkt\/middelalderinstrumenter\/#primaryimage\"},\"image\":{\"@id\":\"https:\/\/staging.forenteforlag.no\/dreyers\/produkt\/middelalderinstrumenter\/#primaryimage\"},\"thumbnailUrl\":\"https:\/\/staging.forenteforlag.no\/dreyers\/wp-content\/uploads\/sites\/2\/2025\/08\/jpg-7096.jpg\",\"datePublished\":\"2021-03-10T00:00:00+00:00\",\"dateModified\":\"2025-08-27T07:33:17+00:00\",\"breadcrumb\":{\"@id\":\"https:\/\/staging.forenteforlag.no\/dreyers\/produkt\/middelalderinstrumenter\/#breadcrumb\"},\"inLanguage\":\"nb-NO\",\"potentialAction\":[{\"@type\":\"ReadAction\",\"target\":[\"https:\/\/staging.forenteforlag.no\/dreyers\/produkt\/middelalderinstrumenter\/\"]}]},{\"@type\":\"ImageObject\",\"inLanguage\":\"nb-NO\",\"@id\":\"https:\/\/staging.forenteforlag.no\/dreyers\/produkt\/middelalderinstrumenter\/#primaryimage\",\"url\":\"https:\/\/staging.forenteforlag.no\/dreyers\/wp-content\/uploads\/sites\/2\/2025\/08\/jpg-7096.jpg\",\"contentUrl\":\"https:\/\/staging.forenteforlag.no\/dreyers\/wp-content\/uploads\/sites\/2\/2025\/08\/jpg-7096.jpg\",\"width\":593,\"height\":613},{\"@type\":\"BreadcrumbList\",\"@id\":\"https:\/\/staging.forenteforlag.no\/dreyers\/produkt\/middelalderinstrumenter\/#breadcrumb\",\"itemListElement\":[{\"@type\":\"ListItem\",\"position\":1,\"name\":\"Hjem\",\"item\":\"https:\/\/staging.forenteforlag.no\/dreyers\/\"},{\"@type\":\"ListItem\",\"position\":2,\"name\":\"Alle b\u00f8ker\",\"item\":\"https:\/\/staging.forenteforlag.no\/dreyers\/butikk\/\"},{\"@type\":\"ListItem\",\"position\":3,\"name\":\"Middelalderinstrumenter\"}]},{\"@type\":\"WebSite\",\"@id\":\"https:\/\/staging.forenteforlag.no\/dreyers\/#website\",\"url\":\"https:\/\/staging.forenteforlag.no\/dreyers\/\",\"name\":\"Dreyers Forlag\",\"description\":\"\",\"potentialAction\":[{\"@type\":\"SearchAction\",\"target\":{\"@type\":\"EntryPoint\",\"urlTemplate\":\"https:\/\/staging.forenteforlag.no\/dreyers\/?s={search_term_string}\"},\"query-input\":{\"@type\":\"PropertyValueSpecification\",\"valueRequired\":true,\"valueName\":\"search_term_string\"}}],\"inLanguage\":\"nb-NO\"}]}<\/script>\n<!-- \/ Yoast SEO plugin. -->","yoast_head_json":{"title":"Middelalderinstrumenter - Dreyers Forlag","robots":{"index":"noindex","follow":"follow","max-snippet":"max-snippet:-1","max-image-preview":"max-image-preview:large","max-video-preview":"max-video-preview:-1"},"og_locale":"nb_NO","og_type":"article","og_title":"Middelalderinstrumenter - Dreyers Forlag","og_description":"Boken Middelalderinstrumenter er en formidling i tekst og bilder av Sverre Jensens livslange virke som middelaldermusiker, komponist\/arrang\u00f8r og instrumentbygger. Han tar utgangspunkt i hvordan hans kj\u00e6rlighetsforhold til middelaldermusikken oppsto: i spanske og europeiske kirker. Ved \u00e5 studere og avtegne figurer fra middelalderen av engler eller mennesker som spilte, kunne han dokumentere instrumentene og gjenskape dem [&hellip;]","og_url":"https:\/\/staging.forenteforlag.no\/dreyers\/produkt\/middelalderinstrumenter\/","og_site_name":"Dreyers Forlag","article_modified_time":"2025-08-27T07:33:17+00:00","og_image":[{"width":593,"height":613,"url":"https:\/\/staging.forenteforlag.no\/dreyers\/wp-content\/uploads\/sites\/2\/2025\/08\/jpg-7096.jpg","type":"image\/jpeg"}],"twitter_card":"summary_large_image","twitter_misc":{"Ansl. lesetid":"1 minutt"},"schema":{"@context":"https:\/\/schema.org","@graph":[{"@type":"WebPage","@id":"https:\/\/staging.forenteforlag.no\/dreyers\/produkt\/middelalderinstrumenter\/","url":"https:\/\/staging.forenteforlag.no\/dreyers\/produkt\/middelalderinstrumenter\/","name":"Middelalderinstrumenter - Dreyers Forlag","isPartOf":{"@id":"https:\/\/staging.forenteforlag.no\/dreyers\/#website"},"primaryImageOfPage":{"@id":"https:\/\/staging.forenteforlag.no\/dreyers\/produkt\/middelalderinstrumenter\/#primaryimage"},"image":{"@id":"https:\/\/staging.forenteforlag.no\/dreyers\/produkt\/middelalderinstrumenter\/#primaryimage"},"thumbnailUrl":"https:\/\/staging.forenteforlag.no\/dreyers\/wp-content\/uploads\/sites\/2\/2025\/08\/jpg-7096.jpg","datePublished":"2021-03-10T00:00:00+00:00","dateModified":"2025-08-27T07:33:17+00:00","breadcrumb":{"@id":"https:\/\/staging.forenteforlag.no\/dreyers\/produkt\/middelalderinstrumenter\/#breadcrumb"},"inLanguage":"nb-NO","potentialAction":[{"@type":"ReadAction","target":["https:\/\/staging.forenteforlag.no\/dreyers\/produkt\/middelalderinstrumenter\/"]}]},{"@type":"ImageObject","inLanguage":"nb-NO","@id":"https:\/\/staging.forenteforlag.no\/dreyers\/produkt\/middelalderinstrumenter\/#primaryimage","url":"https:\/\/staging.forenteforlag.no\/dreyers\/wp-content\/uploads\/sites\/2\/2025\/08\/jpg-7096.jpg","contentUrl":"https:\/\/staging.forenteforlag.no\/dreyers\/wp-content\/uploads\/sites\/2\/2025\/08\/jpg-7096.jpg","width":593,"height":613},{"@type":"BreadcrumbList","@id":"https:\/\/staging.forenteforlag.no\/dreyers\/produkt\/middelalderinstrumenter\/#breadcrumb","itemListElement":[{"@type":"ListItem","position":1,"name":"Hjem","item":"https:\/\/staging.forenteforlag.no\/dreyers\/"},{"@type":"ListItem","position":2,"name":"Alle b\u00f8ker","item":"https:\/\/staging.forenteforlag.no\/dreyers\/butikk\/"},{"@type":"ListItem","position":3,"name":"Middelalderinstrumenter"}]},{"@type":"WebSite","@id":"https:\/\/staging.forenteforlag.no\/dreyers\/#website","url":"https:\/\/staging.forenteforlag.no\/dreyers\/","name":"Dreyers Forlag","description":"","potentialAction":[{"@type":"SearchAction","target":{"@type":"EntryPoint","urlTemplate":"https:\/\/staging.forenteforlag.no\/dreyers\/?s={search_term_string}"},"query-input":{"@type":"PropertyValueSpecification","valueRequired":true,"valueName":"search_term_string"}}],"inLanguage":"nb-NO"}]}},"_links":{"self":[{"href":"https:\/\/staging.forenteforlag.no\/dreyers\/wp-json\/wp\/v2\/product\/21222","targetHints":{"allow":["GET"]}}],"collection":[{"href":"https:\/\/staging.forenteforlag.no\/dreyers\/wp-json\/wp\/v2\/product"}],"about":[{"href":"https:\/\/staging.forenteforlag.no\/dreyers\/wp-json\/wp\/v2\/types\/product"}],"wp:featuredmedia":[{"embeddable":true,"href":"https:\/\/staging.forenteforlag.no\/dreyers\/wp-json\/wp\/v2\/media\/24190"}],"wp:attachment":[{"href":"https:\/\/staging.forenteforlag.no\/dreyers\/wp-json\/wp\/v2\/media?parent=21222"}],"wp:term":[{"taxonomy":"product_brand","embeddable":true,"href":"https:\/\/staging.forenteforlag.no\/dreyers\/wp-json\/wp\/v2\/product_brand?post=21222"},{"taxonomy":"product_cat","embeddable":true,"href":"https:\/\/staging.forenteforlag.no\/dreyers\/wp-json\/wp\/v2\/product_cat?post=21222"},{"taxonomy":"product_tag","embeddable":true,"href":"https:\/\/staging.forenteforlag.no\/dreyers\/wp-json\/wp\/v2\/product_tag?post=21222"}],"curies":[{"name":"wp","href":"https:\/\/api.w.org\/{rel}","templated":true}]}}