{"id":21219,"date":"2022-01-03T01:00:00","date_gmt":"2022-01-03T00:00:00","guid":{"rendered":"https:\/\/dreyersforlag.forenteforlag.no\/produkt\/kunstvaeversker-og-arkitekter\/"},"modified":"2025-08-27T11:28:50","modified_gmt":"2025-08-27T09:28:50","slug":"kunstvaeversker-og-arkitekter","status":"publish","type":"product","link":"https:\/\/staging.forenteforlag.no\/dreyers\/produkt\/kunstvaeversker-og-arkitekter\/","title":{"rendered":"Kunstv\u00e6versker og arkitekter"},"content":{"rendered":"<p>Kunstv\u00e6versker og Arkitekter. Kvinner i estetiske fag omkring 1900 omhandler norske kvinnelige arkitekter og kunstveversker aktive omkring \u00e5rhundreskiftet 1800-1900. Samtlige av kvinnene var utdannet ved Tegneskolen i Christiania. Deres l\u00e6rer var arkitekt Herman Major Schirmer, en moderne og progressiv l\u00e6rerskikkelse som l\u00f8ftet fram sine kvinnelige elever og st\u00f8ttet dem ut i arbeidslivet. Flere av dem anbefalte han for ansettelse hos den internasjonalt anerkjente kunstveversken Frida Hansen. <\/p>\n<p>Boka gir en grundig presentasjon av Tegneskolen i Christiania, av Herman Major Schirmer og Frida Hansen. Sammen utgjorde de navet for de kvinnelige estetikerne. Kvinnene etablerte vennskap, og de organiserte faglige fellesskap og foreninger. Boka l\u00f8fter fram de kvinnelige estetikerne, og plasserer deres liv, kunst og arkitektur inn i en kulturell og samfunnshistorisk kontekst.<\/p>\n","protected":false},"excerpt":{"rendered":"<p>Kunstv\u00e6versker og Arkitekter. Kvinner i estetiske fag omkring 1900 omhandler norske kvinnelige arkitekter og kunstveversker aktive omkring \u00e5rhundreskiftet 1800-1900. Samtlige av kvinnene var utdannet ved Tegneskolen i Christiania. Deres l\u00e6rer var arkitekt Herman Major Schirmer, en moderne og progressiv l\u00e6rerskikkelse som l\u00f8ftet fram sine kvinnelige elever og st\u00f8ttet dem ut i arbeidslivet. Flere av dem [&hellip;]<\/p>\n","protected":false},"featured_media":24329,"template":"","meta":{"_acf_changed":false,"inline_featured_image":false},"product_brand":[],"product_cat":[19,1785],"product_tag":[453,397,438,362,361,380,377,1604],"class_list":{"0":"post-21219","1":"product","2":"type-product","3":"status-publish","4":"has-post-thumbnail","6":"product_cat-arkitektur","7":"product_cat-fripris","8":"product_tag-1850-1899","9":"product_tag-1900-1914","10":"product_tag-arkitektur","11":"product_tag-faglitteratur","12":"product_tag-kulturhistorie","13":"product_tag-kvinner","14":"product_tag-oslo","15":"product_tag-tekstilkunst","16":"pa_format-innbundet","18":"first","19":"instock","20":"shipping-taxable","21":"purchasable","22":"product-type-simple"},"acf":{"anmeldelse":null},"yoast_head":"<!-- This site is optimized with the Yoast SEO plugin v26.6 - https:\/\/yoast.com\/wordpress\/plugins\/seo\/ -->\n<title>Kunstv\u00e6versker og arkitekter - Dreyers Forlag<\/title>\n<meta name=\"robots\" content=\"noindex, follow, max-snippet:-1, max-image-preview:large, max-video-preview:-1\" \/>\n<meta property=\"og:locale\" content=\"nb_NO\" \/>\n<meta property=\"og:type\" content=\"article\" \/>\n<meta property=\"og:title\" content=\"Kunstv\u00e6versker og arkitekter - Dreyers Forlag\" \/>\n<meta property=\"og:description\" content=\"Kunstv\u00e6versker og Arkitekter. Kvinner i estetiske fag omkring 1900 omhandler norske kvinnelige arkitekter og kunstveversker aktive omkring \u00e5rhundreskiftet 1800-1900. Samtlige av kvinnene var utdannet ved Tegneskolen i Christiania. Deres l\u00e6rer var arkitekt Herman Major Schirmer, en moderne og progressiv l\u00e6rerskikkelse som l\u00f8ftet fram sine kvinnelige elever og st\u00f8ttet dem ut i arbeidslivet. Flere av dem [&hellip;]\" \/>\n<meta property=\"og:url\" content=\"https:\/\/staging.forenteforlag.no\/dreyers\/produkt\/kunstvaeversker-og-arkitekter\/\" \/>\n<meta property=\"og:site_name\" content=\"Dreyers Forlag\" \/>\n<meta property=\"article:modified_time\" content=\"2025-08-27T09:28:50+00:00\" \/>\n<meta property=\"og:image\" content=\"https:\/\/staging.forenteforlag.no\/dreyers\/wp-content\/uploads\/sites\/2\/2025\/08\/jpg-8402.jpg\" \/>\n\t<meta property=\"og:image:width\" content=\"475\" \/>\n\t<meta property=\"og:image:height\" content=\"678\" \/>\n\t<meta property=\"og:image:type\" content=\"image\/jpeg\" \/>\n<meta name=\"twitter:card\" content=\"summary_large_image\" \/>\n<meta name=\"twitter:label1\" content=\"Ansl. lesetid\" \/>\n\t<meta name=\"twitter:data1\" content=\"1 minutt\" \/>\n<script type=\"application\/ld+json\" class=\"yoast-schema-graph\">{\"@context\":\"https:\/\/schema.org\",\"@graph\":[{\"@type\":\"WebPage\",\"@id\":\"https:\/\/staging.forenteforlag.no\/dreyers\/produkt\/kunstvaeversker-og-arkitekter\/\",\"url\":\"https:\/\/staging.forenteforlag.no\/dreyers\/produkt\/kunstvaeversker-og-arkitekter\/\",\"name\":\"Kunstv\u00e6versker og arkitekter - Dreyers Forlag\",\"isPartOf\":{\"@id\":\"https:\/\/staging.forenteforlag.no\/dreyers\/#website\"},\"primaryImageOfPage\":{\"@id\":\"https:\/\/staging.forenteforlag.no\/dreyers\/produkt\/kunstvaeversker-og-arkitekter\/#primaryimage\"},\"image\":{\"@id\":\"https:\/\/staging.forenteforlag.no\/dreyers\/produkt\/kunstvaeversker-og-arkitekter\/#primaryimage\"},\"thumbnailUrl\":\"https:\/\/staging.forenteforlag.no\/dreyers\/wp-content\/uploads\/sites\/2\/2025\/08\/jpg-8402.jpg\",\"datePublished\":\"2022-01-03T00:00:00+00:00\",\"dateModified\":\"2025-08-27T09:28:50+00:00\",\"breadcrumb\":{\"@id\":\"https:\/\/staging.forenteforlag.no\/dreyers\/produkt\/kunstvaeversker-og-arkitekter\/#breadcrumb\"},\"inLanguage\":\"nb-NO\",\"potentialAction\":[{\"@type\":\"ReadAction\",\"target\":[\"https:\/\/staging.forenteforlag.no\/dreyers\/produkt\/kunstvaeversker-og-arkitekter\/\"]}]},{\"@type\":\"ImageObject\",\"inLanguage\":\"nb-NO\",\"@id\":\"https:\/\/staging.forenteforlag.no\/dreyers\/produkt\/kunstvaeversker-og-arkitekter\/#primaryimage\",\"url\":\"https:\/\/staging.forenteforlag.no\/dreyers\/wp-content\/uploads\/sites\/2\/2025\/08\/jpg-8402.jpg\",\"contentUrl\":\"https:\/\/staging.forenteforlag.no\/dreyers\/wp-content\/uploads\/sites\/2\/2025\/08\/jpg-8402.jpg\",\"width\":475,\"height\":678},{\"@type\":\"BreadcrumbList\",\"@id\":\"https:\/\/staging.forenteforlag.no\/dreyers\/produkt\/kunstvaeversker-og-arkitekter\/#breadcrumb\",\"itemListElement\":[{\"@type\":\"ListItem\",\"position\":1,\"name\":\"Hjem\",\"item\":\"https:\/\/staging.forenteforlag.no\/dreyers\/\"},{\"@type\":\"ListItem\",\"position\":2,\"name\":\"Alle b\u00f8ker\",\"item\":\"https:\/\/staging.forenteforlag.no\/dreyers\/butikk\/\"},{\"@type\":\"ListItem\",\"position\":3,\"name\":\"Kunstv\u00e6versker og arkitekter\"}]},{\"@type\":\"WebSite\",\"@id\":\"https:\/\/staging.forenteforlag.no\/dreyers\/#website\",\"url\":\"https:\/\/staging.forenteforlag.no\/dreyers\/\",\"name\":\"Dreyers Forlag\",\"description\":\"\",\"potentialAction\":[{\"@type\":\"SearchAction\",\"target\":{\"@type\":\"EntryPoint\",\"urlTemplate\":\"https:\/\/staging.forenteforlag.no\/dreyers\/?s={search_term_string}\"},\"query-input\":{\"@type\":\"PropertyValueSpecification\",\"valueRequired\":true,\"valueName\":\"search_term_string\"}}],\"inLanguage\":\"nb-NO\"}]}<\/script>\n<!-- \/ Yoast SEO plugin. -->","yoast_head_json":{"title":"Kunstv\u00e6versker og arkitekter - Dreyers Forlag","robots":{"index":"noindex","follow":"follow","max-snippet":"max-snippet:-1","max-image-preview":"max-image-preview:large","max-video-preview":"max-video-preview:-1"},"og_locale":"nb_NO","og_type":"article","og_title":"Kunstv\u00e6versker og arkitekter - Dreyers Forlag","og_description":"Kunstv\u00e6versker og Arkitekter. Kvinner i estetiske fag omkring 1900 omhandler norske kvinnelige arkitekter og kunstveversker aktive omkring \u00e5rhundreskiftet 1800-1900. Samtlige av kvinnene var utdannet ved Tegneskolen i Christiania. Deres l\u00e6rer var arkitekt Herman Major Schirmer, en moderne og progressiv l\u00e6rerskikkelse som l\u00f8ftet fram sine kvinnelige elever og st\u00f8ttet dem ut i arbeidslivet. Flere av dem [&hellip;]","og_url":"https:\/\/staging.forenteforlag.no\/dreyers\/produkt\/kunstvaeversker-og-arkitekter\/","og_site_name":"Dreyers Forlag","article_modified_time":"2025-08-27T09:28:50+00:00","og_image":[{"width":475,"height":678,"url":"https:\/\/staging.forenteforlag.no\/dreyers\/wp-content\/uploads\/sites\/2\/2025\/08\/jpg-8402.jpg","type":"image\/jpeg"}],"twitter_card":"summary_large_image","twitter_misc":{"Ansl. lesetid":"1 minutt"},"schema":{"@context":"https:\/\/schema.org","@graph":[{"@type":"WebPage","@id":"https:\/\/staging.forenteforlag.no\/dreyers\/produkt\/kunstvaeversker-og-arkitekter\/","url":"https:\/\/staging.forenteforlag.no\/dreyers\/produkt\/kunstvaeversker-og-arkitekter\/","name":"Kunstv\u00e6versker og arkitekter - Dreyers Forlag","isPartOf":{"@id":"https:\/\/staging.forenteforlag.no\/dreyers\/#website"},"primaryImageOfPage":{"@id":"https:\/\/staging.forenteforlag.no\/dreyers\/produkt\/kunstvaeversker-og-arkitekter\/#primaryimage"},"image":{"@id":"https:\/\/staging.forenteforlag.no\/dreyers\/produkt\/kunstvaeversker-og-arkitekter\/#primaryimage"},"thumbnailUrl":"https:\/\/staging.forenteforlag.no\/dreyers\/wp-content\/uploads\/sites\/2\/2025\/08\/jpg-8402.jpg","datePublished":"2022-01-03T00:00:00+00:00","dateModified":"2025-08-27T09:28:50+00:00","breadcrumb":{"@id":"https:\/\/staging.forenteforlag.no\/dreyers\/produkt\/kunstvaeversker-og-arkitekter\/#breadcrumb"},"inLanguage":"nb-NO","potentialAction":[{"@type":"ReadAction","target":["https:\/\/staging.forenteforlag.no\/dreyers\/produkt\/kunstvaeversker-og-arkitekter\/"]}]},{"@type":"ImageObject","inLanguage":"nb-NO","@id":"https:\/\/staging.forenteforlag.no\/dreyers\/produkt\/kunstvaeversker-og-arkitekter\/#primaryimage","url":"https:\/\/staging.forenteforlag.no\/dreyers\/wp-content\/uploads\/sites\/2\/2025\/08\/jpg-8402.jpg","contentUrl":"https:\/\/staging.forenteforlag.no\/dreyers\/wp-content\/uploads\/sites\/2\/2025\/08\/jpg-8402.jpg","width":475,"height":678},{"@type":"BreadcrumbList","@id":"https:\/\/staging.forenteforlag.no\/dreyers\/produkt\/kunstvaeversker-og-arkitekter\/#breadcrumb","itemListElement":[{"@type":"ListItem","position":1,"name":"Hjem","item":"https:\/\/staging.forenteforlag.no\/dreyers\/"},{"@type":"ListItem","position":2,"name":"Alle b\u00f8ker","item":"https:\/\/staging.forenteforlag.no\/dreyers\/butikk\/"},{"@type":"ListItem","position":3,"name":"Kunstv\u00e6versker og arkitekter"}]},{"@type":"WebSite","@id":"https:\/\/staging.forenteforlag.no\/dreyers\/#website","url":"https:\/\/staging.forenteforlag.no\/dreyers\/","name":"Dreyers Forlag","description":"","potentialAction":[{"@type":"SearchAction","target":{"@type":"EntryPoint","urlTemplate":"https:\/\/staging.forenteforlag.no\/dreyers\/?s={search_term_string}"},"query-input":{"@type":"PropertyValueSpecification","valueRequired":true,"valueName":"search_term_string"}}],"inLanguage":"nb-NO"}]}},"_links":{"self":[{"href":"https:\/\/staging.forenteforlag.no\/dreyers\/wp-json\/wp\/v2\/product\/21219","targetHints":{"allow":["GET"]}}],"collection":[{"href":"https:\/\/staging.forenteforlag.no\/dreyers\/wp-json\/wp\/v2\/product"}],"about":[{"href":"https:\/\/staging.forenteforlag.no\/dreyers\/wp-json\/wp\/v2\/types\/product"}],"wp:featuredmedia":[{"embeddable":true,"href":"https:\/\/staging.forenteforlag.no\/dreyers\/wp-json\/wp\/v2\/media\/24329"}],"wp:attachment":[{"href":"https:\/\/staging.forenteforlag.no\/dreyers\/wp-json\/wp\/v2\/media?parent=21219"}],"wp:term":[{"taxonomy":"product_brand","embeddable":true,"href":"https:\/\/staging.forenteforlag.no\/dreyers\/wp-json\/wp\/v2\/product_brand?post=21219"},{"taxonomy":"product_cat","embeddable":true,"href":"https:\/\/staging.forenteforlag.no\/dreyers\/wp-json\/wp\/v2\/product_cat?post=21219"},{"taxonomy":"product_tag","embeddable":true,"href":"https:\/\/staging.forenteforlag.no\/dreyers\/wp-json\/wp\/v2\/product_tag?post=21219"}],"curies":[{"name":"wp","href":"https:\/\/api.w.org\/{rel}","templated":true}]}}

Kunstvæversker og arkitekter

<p>Kunstvæversker og Arkitekter. Kvinner i estetiske fag omkring 1900 omhandler norske kvinnelige arkitekter og kunstveversker aktive omkring århundreskiftet 1800-1900. Samtlige av kvinnene var utdannet ved Tegneskolen i Christiania. Deres lærer var arkitekt Herman Major Schirmer, en moderne og progressiv lærerskikkelse som løftet fram sine kvinnelige elever og støttet dem ut i arbeidslivet. Flere av dem anbefalte han for ansettelse hos den internasjonalt anerkjente kunstveversken Frida Hansen. </p>
<p>Boka gir en grundig presentasjon av Tegneskolen i Christiania, av Herman Major Schirmer og Frida Hansen. Sammen utgjorde de navet for de kvinnelige estetikerne. Kvinnene etablerte vennskap, og de organiserte faglige fellesskap og foreninger. Boka løfter fram de kvinnelige estetikerne, og plasserer deres liv, kunst og arkitektur inn i en kulturell og samfunnshistorisk kontekst.</p>

<p>Kunstvæversker og Arkitekter. Kvinner i estetiske fag omkring 1900 omhandler norske kvinnelige arkitekter og kunstveversker aktive omkring århundreskiftet 1800-1900. Samtlige av kvinnene var utdannet ved Tegneskolen i Christiania. Deres lærer var arkitekt Herman Major Schirmer, en moderne og progressiv lærerskikkelse som løftet fram sine kvinnelige elever og støttet dem ut i arbeidslivet. Flere av dem [&hellip;]</p>

<!-- This site is optimized with the Yoast SEO plugin v26.6 - https://yoast.com/wordpress/plugins/seo/ -->
<title>Kunstvæversker og arkitekter - Dreyers Forlag</title>
<meta name="robots" content="noindex, follow, max-snippet:-1, max-image-preview:large, max-video-preview:-1" />
<meta property="og:locale" content="nb_NO" />
<meta property="og:type" content="article" />
<meta property="og:title" content="Kunstvæversker og arkitekter - Dreyers Forlag" />
<meta property="og:description" content="Kunstvæversker og Arkitekter. Kvinner i estetiske fag omkring 1900 omhandler norske kvinnelige arkitekter og kunstveversker aktive omkring århundreskiftet 1800-1900. Samtlige av kvinnene var utdannet ved Tegneskolen i Christiania. Deres lærer var arkitekt Herman Major Schirmer, en moderne og progressiv lærerskikkelse som løftet fram sine kvinnelige elever og støttet dem ut i arbeidslivet. Flere av dem [&hellip;]" />
<meta property="og:url" content="https://staging.forenteforlag.no/dreyers/produkt/kunstvaeversker-og-arkitekter/" />
<meta property="og:site_name" content="Dreyers Forlag" />
<meta property="article:modified_time" content="2025-08-27T09:28:50+00:00" />
<meta property="og:image" content="https://staging.forenteforlag.no/dreyers/wp-content/uploads/sites/2/2025/08/jpg-8402.jpg" />
	<meta property="og:image:width" content="475" />
	<meta property="og:image:height" content="678" />
	<meta property="og:image:type" content="image/jpeg" />
<meta name="twitter:card" content="summary_large_image" />
<meta name="twitter:label1" content="Ansl. lesetid" />
	<meta name="twitter:data1" content="1 minutt" />
<script type="application/ld+json" class="yoast-schema-graph">{"@context":"https://schema.org","@graph":[{"@type":"WebPage","@id":"https://staging.forenteforlag.no/dreyers/produkt/kunstvaeversker-og-arkitekter/","url":"https://staging.forenteforlag.no/dreyers/produkt/kunstvaeversker-og-arkitekter/","name":"Kunstvæversker og arkitekter - Dreyers Forlag","isPartOf":{"@id":"https://staging.forenteforlag.no/dreyers/#website"},"primaryImageOfPage":{"@id":"https://staging.forenteforlag.no/dreyers/produkt/kunstvaeversker-og-arkitekter/#primaryimage"},"image":{"@id":"https://staging.forenteforlag.no/dreyers/produkt/kunstvaeversker-og-arkitekter/#primaryimage"},"thumbnailUrl":"https://staging.forenteforlag.no/dreyers/wp-content/uploads/sites/2/2025/08/jpg-8402.jpg","datePublished":"2022-01-03T00:00:00+00:00","dateModified":"2025-08-27T09:28:50+00:00","breadcrumb":{"@id":"https://staging.forenteforlag.no/dreyers/produkt/kunstvaeversker-og-arkitekter/#breadcrumb"},"inLanguage":"nb-NO","potentialAction":[{"@type":"ReadAction","target":["https://staging.forenteforlag.no/dreyers/produkt/kunstvaeversker-og-arkitekter/"]}]},{"@type":"ImageObject","inLanguage":"nb-NO","@id":"https://staging.forenteforlag.no/dreyers/produkt/kunstvaeversker-og-arkitekter/#primaryimage","url":"https://staging.forenteforlag.no/dreyers/wp-content/uploads/sites/2/2025/08/jpg-8402.jpg","contentUrl":"https://staging.forenteforlag.no/dreyers/wp-content/uploads/sites/2/2025/08/jpg-8402.jpg","width":475,"height":678},{"@type":"BreadcrumbList","@id":"https://staging.forenteforlag.no/dreyers/produkt/kunstvaeversker-og-arkitekter/#breadcrumb","itemListElement":[{"@type":"ListItem","position":1,"name":"Hjem","item":"https://staging.forenteforlag.no/dreyers/"},{"@type":"ListItem","position":2,"name":"Alle bøker","item":"https://staging.forenteforlag.no/dreyers/butikk/"},{"@type":"ListItem","position":3,"name":"Kunstvæversker og arkitekter"}]},{"@type":"WebSite","@id":"https://staging.forenteforlag.no/dreyers/#website","url":"https://staging.forenteforlag.no/dreyers/","name":"Dreyers Forlag","description":"","potentialAction":[{"@type":"SearchAction","target":{"@type":"EntryPoint","urlTemplate":"https://staging.forenteforlag.no/dreyers/?s={search_term_string}"},"query-input":{"@type":"PropertyValueSpecification","valueRequired":true,"valueName":"search_term_string"}}],"inLanguage":"nb-NO"}]}</script>
<!-- / Yoast SEO plugin. -->

Kunstvæversker og arkitekter - Dreyers Forlag

Kunstvæversker og Arkitekter. Kvinner i estetiske fag omkring 1900 omhandler norske kvinnelige arkitekter og kunstveversker aktive omkring århundreskiftet 1800-1900. Samtlige av kvinnene var utdannet ved Tegneskolen i Christiania. Deres lærer var arkitekt Herman Major Schirmer, en moderne og progressiv lærerskikkelse som løftet fram sine kvinnelige elever og støttet dem ut i arbeidslivet. Flere av dem [&hellip;]

Alle bøker
