{"id":21213,"date":"2022-03-29T02:00:00","date_gmt":"2022-03-29T00:00:00","guid":{"rendered":"https:\/\/dreyersforlag.forenteforlag.no\/produkt\/sonderbehandlung-2\/"},"modified":"2025-09-23T15:37:15","modified_gmt":"2025-09-23T13:37:15","slug":"sonderbehandlung-2","status":"publish","type":"product","link":"https:\/\/staging.forenteforlag.no\/dreyers\/produkt\/sonderbehandlung-2\/","title":{"rendered":"Sonderbehandlung"},"content":{"rendered":"<p>Filip M\u00fcller ble i midten av april 1942 deportert til konsentrasjonsleiren Auschwitz i en av de f\u00f8rste transportene med j\u00f8diske menn fra Slovakia. Av de 1000 menneskene i transporten overlevde anslagsvis bare ti personer. Noen uker etter ankomsten til Auschwitz, ble han som et straffetiltak plassert i den beryktede kommandoen knyttet til leirens gasskamre, kalt \u00abSonderkommando\u00bb. <\/p>\n<p>Sonderbehandlung var i Tyskland i 1979 den f\u00f8rste erindringsfortellingen av et \u00f8yenvitne som daglig hadde opplevd masseutslettelsen i krematoriene og gasskamrene i Auschwitz-Birkenau, som fange i den j\u00f8diske spesialkommandoen. Den var p\u00e5 det tidspunktet ogs\u00e5 den eneste beretningen fra en overlevende. Boka skildret hendelsene han var vitne til over et tidsrom p\u00e5 32 m\u00e5neder. <\/p>\n<p>M\u00fcllers gripende fortelling begynner der andre ofres fortelling sluttet: i avkledningsrommene, i gasskamrene, p\u00e5 eksekusjonsstedene, i forbrenningsrommene og i massegravene, alts\u00e5 i \u00abd\u00f8dssonene\u00bb. Blant fangene var det bare noen f\u00e5 innvidde, med den eufemistiske betegnelsen \u00abspesialkommando\u00bb, som hadde fullt innsyn i disse d\u00f8dssonene.<\/p>\n","protected":false},"excerpt":{"rendered":"<p>Filip M\u00fcller ble i midten av april 1942 deportert til konsentrasjonsleiren Auschwitz i en av de f\u00f8rste transportene med j\u00f8diske menn fra Slovakia. Av de 1000 menneskene i transporten overlevde anslagsvis bare ti personer. Noen uker etter ankomsten til Auschwitz, ble han som et straffetiltak plassert i den beryktede kommandoen knyttet til leirens gasskamre, kalt [&hellip;]<\/p>\n","protected":false},"featured_media":24005,"template":"","meta":{"_acf_changed":false,"inline_featured_image":false},"product_brand":[],"product_cat":[20,1785,23],"product_tag":[362],"class_list":{"0":"post-21213","1":"product","2":"type-product","3":"status-publish","4":"has-post-thumbnail","6":"product_cat-biografier-og-memoarer","7":"product_cat-fripris","8":"product_cat-historie","9":"product_tag-faglitteratur","10":"pa_format-innbundet","12":"first","13":"instock","14":"shipping-taxable","15":"purchasable","16":"product-type-simple"},"acf":{"anmeldelse":null},"yoast_head":"<!-- This site is optimized with the Yoast SEO plugin v26.6 - https:\/\/yoast.com\/wordpress\/plugins\/seo\/ -->\n<title>Sonderbehandlung - Dreyers Forlag<\/title>\n<meta name=\"robots\" content=\"noindex, follow, max-snippet:-1, max-image-preview:large, max-video-preview:-1\" \/>\n<meta property=\"og:locale\" content=\"nb_NO\" \/>\n<meta property=\"og:type\" content=\"article\" \/>\n<meta property=\"og:title\" content=\"Sonderbehandlung - Dreyers Forlag\" \/>\n<meta property=\"og:description\" content=\"Filip M\u00fcller ble i midten av april 1942 deportert til konsentrasjonsleiren Auschwitz i en av de f\u00f8rste transportene med j\u00f8diske menn fra Slovakia. Av de 1000 menneskene i transporten overlevde anslagsvis bare ti personer. Noen uker etter ankomsten til Auschwitz, ble han som et straffetiltak plassert i den beryktede kommandoen knyttet til leirens gasskamre, kalt [&hellip;]\" \/>\n<meta property=\"og:url\" content=\"https:\/\/staging.forenteforlag.no\/dreyers\/produkt\/sonderbehandlung-2\/\" \/>\n<meta property=\"og:site_name\" content=\"Dreyers Forlag\" \/>\n<meta property=\"article:modified_time\" content=\"2025-09-23T13:37:15+00:00\" \/>\n<meta property=\"og:image\" content=\"https:\/\/staging.forenteforlag.no\/dreyers\/wp-content\/uploads\/sites\/2\/2025\/08\/jpg-5411.jpg\" \/>\n\t<meta property=\"og:image:width\" content=\"444\" \/>\n\t<meta property=\"og:image:height\" content=\"617\" \/>\n\t<meta property=\"og:image:type\" content=\"image\/jpeg\" \/>\n<meta name=\"twitter:card\" content=\"summary_large_image\" \/>\n<meta name=\"twitter:label1\" content=\"Ansl. lesetid\" \/>\n\t<meta name=\"twitter:data1\" content=\"2 minutter\" \/>\n<script type=\"application\/ld+json\" class=\"yoast-schema-graph\">{\"@context\":\"https:\/\/schema.org\",\"@graph\":[{\"@type\":\"WebPage\",\"@id\":\"https:\/\/staging.forenteforlag.no\/dreyers\/produkt\/sonderbehandlung-2\/\",\"url\":\"https:\/\/staging.forenteforlag.no\/dreyers\/produkt\/sonderbehandlung-2\/\",\"name\":\"Sonderbehandlung - Dreyers Forlag\",\"isPartOf\":{\"@id\":\"https:\/\/staging.forenteforlag.no\/dreyers\/#website\"},\"primaryImageOfPage\":{\"@id\":\"https:\/\/staging.forenteforlag.no\/dreyers\/produkt\/sonderbehandlung-2\/#primaryimage\"},\"image\":{\"@id\":\"https:\/\/staging.forenteforlag.no\/dreyers\/produkt\/sonderbehandlung-2\/#primaryimage\"},\"thumbnailUrl\":\"https:\/\/staging.forenteforlag.no\/dreyers\/wp-content\/uploads\/sites\/2\/2025\/08\/jpg-5411.jpg\",\"datePublished\":\"2022-03-29T00:00:00+00:00\",\"dateModified\":\"2025-09-23T13:37:15+00:00\",\"breadcrumb\":{\"@id\":\"https:\/\/staging.forenteforlag.no\/dreyers\/produkt\/sonderbehandlung-2\/#breadcrumb\"},\"inLanguage\":\"nb-NO\",\"potentialAction\":[{\"@type\":\"ReadAction\",\"target\":[\"https:\/\/staging.forenteforlag.no\/dreyers\/produkt\/sonderbehandlung-2\/\"]}]},{\"@type\":\"ImageObject\",\"inLanguage\":\"nb-NO\",\"@id\":\"https:\/\/staging.forenteforlag.no\/dreyers\/produkt\/sonderbehandlung-2\/#primaryimage\",\"url\":\"https:\/\/staging.forenteforlag.no\/dreyers\/wp-content\/uploads\/sites\/2\/2025\/08\/jpg-5411.jpg\",\"contentUrl\":\"https:\/\/staging.forenteforlag.no\/dreyers\/wp-content\/uploads\/sites\/2\/2025\/08\/jpg-5411.jpg\",\"width\":444,\"height\":617},{\"@type\":\"BreadcrumbList\",\"@id\":\"https:\/\/staging.forenteforlag.no\/dreyers\/produkt\/sonderbehandlung-2\/#breadcrumb\",\"itemListElement\":[{\"@type\":\"ListItem\",\"position\":1,\"name\":\"Hjem\",\"item\":\"https:\/\/staging.forenteforlag.no\/dreyers\/\"},{\"@type\":\"ListItem\",\"position\":2,\"name\":\"Alle b\u00f8ker\",\"item\":\"https:\/\/staging.forenteforlag.no\/dreyers\/butikk\/\"},{\"@type\":\"ListItem\",\"position\":3,\"name\":\"Sonderbehandlung\"}]},{\"@type\":\"WebSite\",\"@id\":\"https:\/\/staging.forenteforlag.no\/dreyers\/#website\",\"url\":\"https:\/\/staging.forenteforlag.no\/dreyers\/\",\"name\":\"Dreyers Forlag\",\"description\":\"\",\"potentialAction\":[{\"@type\":\"SearchAction\",\"target\":{\"@type\":\"EntryPoint\",\"urlTemplate\":\"https:\/\/staging.forenteforlag.no\/dreyers\/?s={search_term_string}\"},\"query-input\":{\"@type\":\"PropertyValueSpecification\",\"valueRequired\":true,\"valueName\":\"search_term_string\"}}],\"inLanguage\":\"nb-NO\"}]}<\/script>\n<!-- \/ Yoast SEO plugin. -->","yoast_head_json":{"title":"Sonderbehandlung - Dreyers Forlag","robots":{"index":"noindex","follow":"follow","max-snippet":"max-snippet:-1","max-image-preview":"max-image-preview:large","max-video-preview":"max-video-preview:-1"},"og_locale":"nb_NO","og_type":"article","og_title":"Sonderbehandlung - Dreyers Forlag","og_description":"Filip M\u00fcller ble i midten av april 1942 deportert til konsentrasjonsleiren Auschwitz i en av de f\u00f8rste transportene med j\u00f8diske menn fra Slovakia. Av de 1000 menneskene i transporten overlevde anslagsvis bare ti personer. Noen uker etter ankomsten til Auschwitz, ble han som et straffetiltak plassert i den beryktede kommandoen knyttet til leirens gasskamre, kalt [&hellip;]","og_url":"https:\/\/staging.forenteforlag.no\/dreyers\/produkt\/sonderbehandlung-2\/","og_site_name":"Dreyers Forlag","article_modified_time":"2025-09-23T13:37:15+00:00","og_image":[{"width":444,"height":617,"url":"https:\/\/staging.forenteforlag.no\/dreyers\/wp-content\/uploads\/sites\/2\/2025\/08\/jpg-5411.jpg","type":"image\/jpeg"}],"twitter_card":"summary_large_image","twitter_misc":{"Ansl. lesetid":"2 minutter"},"schema":{"@context":"https:\/\/schema.org","@graph":[{"@type":"WebPage","@id":"https:\/\/staging.forenteforlag.no\/dreyers\/produkt\/sonderbehandlung-2\/","url":"https:\/\/staging.forenteforlag.no\/dreyers\/produkt\/sonderbehandlung-2\/","name":"Sonderbehandlung - Dreyers Forlag","isPartOf":{"@id":"https:\/\/staging.forenteforlag.no\/dreyers\/#website"},"primaryImageOfPage":{"@id":"https:\/\/staging.forenteforlag.no\/dreyers\/produkt\/sonderbehandlung-2\/#primaryimage"},"image":{"@id":"https:\/\/staging.forenteforlag.no\/dreyers\/produkt\/sonderbehandlung-2\/#primaryimage"},"thumbnailUrl":"https:\/\/staging.forenteforlag.no\/dreyers\/wp-content\/uploads\/sites\/2\/2025\/08\/jpg-5411.jpg","datePublished":"2022-03-29T00:00:00+00:00","dateModified":"2025-09-23T13:37:15+00:00","breadcrumb":{"@id":"https:\/\/staging.forenteforlag.no\/dreyers\/produkt\/sonderbehandlung-2\/#breadcrumb"},"inLanguage":"nb-NO","potentialAction":[{"@type":"ReadAction","target":["https:\/\/staging.forenteforlag.no\/dreyers\/produkt\/sonderbehandlung-2\/"]}]},{"@type":"ImageObject","inLanguage":"nb-NO","@id":"https:\/\/staging.forenteforlag.no\/dreyers\/produkt\/sonderbehandlung-2\/#primaryimage","url":"https:\/\/staging.forenteforlag.no\/dreyers\/wp-content\/uploads\/sites\/2\/2025\/08\/jpg-5411.jpg","contentUrl":"https:\/\/staging.forenteforlag.no\/dreyers\/wp-content\/uploads\/sites\/2\/2025\/08\/jpg-5411.jpg","width":444,"height":617},{"@type":"BreadcrumbList","@id":"https:\/\/staging.forenteforlag.no\/dreyers\/produkt\/sonderbehandlung-2\/#breadcrumb","itemListElement":[{"@type":"ListItem","position":1,"name":"Hjem","item":"https:\/\/staging.forenteforlag.no\/dreyers\/"},{"@type":"ListItem","position":2,"name":"Alle b\u00f8ker","item":"https:\/\/staging.forenteforlag.no\/dreyers\/butikk\/"},{"@type":"ListItem","position":3,"name":"Sonderbehandlung"}]},{"@type":"WebSite","@id":"https:\/\/staging.forenteforlag.no\/dreyers\/#website","url":"https:\/\/staging.forenteforlag.no\/dreyers\/","name":"Dreyers Forlag","description":"","potentialAction":[{"@type":"SearchAction","target":{"@type":"EntryPoint","urlTemplate":"https:\/\/staging.forenteforlag.no\/dreyers\/?s={search_term_string}"},"query-input":{"@type":"PropertyValueSpecification","valueRequired":true,"valueName":"search_term_string"}}],"inLanguage":"nb-NO"}]}},"_links":{"self":[{"href":"https:\/\/staging.forenteforlag.no\/dreyers\/wp-json\/wp\/v2\/product\/21213","targetHints":{"allow":["GET"]}}],"collection":[{"href":"https:\/\/staging.forenteforlag.no\/dreyers\/wp-json\/wp\/v2\/product"}],"about":[{"href":"https:\/\/staging.forenteforlag.no\/dreyers\/wp-json\/wp\/v2\/types\/product"}],"wp:featuredmedia":[{"embeddable":true,"href":"https:\/\/staging.forenteforlag.no\/dreyers\/wp-json\/wp\/v2\/media\/24005"}],"wp:attachment":[{"href":"https:\/\/staging.forenteforlag.no\/dreyers\/wp-json\/wp\/v2\/media?parent=21213"}],"wp:term":[{"taxonomy":"product_brand","embeddable":true,"href":"https:\/\/staging.forenteforlag.no\/dreyers\/wp-json\/wp\/v2\/product_brand?post=21213"},{"taxonomy":"product_cat","embeddable":true,"href":"https:\/\/staging.forenteforlag.no\/dreyers\/wp-json\/wp\/v2\/product_cat?post=21213"},{"taxonomy":"product_tag","embeddable":true,"href":"https:\/\/staging.forenteforlag.no\/dreyers\/wp-json\/wp\/v2\/product_tag?post=21213"}],"curies":[{"name":"wp","href":"https:\/\/api.w.org\/{rel}","templated":true}]}}

<p>Filip Müller ble i midten av april 1942 deportert til konsentrasjonsleiren Auschwitz i en av de første transportene med jødiske menn fra Slovakia. Av de 1000 menneskene i transporten overlevde anslagsvis bare ti personer. Noen uker etter ankomsten til Auschwitz, ble han som et straffetiltak plassert i den beryktede kommandoen knyttet til leirens gasskamre, kalt «Sonderkommando». </p>
<p>Sonderbehandlung var i Tyskland i 1979 den første erindringsfortellingen av et øyenvitne som daglig hadde opplevd masseutslettelsen i krematoriene og gasskamrene i Auschwitz-Birkenau, som fange i den jødiske spesialkommandoen. Den var på det tidspunktet også den eneste beretningen fra en overlevende. Boka skildret hendelsene han var vitne til over et tidsrom på 32 måneder. </p>
<p>Müllers gripende fortelling begynner der andre ofres fortelling sluttet: i avkledningsrommene, i gasskamrene, på eksekusjonsstedene, i forbrenningsrommene og i massegravene, altså i «dødssonene». Blant fangene var det bare noen få innvidde, med den eufemistiske betegnelsen «spesialkommando», som hadde fullt innsyn i disse dødssonene.</p>

<p>Filip Müller ble i midten av april 1942 deportert til konsentrasjonsleiren Auschwitz i en av de første transportene med jødiske menn fra Slovakia. Av de 1000 menneskene i transporten overlevde anslagsvis bare ti personer. Noen uker etter ankomsten til Auschwitz, ble han som et straffetiltak plassert i den beryktede kommandoen knyttet til leirens gasskamre, kalt [&hellip;]</p>

<!-- This site is optimized with the Yoast SEO plugin v26.6 - https://yoast.com/wordpress/plugins/seo/ -->
<title>Sonderbehandlung - Dreyers Forlag</title>
<meta name="robots" content="noindex, follow, max-snippet:-1, max-image-preview:large, max-video-preview:-1" />
<meta property="og:locale" content="nb_NO" />
<meta property="og:type" content="article" />
<meta property="og:title" content="Sonderbehandlung - Dreyers Forlag" />
<meta property="og:description" content="Filip Müller ble i midten av april 1942 deportert til konsentrasjonsleiren Auschwitz i en av de første transportene med jødiske menn fra Slovakia. Av de 1000 menneskene i transporten overlevde anslagsvis bare ti personer. Noen uker etter ankomsten til Auschwitz, ble han som et straffetiltak plassert i den beryktede kommandoen knyttet til leirens gasskamre, kalt [&hellip;]" />
<meta property="og:url" content="https://staging.forenteforlag.no/dreyers/produkt/sonderbehandlung-2/" />
<meta property="og:site_name" content="Dreyers Forlag" />
<meta property="article:modified_time" content="2025-09-23T13:37:15+00:00" />
<meta property="og:image" content="https://staging.forenteforlag.no/dreyers/wp-content/uploads/sites/2/2025/08/jpg-5411.jpg" />
	<meta property="og:image:width" content="444" />
	<meta property="og:image:height" content="617" />
	<meta property="og:image:type" content="image/jpeg" />
<meta name="twitter:card" content="summary_large_image" />
<meta name="twitter:label1" content="Ansl. lesetid" />
	<meta name="twitter:data1" content="2 minutter" />
<script type="application/ld+json" class="yoast-schema-graph">{"@context":"https://schema.org","@graph":[{"@type":"WebPage","@id":"https://staging.forenteforlag.no/dreyers/produkt/sonderbehandlung-2/","url":"https://staging.forenteforlag.no/dreyers/produkt/sonderbehandlung-2/","name":"Sonderbehandlung - Dreyers Forlag","isPartOf":{"@id":"https://staging.forenteforlag.no/dreyers/#website"},"primaryImageOfPage":{"@id":"https://staging.forenteforlag.no/dreyers/produkt/sonderbehandlung-2/#primaryimage"},"image":{"@id":"https://staging.forenteforlag.no/dreyers/produkt/sonderbehandlung-2/#primaryimage"},"thumbnailUrl":"https://staging.forenteforlag.no/dreyers/wp-content/uploads/sites/2/2025/08/jpg-5411.jpg","datePublished":"2022-03-29T00:00:00+00:00","dateModified":"2025-09-23T13:37:15+00:00","breadcrumb":{"@id":"https://staging.forenteforlag.no/dreyers/produkt/sonderbehandlung-2/#breadcrumb"},"inLanguage":"nb-NO","potentialAction":[{"@type":"ReadAction","target":["https://staging.forenteforlag.no/dreyers/produkt/sonderbehandlung-2/"]}]},{"@type":"ImageObject","inLanguage":"nb-NO","@id":"https://staging.forenteforlag.no/dreyers/produkt/sonderbehandlung-2/#primaryimage","url":"https://staging.forenteforlag.no/dreyers/wp-content/uploads/sites/2/2025/08/jpg-5411.jpg","contentUrl":"https://staging.forenteforlag.no/dreyers/wp-content/uploads/sites/2/2025/08/jpg-5411.jpg","width":444,"height":617},{"@type":"BreadcrumbList","@id":"https://staging.forenteforlag.no/dreyers/produkt/sonderbehandlung-2/#breadcrumb","itemListElement":[{"@type":"ListItem","position":1,"name":"Hjem","item":"https://staging.forenteforlag.no/dreyers/"},{"@type":"ListItem","position":2,"name":"Alle bøker","item":"https://staging.forenteforlag.no/dreyers/butikk/"},{"@type":"ListItem","position":3,"name":"Sonderbehandlung"}]},{"@type":"WebSite","@id":"https://staging.forenteforlag.no/dreyers/#website","url":"https://staging.forenteforlag.no/dreyers/","name":"Dreyers Forlag","description":"","potentialAction":[{"@type":"SearchAction","target":{"@type":"EntryPoint","urlTemplate":"https://staging.forenteforlag.no/dreyers/?s={search_term_string}"},"query-input":{"@type":"PropertyValueSpecification","valueRequired":true,"valueName":"search_term_string"}}],"inLanguage":"nb-NO"}]}</script>
<!-- / Yoast SEO plugin. -->

Filip Müller ble i midten av april 1942 deportert til konsentrasjonsleiren Auschwitz i en av de første transportene med jødiske menn fra Slovakia. Av de 1000 menneskene i transporten overlevde anslagsvis bare ti personer. Noen uker etter ankomsten til Auschwitz, ble han som et straffetiltak plassert i den beryktede kommandoen knyttet til leirens gasskamre, kalt [&hellip;]

Alle bøker
