{"id":21209,"date":"2022-07-21T02:00:00","date_gmt":"2022-07-21T00:00:00","guid":{"rendered":"https:\/\/dreyersforlag.forenteforlag.no\/produkt\/wilhelm-dreesen\/"},"modified":"2025-09-03T15:19:50","modified_gmt":"2025-09-03T13:19:50","slug":"wilhelm-dreesen","status":"publish","type":"product","link":"https:\/\/staging.forenteforlag.no\/dreyers\/produkt\/wilhelm-dreesen\/","title":{"rendered":"Wilhelm Dreesen"},"content":{"rendered":"<p>Wilhelm Dreesen (1840-1926) var til \u00e5 begynne med en suksessrik portrettfotograf, f\u00f8r han tok opp landskapsfotografi, s\u00e5 snart den tekniske utviklingen \u00e5pnet for b\u00e6rbare kameraer og kortere eksponeringstider. Dreesen ble snart regnet som en av pionerene innen kunstfotografiet i Tyskland, og han deltok p\u00e5 internasjonale utstillinger og vant utallige priser.<\/p>\n<p>Fra 1887 var han \u00abHof-Photograph\u00bb, og han visste \u00e5 utnytte ber\u00f8mmelsen. Samme \u00e5r inngikk han en kontrakt med Hamburg-Amerikalinjen (HAPAG) og reiste heretter gratis rundt p\u00e5 verdenshavene p\u00e5 deres passasjerskip. Som motytelse lot han HAPAG bruke hans fotografier i reklame\u00f8yemed og han ble dermed den f\u00f8rste \u00abinfluenseren\u00bb. Pressen skrev om reisene hans, b\u00f8ker ble utgitt og bildene hans vakte reiselysten. Fra 1891 utga han postkort og bildekort til de popul\u00e6re stereografene, og p\u00e5kostede bildealbum som solgte meget godt i hele Tyskland. Dermed vokste b\u00e5de Dreesens ber\u00f8mmelse og velstand. Bildene hans av norske isbreer og fjorder preget i flere \u00e5rtier bildet av Norge og bidro vesentlig til \u00e5 \u00e5pne landet for turismen.<\/p>\n<p>Etter f\u00f8rste verdenskrig mistet Dreesen sin formue i inflasjonen, og han d\u00f8de i 1926 under enkle forhold i Flensburg. Hans verk ble glemt. Denne monografien er utgitt i anledning av den f\u00f8rste omfattende retrospektive utstillingen tilegnet kunstneren Wilhelm Dreesen i Museumsberg Flensburg og Norsk Reiselivsmuseum i Balestrand.<\/p>\n<p>Har b\u00e5de norsk og tysk tekst.<\/p>\n","protected":false},"excerpt":{"rendered":"<p>Wilhelm Dreesen (1840-1926) var til \u00e5 begynne med en suksessrik portrettfotograf, f\u00f8r han tok opp landskapsfotografi, s\u00e5 snart den tekniske utviklingen \u00e5pnet for b\u00e6rbare kameraer og kortere eksponeringstider. Dreesen ble snart regnet som en av pionerene innen kunstfotografiet i Tyskland, og han deltok p\u00e5 internasjonale utstillinger og vant utallige priser. Fra 1887 var han \u00abHof-Photograph\u00bb, [&hellip;]<\/p>\n","protected":false},"featured_media":24310,"template":"","meta":{"_acf_changed":false,"inline_featured_image":false},"product_brand":[],"product_cat":[20,1785],"product_tag":[453,399,362,542,439,911,417],"class_list":{"0":"post-21209","1":"product","2":"type-product","3":"status-publish","4":"has-post-thumbnail","6":"product_cat-biografier-og-memoarer","7":"product_cat-fripris","8":"product_tag-1850-1899","9":"product_tag-1900-1945","10":"product_tag-faglitteratur","11":"product_tag-fotokunst","12":"product_tag-nord-norge","13":"product_tag-ost-tyskland","14":"product_tag-selvbiografier","15":"pa_format-innbundet","17":"first","18":"instock","19":"shipping-taxable","20":"purchasable","21":"product-type-simple"},"acf":{"anmeldelse":null},"yoast_head":"<!-- This site is optimized with the Yoast SEO plugin v26.6 - https:\/\/yoast.com\/wordpress\/plugins\/seo\/ -->\n<title>Wilhelm Dreesen - Dreyers Forlag<\/title>\n<meta name=\"robots\" content=\"noindex, follow, max-snippet:-1, max-image-preview:large, max-video-preview:-1\" \/>\n<meta property=\"og:locale\" content=\"nb_NO\" \/>\n<meta property=\"og:type\" content=\"article\" \/>\n<meta property=\"og:title\" content=\"Wilhelm Dreesen - Dreyers Forlag\" \/>\n<meta property=\"og:description\" content=\"Wilhelm Dreesen (1840-1926) var til \u00e5 begynne med en suksessrik portrettfotograf, f\u00f8r han tok opp landskapsfotografi, s\u00e5 snart den tekniske utviklingen \u00e5pnet for b\u00e6rbare kameraer og kortere eksponeringstider. Dreesen ble snart regnet som en av pionerene innen kunstfotografiet i Tyskland, og han deltok p\u00e5 internasjonale utstillinger og vant utallige priser. Fra 1887 var han \u00abHof-Photograph\u00bb, [&hellip;]\" \/>\n<meta property=\"og:url\" content=\"https:\/\/staging.forenteforlag.no\/dreyers\/produkt\/wilhelm-dreesen\/\" \/>\n<meta property=\"og:site_name\" content=\"Dreyers Forlag\" \/>\n<meta property=\"article:modified_time\" content=\"2025-09-03T13:19:50+00:00\" \/>\n<meta property=\"og:image\" content=\"https:\/\/staging.forenteforlag.no\/dreyers\/wp-content\/uploads\/sites\/2\/2025\/08\/jpg-8271.jpg\" \/>\n\t<meta property=\"og:image:width\" content=\"700\" \/>\n\t<meta property=\"og:image:height\" content=\"687\" \/>\n\t<meta property=\"og:image:type\" content=\"image\/jpeg\" \/>\n<meta name=\"twitter:card\" content=\"summary_large_image\" \/>\n<meta name=\"twitter:label1\" content=\"Ansl. lesetid\" \/>\n\t<meta name=\"twitter:data1\" content=\"1 minutt\" \/>\n<script type=\"application\/ld+json\" class=\"yoast-schema-graph\">{\"@context\":\"https:\/\/schema.org\",\"@graph\":[{\"@type\":\"WebPage\",\"@id\":\"https:\/\/staging.forenteforlag.no\/dreyers\/produkt\/wilhelm-dreesen\/\",\"url\":\"https:\/\/staging.forenteforlag.no\/dreyers\/produkt\/wilhelm-dreesen\/\",\"name\":\"Wilhelm Dreesen - Dreyers Forlag\",\"isPartOf\":{\"@id\":\"https:\/\/staging.forenteforlag.no\/dreyers\/#website\"},\"primaryImageOfPage\":{\"@id\":\"https:\/\/staging.forenteforlag.no\/dreyers\/produkt\/wilhelm-dreesen\/#primaryimage\"},\"image\":{\"@id\":\"https:\/\/staging.forenteforlag.no\/dreyers\/produkt\/wilhelm-dreesen\/#primaryimage\"},\"thumbnailUrl\":\"https:\/\/staging.forenteforlag.no\/dreyers\/wp-content\/uploads\/sites\/2\/2025\/08\/jpg-8271.jpg\",\"datePublished\":\"2022-07-21T00:00:00+00:00\",\"dateModified\":\"2025-09-03T13:19:50+00:00\",\"breadcrumb\":{\"@id\":\"https:\/\/staging.forenteforlag.no\/dreyers\/produkt\/wilhelm-dreesen\/#breadcrumb\"},\"inLanguage\":\"nb-NO\",\"potentialAction\":[{\"@type\":\"ReadAction\",\"target\":[\"https:\/\/staging.forenteforlag.no\/dreyers\/produkt\/wilhelm-dreesen\/\"]}]},{\"@type\":\"ImageObject\",\"inLanguage\":\"nb-NO\",\"@id\":\"https:\/\/staging.forenteforlag.no\/dreyers\/produkt\/wilhelm-dreesen\/#primaryimage\",\"url\":\"https:\/\/staging.forenteforlag.no\/dreyers\/wp-content\/uploads\/sites\/2\/2025\/08\/jpg-8271.jpg\",\"contentUrl\":\"https:\/\/staging.forenteforlag.no\/dreyers\/wp-content\/uploads\/sites\/2\/2025\/08\/jpg-8271.jpg\",\"width\":700,\"height\":687},{\"@type\":\"BreadcrumbList\",\"@id\":\"https:\/\/staging.forenteforlag.no\/dreyers\/produkt\/wilhelm-dreesen\/#breadcrumb\",\"itemListElement\":[{\"@type\":\"ListItem\",\"position\":1,\"name\":\"Hjem\",\"item\":\"https:\/\/staging.forenteforlag.no\/dreyers\/\"},{\"@type\":\"ListItem\",\"position\":2,\"name\":\"Alle b\u00f8ker\",\"item\":\"https:\/\/staging.forenteforlag.no\/dreyers\/butikk\/\"},{\"@type\":\"ListItem\",\"position\":3,\"name\":\"Wilhelm Dreesen\"}]},{\"@type\":\"WebSite\",\"@id\":\"https:\/\/staging.forenteforlag.no\/dreyers\/#website\",\"url\":\"https:\/\/staging.forenteforlag.no\/dreyers\/\",\"name\":\"Dreyers Forlag\",\"description\":\"\",\"potentialAction\":[{\"@type\":\"SearchAction\",\"target\":{\"@type\":\"EntryPoint\",\"urlTemplate\":\"https:\/\/staging.forenteforlag.no\/dreyers\/?s={search_term_string}\"},\"query-input\":{\"@type\":\"PropertyValueSpecification\",\"valueRequired\":true,\"valueName\":\"search_term_string\"}}],\"inLanguage\":\"nb-NO\"}]}<\/script>\n<!-- \/ Yoast SEO plugin. -->","yoast_head_json":{"title":"Wilhelm Dreesen - Dreyers Forlag","robots":{"index":"noindex","follow":"follow","max-snippet":"max-snippet:-1","max-image-preview":"max-image-preview:large","max-video-preview":"max-video-preview:-1"},"og_locale":"nb_NO","og_type":"article","og_title":"Wilhelm Dreesen - Dreyers Forlag","og_description":"Wilhelm Dreesen (1840-1926) var til \u00e5 begynne med en suksessrik portrettfotograf, f\u00f8r han tok opp landskapsfotografi, s\u00e5 snart den tekniske utviklingen \u00e5pnet for b\u00e6rbare kameraer og kortere eksponeringstider. Dreesen ble snart regnet som en av pionerene innen kunstfotografiet i Tyskland, og han deltok p\u00e5 internasjonale utstillinger og vant utallige priser. Fra 1887 var han \u00abHof-Photograph\u00bb, [&hellip;]","og_url":"https:\/\/staging.forenteforlag.no\/dreyers\/produkt\/wilhelm-dreesen\/","og_site_name":"Dreyers Forlag","article_modified_time":"2025-09-03T13:19:50+00:00","og_image":[{"width":700,"height":687,"url":"https:\/\/staging.forenteforlag.no\/dreyers\/wp-content\/uploads\/sites\/2\/2025\/08\/jpg-8271.jpg","type":"image\/jpeg"}],"twitter_card":"summary_large_image","twitter_misc":{"Ansl. lesetid":"1 minutt"},"schema":{"@context":"https:\/\/schema.org","@graph":[{"@type":"WebPage","@id":"https:\/\/staging.forenteforlag.no\/dreyers\/produkt\/wilhelm-dreesen\/","url":"https:\/\/staging.forenteforlag.no\/dreyers\/produkt\/wilhelm-dreesen\/","name":"Wilhelm Dreesen - Dreyers Forlag","isPartOf":{"@id":"https:\/\/staging.forenteforlag.no\/dreyers\/#website"},"primaryImageOfPage":{"@id":"https:\/\/staging.forenteforlag.no\/dreyers\/produkt\/wilhelm-dreesen\/#primaryimage"},"image":{"@id":"https:\/\/staging.forenteforlag.no\/dreyers\/produkt\/wilhelm-dreesen\/#primaryimage"},"thumbnailUrl":"https:\/\/staging.forenteforlag.no\/dreyers\/wp-content\/uploads\/sites\/2\/2025\/08\/jpg-8271.jpg","datePublished":"2022-07-21T00:00:00+00:00","dateModified":"2025-09-03T13:19:50+00:00","breadcrumb":{"@id":"https:\/\/staging.forenteforlag.no\/dreyers\/produkt\/wilhelm-dreesen\/#breadcrumb"},"inLanguage":"nb-NO","potentialAction":[{"@type":"ReadAction","target":["https:\/\/staging.forenteforlag.no\/dreyers\/produkt\/wilhelm-dreesen\/"]}]},{"@type":"ImageObject","inLanguage":"nb-NO","@id":"https:\/\/staging.forenteforlag.no\/dreyers\/produkt\/wilhelm-dreesen\/#primaryimage","url":"https:\/\/staging.forenteforlag.no\/dreyers\/wp-content\/uploads\/sites\/2\/2025\/08\/jpg-8271.jpg","contentUrl":"https:\/\/staging.forenteforlag.no\/dreyers\/wp-content\/uploads\/sites\/2\/2025\/08\/jpg-8271.jpg","width":700,"height":687},{"@type":"BreadcrumbList","@id":"https:\/\/staging.forenteforlag.no\/dreyers\/produkt\/wilhelm-dreesen\/#breadcrumb","itemListElement":[{"@type":"ListItem","position":1,"name":"Hjem","item":"https:\/\/staging.forenteforlag.no\/dreyers\/"},{"@type":"ListItem","position":2,"name":"Alle b\u00f8ker","item":"https:\/\/staging.forenteforlag.no\/dreyers\/butikk\/"},{"@type":"ListItem","position":3,"name":"Wilhelm Dreesen"}]},{"@type":"WebSite","@id":"https:\/\/staging.forenteforlag.no\/dreyers\/#website","url":"https:\/\/staging.forenteforlag.no\/dreyers\/","name":"Dreyers Forlag","description":"","potentialAction":[{"@type":"SearchAction","target":{"@type":"EntryPoint","urlTemplate":"https:\/\/staging.forenteforlag.no\/dreyers\/?s={search_term_string}"},"query-input":{"@type":"PropertyValueSpecification","valueRequired":true,"valueName":"search_term_string"}}],"inLanguage":"nb-NO"}]}},"_links":{"self":[{"href":"https:\/\/staging.forenteforlag.no\/dreyers\/wp-json\/wp\/v2\/product\/21209","targetHints":{"allow":["GET"]}}],"collection":[{"href":"https:\/\/staging.forenteforlag.no\/dreyers\/wp-json\/wp\/v2\/product"}],"about":[{"href":"https:\/\/staging.forenteforlag.no\/dreyers\/wp-json\/wp\/v2\/types\/product"}],"wp:featuredmedia":[{"embeddable":true,"href":"https:\/\/staging.forenteforlag.no\/dreyers\/wp-json\/wp\/v2\/media\/24310"}],"wp:attachment":[{"href":"https:\/\/staging.forenteforlag.no\/dreyers\/wp-json\/wp\/v2\/media?parent=21209"}],"wp:term":[{"taxonomy":"product_brand","embeddable":true,"href":"https:\/\/staging.forenteforlag.no\/dreyers\/wp-json\/wp\/v2\/product_brand?post=21209"},{"taxonomy":"product_cat","embeddable":true,"href":"https:\/\/staging.forenteforlag.no\/dreyers\/wp-json\/wp\/v2\/product_cat?post=21209"},{"taxonomy":"product_tag","embeddable":true,"href":"https:\/\/staging.forenteforlag.no\/dreyers\/wp-json\/wp\/v2\/product_tag?post=21209"}],"curies":[{"name":"wp","href":"https:\/\/api.w.org\/{rel}","templated":true}]}}

<p>Wilhelm Dreesen (1840-1926) var til å begynne med en suksessrik portrettfotograf, før han tok opp landskapsfotografi, så snart den tekniske utviklingen åpnet for bærbare kameraer og kortere eksponeringstider. Dreesen ble snart regnet som en av pionerene innen kunstfotografiet i Tyskland, og han deltok på internasjonale utstillinger og vant utallige priser.</p>
<p>Fra 1887 var han «Hof-Photograph», og han visste å utnytte berømmelsen. Samme år inngikk han en kontrakt med Hamburg-Amerikalinjen (HAPAG) og reiste heretter gratis rundt på verdenshavene på deres passasjerskip. Som motytelse lot han HAPAG bruke hans fotografier i reklameøyemed og han ble dermed den første «influenseren». Pressen skrev om reisene hans, bøker ble utgitt og bildene hans vakte reiselysten. Fra 1891 utga han postkort og bildekort til de populære stereografene, og påkostede bildealbum som solgte meget godt i hele Tyskland. Dermed vokste både Dreesens berømmelse og velstand. Bildene hans av norske isbreer og fjorder preget i flere årtier bildet av Norge og bidro vesentlig til å åpne landet for turismen.</p>
<p>Etter første verdenskrig mistet Dreesen sin formue i inflasjonen, og han døde i 1926 under enkle forhold i Flensburg. Hans verk ble glemt. Denne monografien er utgitt i anledning av den første omfattende retrospektive utstillingen tilegnet kunstneren Wilhelm Dreesen i Museumsberg Flensburg og Norsk Reiselivsmuseum i Balestrand.</p>
<p>Har både norsk og tysk tekst.</p>

<p>Wilhelm Dreesen (1840-1926) var til å begynne med en suksessrik portrettfotograf, før han tok opp landskapsfotografi, så snart den tekniske utviklingen åpnet for bærbare kameraer og kortere eksponeringstider. Dreesen ble snart regnet som en av pionerene innen kunstfotografiet i Tyskland, og han deltok på internasjonale utstillinger og vant utallige priser. Fra 1887 var han «Hof-Photograph», [&hellip;]</p>

<!-- This site is optimized with the Yoast SEO plugin v26.6 - https://yoast.com/wordpress/plugins/seo/ -->
<title>Wilhelm Dreesen - Dreyers Forlag</title>
<meta name="robots" content="noindex, follow, max-snippet:-1, max-image-preview:large, max-video-preview:-1" />
<meta property="og:locale" content="nb_NO" />
<meta property="og:type" content="article" />
<meta property="og:title" content="Wilhelm Dreesen - Dreyers Forlag" />
<meta property="og:description" content="Wilhelm Dreesen (1840-1926) var til å begynne med en suksessrik portrettfotograf, før han tok opp landskapsfotografi, så snart den tekniske utviklingen åpnet for bærbare kameraer og kortere eksponeringstider. Dreesen ble snart regnet som en av pionerene innen kunstfotografiet i Tyskland, og han deltok på internasjonale utstillinger og vant utallige priser. Fra 1887 var han «Hof-Photograph», [&hellip;]" />
<meta property="og:url" content="https://staging.forenteforlag.no/dreyers/produkt/wilhelm-dreesen/" />
<meta property="og:site_name" content="Dreyers Forlag" />
<meta property="article:modified_time" content="2025-09-03T13:19:50+00:00" />
<meta property="og:image" content="https://staging.forenteforlag.no/dreyers/wp-content/uploads/sites/2/2025/08/jpg-8271.jpg" />
	<meta property="og:image:width" content="700" />
	<meta property="og:image:height" content="687" />
	<meta property="og:image:type" content="image/jpeg" />
<meta name="twitter:card" content="summary_large_image" />
<meta name="twitter:label1" content="Ansl. lesetid" />
	<meta name="twitter:data1" content="1 minutt" />
<script type="application/ld+json" class="yoast-schema-graph">{"@context":"https://schema.org","@graph":[{"@type":"WebPage","@id":"https://staging.forenteforlag.no/dreyers/produkt/wilhelm-dreesen/","url":"https://staging.forenteforlag.no/dreyers/produkt/wilhelm-dreesen/","name":"Wilhelm Dreesen - Dreyers Forlag","isPartOf":{"@id":"https://staging.forenteforlag.no/dreyers/#website"},"primaryImageOfPage":{"@id":"https://staging.forenteforlag.no/dreyers/produkt/wilhelm-dreesen/#primaryimage"},"image":{"@id":"https://staging.forenteforlag.no/dreyers/produkt/wilhelm-dreesen/#primaryimage"},"thumbnailUrl":"https://staging.forenteforlag.no/dreyers/wp-content/uploads/sites/2/2025/08/jpg-8271.jpg","datePublished":"2022-07-21T00:00:00+00:00","dateModified":"2025-09-03T13:19:50+00:00","breadcrumb":{"@id":"https://staging.forenteforlag.no/dreyers/produkt/wilhelm-dreesen/#breadcrumb"},"inLanguage":"nb-NO","potentialAction":[{"@type":"ReadAction","target":["https://staging.forenteforlag.no/dreyers/produkt/wilhelm-dreesen/"]}]},{"@type":"ImageObject","inLanguage":"nb-NO","@id":"https://staging.forenteforlag.no/dreyers/produkt/wilhelm-dreesen/#primaryimage","url":"https://staging.forenteforlag.no/dreyers/wp-content/uploads/sites/2/2025/08/jpg-8271.jpg","contentUrl":"https://staging.forenteforlag.no/dreyers/wp-content/uploads/sites/2/2025/08/jpg-8271.jpg","width":700,"height":687},{"@type":"BreadcrumbList","@id":"https://staging.forenteforlag.no/dreyers/produkt/wilhelm-dreesen/#breadcrumb","itemListElement":[{"@type":"ListItem","position":1,"name":"Hjem","item":"https://staging.forenteforlag.no/dreyers/"},{"@type":"ListItem","position":2,"name":"Alle bøker","item":"https://staging.forenteforlag.no/dreyers/butikk/"},{"@type":"ListItem","position":3,"name":"Wilhelm Dreesen"}]},{"@type":"WebSite","@id":"https://staging.forenteforlag.no/dreyers/#website","url":"https://staging.forenteforlag.no/dreyers/","name":"Dreyers Forlag","description":"","potentialAction":[{"@type":"SearchAction","target":{"@type":"EntryPoint","urlTemplate":"https://staging.forenteforlag.no/dreyers/?s={search_term_string}"},"query-input":{"@type":"PropertyValueSpecification","valueRequired":true,"valueName":"search_term_string"}}],"inLanguage":"nb-NO"}]}</script>
<!-- / Yoast SEO plugin. -->

Wilhelm Dreesen (1840-1926) var til å begynne med en suksessrik portrettfotograf, før han tok opp landskapsfotografi, så snart den tekniske utviklingen åpnet for bærbare kameraer og kortere eksponeringstider. Dreesen ble snart regnet som en av pionerene innen kunstfotografiet i Tyskland, og han deltok på internasjonale utstillinger og vant utallige priser. Fra 1887 var han «Hof-Photograph», [&hellip;]

Alle bøker
