{"id":21208,"date":"2022-08-18T02:00:00","date_gmt":"2022-08-18T00:00:00","guid":{"rendered":"https:\/\/dreyersforlag.forenteforlag.no\/produkt\/gul-aker-og-blatt-hav\/"},"modified":"2025-09-03T15:18:46","modified_gmt":"2025-09-03T13:18:46","slug":"gul-aker-og-blatt-hav","status":"publish","type":"product","link":"https:\/\/staging.forenteforlag.no\/dreyers\/produkt\/gul-aker-og-blatt-hav\/","title":{"rendered":"Gul \u00e5ker og bl\u00e5tt hav"},"content":{"rendered":"<p>Utover 1920-tallet og fram til 2. verdenskrig var Huseby-g\u00e5rden ved Gaulosen en av de st\u00f8rste arbeidsplassene innen jordbruket i S\u00f8r-Tr\u00f8ndelag. Storbonden Erik Huseby (1869-1943) etterfulgte faren som lensmann og ordf\u00f8rer, men fikk ogs\u00e5 .ere regionale og nasjonale tillitsverv innen datidens produsentsamvirke.<\/p>\n<p>Da firmaet I.C. Piene flyttet kornm\u00f8llen ut av Trondheim i 1878 til Hammerstranden i Buvika, fikk opprettelsen av industriarbeidsplasser ved Piene m\u00f8lle avgj\u00f8rende betydning for stedsutviklingen og utvandringen ble sterkt redusert.<\/p>\n<p>Den neste g\u00e5rdbrukeren, Olav Huseby (1928-2017) moderniserte g\u00e5rdsdriften utover 1950-tallet og gikk fra grasproduksjon og husdyrhold til kornproduksjon og ble kornbonde p\u00e5 Huseby.<\/p>\n<p>Florence Figenschow (1919-1981) vokste opp som v\u00e6reierdatter i fiskev\u00e6ret Torsv\u00e5g (70 grader nord) i Nord-Troms, men flyttet til Tr\u00f8ndelag p\u00e5 1950-tallet. Som ung var hun ansatt i firmaet DM Figenschow som eksporterte fisk til det engelske og tyske markedet, men mange \u00e5r senere, i 1956, giftet hun seg med en tr\u00f8ndersk odelsbonde.<\/p>\n<p>I denne boka lar forfatteren oss f\u00f8lge flere familier fra slutten av 1800-tallet i Tr\u00f8ndelag og delvis i Nord-Troms, ogs\u00e5 under 2. verdenskrig og i okkupasjons\u00e5rene gjennom store endringer i landbruket og bondens hverdag.<\/p>\n","protected":false},"excerpt":{"rendered":"<p>Utover 1920-tallet og fram til 2. verdenskrig var Huseby-g\u00e5rden ved Gaulosen en av de st\u00f8rste arbeidsplassene innen jordbruket i S\u00f8r-Tr\u00f8ndelag. Storbonden Erik Huseby (1869-1943) etterfulgte faren som lensmann og ordf\u00f8rer, men fikk ogs\u00e5 .ere regionale og nasjonale tillitsverv innen datidens produsentsamvirke. Da firmaet I.C. Piene flyttet kornm\u00f8llen ut av Trondheim i 1878 til Hammerstranden i [&hellip;]<\/p>\n","protected":false},"featured_media":24399,"template":"","meta":{"_acf_changed":false,"inline_featured_image":false},"product_brand":[],"product_cat":[38,1785,23],"product_tag":[453,441,362,535,525,1178],"class_list":{"0":"post-21208","1":"product","2":"type-product","3":"status-publish","4":"has-post-thumbnail","6":"product_cat-diverse-lokallitteratur","7":"product_cat-fripris","8":"product_cat-historie","9":"product_tag-1850-1899","10":"product_tag-1900-tallet","11":"product_tag-faglitteratur","12":"product_tag-gardsbruk","13":"product_tag-lokalhistorie","14":"product_tag-sor-trondelag","15":"pa_format-innbundet","17":"first","18":"instock","19":"shipping-taxable","20":"purchasable","21":"product-type-simple"},"acf":{"anmeldelse":null},"yoast_head":"<!-- This site is optimized with the Yoast SEO plugin v26.6 - https:\/\/yoast.com\/wordpress\/plugins\/seo\/ -->\n<title>Gul \u00e5ker og bl\u00e5tt hav - Dreyers Forlag<\/title>\n<meta name=\"robots\" content=\"noindex, follow, max-snippet:-1, max-image-preview:large, max-video-preview:-1\" \/>\n<meta property=\"og:locale\" content=\"nb_NO\" \/>\n<meta property=\"og:type\" content=\"article\" \/>\n<meta property=\"og:title\" content=\"Gul \u00e5ker og bl\u00e5tt hav - Dreyers Forlag\" \/>\n<meta property=\"og:description\" content=\"Utover 1920-tallet og fram til 2. verdenskrig var Huseby-g\u00e5rden ved Gaulosen en av de st\u00f8rste arbeidsplassene innen jordbruket i S\u00f8r-Tr\u00f8ndelag. Storbonden Erik Huseby (1869-1943) etterfulgte faren som lensmann og ordf\u00f8rer, men fikk ogs\u00e5 .ere regionale og nasjonale tillitsverv innen datidens produsentsamvirke. Da firmaet I.C. Piene flyttet kornm\u00f8llen ut av Trondheim i 1878 til Hammerstranden i [&hellip;]\" \/>\n<meta property=\"og:url\" content=\"https:\/\/staging.forenteforlag.no\/dreyers\/produkt\/gul-aker-og-blatt-hav\/\" \/>\n<meta property=\"og:site_name\" content=\"Dreyers Forlag\" \/>\n<meta property=\"article:modified_time\" content=\"2025-09-03T13:18:46+00:00\" \/>\n<meta property=\"og:image\" content=\"https:\/\/staging.forenteforlag.no\/dreyers\/wp-content\/uploads\/sites\/2\/2025\/08\/jpg-9030.jpg\" \/>\n\t<meta property=\"og:image:width\" content=\"421\" \/>\n\t<meta property=\"og:image:height\" content=\"613\" \/>\n\t<meta property=\"og:image:type\" content=\"image\/jpeg\" \/>\n<meta name=\"twitter:card\" content=\"summary_large_image\" \/>\n<meta name=\"twitter:label1\" content=\"Ansl. lesetid\" \/>\n\t<meta name=\"twitter:data1\" content=\"1 minutt\" \/>\n<script type=\"application\/ld+json\" class=\"yoast-schema-graph\">{\"@context\":\"https:\/\/schema.org\",\"@graph\":[{\"@type\":\"WebPage\",\"@id\":\"https:\/\/staging.forenteforlag.no\/dreyers\/produkt\/gul-aker-og-blatt-hav\/\",\"url\":\"https:\/\/staging.forenteforlag.no\/dreyers\/produkt\/gul-aker-og-blatt-hav\/\",\"name\":\"Gul \u00e5ker og bl\u00e5tt hav - Dreyers Forlag\",\"isPartOf\":{\"@id\":\"https:\/\/staging.forenteforlag.no\/dreyers\/#website\"},\"primaryImageOfPage\":{\"@id\":\"https:\/\/staging.forenteforlag.no\/dreyers\/produkt\/gul-aker-og-blatt-hav\/#primaryimage\"},\"image\":{\"@id\":\"https:\/\/staging.forenteforlag.no\/dreyers\/produkt\/gul-aker-og-blatt-hav\/#primaryimage\"},\"thumbnailUrl\":\"https:\/\/staging.forenteforlag.no\/dreyers\/wp-content\/uploads\/sites\/2\/2025\/08\/jpg-9030.jpg\",\"datePublished\":\"2022-08-18T00:00:00+00:00\",\"dateModified\":\"2025-09-03T13:18:46+00:00\",\"breadcrumb\":{\"@id\":\"https:\/\/staging.forenteforlag.no\/dreyers\/produkt\/gul-aker-og-blatt-hav\/#breadcrumb\"},\"inLanguage\":\"nb-NO\",\"potentialAction\":[{\"@type\":\"ReadAction\",\"target\":[\"https:\/\/staging.forenteforlag.no\/dreyers\/produkt\/gul-aker-og-blatt-hav\/\"]}]},{\"@type\":\"ImageObject\",\"inLanguage\":\"nb-NO\",\"@id\":\"https:\/\/staging.forenteforlag.no\/dreyers\/produkt\/gul-aker-og-blatt-hav\/#primaryimage\",\"url\":\"https:\/\/staging.forenteforlag.no\/dreyers\/wp-content\/uploads\/sites\/2\/2025\/08\/jpg-9030.jpg\",\"contentUrl\":\"https:\/\/staging.forenteforlag.no\/dreyers\/wp-content\/uploads\/sites\/2\/2025\/08\/jpg-9030.jpg\",\"width\":421,\"height\":613},{\"@type\":\"BreadcrumbList\",\"@id\":\"https:\/\/staging.forenteforlag.no\/dreyers\/produkt\/gul-aker-og-blatt-hav\/#breadcrumb\",\"itemListElement\":[{\"@type\":\"ListItem\",\"position\":1,\"name\":\"Hjem\",\"item\":\"https:\/\/staging.forenteforlag.no\/dreyers\/\"},{\"@type\":\"ListItem\",\"position\":2,\"name\":\"Alle b\u00f8ker\",\"item\":\"https:\/\/staging.forenteforlag.no\/dreyers\/butikk\/\"},{\"@type\":\"ListItem\",\"position\":3,\"name\":\"Gul \u00e5ker og bl\u00e5tt hav\"}]},{\"@type\":\"WebSite\",\"@id\":\"https:\/\/staging.forenteforlag.no\/dreyers\/#website\",\"url\":\"https:\/\/staging.forenteforlag.no\/dreyers\/\",\"name\":\"Dreyers Forlag\",\"description\":\"\",\"potentialAction\":[{\"@type\":\"SearchAction\",\"target\":{\"@type\":\"EntryPoint\",\"urlTemplate\":\"https:\/\/staging.forenteforlag.no\/dreyers\/?s={search_term_string}\"},\"query-input\":{\"@type\":\"PropertyValueSpecification\",\"valueRequired\":true,\"valueName\":\"search_term_string\"}}],\"inLanguage\":\"nb-NO\"}]}<\/script>\n<!-- \/ Yoast SEO plugin. -->","yoast_head_json":{"title":"Gul \u00e5ker og bl\u00e5tt hav - Dreyers Forlag","robots":{"index":"noindex","follow":"follow","max-snippet":"max-snippet:-1","max-image-preview":"max-image-preview:large","max-video-preview":"max-video-preview:-1"},"og_locale":"nb_NO","og_type":"article","og_title":"Gul \u00e5ker og bl\u00e5tt hav - Dreyers Forlag","og_description":"Utover 1920-tallet og fram til 2. verdenskrig var Huseby-g\u00e5rden ved Gaulosen en av de st\u00f8rste arbeidsplassene innen jordbruket i S\u00f8r-Tr\u00f8ndelag. Storbonden Erik Huseby (1869-1943) etterfulgte faren som lensmann og ordf\u00f8rer, men fikk ogs\u00e5 .ere regionale og nasjonale tillitsverv innen datidens produsentsamvirke. Da firmaet I.C. Piene flyttet kornm\u00f8llen ut av Trondheim i 1878 til Hammerstranden i [&hellip;]","og_url":"https:\/\/staging.forenteforlag.no\/dreyers\/produkt\/gul-aker-og-blatt-hav\/","og_site_name":"Dreyers Forlag","article_modified_time":"2025-09-03T13:18:46+00:00","og_image":[{"width":421,"height":613,"url":"https:\/\/staging.forenteforlag.no\/dreyers\/wp-content\/uploads\/sites\/2\/2025\/08\/jpg-9030.jpg","type":"image\/jpeg"}],"twitter_card":"summary_large_image","twitter_misc":{"Ansl. lesetid":"1 minutt"},"schema":{"@context":"https:\/\/schema.org","@graph":[{"@type":"WebPage","@id":"https:\/\/staging.forenteforlag.no\/dreyers\/produkt\/gul-aker-og-blatt-hav\/","url":"https:\/\/staging.forenteforlag.no\/dreyers\/produkt\/gul-aker-og-blatt-hav\/","name":"Gul \u00e5ker og bl\u00e5tt hav - Dreyers Forlag","isPartOf":{"@id":"https:\/\/staging.forenteforlag.no\/dreyers\/#website"},"primaryImageOfPage":{"@id":"https:\/\/staging.forenteforlag.no\/dreyers\/produkt\/gul-aker-og-blatt-hav\/#primaryimage"},"image":{"@id":"https:\/\/staging.forenteforlag.no\/dreyers\/produkt\/gul-aker-og-blatt-hav\/#primaryimage"},"thumbnailUrl":"https:\/\/staging.forenteforlag.no\/dreyers\/wp-content\/uploads\/sites\/2\/2025\/08\/jpg-9030.jpg","datePublished":"2022-08-18T00:00:00+00:00","dateModified":"2025-09-03T13:18:46+00:00","breadcrumb":{"@id":"https:\/\/staging.forenteforlag.no\/dreyers\/produkt\/gul-aker-og-blatt-hav\/#breadcrumb"},"inLanguage":"nb-NO","potentialAction":[{"@type":"ReadAction","target":["https:\/\/staging.forenteforlag.no\/dreyers\/produkt\/gul-aker-og-blatt-hav\/"]}]},{"@type":"ImageObject","inLanguage":"nb-NO","@id":"https:\/\/staging.forenteforlag.no\/dreyers\/produkt\/gul-aker-og-blatt-hav\/#primaryimage","url":"https:\/\/staging.forenteforlag.no\/dreyers\/wp-content\/uploads\/sites\/2\/2025\/08\/jpg-9030.jpg","contentUrl":"https:\/\/staging.forenteforlag.no\/dreyers\/wp-content\/uploads\/sites\/2\/2025\/08\/jpg-9030.jpg","width":421,"height":613},{"@type":"BreadcrumbList","@id":"https:\/\/staging.forenteforlag.no\/dreyers\/produkt\/gul-aker-og-blatt-hav\/#breadcrumb","itemListElement":[{"@type":"ListItem","position":1,"name":"Hjem","item":"https:\/\/staging.forenteforlag.no\/dreyers\/"},{"@type":"ListItem","position":2,"name":"Alle b\u00f8ker","item":"https:\/\/staging.forenteforlag.no\/dreyers\/butikk\/"},{"@type":"ListItem","position":3,"name":"Gul \u00e5ker og bl\u00e5tt hav"}]},{"@type":"WebSite","@id":"https:\/\/staging.forenteforlag.no\/dreyers\/#website","url":"https:\/\/staging.forenteforlag.no\/dreyers\/","name":"Dreyers Forlag","description":"","potentialAction":[{"@type":"SearchAction","target":{"@type":"EntryPoint","urlTemplate":"https:\/\/staging.forenteforlag.no\/dreyers\/?s={search_term_string}"},"query-input":{"@type":"PropertyValueSpecification","valueRequired":true,"valueName":"search_term_string"}}],"inLanguage":"nb-NO"}]}},"_links":{"self":[{"href":"https:\/\/staging.forenteforlag.no\/dreyers\/wp-json\/wp\/v2\/product\/21208","targetHints":{"allow":["GET"]}}],"collection":[{"href":"https:\/\/staging.forenteforlag.no\/dreyers\/wp-json\/wp\/v2\/product"}],"about":[{"href":"https:\/\/staging.forenteforlag.no\/dreyers\/wp-json\/wp\/v2\/types\/product"}],"wp:featuredmedia":[{"embeddable":true,"href":"https:\/\/staging.forenteforlag.no\/dreyers\/wp-json\/wp\/v2\/media\/24399"}],"wp:attachment":[{"href":"https:\/\/staging.forenteforlag.no\/dreyers\/wp-json\/wp\/v2\/media?parent=21208"}],"wp:term":[{"taxonomy":"product_brand","embeddable":true,"href":"https:\/\/staging.forenteforlag.no\/dreyers\/wp-json\/wp\/v2\/product_brand?post=21208"},{"taxonomy":"product_cat","embeddable":true,"href":"https:\/\/staging.forenteforlag.no\/dreyers\/wp-json\/wp\/v2\/product_cat?post=21208"},{"taxonomy":"product_tag","embeddable":true,"href":"https:\/\/staging.forenteforlag.no\/dreyers\/wp-json\/wp\/v2\/product_tag?post=21208"}],"curies":[{"name":"wp","href":"https:\/\/api.w.org\/{rel}","templated":true}]}}

Gul åker og blått hav

<p>Utover 1920-tallet og fram til 2. verdenskrig var Huseby-gården ved Gaulosen en av de største arbeidsplassene innen jordbruket i Sør-Trøndelag. Storbonden Erik Huseby (1869-1943) etterfulgte faren som lensmann og ordfører, men fikk også .ere regionale og nasjonale tillitsverv innen datidens produsentsamvirke.</p>
<p>Da firmaet I.C. Piene flyttet kornmøllen ut av Trondheim i 1878 til Hammerstranden i Buvika, fikk opprettelsen av industriarbeidsplasser ved Piene mølle avgjørende betydning for stedsutviklingen og utvandringen ble sterkt redusert.</p>
<p>Den neste gårdbrukeren, Olav Huseby (1928-2017) moderniserte gårdsdriften utover 1950-tallet og gikk fra grasproduksjon og husdyrhold til kornproduksjon og ble kornbonde på Huseby.</p>
<p>Florence Figenschow (1919-1981) vokste opp som væreierdatter i fiskeværet Torsvåg (70 grader nord) i Nord-Troms, men flyttet til Trøndelag på 1950-tallet. Som ung var hun ansatt i firmaet DM Figenschow som eksporterte fisk til det engelske og tyske markedet, men mange år senere, i 1956, giftet hun seg med en trøndersk odelsbonde.</p>
<p>I denne boka lar forfatteren oss følge flere familier fra slutten av 1800-tallet i Trøndelag og delvis i Nord-Troms, også under 2. verdenskrig og i okkupasjonsårene gjennom store endringer i landbruket og bondens hverdag.</p>

<p>Utover 1920-tallet og fram til 2. verdenskrig var Huseby-gården ved Gaulosen en av de største arbeidsplassene innen jordbruket i Sør-Trøndelag. Storbonden Erik Huseby (1869-1943) etterfulgte faren som lensmann og ordfører, men fikk også .ere regionale og nasjonale tillitsverv innen datidens produsentsamvirke. Da firmaet I.C. Piene flyttet kornmøllen ut av Trondheim i 1878 til Hammerstranden i [&hellip;]</p>

<!-- This site is optimized with the Yoast SEO plugin v26.6 - https://yoast.com/wordpress/plugins/seo/ -->
<title>Gul åker og blått hav - Dreyers Forlag</title>
<meta name="robots" content="noindex, follow, max-snippet:-1, max-image-preview:large, max-video-preview:-1" />
<meta property="og:locale" content="nb_NO" />
<meta property="og:type" content="article" />
<meta property="og:title" content="Gul åker og blått hav - Dreyers Forlag" />
<meta property="og:description" content="Utover 1920-tallet og fram til 2. verdenskrig var Huseby-gården ved Gaulosen en av de største arbeidsplassene innen jordbruket i Sør-Trøndelag. Storbonden Erik Huseby (1869-1943) etterfulgte faren som lensmann og ordfører, men fikk også .ere regionale og nasjonale tillitsverv innen datidens produsentsamvirke. Da firmaet I.C. Piene flyttet kornmøllen ut av Trondheim i 1878 til Hammerstranden i [&hellip;]" />
<meta property="og:url" content="https://staging.forenteforlag.no/dreyers/produkt/gul-aker-og-blatt-hav/" />
<meta property="og:site_name" content="Dreyers Forlag" />
<meta property="article:modified_time" content="2025-09-03T13:18:46+00:00" />
<meta property="og:image" content="https://staging.forenteforlag.no/dreyers/wp-content/uploads/sites/2/2025/08/jpg-9030.jpg" />
	<meta property="og:image:width" content="421" />
	<meta property="og:image:height" content="613" />
	<meta property="og:image:type" content="image/jpeg" />
<meta name="twitter:card" content="summary_large_image" />
<meta name="twitter:label1" content="Ansl. lesetid" />
	<meta name="twitter:data1" content="1 minutt" />
<script type="application/ld+json" class="yoast-schema-graph">{"@context":"https://schema.org","@graph":[{"@type":"WebPage","@id":"https://staging.forenteforlag.no/dreyers/produkt/gul-aker-og-blatt-hav/","url":"https://staging.forenteforlag.no/dreyers/produkt/gul-aker-og-blatt-hav/","name":"Gul åker og blått hav - Dreyers Forlag","isPartOf":{"@id":"https://staging.forenteforlag.no/dreyers/#website"},"primaryImageOfPage":{"@id":"https://staging.forenteforlag.no/dreyers/produkt/gul-aker-og-blatt-hav/#primaryimage"},"image":{"@id":"https://staging.forenteforlag.no/dreyers/produkt/gul-aker-og-blatt-hav/#primaryimage"},"thumbnailUrl":"https://staging.forenteforlag.no/dreyers/wp-content/uploads/sites/2/2025/08/jpg-9030.jpg","datePublished":"2022-08-18T00:00:00+00:00","dateModified":"2025-09-03T13:18:46+00:00","breadcrumb":{"@id":"https://staging.forenteforlag.no/dreyers/produkt/gul-aker-og-blatt-hav/#breadcrumb"},"inLanguage":"nb-NO","potentialAction":[{"@type":"ReadAction","target":["https://staging.forenteforlag.no/dreyers/produkt/gul-aker-og-blatt-hav/"]}]},{"@type":"ImageObject","inLanguage":"nb-NO","@id":"https://staging.forenteforlag.no/dreyers/produkt/gul-aker-og-blatt-hav/#primaryimage","url":"https://staging.forenteforlag.no/dreyers/wp-content/uploads/sites/2/2025/08/jpg-9030.jpg","contentUrl":"https://staging.forenteforlag.no/dreyers/wp-content/uploads/sites/2/2025/08/jpg-9030.jpg","width":421,"height":613},{"@type":"BreadcrumbList","@id":"https://staging.forenteforlag.no/dreyers/produkt/gul-aker-og-blatt-hav/#breadcrumb","itemListElement":[{"@type":"ListItem","position":1,"name":"Hjem","item":"https://staging.forenteforlag.no/dreyers/"},{"@type":"ListItem","position":2,"name":"Alle bøker","item":"https://staging.forenteforlag.no/dreyers/butikk/"},{"@type":"ListItem","position":3,"name":"Gul åker og blått hav"}]},{"@type":"WebSite","@id":"https://staging.forenteforlag.no/dreyers/#website","url":"https://staging.forenteforlag.no/dreyers/","name":"Dreyers Forlag","description":"","potentialAction":[{"@type":"SearchAction","target":{"@type":"EntryPoint","urlTemplate":"https://staging.forenteforlag.no/dreyers/?s={search_term_string}"},"query-input":{"@type":"PropertyValueSpecification","valueRequired":true,"valueName":"search_term_string"}}],"inLanguage":"nb-NO"}]}</script>
<!-- / Yoast SEO plugin. -->

Gul åker og blått hav - Dreyers Forlag

Utover 1920-tallet og fram til 2. verdenskrig var Huseby-gården ved Gaulosen en av de største arbeidsplassene innen jordbruket i Sør-Trøndelag. Storbonden Erik Huseby (1869-1943) etterfulgte faren som lensmann og ordfører, men fikk også .ere regionale og nasjonale tillitsverv innen datidens produsentsamvirke. Da firmaet I.C. Piene flyttet kornmøllen ut av Trondheim i 1878 til Hammerstranden i [&hellip;]

Alle bøker
