{"id":21207,"date":"2022-09-14T02:00:00","date_gmt":"2022-09-14T00:00:00","guid":{"rendered":"https:\/\/dreyersforlag.forenteforlag.no\/produkt\/fredsarene\/"},"modified":"2025-09-03T15:12:22","modified_gmt":"2025-09-03T13:12:22","slug":"fredsarene","status":"publish","type":"product","link":"https:\/\/staging.forenteforlag.no\/dreyers\/produkt\/fredsarene\/","title":{"rendered":"Freds\u00e5rene"},"content":{"rendered":"<p>Denne antologien tar for seg den lange fredsperioden i norsk historie p\u00e5 1700-tallet. Freden kom i 1720 etter 150 \u00e5r med n\u00e6rmest sammenhengende kriger mellom Danmark-Norge og erke.enden Sverige, og varte med sm\u00e5 avbrekk helt frem til 1807. Fokus er p\u00e5 det historiske bruddet i 1720 og den nye situasjonen som oppsto etter dette. Overgangen til en lang periode med fred var en endring som hadde ringvirkninger p\u00e5 en rekke samfunnsomr\u00e5der.<\/p>\n<p>Denne boken ser p\u00e5 perioden p\u00e5 dens egne premisser. Og det er alts\u00e5 selve freden i den lange fredsperioden som er hovedtemaet. Hvordan taklet de som bodde i og styrte Norge overgangen fra krig til fred, og hva gjorde de da de etter hvert skj\u00f8nte at endringen var permanent?<\/p>\n<p>Blant sp\u00f8rsm\u00e5lene som unders\u00f8kes, er hvordan forestillinger om freden og minnet om krig ble fortolket og omtalt p\u00e5 forskjellige felt: fra prekestolen, i propaganda, i historieskrivning og i billedkunst. Videre dr\u00f8ftes hvordan fredsperioden p\u00e5virket dansk-norsk utenrikspolitikk og samkvemmet langs den norsk-svenske grensen og hvordan milit\u00e6rvesenet omstilte seg.<\/p>\n<p>Disse sp\u00f8rsm\u00e5lene unders\u00f8kes av Nordens fremste eksperter p\u00e5 perioden. Underveis utfordres en rekke sannheter i norsk historie. Var denne perioden virkelig s\u00e5 fredelig? G\u00e5r det an \u00e5 si at den moderne id\u00e9en om Norge som en fredsnasjon har eldre r\u00f8tter enn man tidligere har trodd?<\/p>\n","protected":false},"excerpt":{"rendered":"<p>Denne antologien tar for seg den lange fredsperioden i norsk historie p\u00e5 1700-tallet. Freden kom i 1720 etter 150 \u00e5r med n\u00e6rmest sammenhengende kriger mellom Danmark-Norge og erke.enden Sverige, og varte med sm\u00e5 avbrekk helt frem til 1807. Fokus er p\u00e5 det historiske bruddet i 1720 og den nye situasjonen som oppsto etter dette. Overgangen [&hellip;]<\/p>\n","protected":false},"featured_media":24112,"template":"","meta":{"_acf_changed":false,"inline_featured_image":false},"product_brand":[],"product_cat":[1785,23],"product_tag":[395,1157,607,362,439],"class_list":{"0":"post-21207","1":"product","2":"type-product","3":"status-publish","4":"has-post-thumbnail","6":"product_cat-fripris","7":"product_cat-historie","8":"product_tag-1700-tallet","9":"product_tag-1800-1850","10":"product_tag-bedriftshistorie","11":"product_tag-faglitteratur","12":"product_tag-nord-norge","13":"pa_format-innbundet","15":"first","16":"instock","17":"shipping-taxable","18":"purchasable","19":"product-type-simple"},"acf":{"anmeldelse":null},"yoast_head":"<!-- This site is optimized with the Yoast SEO plugin v26.6 - https:\/\/yoast.com\/wordpress\/plugins\/seo\/ -->\n<title>Freds\u00e5rene - Dreyers Forlag<\/title>\n<meta name=\"robots\" content=\"noindex, follow, max-snippet:-1, max-image-preview:large, max-video-preview:-1\" \/>\n<meta property=\"og:locale\" content=\"nb_NO\" \/>\n<meta property=\"og:type\" content=\"article\" \/>\n<meta property=\"og:title\" content=\"Freds\u00e5rene - Dreyers Forlag\" \/>\n<meta property=\"og:description\" content=\"Denne antologien tar for seg den lange fredsperioden i norsk historie p\u00e5 1700-tallet. Freden kom i 1720 etter 150 \u00e5r med n\u00e6rmest sammenhengende kriger mellom Danmark-Norge og erke.enden Sverige, og varte med sm\u00e5 avbrekk helt frem til 1807. Fokus er p\u00e5 det historiske bruddet i 1720 og den nye situasjonen som oppsto etter dette. Overgangen [&hellip;]\" \/>\n<meta property=\"og:url\" content=\"https:\/\/staging.forenteforlag.no\/dreyers\/produkt\/fredsarene\/\" \/>\n<meta property=\"og:site_name\" content=\"Dreyers Forlag\" \/>\n<meta property=\"article:modified_time\" content=\"2025-09-03T13:12:22+00:00\" \/>\n<meta property=\"og:image\" content=\"https:\/\/staging.forenteforlag.no\/dreyers\/wp-content\/uploads\/sites\/2\/2025\/08\/jpg-6327.jpg\" \/>\n\t<meta property=\"og:image:width\" content=\"458\" \/>\n\t<meta property=\"og:image:height\" content=\"640\" \/>\n\t<meta property=\"og:image:type\" content=\"image\/jpeg\" \/>\n<meta name=\"twitter:card\" content=\"summary_large_image\" \/>\n<meta name=\"twitter:label1\" content=\"Ansl. lesetid\" \/>\n\t<meta name=\"twitter:data1\" content=\"2 minutter\" \/>\n<script type=\"application\/ld+json\" class=\"yoast-schema-graph\">{\"@context\":\"https:\/\/schema.org\",\"@graph\":[{\"@type\":\"WebPage\",\"@id\":\"https:\/\/staging.forenteforlag.no\/dreyers\/produkt\/fredsarene\/\",\"url\":\"https:\/\/staging.forenteforlag.no\/dreyers\/produkt\/fredsarene\/\",\"name\":\"Freds\u00e5rene - Dreyers Forlag\",\"isPartOf\":{\"@id\":\"https:\/\/staging.forenteforlag.no\/dreyers\/#website\"},\"primaryImageOfPage\":{\"@id\":\"https:\/\/staging.forenteforlag.no\/dreyers\/produkt\/fredsarene\/#primaryimage\"},\"image\":{\"@id\":\"https:\/\/staging.forenteforlag.no\/dreyers\/produkt\/fredsarene\/#primaryimage\"},\"thumbnailUrl\":\"https:\/\/staging.forenteforlag.no\/dreyers\/wp-content\/uploads\/sites\/2\/2025\/08\/jpg-6327.jpg\",\"datePublished\":\"2022-09-14T00:00:00+00:00\",\"dateModified\":\"2025-09-03T13:12:22+00:00\",\"breadcrumb\":{\"@id\":\"https:\/\/staging.forenteforlag.no\/dreyers\/produkt\/fredsarene\/#breadcrumb\"},\"inLanguage\":\"nb-NO\",\"potentialAction\":[{\"@type\":\"ReadAction\",\"target\":[\"https:\/\/staging.forenteforlag.no\/dreyers\/produkt\/fredsarene\/\"]}]},{\"@type\":\"ImageObject\",\"inLanguage\":\"nb-NO\",\"@id\":\"https:\/\/staging.forenteforlag.no\/dreyers\/produkt\/fredsarene\/#primaryimage\",\"url\":\"https:\/\/staging.forenteforlag.no\/dreyers\/wp-content\/uploads\/sites\/2\/2025\/08\/jpg-6327.jpg\",\"contentUrl\":\"https:\/\/staging.forenteforlag.no\/dreyers\/wp-content\/uploads\/sites\/2\/2025\/08\/jpg-6327.jpg\",\"width\":458,\"height\":640},{\"@type\":\"BreadcrumbList\",\"@id\":\"https:\/\/staging.forenteforlag.no\/dreyers\/produkt\/fredsarene\/#breadcrumb\",\"itemListElement\":[{\"@type\":\"ListItem\",\"position\":1,\"name\":\"Hjem\",\"item\":\"https:\/\/staging.forenteforlag.no\/dreyers\/\"},{\"@type\":\"ListItem\",\"position\":2,\"name\":\"Alle b\u00f8ker\",\"item\":\"https:\/\/staging.forenteforlag.no\/dreyers\/butikk\/\"},{\"@type\":\"ListItem\",\"position\":3,\"name\":\"Freds\u00e5rene\"}]},{\"@type\":\"WebSite\",\"@id\":\"https:\/\/staging.forenteforlag.no\/dreyers\/#website\",\"url\":\"https:\/\/staging.forenteforlag.no\/dreyers\/\",\"name\":\"Dreyers Forlag\",\"description\":\"\",\"potentialAction\":[{\"@type\":\"SearchAction\",\"target\":{\"@type\":\"EntryPoint\",\"urlTemplate\":\"https:\/\/staging.forenteforlag.no\/dreyers\/?s={search_term_string}\"},\"query-input\":{\"@type\":\"PropertyValueSpecification\",\"valueRequired\":true,\"valueName\":\"search_term_string\"}}],\"inLanguage\":\"nb-NO\"}]}<\/script>\n<!-- \/ Yoast SEO plugin. -->","yoast_head_json":{"title":"Freds\u00e5rene - Dreyers Forlag","robots":{"index":"noindex","follow":"follow","max-snippet":"max-snippet:-1","max-image-preview":"max-image-preview:large","max-video-preview":"max-video-preview:-1"},"og_locale":"nb_NO","og_type":"article","og_title":"Freds\u00e5rene - Dreyers Forlag","og_description":"Denne antologien tar for seg den lange fredsperioden i norsk historie p\u00e5 1700-tallet. Freden kom i 1720 etter 150 \u00e5r med n\u00e6rmest sammenhengende kriger mellom Danmark-Norge og erke.enden Sverige, og varte med sm\u00e5 avbrekk helt frem til 1807. Fokus er p\u00e5 det historiske bruddet i 1720 og den nye situasjonen som oppsto etter dette. Overgangen [&hellip;]","og_url":"https:\/\/staging.forenteforlag.no\/dreyers\/produkt\/fredsarene\/","og_site_name":"Dreyers Forlag","article_modified_time":"2025-09-03T13:12:22+00:00","og_image":[{"width":458,"height":640,"url":"https:\/\/staging.forenteforlag.no\/dreyers\/wp-content\/uploads\/sites\/2\/2025\/08\/jpg-6327.jpg","type":"image\/jpeg"}],"twitter_card":"summary_large_image","twitter_misc":{"Ansl. lesetid":"2 minutter"},"schema":{"@context":"https:\/\/schema.org","@graph":[{"@type":"WebPage","@id":"https:\/\/staging.forenteforlag.no\/dreyers\/produkt\/fredsarene\/","url":"https:\/\/staging.forenteforlag.no\/dreyers\/produkt\/fredsarene\/","name":"Freds\u00e5rene - Dreyers Forlag","isPartOf":{"@id":"https:\/\/staging.forenteforlag.no\/dreyers\/#website"},"primaryImageOfPage":{"@id":"https:\/\/staging.forenteforlag.no\/dreyers\/produkt\/fredsarene\/#primaryimage"},"image":{"@id":"https:\/\/staging.forenteforlag.no\/dreyers\/produkt\/fredsarene\/#primaryimage"},"thumbnailUrl":"https:\/\/staging.forenteforlag.no\/dreyers\/wp-content\/uploads\/sites\/2\/2025\/08\/jpg-6327.jpg","datePublished":"2022-09-14T00:00:00+00:00","dateModified":"2025-09-03T13:12:22+00:00","breadcrumb":{"@id":"https:\/\/staging.forenteforlag.no\/dreyers\/produkt\/fredsarene\/#breadcrumb"},"inLanguage":"nb-NO","potentialAction":[{"@type":"ReadAction","target":["https:\/\/staging.forenteforlag.no\/dreyers\/produkt\/fredsarene\/"]}]},{"@type":"ImageObject","inLanguage":"nb-NO","@id":"https:\/\/staging.forenteforlag.no\/dreyers\/produkt\/fredsarene\/#primaryimage","url":"https:\/\/staging.forenteforlag.no\/dreyers\/wp-content\/uploads\/sites\/2\/2025\/08\/jpg-6327.jpg","contentUrl":"https:\/\/staging.forenteforlag.no\/dreyers\/wp-content\/uploads\/sites\/2\/2025\/08\/jpg-6327.jpg","width":458,"height":640},{"@type":"BreadcrumbList","@id":"https:\/\/staging.forenteforlag.no\/dreyers\/produkt\/fredsarene\/#breadcrumb","itemListElement":[{"@type":"ListItem","position":1,"name":"Hjem","item":"https:\/\/staging.forenteforlag.no\/dreyers\/"},{"@type":"ListItem","position":2,"name":"Alle b\u00f8ker","item":"https:\/\/staging.forenteforlag.no\/dreyers\/butikk\/"},{"@type":"ListItem","position":3,"name":"Freds\u00e5rene"}]},{"@type":"WebSite","@id":"https:\/\/staging.forenteforlag.no\/dreyers\/#website","url":"https:\/\/staging.forenteforlag.no\/dreyers\/","name":"Dreyers Forlag","description":"","potentialAction":[{"@type":"SearchAction","target":{"@type":"EntryPoint","urlTemplate":"https:\/\/staging.forenteforlag.no\/dreyers\/?s={search_term_string}"},"query-input":{"@type":"PropertyValueSpecification","valueRequired":true,"valueName":"search_term_string"}}],"inLanguage":"nb-NO"}]}},"_links":{"self":[{"href":"https:\/\/staging.forenteforlag.no\/dreyers\/wp-json\/wp\/v2\/product\/21207","targetHints":{"allow":["GET"]}}],"collection":[{"href":"https:\/\/staging.forenteforlag.no\/dreyers\/wp-json\/wp\/v2\/product"}],"about":[{"href":"https:\/\/staging.forenteforlag.no\/dreyers\/wp-json\/wp\/v2\/types\/product"}],"wp:featuredmedia":[{"embeddable":true,"href":"https:\/\/staging.forenteforlag.no\/dreyers\/wp-json\/wp\/v2\/media\/24112"}],"wp:attachment":[{"href":"https:\/\/staging.forenteforlag.no\/dreyers\/wp-json\/wp\/v2\/media?parent=21207"}],"wp:term":[{"taxonomy":"product_brand","embeddable":true,"href":"https:\/\/staging.forenteforlag.no\/dreyers\/wp-json\/wp\/v2\/product_brand?post=21207"},{"taxonomy":"product_cat","embeddable":true,"href":"https:\/\/staging.forenteforlag.no\/dreyers\/wp-json\/wp\/v2\/product_cat?post=21207"},{"taxonomy":"product_tag","embeddable":true,"href":"https:\/\/staging.forenteforlag.no\/dreyers\/wp-json\/wp\/v2\/product_tag?post=21207"}],"curies":[{"name":"wp","href":"https:\/\/api.w.org\/{rel}","templated":true}]}}

Fredsårene

<p>Denne antologien tar for seg den lange fredsperioden i norsk historie på 1700-tallet. Freden kom i 1720 etter 150 år med nærmest sammenhengende kriger mellom Danmark-Norge og erke.enden Sverige, og varte med små avbrekk helt frem til 1807. Fokus er på det historiske bruddet i 1720 og den nye situasjonen som oppsto etter dette. Overgangen til en lang periode med fred var en endring som hadde ringvirkninger på en rekke samfunnsområder.</p>
<p>Denne boken ser på perioden på dens egne premisser. Og det er altså selve freden i den lange fredsperioden som er hovedtemaet. Hvordan taklet de som bodde i og styrte Norge overgangen fra krig til fred, og hva gjorde de da de etter hvert skjønte at endringen var permanent?</p>
<p>Blant spørsmålene som undersøkes, er hvordan forestillinger om freden og minnet om krig ble fortolket og omtalt på forskjellige felt: fra prekestolen, i propaganda, i historieskrivning og i billedkunst. Videre drøftes hvordan fredsperioden påvirket dansk-norsk utenrikspolitikk og samkvemmet langs den norsk-svenske grensen og hvordan militærvesenet omstilte seg.</p>
<p>Disse spørsmålene undersøkes av Nordens fremste eksperter på perioden. Underveis utfordres en rekke sannheter i norsk historie. Var denne perioden virkelig så fredelig? Går det an å si at den moderne idéen om Norge som en fredsnasjon har eldre røtter enn man tidligere har trodd?</p>

<p>Denne antologien tar for seg den lange fredsperioden i norsk historie på 1700-tallet. Freden kom i 1720 etter 150 år med nærmest sammenhengende kriger mellom Danmark-Norge og erke.enden Sverige, og varte med små avbrekk helt frem til 1807. Fokus er på det historiske bruddet i 1720 og den nye situasjonen som oppsto etter dette. Overgangen [&hellip;]</p>

<!-- This site is optimized with the Yoast SEO plugin v26.6 - https://yoast.com/wordpress/plugins/seo/ -->
<title>Fredsårene - Dreyers Forlag</title>
<meta name="robots" content="noindex, follow, max-snippet:-1, max-image-preview:large, max-video-preview:-1" />
<meta property="og:locale" content="nb_NO" />
<meta property="og:type" content="article" />
<meta property="og:title" content="Fredsårene - Dreyers Forlag" />
<meta property="og:description" content="Denne antologien tar for seg den lange fredsperioden i norsk historie på 1700-tallet. Freden kom i 1720 etter 150 år med nærmest sammenhengende kriger mellom Danmark-Norge og erke.enden Sverige, og varte med små avbrekk helt frem til 1807. Fokus er på det historiske bruddet i 1720 og den nye situasjonen som oppsto etter dette. Overgangen [&hellip;]" />
<meta property="og:url" content="https://staging.forenteforlag.no/dreyers/produkt/fredsarene/" />
<meta property="og:site_name" content="Dreyers Forlag" />
<meta property="article:modified_time" content="2025-09-03T13:12:22+00:00" />
<meta property="og:image" content="https://staging.forenteforlag.no/dreyers/wp-content/uploads/sites/2/2025/08/jpg-6327.jpg" />
	<meta property="og:image:width" content="458" />
	<meta property="og:image:height" content="640" />
	<meta property="og:image:type" content="image/jpeg" />
<meta name="twitter:card" content="summary_large_image" />
<meta name="twitter:label1" content="Ansl. lesetid" />
	<meta name="twitter:data1" content="2 minutter" />
<script type="application/ld+json" class="yoast-schema-graph">{"@context":"https://schema.org","@graph":[{"@type":"WebPage","@id":"https://staging.forenteforlag.no/dreyers/produkt/fredsarene/","url":"https://staging.forenteforlag.no/dreyers/produkt/fredsarene/","name":"Fredsårene - Dreyers Forlag","isPartOf":{"@id":"https://staging.forenteforlag.no/dreyers/#website"},"primaryImageOfPage":{"@id":"https://staging.forenteforlag.no/dreyers/produkt/fredsarene/#primaryimage"},"image":{"@id":"https://staging.forenteforlag.no/dreyers/produkt/fredsarene/#primaryimage"},"thumbnailUrl":"https://staging.forenteforlag.no/dreyers/wp-content/uploads/sites/2/2025/08/jpg-6327.jpg","datePublished":"2022-09-14T00:00:00+00:00","dateModified":"2025-09-03T13:12:22+00:00","breadcrumb":{"@id":"https://staging.forenteforlag.no/dreyers/produkt/fredsarene/#breadcrumb"},"inLanguage":"nb-NO","potentialAction":[{"@type":"ReadAction","target":["https://staging.forenteforlag.no/dreyers/produkt/fredsarene/"]}]},{"@type":"ImageObject","inLanguage":"nb-NO","@id":"https://staging.forenteforlag.no/dreyers/produkt/fredsarene/#primaryimage","url":"https://staging.forenteforlag.no/dreyers/wp-content/uploads/sites/2/2025/08/jpg-6327.jpg","contentUrl":"https://staging.forenteforlag.no/dreyers/wp-content/uploads/sites/2/2025/08/jpg-6327.jpg","width":458,"height":640},{"@type":"BreadcrumbList","@id":"https://staging.forenteforlag.no/dreyers/produkt/fredsarene/#breadcrumb","itemListElement":[{"@type":"ListItem","position":1,"name":"Hjem","item":"https://staging.forenteforlag.no/dreyers/"},{"@type":"ListItem","position":2,"name":"Alle bøker","item":"https://staging.forenteforlag.no/dreyers/butikk/"},{"@type":"ListItem","position":3,"name":"Fredsårene"}]},{"@type":"WebSite","@id":"https://staging.forenteforlag.no/dreyers/#website","url":"https://staging.forenteforlag.no/dreyers/","name":"Dreyers Forlag","description":"","potentialAction":[{"@type":"SearchAction","target":{"@type":"EntryPoint","urlTemplate":"https://staging.forenteforlag.no/dreyers/?s={search_term_string}"},"query-input":{"@type":"PropertyValueSpecification","valueRequired":true,"valueName":"search_term_string"}}],"inLanguage":"nb-NO"}]}</script>
<!-- / Yoast SEO plugin. -->

Fredsårene - Dreyers Forlag

Denne antologien tar for seg den lange fredsperioden i norsk historie på 1700-tallet. Freden kom i 1720 etter 150 år med nærmest sammenhengende kriger mellom Danmark-Norge og erke.enden Sverige, og varte med små avbrekk helt frem til 1807. Fokus er på det historiske bruddet i 1720 og den nye situasjonen som oppsto etter dette. Overgangen [&hellip;]

Alle bøker
