{"id":21201,"date":"2022-10-26T02:00:00","date_gmt":"2022-10-26T00:00:00","guid":{"rendered":"https:\/\/dreyersforlag.forenteforlag.no\/produkt\/legaliser-na\/"},"modified":"2025-08-27T14:09:15","modified_gmt":"2025-08-27T12:09:15","slug":"legaliser-na","status":"publish","type":"product","link":"https:\/\/staging.forenteforlag.no\/dreyers\/produkt\/legaliser-na\/","title":{"rendered":"Legaliser! N\u00e5!"},"content":{"rendered":"<p>I 2016 endret norsk narkotikadebatt seg grunnleggende. H\u00f8yre stilte seg sammen med Venstre i spissen for en rusreform basert p\u00e5 avkriminalisering av alle narkotiske sto.er, og de .kk f\u00f8lge av partier p\u00e5 venstresiden. <\/p>\n<p>Rusreformen .kk ikke .ertall i Stortinget, og den sittende r\u00f8dgr\u00f8nne regjeringen vil n\u00f8ye seg med mindre endringer. Men opinionen, som tidligere har v\u00e6rt massivt imot liberalisering, har beveget seg. Samtidig er .ere land, s\u00e6rlig i Nord-Amerika og Europa, i ferd med \u00e5 ta et skritt videre: Full legalisering, i f\u00f8rste omgang av cannabis, er p\u00e5 vei. Avkriminalisering vil med tiden fremst\u00e5 som en mellomstasjon. Bare legalisering kan bidra til \u00e5 fjerne koblingen mellom bruk av narkotiske sto.er og kriminelle milj\u00f8er. <\/p>\n<p>Forbudet mot ulovlige rusmidler skaper .ere problemer enn bruken av disse sto.ene. Det handler ikke bare om \u00e5 redusere skadevirkningene for samfunnet. Det handler ogs\u00e5 om frihet og rettferdighet. <\/p>\n<p>Denne debattboken gjennomg\u00e5r utviklingen i narkotikapolitikken i Norge og internasjonalt &#8211; og erfaringene med ulike reformer.<\/p>\n","protected":false},"excerpt":{"rendered":"<p>I 2016 endret norsk narkotikadebatt seg grunnleggende. H\u00f8yre stilte seg sammen med Venstre i spissen for en rusreform basert p\u00e5 avkriminalisering av alle narkotiske sto.er, og de .kk f\u00f8lge av partier p\u00e5 venstresiden. Rusreformen .kk ikke .ertall i Stortinget, og den sittende r\u00f8dgr\u00f8nne regjeringen vil n\u00f8ye seg med mindre endringer. Men opinionen, som tidligere har [&hellip;]<\/p>\n","protected":false},"featured_media":24278,"template":"","meta":{"_acf_changed":false,"inline_featured_image":false},"product_brand":[],"product_cat":[1785,32],"product_tag":[362,715,1721,710],"class_list":{"0":"post-21201","1":"product","2":"type-product","3":"status-publish","4":"has-post-thumbnail","6":"product_cat-fripris","7":"product_cat-samfunn-og-politikk","8":"product_tag-faglitteratur","9":"product_tag-helse-og-sosialvesen","10":"product_tag-narkomani","11":"product_tag-narkotikamisbruk","12":"pa_format-innbundet","14":"first","15":"instock","16":"shipping-taxable","17":"purchasable","18":"product-type-simple"},"acf":{"anmeldelse":null},"yoast_head":"<!-- This site is optimized with the Yoast SEO plugin v26.6 - https:\/\/yoast.com\/wordpress\/plugins\/seo\/ -->\n<title>Legaliser! N\u00e5! - Dreyers Forlag<\/title>\n<meta name=\"robots\" content=\"noindex, follow, max-snippet:-1, max-image-preview:large, max-video-preview:-1\" \/>\n<meta property=\"og:locale\" content=\"nb_NO\" \/>\n<meta property=\"og:type\" content=\"article\" \/>\n<meta property=\"og:title\" content=\"Legaliser! N\u00e5! - Dreyers Forlag\" \/>\n<meta property=\"og:description\" content=\"I 2016 endret norsk narkotikadebatt seg grunnleggende. H\u00f8yre stilte seg sammen med Venstre i spissen for en rusreform basert p\u00e5 avkriminalisering av alle narkotiske sto.er, og de .kk f\u00f8lge av partier p\u00e5 venstresiden. Rusreformen .kk ikke .ertall i Stortinget, og den sittende r\u00f8dgr\u00f8nne regjeringen vil n\u00f8ye seg med mindre endringer. Men opinionen, som tidligere har [&hellip;]\" \/>\n<meta property=\"og:url\" content=\"https:\/\/staging.forenteforlag.no\/dreyers\/produkt\/legaliser-na\/\" \/>\n<meta property=\"og:site_name\" content=\"Dreyers Forlag\" \/>\n<meta property=\"article:modified_time\" content=\"2025-08-27T12:09:15+00:00\" \/>\n<meta property=\"og:image\" content=\"https:\/\/staging.forenteforlag.no\/dreyers\/wp-content\/uploads\/sites\/2\/2025\/08\/jpg-7979.jpg\" \/>\n\t<meta property=\"og:image:width\" content=\"449\" \/>\n\t<meta property=\"og:image:height\" content=\"613\" \/>\n\t<meta property=\"og:image:type\" content=\"image\/jpeg\" \/>\n<meta name=\"twitter:card\" content=\"summary_large_image\" \/>\n<meta name=\"twitter:label1\" content=\"Ansl. lesetid\" \/>\n\t<meta name=\"twitter:data1\" content=\"1 minutt\" \/>\n<script type=\"application\/ld+json\" class=\"yoast-schema-graph\">{\"@context\":\"https:\/\/schema.org\",\"@graph\":[{\"@type\":\"WebPage\",\"@id\":\"https:\/\/staging.forenteforlag.no\/dreyers\/produkt\/legaliser-na\/\",\"url\":\"https:\/\/staging.forenteforlag.no\/dreyers\/produkt\/legaliser-na\/\",\"name\":\"Legaliser! N\u00e5! - Dreyers Forlag\",\"isPartOf\":{\"@id\":\"https:\/\/staging.forenteforlag.no\/dreyers\/#website\"},\"primaryImageOfPage\":{\"@id\":\"https:\/\/staging.forenteforlag.no\/dreyers\/produkt\/legaliser-na\/#primaryimage\"},\"image\":{\"@id\":\"https:\/\/staging.forenteforlag.no\/dreyers\/produkt\/legaliser-na\/#primaryimage\"},\"thumbnailUrl\":\"https:\/\/staging.forenteforlag.no\/dreyers\/wp-content\/uploads\/sites\/2\/2025\/08\/jpg-7979.jpg\",\"datePublished\":\"2022-10-26T00:00:00+00:00\",\"dateModified\":\"2025-08-27T12:09:15+00:00\",\"breadcrumb\":{\"@id\":\"https:\/\/staging.forenteforlag.no\/dreyers\/produkt\/legaliser-na\/#breadcrumb\"},\"inLanguage\":\"nb-NO\",\"potentialAction\":[{\"@type\":\"ReadAction\",\"target\":[\"https:\/\/staging.forenteforlag.no\/dreyers\/produkt\/legaliser-na\/\"]}]},{\"@type\":\"ImageObject\",\"inLanguage\":\"nb-NO\",\"@id\":\"https:\/\/staging.forenteforlag.no\/dreyers\/produkt\/legaliser-na\/#primaryimage\",\"url\":\"https:\/\/staging.forenteforlag.no\/dreyers\/wp-content\/uploads\/sites\/2\/2025\/08\/jpg-7979.jpg\",\"contentUrl\":\"https:\/\/staging.forenteforlag.no\/dreyers\/wp-content\/uploads\/sites\/2\/2025\/08\/jpg-7979.jpg\",\"width\":449,\"height\":613},{\"@type\":\"BreadcrumbList\",\"@id\":\"https:\/\/staging.forenteforlag.no\/dreyers\/produkt\/legaliser-na\/#breadcrumb\",\"itemListElement\":[{\"@type\":\"ListItem\",\"position\":1,\"name\":\"Hjem\",\"item\":\"https:\/\/staging.forenteforlag.no\/dreyers\/\"},{\"@type\":\"ListItem\",\"position\":2,\"name\":\"Alle b\u00f8ker\",\"item\":\"https:\/\/staging.forenteforlag.no\/dreyers\/butikk\/\"},{\"@type\":\"ListItem\",\"position\":3,\"name\":\"Legaliser! N\u00e5!\"}]},{\"@type\":\"WebSite\",\"@id\":\"https:\/\/staging.forenteforlag.no\/dreyers\/#website\",\"url\":\"https:\/\/staging.forenteforlag.no\/dreyers\/\",\"name\":\"Dreyers Forlag\",\"description\":\"\",\"potentialAction\":[{\"@type\":\"SearchAction\",\"target\":{\"@type\":\"EntryPoint\",\"urlTemplate\":\"https:\/\/staging.forenteforlag.no\/dreyers\/?s={search_term_string}\"},\"query-input\":{\"@type\":\"PropertyValueSpecification\",\"valueRequired\":true,\"valueName\":\"search_term_string\"}}],\"inLanguage\":\"nb-NO\"}]}<\/script>\n<!-- \/ Yoast SEO plugin. -->","yoast_head_json":{"title":"Legaliser! N\u00e5! - Dreyers Forlag","robots":{"index":"noindex","follow":"follow","max-snippet":"max-snippet:-1","max-image-preview":"max-image-preview:large","max-video-preview":"max-video-preview:-1"},"og_locale":"nb_NO","og_type":"article","og_title":"Legaliser! N\u00e5! - Dreyers Forlag","og_description":"I 2016 endret norsk narkotikadebatt seg grunnleggende. H\u00f8yre stilte seg sammen med Venstre i spissen for en rusreform basert p\u00e5 avkriminalisering av alle narkotiske sto.er, og de .kk f\u00f8lge av partier p\u00e5 venstresiden. Rusreformen .kk ikke .ertall i Stortinget, og den sittende r\u00f8dgr\u00f8nne regjeringen vil n\u00f8ye seg med mindre endringer. Men opinionen, som tidligere har [&hellip;]","og_url":"https:\/\/staging.forenteforlag.no\/dreyers\/produkt\/legaliser-na\/","og_site_name":"Dreyers Forlag","article_modified_time":"2025-08-27T12:09:15+00:00","og_image":[{"width":449,"height":613,"url":"https:\/\/staging.forenteforlag.no\/dreyers\/wp-content\/uploads\/sites\/2\/2025\/08\/jpg-7979.jpg","type":"image\/jpeg"}],"twitter_card":"summary_large_image","twitter_misc":{"Ansl. lesetid":"1 minutt"},"schema":{"@context":"https:\/\/schema.org","@graph":[{"@type":"WebPage","@id":"https:\/\/staging.forenteforlag.no\/dreyers\/produkt\/legaliser-na\/","url":"https:\/\/staging.forenteforlag.no\/dreyers\/produkt\/legaliser-na\/","name":"Legaliser! N\u00e5! - Dreyers Forlag","isPartOf":{"@id":"https:\/\/staging.forenteforlag.no\/dreyers\/#website"},"primaryImageOfPage":{"@id":"https:\/\/staging.forenteforlag.no\/dreyers\/produkt\/legaliser-na\/#primaryimage"},"image":{"@id":"https:\/\/staging.forenteforlag.no\/dreyers\/produkt\/legaliser-na\/#primaryimage"},"thumbnailUrl":"https:\/\/staging.forenteforlag.no\/dreyers\/wp-content\/uploads\/sites\/2\/2025\/08\/jpg-7979.jpg","datePublished":"2022-10-26T00:00:00+00:00","dateModified":"2025-08-27T12:09:15+00:00","breadcrumb":{"@id":"https:\/\/staging.forenteforlag.no\/dreyers\/produkt\/legaliser-na\/#breadcrumb"},"inLanguage":"nb-NO","potentialAction":[{"@type":"ReadAction","target":["https:\/\/staging.forenteforlag.no\/dreyers\/produkt\/legaliser-na\/"]}]},{"@type":"ImageObject","inLanguage":"nb-NO","@id":"https:\/\/staging.forenteforlag.no\/dreyers\/produkt\/legaliser-na\/#primaryimage","url":"https:\/\/staging.forenteforlag.no\/dreyers\/wp-content\/uploads\/sites\/2\/2025\/08\/jpg-7979.jpg","contentUrl":"https:\/\/staging.forenteforlag.no\/dreyers\/wp-content\/uploads\/sites\/2\/2025\/08\/jpg-7979.jpg","width":449,"height":613},{"@type":"BreadcrumbList","@id":"https:\/\/staging.forenteforlag.no\/dreyers\/produkt\/legaliser-na\/#breadcrumb","itemListElement":[{"@type":"ListItem","position":1,"name":"Hjem","item":"https:\/\/staging.forenteforlag.no\/dreyers\/"},{"@type":"ListItem","position":2,"name":"Alle b\u00f8ker","item":"https:\/\/staging.forenteforlag.no\/dreyers\/butikk\/"},{"@type":"ListItem","position":3,"name":"Legaliser! N\u00e5!"}]},{"@type":"WebSite","@id":"https:\/\/staging.forenteforlag.no\/dreyers\/#website","url":"https:\/\/staging.forenteforlag.no\/dreyers\/","name":"Dreyers Forlag","description":"","potentialAction":[{"@type":"SearchAction","target":{"@type":"EntryPoint","urlTemplate":"https:\/\/staging.forenteforlag.no\/dreyers\/?s={search_term_string}"},"query-input":{"@type":"PropertyValueSpecification","valueRequired":true,"valueName":"search_term_string"}}],"inLanguage":"nb-NO"}]}},"_links":{"self":[{"href":"https:\/\/staging.forenteforlag.no\/dreyers\/wp-json\/wp\/v2\/product\/21201","targetHints":{"allow":["GET"]}}],"collection":[{"href":"https:\/\/staging.forenteforlag.no\/dreyers\/wp-json\/wp\/v2\/product"}],"about":[{"href":"https:\/\/staging.forenteforlag.no\/dreyers\/wp-json\/wp\/v2\/types\/product"}],"wp:featuredmedia":[{"embeddable":true,"href":"https:\/\/staging.forenteforlag.no\/dreyers\/wp-json\/wp\/v2\/media\/24278"}],"wp:attachment":[{"href":"https:\/\/staging.forenteforlag.no\/dreyers\/wp-json\/wp\/v2\/media?parent=21201"}],"wp:term":[{"taxonomy":"product_brand","embeddable":true,"href":"https:\/\/staging.forenteforlag.no\/dreyers\/wp-json\/wp\/v2\/product_brand?post=21201"},{"taxonomy":"product_cat","embeddable":true,"href":"https:\/\/staging.forenteforlag.no\/dreyers\/wp-json\/wp\/v2\/product_cat?post=21201"},{"taxonomy":"product_tag","embeddable":true,"href":"https:\/\/staging.forenteforlag.no\/dreyers\/wp-json\/wp\/v2\/product_tag?post=21201"}],"curies":[{"name":"wp","href":"https:\/\/api.w.org\/{rel}","templated":true}]}}