{"id":21200,"date":"2022-11-09T01:00:00","date_gmt":"2022-11-09T00:00:00","guid":{"rendered":"https:\/\/dreyersforlag.forenteforlag.no\/produkt\/liberalismens-utfordringer\/"},"modified":"2026-02-09T05:44:57","modified_gmt":"2026-02-09T04:44:57","slug":"liberalismens-utfordringer","status":"publish","type":"product","link":"https:\/\/staging.forenteforlag.no\/dreyers\/produkt\/liberalismens-utfordringer\/","title":{"rendered":"Liberalismens utfordringer"},"content":{"rendered":"<p>Det liberale demokratiet og liberalismen er p\u00e5 vikende front over hele verden. Utenfra kommer angrepene tydeligst fra Russland og Kina. Innenfra er det de liberale institusjonene som har v\u00e6rt mest utsatt for angrep. Ledere som Viktor Orb\u00e1n i Ungarn, Jaros.aw Kaczy.ski i Polen, Jair Bolsonaro i Brasil, Recep Tayyip Erdogan i Tyrkia og Donald Trump i USA har alle blitt demokratisk valgt og deretter brukt makten til \u00e5 angripe liberale institusjoner. <\/p>\n<p>Liberalismen har ikke bare blitt angrepet av populister p\u00e5 h\u00f8yresiden. Ogs\u00e5 en fornyet progressiv venstreside har kritisert grunnprinsippene for liberalismen. Begge sider er spesielt misforn\u00f8yde med hvordan liberalismen har utviklet seg til nyliberalisme, som har f\u00f8rt til stor \u00f8konomisk ulikhet og bidratt til .nanskrisene. <\/p>\n<p>I denne boken fremhever Fukuyama det han mener er grunnid\u00e9ene i samtidens liberalisme. Han forsvarer begrunnelsene for en liberal politikk, men samtidig f\u00e5r han frem \u00e5rsakene til at mange mennesker i dag betrakter den som mangelfull. <\/p>\n<p>Fukuyama parafraserer Winston Churchill, som en gang sa om demokrati: \u00ab&#8230; liberalisme er den verste styringsformen som .nnes, bortsett fra alle de andre.\u00bb Derfor m\u00e5 liberalismen forsvares og fornyes for \u00e5 m\u00f8te v\u00e5r tids store utfordringer.<\/p>\n","protected":false},"excerpt":{"rendered":"<p>Det liberale demokratiet og liberalismen er p\u00e5 vikende front over hele verden. Utenfra kommer angrepene tydeligst fra Russland og Kina. Innenfra er det de liberale institusjonene som har v\u00e6rt mest utsatt for angrep. Ledere som Viktor Orb\u00e1n i Ungarn, Jaros.aw Kaczy.ski i Polen, Jair Bolsonaro i Brasil, Recep Tayyip Erdogan i Tyrkia og Donald Trump [&hellip;]<\/p>\n","protected":false},"featured_media":23996,"template":"","meta":{"_acf_changed":false,"inline_featured_image":false},"product_brand":[],"product_cat":[1785,32],"product_tag":[362],"class_list":{"0":"post-21200","1":"product","2":"type-product","3":"status-publish","4":"has-post-thumbnail","6":"product_cat-fripris","7":"product_cat-samfunn-og-politikk","8":"product_tag-faglitteratur","9":"pa_format-innbundet","11":"first","12":"instock","13":"shipping-taxable","14":"purchasable","15":"product-type-simple"},"acf":{"anmeldelse":null},"yoast_head":"<!-- This site is optimized with the Yoast SEO plugin v26.6 - https:\/\/yoast.com\/wordpress\/plugins\/seo\/ -->\n<title>Liberalismens utfordringer - Dreyers Forlag<\/title>\n<meta name=\"robots\" content=\"noindex, follow, max-snippet:-1, max-image-preview:large, max-video-preview:-1\" \/>\n<meta property=\"og:locale\" content=\"nb_NO\" \/>\n<meta property=\"og:type\" content=\"article\" \/>\n<meta property=\"og:title\" content=\"Liberalismens utfordringer - Dreyers Forlag\" \/>\n<meta property=\"og:description\" content=\"Det liberale demokratiet og liberalismen er p\u00e5 vikende front over hele verden. Utenfra kommer angrepene tydeligst fra Russland og Kina. Innenfra er det de liberale institusjonene som har v\u00e6rt mest utsatt for angrep. Ledere som Viktor Orb\u00e1n i Ungarn, Jaros.aw Kaczy.ski i Polen, Jair Bolsonaro i Brasil, Recep Tayyip Erdogan i Tyrkia og Donald Trump [&hellip;]\" \/>\n<meta property=\"og:url\" content=\"https:\/\/staging.forenteforlag.no\/dreyers\/produkt\/liberalismens-utfordringer\/\" \/>\n<meta property=\"og:site_name\" content=\"Dreyers Forlag\" \/>\n<meta property=\"article:modified_time\" content=\"2026-02-09T04:44:57+00:00\" \/>\n<meta property=\"og:image\" content=\"https:\/\/staging.forenteforlag.no\/dreyers\/wp-content\/uploads\/sites\/2\/2025\/08\/jpg-5349.jpg\" \/>\n\t<meta property=\"og:image:width\" content=\"382\" \/>\n\t<meta property=\"og:image:height\" content=\"613\" \/>\n\t<meta property=\"og:image:type\" content=\"image\/jpeg\" \/>\n<meta name=\"twitter:card\" content=\"summary_large_image\" \/>\n<meta name=\"twitter:label1\" content=\"Ansl. lesetid\" \/>\n\t<meta name=\"twitter:data1\" content=\"1 minutt\" \/>\n<script type=\"application\/ld+json\" class=\"yoast-schema-graph\">{\"@context\":\"https:\/\/schema.org\",\"@graph\":[{\"@type\":\"WebPage\",\"@id\":\"https:\/\/staging.forenteforlag.no\/dreyers\/produkt\/liberalismens-utfordringer\/\",\"url\":\"https:\/\/staging.forenteforlag.no\/dreyers\/produkt\/liberalismens-utfordringer\/\",\"name\":\"Liberalismens utfordringer - Dreyers Forlag\",\"isPartOf\":{\"@id\":\"https:\/\/staging.forenteforlag.no\/dreyers\/#website\"},\"primaryImageOfPage\":{\"@id\":\"https:\/\/staging.forenteforlag.no\/dreyers\/produkt\/liberalismens-utfordringer\/#primaryimage\"},\"image\":{\"@id\":\"https:\/\/staging.forenteforlag.no\/dreyers\/produkt\/liberalismens-utfordringer\/#primaryimage\"},\"thumbnailUrl\":\"https:\/\/staging.forenteforlag.no\/dreyers\/wp-content\/uploads\/sites\/2\/2025\/08\/jpg-5349.jpg\",\"datePublished\":\"2022-11-09T00:00:00+00:00\",\"dateModified\":\"2026-02-09T04:44:57+00:00\",\"breadcrumb\":{\"@id\":\"https:\/\/staging.forenteforlag.no\/dreyers\/produkt\/liberalismens-utfordringer\/#breadcrumb\"},\"inLanguage\":\"nb-NO\",\"potentialAction\":[{\"@type\":\"ReadAction\",\"target\":[\"https:\/\/staging.forenteforlag.no\/dreyers\/produkt\/liberalismens-utfordringer\/\"]}]},{\"@type\":\"ImageObject\",\"inLanguage\":\"nb-NO\",\"@id\":\"https:\/\/staging.forenteforlag.no\/dreyers\/produkt\/liberalismens-utfordringer\/#primaryimage\",\"url\":\"https:\/\/staging.forenteforlag.no\/dreyers\/wp-content\/uploads\/sites\/2\/2025\/08\/jpg-5349.jpg\",\"contentUrl\":\"https:\/\/staging.forenteforlag.no\/dreyers\/wp-content\/uploads\/sites\/2\/2025\/08\/jpg-5349.jpg\",\"width\":382,\"height\":613},{\"@type\":\"BreadcrumbList\",\"@id\":\"https:\/\/staging.forenteforlag.no\/dreyers\/produkt\/liberalismens-utfordringer\/#breadcrumb\",\"itemListElement\":[{\"@type\":\"ListItem\",\"position\":1,\"name\":\"Hjem\",\"item\":\"https:\/\/staging.forenteforlag.no\/dreyers\/\"},{\"@type\":\"ListItem\",\"position\":2,\"name\":\"Alle b\u00f8ker\",\"item\":\"https:\/\/staging.forenteforlag.no\/dreyers\/butikk\/\"},{\"@type\":\"ListItem\",\"position\":3,\"name\":\"Liberalismens utfordringer\"}]},{\"@type\":\"WebSite\",\"@id\":\"https:\/\/staging.forenteforlag.no\/dreyers\/#website\",\"url\":\"https:\/\/staging.forenteforlag.no\/dreyers\/\",\"name\":\"Dreyers Forlag\",\"description\":\"\",\"potentialAction\":[{\"@type\":\"SearchAction\",\"target\":{\"@type\":\"EntryPoint\",\"urlTemplate\":\"https:\/\/staging.forenteforlag.no\/dreyers\/?s={search_term_string}\"},\"query-input\":{\"@type\":\"PropertyValueSpecification\",\"valueRequired\":true,\"valueName\":\"search_term_string\"}}],\"inLanguage\":\"nb-NO\"}]}<\/script>\n<!-- \/ Yoast SEO plugin. -->","yoast_head_json":{"title":"Liberalismens utfordringer - Dreyers Forlag","robots":{"index":"noindex","follow":"follow","max-snippet":"max-snippet:-1","max-image-preview":"max-image-preview:large","max-video-preview":"max-video-preview:-1"},"og_locale":"nb_NO","og_type":"article","og_title":"Liberalismens utfordringer - Dreyers Forlag","og_description":"Det liberale demokratiet og liberalismen er p\u00e5 vikende front over hele verden. Utenfra kommer angrepene tydeligst fra Russland og Kina. Innenfra er det de liberale institusjonene som har v\u00e6rt mest utsatt for angrep. Ledere som Viktor Orb\u00e1n i Ungarn, Jaros.aw Kaczy.ski i Polen, Jair Bolsonaro i Brasil, Recep Tayyip Erdogan i Tyrkia og Donald Trump [&hellip;]","og_url":"https:\/\/staging.forenteforlag.no\/dreyers\/produkt\/liberalismens-utfordringer\/","og_site_name":"Dreyers Forlag","article_modified_time":"2026-02-09T04:44:57+00:00","og_image":[{"width":382,"height":613,"url":"https:\/\/staging.forenteforlag.no\/dreyers\/wp-content\/uploads\/sites\/2\/2025\/08\/jpg-5349.jpg","type":"image\/jpeg"}],"twitter_card":"summary_large_image","twitter_misc":{"Ansl. lesetid":"1 minutt"},"schema":{"@context":"https:\/\/schema.org","@graph":[{"@type":"WebPage","@id":"https:\/\/staging.forenteforlag.no\/dreyers\/produkt\/liberalismens-utfordringer\/","url":"https:\/\/staging.forenteforlag.no\/dreyers\/produkt\/liberalismens-utfordringer\/","name":"Liberalismens utfordringer - Dreyers Forlag","isPartOf":{"@id":"https:\/\/staging.forenteforlag.no\/dreyers\/#website"},"primaryImageOfPage":{"@id":"https:\/\/staging.forenteforlag.no\/dreyers\/produkt\/liberalismens-utfordringer\/#primaryimage"},"image":{"@id":"https:\/\/staging.forenteforlag.no\/dreyers\/produkt\/liberalismens-utfordringer\/#primaryimage"},"thumbnailUrl":"https:\/\/staging.forenteforlag.no\/dreyers\/wp-content\/uploads\/sites\/2\/2025\/08\/jpg-5349.jpg","datePublished":"2022-11-09T00:00:00+00:00","dateModified":"2026-02-09T04:44:57+00:00","breadcrumb":{"@id":"https:\/\/staging.forenteforlag.no\/dreyers\/produkt\/liberalismens-utfordringer\/#breadcrumb"},"inLanguage":"nb-NO","potentialAction":[{"@type":"ReadAction","target":["https:\/\/staging.forenteforlag.no\/dreyers\/produkt\/liberalismens-utfordringer\/"]}]},{"@type":"ImageObject","inLanguage":"nb-NO","@id":"https:\/\/staging.forenteforlag.no\/dreyers\/produkt\/liberalismens-utfordringer\/#primaryimage","url":"https:\/\/staging.forenteforlag.no\/dreyers\/wp-content\/uploads\/sites\/2\/2025\/08\/jpg-5349.jpg","contentUrl":"https:\/\/staging.forenteforlag.no\/dreyers\/wp-content\/uploads\/sites\/2\/2025\/08\/jpg-5349.jpg","width":382,"height":613},{"@type":"BreadcrumbList","@id":"https:\/\/staging.forenteforlag.no\/dreyers\/produkt\/liberalismens-utfordringer\/#breadcrumb","itemListElement":[{"@type":"ListItem","position":1,"name":"Hjem","item":"https:\/\/staging.forenteforlag.no\/dreyers\/"},{"@type":"ListItem","position":2,"name":"Alle b\u00f8ker","item":"https:\/\/staging.forenteforlag.no\/dreyers\/butikk\/"},{"@type":"ListItem","position":3,"name":"Liberalismens utfordringer"}]},{"@type":"WebSite","@id":"https:\/\/staging.forenteforlag.no\/dreyers\/#website","url":"https:\/\/staging.forenteforlag.no\/dreyers\/","name":"Dreyers Forlag","description":"","potentialAction":[{"@type":"SearchAction","target":{"@type":"EntryPoint","urlTemplate":"https:\/\/staging.forenteforlag.no\/dreyers\/?s={search_term_string}"},"query-input":{"@type":"PropertyValueSpecification","valueRequired":true,"valueName":"search_term_string"}}],"inLanguage":"nb-NO"}]}},"_links":{"self":[{"href":"https:\/\/staging.forenteforlag.no\/dreyers\/wp-json\/wp\/v2\/product\/21200","targetHints":{"allow":["GET"]}}],"collection":[{"href":"https:\/\/staging.forenteforlag.no\/dreyers\/wp-json\/wp\/v2\/product"}],"about":[{"href":"https:\/\/staging.forenteforlag.no\/dreyers\/wp-json\/wp\/v2\/types\/product"}],"wp:featuredmedia":[{"embeddable":true,"href":"https:\/\/staging.forenteforlag.no\/dreyers\/wp-json\/wp\/v2\/media\/23996"}],"wp:attachment":[{"href":"https:\/\/staging.forenteforlag.no\/dreyers\/wp-json\/wp\/v2\/media?parent=21200"}],"wp:term":[{"taxonomy":"product_brand","embeddable":true,"href":"https:\/\/staging.forenteforlag.no\/dreyers\/wp-json\/wp\/v2\/product_brand?post=21200"},{"taxonomy":"product_cat","embeddable":true,"href":"https:\/\/staging.forenteforlag.no\/dreyers\/wp-json\/wp\/v2\/product_cat?post=21200"},{"taxonomy":"product_tag","embeddable":true,"href":"https:\/\/staging.forenteforlag.no\/dreyers\/wp-json\/wp\/v2\/product_tag?post=21200"}],"curies":[{"name":"wp","href":"https:\/\/api.w.org\/{rel}","templated":true}]}}

<p>Det liberale demokratiet og liberalismen er på vikende front over hele verden. Utenfra kommer angrepene tydeligst fra Russland og Kina. Innenfra er det de liberale institusjonene som har vært mest utsatt for angrep. Ledere som Viktor Orbán i Ungarn, Jaros.aw Kaczy.ski i Polen, Jair Bolsonaro i Brasil, Recep Tayyip Erdogan i Tyrkia og Donald Trump i USA har alle blitt demokratisk valgt og deretter brukt makten til å angripe liberale institusjoner. </p>
<p>Liberalismen har ikke bare blitt angrepet av populister på høyresiden. Også en fornyet progressiv venstreside har kritisert grunnprinsippene for liberalismen. Begge sider er spesielt misfornøyde med hvordan liberalismen har utviklet seg til nyliberalisme, som har ført til stor økonomisk ulikhet og bidratt til .nanskrisene. </p>
<p>I denne boken fremhever Fukuyama det han mener er grunnidéene i samtidens liberalisme. Han forsvarer begrunnelsene for en liberal politikk, men samtidig får han frem årsakene til at mange mennesker i dag betrakter den som mangelfull. </p>
<p>Fukuyama parafraserer Winston Churchill, som en gang sa om demokrati: «&#8230; liberalisme er den verste styringsformen som .nnes, bortsett fra alle de andre.» Derfor må liberalismen forsvares og fornyes for å møte vår tids store utfordringer.</p>

<p>Det liberale demokratiet og liberalismen er på vikende front over hele verden. Utenfra kommer angrepene tydeligst fra Russland og Kina. Innenfra er det de liberale institusjonene som har vært mest utsatt for angrep. Ledere som Viktor Orbán i Ungarn, Jaros.aw Kaczy.ski i Polen, Jair Bolsonaro i Brasil, Recep Tayyip Erdogan i Tyrkia og Donald Trump [&hellip;]</p>

<!-- This site is optimized with the Yoast SEO plugin v26.6 - https://yoast.com/wordpress/plugins/seo/ -->
<title>Liberalismens utfordringer - Dreyers Forlag</title>
<meta name="robots" content="noindex, follow, max-snippet:-1, max-image-preview:large, max-video-preview:-1" />
<meta property="og:locale" content="nb_NO" />
<meta property="og:type" content="article" />
<meta property="og:title" content="Liberalismens utfordringer - Dreyers Forlag" />
<meta property="og:description" content="Det liberale demokratiet og liberalismen er på vikende front over hele verden. Utenfra kommer angrepene tydeligst fra Russland og Kina. Innenfra er det de liberale institusjonene som har vært mest utsatt for angrep. Ledere som Viktor Orbán i Ungarn, Jaros.aw Kaczy.ski i Polen, Jair Bolsonaro i Brasil, Recep Tayyip Erdogan i Tyrkia og Donald Trump [&hellip;]" />
<meta property="og:url" content="https://staging.forenteforlag.no/dreyers/produkt/liberalismens-utfordringer/" />
<meta property="og:site_name" content="Dreyers Forlag" />
<meta property="article:modified_time" content="2026-02-09T04:44:57+00:00" />
<meta property="og:image" content="https://staging.forenteforlag.no/dreyers/wp-content/uploads/sites/2/2025/08/jpg-5349.jpg" />
	<meta property="og:image:width" content="382" />
	<meta property="og:image:height" content="613" />
	<meta property="og:image:type" content="image/jpeg" />
<meta name="twitter:card" content="summary_large_image" />
<meta name="twitter:label1" content="Ansl. lesetid" />
	<meta name="twitter:data1" content="1 minutt" />
<script type="application/ld+json" class="yoast-schema-graph">{"@context":"https://schema.org","@graph":[{"@type":"WebPage","@id":"https://staging.forenteforlag.no/dreyers/produkt/liberalismens-utfordringer/","url":"https://staging.forenteforlag.no/dreyers/produkt/liberalismens-utfordringer/","name":"Liberalismens utfordringer - Dreyers Forlag","isPartOf":{"@id":"https://staging.forenteforlag.no/dreyers/#website"},"primaryImageOfPage":{"@id":"https://staging.forenteforlag.no/dreyers/produkt/liberalismens-utfordringer/#primaryimage"},"image":{"@id":"https://staging.forenteforlag.no/dreyers/produkt/liberalismens-utfordringer/#primaryimage"},"thumbnailUrl":"https://staging.forenteforlag.no/dreyers/wp-content/uploads/sites/2/2025/08/jpg-5349.jpg","datePublished":"2022-11-09T00:00:00+00:00","dateModified":"2026-02-09T04:44:57+00:00","breadcrumb":{"@id":"https://staging.forenteforlag.no/dreyers/produkt/liberalismens-utfordringer/#breadcrumb"},"inLanguage":"nb-NO","potentialAction":[{"@type":"ReadAction","target":["https://staging.forenteforlag.no/dreyers/produkt/liberalismens-utfordringer/"]}]},{"@type":"ImageObject","inLanguage":"nb-NO","@id":"https://staging.forenteforlag.no/dreyers/produkt/liberalismens-utfordringer/#primaryimage","url":"https://staging.forenteforlag.no/dreyers/wp-content/uploads/sites/2/2025/08/jpg-5349.jpg","contentUrl":"https://staging.forenteforlag.no/dreyers/wp-content/uploads/sites/2/2025/08/jpg-5349.jpg","width":382,"height":613},{"@type":"BreadcrumbList","@id":"https://staging.forenteforlag.no/dreyers/produkt/liberalismens-utfordringer/#breadcrumb","itemListElement":[{"@type":"ListItem","position":1,"name":"Hjem","item":"https://staging.forenteforlag.no/dreyers/"},{"@type":"ListItem","position":2,"name":"Alle bøker","item":"https://staging.forenteforlag.no/dreyers/butikk/"},{"@type":"ListItem","position":3,"name":"Liberalismens utfordringer"}]},{"@type":"WebSite","@id":"https://staging.forenteforlag.no/dreyers/#website","url":"https://staging.forenteforlag.no/dreyers/","name":"Dreyers Forlag","description":"","potentialAction":[{"@type":"SearchAction","target":{"@type":"EntryPoint","urlTemplate":"https://staging.forenteforlag.no/dreyers/?s={search_term_string}"},"query-input":{"@type":"PropertyValueSpecification","valueRequired":true,"valueName":"search_term_string"}}],"inLanguage":"nb-NO"}]}</script>
<!-- / Yoast SEO plugin. -->

Det liberale demokratiet og liberalismen er på vikende front over hele verden. Utenfra kommer angrepene tydeligst fra Russland og Kina. Innenfra er det de liberale institusjonene som har vært mest utsatt for angrep. Ledere som Viktor Orbán i Ungarn, Jaros.aw Kaczy.ski i Polen, Jair Bolsonaro i Brasil, Recep Tayyip Erdogan i Tyrkia og Donald Trump [&hellip;]

Alle bøker
