{"id":21199,"date":"2022-11-09T01:00:00","date_gmt":"2022-11-09T00:00:00","guid":{"rendered":"https:\/\/dreyersforlag.forenteforlag.no\/produkt\/fra-gutterommet-til-gestapo\/"},"modified":"2025-09-01T08:25:52","modified_gmt":"2025-09-01T06:25:52","slug":"fra-gutterommet-til-gestapo","status":"publish","type":"product","link":"https:\/\/staging.forenteforlag.no\/dreyers\/produkt\/fra-gutterommet-til-gestapo\/","title":{"rendered":"Fra gutterommet til Gestapo"},"content":{"rendered":"<p>\u00abLa oss reise en bevegelse i Hitlers \u00e5nd!\u00bb ropte taleren som hadde stilt seg opp i Studenterlunden en s\u00f8ndag i mai 1932. Rundt ham stod en gruppe unge menn if\u00f8rt armbind med hakekors i norske farger. Like etterp\u00e5 braket de sammen med motdemonstranter fra arbeiderbevegelsen anf\u00f8rt av Einar Gerhardsen. <\/p>\n<p>Slik kom nasjonalsosialismen til Norge, \u00e5ret f\u00f8r Vidkun Quisling dannet Nasjonal Samling. Taleren var Carl Lie, den f\u00f8rste f\u00f8rer for det som snart kom til \u00e5 hete Norges Nasjonalsosialistiske Arbeiderparti. Med utgangspunkt i dette partiets historie presenteres en dramatisk fortelling om en nazistisk subkultur i mellomkrigstidens Norge. <\/p>\n<p>Vi f\u00f8lger ungguttene gjennom rabalderm\u00f8ter og gatekamper, antisemittiske aksjoner og konspiratoriske samlinger med nordiske og tyske trosfeller. Underveis f\u00e5r vi n\u00e6rg\u00e5ende portretter som forteller mye om de ideologiske, sosiale og psykologiske \u00e5rsakene til deres politiske radikalisering. <\/p>\n<p>I begynnelsen stod de unge nazistene ikke alene. Begeistringen for nasjonalsosialismen ble delt av eldre og mer etablerte personer som gav dem ideologisk, organisatorisk og \u00f8konomisk st\u00f8tte. De m\u00f8tte i starten ogs\u00e5 mye sympati blant borgerlig ungdom og dominerte i en periode gymnas-samfunnene. I l\u00f8pet av ti\u00e5ret krympet imidlertid partiet til \u00e5 bli en ekstrem sekt hvor grensen mellom politisk aktivisme og ren kriminalitet ble utvisket. For noen ble Gestapo og spionvirksomhet for Nazi-Tyskland endestasjonen.<\/p>\n","protected":false},"excerpt":{"rendered":"<p>\u00abLa oss reise en bevegelse i Hitlers \u00e5nd!\u00bb ropte taleren som hadde stilt seg opp i Studenterlunden en s\u00f8ndag i mai 1932. Rundt ham stod en gruppe unge menn if\u00f8rt armbind med hakekors i norske farger. Like etterp\u00e5 braket de sammen med motdemonstranter fra arbeiderbevegelsen anf\u00f8rt av Einar Gerhardsen. Slik kom nasjonalsosialismen til Norge, \u00e5ret [&hellip;]<\/p>\n","protected":false},"featured_media":24363,"template":"","meta":{"_acf_changed":false,"inline_featured_image":false},"product_brand":[],"product_cat":[1785,23],"product_tag":[517,607,362,540,439,1126],"class_list":{"0":"post-21199","1":"product","2":"type-product","3":"status-publish","4":"has-post-thumbnail","6":"product_cat-fripris","7":"product_cat-historie","8":"product_tag-1918-1939","9":"product_tag-bedriftshistorie","10":"product_tag-faglitteratur","11":"product_tag-nazisme","12":"product_tag-nord-norge","13":"product_tag-radikalisering","14":"pa_format-innbundet","16":"first","17":"instock","18":"shipping-taxable","19":"purchasable","20":"product-type-simple"},"acf":{"anmeldelse":null},"yoast_head":"<!-- This site is optimized with the Yoast SEO plugin v26.6 - https:\/\/yoast.com\/wordpress\/plugins\/seo\/ -->\n<title>Fra gutterommet til Gestapo - Dreyers Forlag<\/title>\n<meta name=\"robots\" content=\"noindex, follow, max-snippet:-1, max-image-preview:large, max-video-preview:-1\" \/>\n<meta property=\"og:locale\" content=\"nb_NO\" \/>\n<meta property=\"og:type\" content=\"article\" \/>\n<meta property=\"og:title\" content=\"Fra gutterommet til Gestapo - Dreyers Forlag\" \/>\n<meta property=\"og:description\" content=\"\u00abLa oss reise en bevegelse i Hitlers \u00e5nd!\u00bb ropte taleren som hadde stilt seg opp i Studenterlunden en s\u00f8ndag i mai 1932. Rundt ham stod en gruppe unge menn if\u00f8rt armbind med hakekors i norske farger. Like etterp\u00e5 braket de sammen med motdemonstranter fra arbeiderbevegelsen anf\u00f8rt av Einar Gerhardsen. Slik kom nasjonalsosialismen til Norge, \u00e5ret [&hellip;]\" \/>\n<meta property=\"og:url\" content=\"https:\/\/staging.forenteforlag.no\/dreyers\/produkt\/fra-gutterommet-til-gestapo\/\" \/>\n<meta property=\"og:site_name\" content=\"Dreyers Forlag\" \/>\n<meta property=\"article:modified_time\" content=\"2025-09-01T06:25:52+00:00\" \/>\n<meta property=\"og:image\" content=\"https:\/\/staging.forenteforlag.no\/dreyers\/wp-content\/uploads\/sites\/2\/2025\/08\/jpg-8681.jpg\" \/>\n\t<meta property=\"og:image:width\" content=\"424\" \/>\n\t<meta property=\"og:image:height\" content=\"634\" \/>\n\t<meta property=\"og:image:type\" content=\"image\/jpeg\" \/>\n<meta name=\"twitter:card\" content=\"summary_large_image\" \/>\n<meta name=\"twitter:label1\" content=\"Ansl. lesetid\" \/>\n\t<meta name=\"twitter:data1\" content=\"1 minutt\" \/>\n<script type=\"application\/ld+json\" class=\"yoast-schema-graph\">{\"@context\":\"https:\/\/schema.org\",\"@graph\":[{\"@type\":\"WebPage\",\"@id\":\"https:\/\/staging.forenteforlag.no\/dreyers\/produkt\/fra-gutterommet-til-gestapo\/\",\"url\":\"https:\/\/staging.forenteforlag.no\/dreyers\/produkt\/fra-gutterommet-til-gestapo\/\",\"name\":\"Fra gutterommet til Gestapo - Dreyers Forlag\",\"isPartOf\":{\"@id\":\"https:\/\/staging.forenteforlag.no\/dreyers\/#website\"},\"primaryImageOfPage\":{\"@id\":\"https:\/\/staging.forenteforlag.no\/dreyers\/produkt\/fra-gutterommet-til-gestapo\/#primaryimage\"},\"image\":{\"@id\":\"https:\/\/staging.forenteforlag.no\/dreyers\/produkt\/fra-gutterommet-til-gestapo\/#primaryimage\"},\"thumbnailUrl\":\"https:\/\/staging.forenteforlag.no\/dreyers\/wp-content\/uploads\/sites\/2\/2025\/08\/jpg-8681.jpg\",\"datePublished\":\"2022-11-09T00:00:00+00:00\",\"dateModified\":\"2025-09-01T06:25:52+00:00\",\"breadcrumb\":{\"@id\":\"https:\/\/staging.forenteforlag.no\/dreyers\/produkt\/fra-gutterommet-til-gestapo\/#breadcrumb\"},\"inLanguage\":\"nb-NO\",\"potentialAction\":[{\"@type\":\"ReadAction\",\"target\":[\"https:\/\/staging.forenteforlag.no\/dreyers\/produkt\/fra-gutterommet-til-gestapo\/\"]}]},{\"@type\":\"ImageObject\",\"inLanguage\":\"nb-NO\",\"@id\":\"https:\/\/staging.forenteforlag.no\/dreyers\/produkt\/fra-gutterommet-til-gestapo\/#primaryimage\",\"url\":\"https:\/\/staging.forenteforlag.no\/dreyers\/wp-content\/uploads\/sites\/2\/2025\/08\/jpg-8681.jpg\",\"contentUrl\":\"https:\/\/staging.forenteforlag.no\/dreyers\/wp-content\/uploads\/sites\/2\/2025\/08\/jpg-8681.jpg\",\"width\":424,\"height\":634},{\"@type\":\"BreadcrumbList\",\"@id\":\"https:\/\/staging.forenteforlag.no\/dreyers\/produkt\/fra-gutterommet-til-gestapo\/#breadcrumb\",\"itemListElement\":[{\"@type\":\"ListItem\",\"position\":1,\"name\":\"Hjem\",\"item\":\"https:\/\/staging.forenteforlag.no\/dreyers\/\"},{\"@type\":\"ListItem\",\"position\":2,\"name\":\"Alle b\u00f8ker\",\"item\":\"https:\/\/staging.forenteforlag.no\/dreyers\/butikk\/\"},{\"@type\":\"ListItem\",\"position\":3,\"name\":\"Fra gutterommet til Gestapo\"}]},{\"@type\":\"WebSite\",\"@id\":\"https:\/\/staging.forenteforlag.no\/dreyers\/#website\",\"url\":\"https:\/\/staging.forenteforlag.no\/dreyers\/\",\"name\":\"Dreyers Forlag\",\"description\":\"\",\"potentialAction\":[{\"@type\":\"SearchAction\",\"target\":{\"@type\":\"EntryPoint\",\"urlTemplate\":\"https:\/\/staging.forenteforlag.no\/dreyers\/?s={search_term_string}\"},\"query-input\":{\"@type\":\"PropertyValueSpecification\",\"valueRequired\":true,\"valueName\":\"search_term_string\"}}],\"inLanguage\":\"nb-NO\"}]}<\/script>\n<!-- \/ Yoast SEO plugin. -->","yoast_head_json":{"title":"Fra gutterommet til Gestapo - Dreyers Forlag","robots":{"index":"noindex","follow":"follow","max-snippet":"max-snippet:-1","max-image-preview":"max-image-preview:large","max-video-preview":"max-video-preview:-1"},"og_locale":"nb_NO","og_type":"article","og_title":"Fra gutterommet til Gestapo - Dreyers Forlag","og_description":"\u00abLa oss reise en bevegelse i Hitlers \u00e5nd!\u00bb ropte taleren som hadde stilt seg opp i Studenterlunden en s\u00f8ndag i mai 1932. Rundt ham stod en gruppe unge menn if\u00f8rt armbind med hakekors i norske farger. Like etterp\u00e5 braket de sammen med motdemonstranter fra arbeiderbevegelsen anf\u00f8rt av Einar Gerhardsen. Slik kom nasjonalsosialismen til Norge, \u00e5ret [&hellip;]","og_url":"https:\/\/staging.forenteforlag.no\/dreyers\/produkt\/fra-gutterommet-til-gestapo\/","og_site_name":"Dreyers Forlag","article_modified_time":"2025-09-01T06:25:52+00:00","og_image":[{"width":424,"height":634,"url":"https:\/\/staging.forenteforlag.no\/dreyers\/wp-content\/uploads\/sites\/2\/2025\/08\/jpg-8681.jpg","type":"image\/jpeg"}],"twitter_card":"summary_large_image","twitter_misc":{"Ansl. lesetid":"1 minutt"},"schema":{"@context":"https:\/\/schema.org","@graph":[{"@type":"WebPage","@id":"https:\/\/staging.forenteforlag.no\/dreyers\/produkt\/fra-gutterommet-til-gestapo\/","url":"https:\/\/staging.forenteforlag.no\/dreyers\/produkt\/fra-gutterommet-til-gestapo\/","name":"Fra gutterommet til Gestapo - Dreyers Forlag","isPartOf":{"@id":"https:\/\/staging.forenteforlag.no\/dreyers\/#website"},"primaryImageOfPage":{"@id":"https:\/\/staging.forenteforlag.no\/dreyers\/produkt\/fra-gutterommet-til-gestapo\/#primaryimage"},"image":{"@id":"https:\/\/staging.forenteforlag.no\/dreyers\/produkt\/fra-gutterommet-til-gestapo\/#primaryimage"},"thumbnailUrl":"https:\/\/staging.forenteforlag.no\/dreyers\/wp-content\/uploads\/sites\/2\/2025\/08\/jpg-8681.jpg","datePublished":"2022-11-09T00:00:00+00:00","dateModified":"2025-09-01T06:25:52+00:00","breadcrumb":{"@id":"https:\/\/staging.forenteforlag.no\/dreyers\/produkt\/fra-gutterommet-til-gestapo\/#breadcrumb"},"inLanguage":"nb-NO","potentialAction":[{"@type":"ReadAction","target":["https:\/\/staging.forenteforlag.no\/dreyers\/produkt\/fra-gutterommet-til-gestapo\/"]}]},{"@type":"ImageObject","inLanguage":"nb-NO","@id":"https:\/\/staging.forenteforlag.no\/dreyers\/produkt\/fra-gutterommet-til-gestapo\/#primaryimage","url":"https:\/\/staging.forenteforlag.no\/dreyers\/wp-content\/uploads\/sites\/2\/2025\/08\/jpg-8681.jpg","contentUrl":"https:\/\/staging.forenteforlag.no\/dreyers\/wp-content\/uploads\/sites\/2\/2025\/08\/jpg-8681.jpg","width":424,"height":634},{"@type":"BreadcrumbList","@id":"https:\/\/staging.forenteforlag.no\/dreyers\/produkt\/fra-gutterommet-til-gestapo\/#breadcrumb","itemListElement":[{"@type":"ListItem","position":1,"name":"Hjem","item":"https:\/\/staging.forenteforlag.no\/dreyers\/"},{"@type":"ListItem","position":2,"name":"Alle b\u00f8ker","item":"https:\/\/staging.forenteforlag.no\/dreyers\/butikk\/"},{"@type":"ListItem","position":3,"name":"Fra gutterommet til Gestapo"}]},{"@type":"WebSite","@id":"https:\/\/staging.forenteforlag.no\/dreyers\/#website","url":"https:\/\/staging.forenteforlag.no\/dreyers\/","name":"Dreyers Forlag","description":"","potentialAction":[{"@type":"SearchAction","target":{"@type":"EntryPoint","urlTemplate":"https:\/\/staging.forenteforlag.no\/dreyers\/?s={search_term_string}"},"query-input":{"@type":"PropertyValueSpecification","valueRequired":true,"valueName":"search_term_string"}}],"inLanguage":"nb-NO"}]}},"_links":{"self":[{"href":"https:\/\/staging.forenteforlag.no\/dreyers\/wp-json\/wp\/v2\/product\/21199","targetHints":{"allow":["GET"]}}],"collection":[{"href":"https:\/\/staging.forenteforlag.no\/dreyers\/wp-json\/wp\/v2\/product"}],"about":[{"href":"https:\/\/staging.forenteforlag.no\/dreyers\/wp-json\/wp\/v2\/types\/product"}],"wp:featuredmedia":[{"embeddable":true,"href":"https:\/\/staging.forenteforlag.no\/dreyers\/wp-json\/wp\/v2\/media\/24363"}],"wp:attachment":[{"href":"https:\/\/staging.forenteforlag.no\/dreyers\/wp-json\/wp\/v2\/media?parent=21199"}],"wp:term":[{"taxonomy":"product_brand","embeddable":true,"href":"https:\/\/staging.forenteforlag.no\/dreyers\/wp-json\/wp\/v2\/product_brand?post=21199"},{"taxonomy":"product_cat","embeddable":true,"href":"https:\/\/staging.forenteforlag.no\/dreyers\/wp-json\/wp\/v2\/product_cat?post=21199"},{"taxonomy":"product_tag","embeddable":true,"href":"https:\/\/staging.forenteforlag.no\/dreyers\/wp-json\/wp\/v2\/product_tag?post=21199"}],"curies":[{"name":"wp","href":"https:\/\/api.w.org\/{rel}","templated":true}]}}

<p>«La oss reise en bevegelse i Hitlers ånd!» ropte taleren som hadde stilt seg opp i Studenterlunden en søndag i mai 1932. Rundt ham stod en gruppe unge menn iført armbind med hakekors i norske farger. Like etterpå braket de sammen med motdemonstranter fra arbeiderbevegelsen anført av Einar Gerhardsen. </p>
<p>Slik kom nasjonalsosialismen til Norge, året før Vidkun Quisling dannet Nasjonal Samling. Taleren var Carl Lie, den første fører for det som snart kom til å hete Norges Nasjonalsosialistiske Arbeiderparti. Med utgangspunkt i dette partiets historie presenteres en dramatisk fortelling om en nazistisk subkultur i mellomkrigstidens Norge. </p>
<p>Vi følger ungguttene gjennom rabaldermøter og gatekamper, antisemittiske aksjoner og konspiratoriske samlinger med nordiske og tyske trosfeller. Underveis får vi nærgående portretter som forteller mye om de ideologiske, sosiale og psykologiske årsakene til deres politiske radikalisering. </p>
<p>I begynnelsen stod de unge nazistene ikke alene. Begeistringen for nasjonalsosialismen ble delt av eldre og mer etablerte personer som gav dem ideologisk, organisatorisk og økonomisk støtte. De møtte i starten også mye sympati blant borgerlig ungdom og dominerte i en periode gymnas-samfunnene. I løpet av tiåret krympet imidlertid partiet til å bli en ekstrem sekt hvor grensen mellom politisk aktivisme og ren kriminalitet ble utvisket. For noen ble Gestapo og spionvirksomhet for Nazi-Tyskland endestasjonen.</p>

<p>«La oss reise en bevegelse i Hitlers ånd!» ropte taleren som hadde stilt seg opp i Studenterlunden en søndag i mai 1932. Rundt ham stod en gruppe unge menn iført armbind med hakekors i norske farger. Like etterpå braket de sammen med motdemonstranter fra arbeiderbevegelsen anført av Einar Gerhardsen. Slik kom nasjonalsosialismen til Norge, året [&hellip;]</p>

<!-- This site is optimized with the Yoast SEO plugin v26.6 - https://yoast.com/wordpress/plugins/seo/ -->
<title>Fra gutterommet til Gestapo - Dreyers Forlag</title>
<meta name="robots" content="noindex, follow, max-snippet:-1, max-image-preview:large, max-video-preview:-1" />
<meta property="og:locale" content="nb_NO" />
<meta property="og:type" content="article" />
<meta property="og:title" content="Fra gutterommet til Gestapo - Dreyers Forlag" />
<meta property="og:description" content="«La oss reise en bevegelse i Hitlers ånd!» ropte taleren som hadde stilt seg opp i Studenterlunden en søndag i mai 1932. Rundt ham stod en gruppe unge menn iført armbind med hakekors i norske farger. Like etterpå braket de sammen med motdemonstranter fra arbeiderbevegelsen anført av Einar Gerhardsen. Slik kom nasjonalsosialismen til Norge, året [&hellip;]" />
<meta property="og:url" content="https://staging.forenteforlag.no/dreyers/produkt/fra-gutterommet-til-gestapo/" />
<meta property="og:site_name" content="Dreyers Forlag" />
<meta property="article:modified_time" content="2025-09-01T06:25:52+00:00" />
<meta property="og:image" content="https://staging.forenteforlag.no/dreyers/wp-content/uploads/sites/2/2025/08/jpg-8681.jpg" />
	<meta property="og:image:width" content="424" />
	<meta property="og:image:height" content="634" />
	<meta property="og:image:type" content="image/jpeg" />
<meta name="twitter:card" content="summary_large_image" />
<meta name="twitter:label1" content="Ansl. lesetid" />
	<meta name="twitter:data1" content="1 minutt" />
<script type="application/ld+json" class="yoast-schema-graph">{"@context":"https://schema.org","@graph":[{"@type":"WebPage","@id":"https://staging.forenteforlag.no/dreyers/produkt/fra-gutterommet-til-gestapo/","url":"https://staging.forenteforlag.no/dreyers/produkt/fra-gutterommet-til-gestapo/","name":"Fra gutterommet til Gestapo - Dreyers Forlag","isPartOf":{"@id":"https://staging.forenteforlag.no/dreyers/#website"},"primaryImageOfPage":{"@id":"https://staging.forenteforlag.no/dreyers/produkt/fra-gutterommet-til-gestapo/#primaryimage"},"image":{"@id":"https://staging.forenteforlag.no/dreyers/produkt/fra-gutterommet-til-gestapo/#primaryimage"},"thumbnailUrl":"https://staging.forenteforlag.no/dreyers/wp-content/uploads/sites/2/2025/08/jpg-8681.jpg","datePublished":"2022-11-09T00:00:00+00:00","dateModified":"2025-09-01T06:25:52+00:00","breadcrumb":{"@id":"https://staging.forenteforlag.no/dreyers/produkt/fra-gutterommet-til-gestapo/#breadcrumb"},"inLanguage":"nb-NO","potentialAction":[{"@type":"ReadAction","target":["https://staging.forenteforlag.no/dreyers/produkt/fra-gutterommet-til-gestapo/"]}]},{"@type":"ImageObject","inLanguage":"nb-NO","@id":"https://staging.forenteforlag.no/dreyers/produkt/fra-gutterommet-til-gestapo/#primaryimage","url":"https://staging.forenteforlag.no/dreyers/wp-content/uploads/sites/2/2025/08/jpg-8681.jpg","contentUrl":"https://staging.forenteforlag.no/dreyers/wp-content/uploads/sites/2/2025/08/jpg-8681.jpg","width":424,"height":634},{"@type":"BreadcrumbList","@id":"https://staging.forenteforlag.no/dreyers/produkt/fra-gutterommet-til-gestapo/#breadcrumb","itemListElement":[{"@type":"ListItem","position":1,"name":"Hjem","item":"https://staging.forenteforlag.no/dreyers/"},{"@type":"ListItem","position":2,"name":"Alle bøker","item":"https://staging.forenteforlag.no/dreyers/butikk/"},{"@type":"ListItem","position":3,"name":"Fra gutterommet til Gestapo"}]},{"@type":"WebSite","@id":"https://staging.forenteforlag.no/dreyers/#website","url":"https://staging.forenteforlag.no/dreyers/","name":"Dreyers Forlag","description":"","potentialAction":[{"@type":"SearchAction","target":{"@type":"EntryPoint","urlTemplate":"https://staging.forenteforlag.no/dreyers/?s={search_term_string}"},"query-input":{"@type":"PropertyValueSpecification","valueRequired":true,"valueName":"search_term_string"}}],"inLanguage":"nb-NO"}]}</script>
<!-- / Yoast SEO plugin. -->

«La oss reise en bevegelse i Hitlers ånd!» ropte taleren som hadde stilt seg opp i Studenterlunden en søndag i mai 1932. Rundt ham stod en gruppe unge menn iført armbind med hakekors i norske farger. Like etterpå braket de sammen med motdemonstranter fra arbeiderbevegelsen anført av Einar Gerhardsen. Slik kom nasjonalsosialismen til Norge, året [&hellip;]

Alle bøker
