{"id":21194,"date":"2023-02-14T01:00:00","date_gmt":"2023-02-14T00:00:00","guid":{"rendered":"https:\/\/dreyersforlag.forenteforlag.no\/produkt\/hvor-gar-demokratiet-2\/"},"modified":"2025-08-27T13:06:54","modified_gmt":"2025-08-27T11:06:54","slug":"hvor-gar-demokratiet-2","status":"publish","type":"product","link":"https:\/\/staging.forenteforlag.no\/dreyers\/produkt\/hvor-gar-demokratiet-2\/","title":{"rendered":"Hvor g\u00e5r demokratiet?"},"content":{"rendered":"<p>De siste \u00e5rene har v\u00e6rt preget av at demokratiet er under press i en rekke land. Det Norske Videnskaps-Akademi har invitert forskere og eksperter til \u00e5 belyse demokratiets utfordringer. <\/p>\n<p>Hvilke trusler st\u00e5r demokratiet ovenfor i dag? Hva er politikernes rolle? Hvordan p\u00e5virkes demokratiet av populisme, \u00f8konomisk ulikhet og digitalisering? Hvordan kan en f\u00e5 gjennomslag for upopul\u00e6re klimatiltak i et demokrati? Hvordan kan man samarbeide om forskning med udemokratiske land? Hva er tilstanden for det norske demokratiet, og hva er situasjonen i EU og i USA? <\/p>\n<p>Dette er noen av sp\u00f8rsm\u00e5lene som tas opp i denne boken, som samler innlegg fra foredragsserien Demokratiets forutsetninger, utfordringer og konsekvenser. <\/p>\n<p>Bidragsytere er Anders Breidlid, Grete Brochmann, Jette Christensen, .Ragnhild. Freng. Dale,. Olav. Gjelsvik,. \u00c5se. Gornitzka,. Hans. Petter. Graver,.Mette  Halskov Hansen, Cecilie Hellestveit, Dag O. Hessen, Aanund Hylland, Carl  Henrik  Knutsen, Tomm Kristiansen, Hilmar Mjelde, Kalle Moene, Hilde Eliassen Restad, Lise Rye, Hanne Eggen R\u00f8islien, Asle Toje, \u00d8yvind \u00d8sterud, Rolf Aaberge og Toril Aalberg.<\/p>\n","protected":false},"excerpt":{"rendered":"<p>De siste \u00e5rene har v\u00e6rt preget av at demokratiet er under press i en rekke land. Det Norske Videnskaps-Akademi har invitert forskere og eksperter til \u00e5 belyse demokratiets utfordringer. Hvilke trusler st\u00e5r demokratiet ovenfor i dag? Hva er politikernes rolle? Hvordan p\u00e5virkes demokratiet av populisme, \u00f8konomisk ulikhet og digitalisering? Hvordan kan en f\u00e5 gjennomslag for [&hellip;]<\/p>\n","protected":false},"featured_media":24474,"template":"","meta":{"_acf_changed":false,"inline_featured_image":false},"product_brand":[],"product_cat":[1785,32],"product_tag":[944,362],"class_list":{"0":"post-21194","1":"product","2":"type-product","3":"status-publish","4":"has-post-thumbnail","6":"product_cat-fripris","7":"product_cat-samfunn-og-politikk","8":"product_tag-demokrati","9":"product_tag-faglitteratur","10":"pa_format-innbundet","12":"first","13":"instock","14":"shipping-taxable","15":"purchasable","16":"product-type-simple"},"acf":{"anmeldelse":null},"yoast_head":"<!-- This site is optimized with the Yoast SEO plugin v26.6 - https:\/\/yoast.com\/wordpress\/plugins\/seo\/ -->\n<title>Hvor g\u00e5r demokratiet? - Dreyers Forlag<\/title>\n<meta name=\"robots\" content=\"noindex, follow, max-snippet:-1, max-image-preview:large, max-video-preview:-1\" \/>\n<meta property=\"og:locale\" content=\"nb_NO\" \/>\n<meta property=\"og:type\" content=\"article\" \/>\n<meta property=\"og:title\" content=\"Hvor g\u00e5r demokratiet? - Dreyers Forlag\" \/>\n<meta property=\"og:description\" content=\"De siste \u00e5rene har v\u00e6rt preget av at demokratiet er under press i en rekke land. Det Norske Videnskaps-Akademi har invitert forskere og eksperter til \u00e5 belyse demokratiets utfordringer. Hvilke trusler st\u00e5r demokratiet ovenfor i dag? Hva er politikernes rolle? Hvordan p\u00e5virkes demokratiet av populisme, \u00f8konomisk ulikhet og digitalisering? Hvordan kan en f\u00e5 gjennomslag for [&hellip;]\" \/>\n<meta property=\"og:url\" content=\"https:\/\/staging.forenteforlag.no\/dreyers\/produkt\/hvor-gar-demokratiet-2\/\" \/>\n<meta property=\"og:site_name\" content=\"Dreyers Forlag\" \/>\n<meta property=\"article:modified_time\" content=\"2025-08-27T11:06:54+00:00\" \/>\n<meta property=\"og:image\" content=\"https:\/\/staging.forenteforlag.no\/dreyers\/wp-content\/uploads\/sites\/2\/2025\/08\/jpg-9790.jpg\" \/>\n\t<meta property=\"og:image:width\" content=\"439\" \/>\n\t<meta property=\"og:image:height\" content=\"649\" \/>\n\t<meta property=\"og:image:type\" content=\"image\/jpeg\" \/>\n<meta name=\"twitter:card\" content=\"summary_large_image\" \/>\n<meta name=\"twitter:label1\" content=\"Ansl. lesetid\" \/>\n\t<meta name=\"twitter:data1\" content=\"2 minutter\" \/>\n<script type=\"application\/ld+json\" class=\"yoast-schema-graph\">{\"@context\":\"https:\/\/schema.org\",\"@graph\":[{\"@type\":\"WebPage\",\"@id\":\"https:\/\/staging.forenteforlag.no\/dreyers\/produkt\/hvor-gar-demokratiet-2\/\",\"url\":\"https:\/\/staging.forenteforlag.no\/dreyers\/produkt\/hvor-gar-demokratiet-2\/\",\"name\":\"Hvor g\u00e5r demokratiet? - Dreyers Forlag\",\"isPartOf\":{\"@id\":\"https:\/\/staging.forenteforlag.no\/dreyers\/#website\"},\"primaryImageOfPage\":{\"@id\":\"https:\/\/staging.forenteforlag.no\/dreyers\/produkt\/hvor-gar-demokratiet-2\/#primaryimage\"},\"image\":{\"@id\":\"https:\/\/staging.forenteforlag.no\/dreyers\/produkt\/hvor-gar-demokratiet-2\/#primaryimage\"},\"thumbnailUrl\":\"https:\/\/staging.forenteforlag.no\/dreyers\/wp-content\/uploads\/sites\/2\/2025\/08\/jpg-9790.jpg\",\"datePublished\":\"2023-02-14T00:00:00+00:00\",\"dateModified\":\"2025-08-27T11:06:54+00:00\",\"breadcrumb\":{\"@id\":\"https:\/\/staging.forenteforlag.no\/dreyers\/produkt\/hvor-gar-demokratiet-2\/#breadcrumb\"},\"inLanguage\":\"nb-NO\",\"potentialAction\":[{\"@type\":\"ReadAction\",\"target\":[\"https:\/\/staging.forenteforlag.no\/dreyers\/produkt\/hvor-gar-demokratiet-2\/\"]}]},{\"@type\":\"ImageObject\",\"inLanguage\":\"nb-NO\",\"@id\":\"https:\/\/staging.forenteforlag.no\/dreyers\/produkt\/hvor-gar-demokratiet-2\/#primaryimage\",\"url\":\"https:\/\/staging.forenteforlag.no\/dreyers\/wp-content\/uploads\/sites\/2\/2025\/08\/jpg-9790.jpg\",\"contentUrl\":\"https:\/\/staging.forenteforlag.no\/dreyers\/wp-content\/uploads\/sites\/2\/2025\/08\/jpg-9790.jpg\",\"width\":439,\"height\":649},{\"@type\":\"BreadcrumbList\",\"@id\":\"https:\/\/staging.forenteforlag.no\/dreyers\/produkt\/hvor-gar-demokratiet-2\/#breadcrumb\",\"itemListElement\":[{\"@type\":\"ListItem\",\"position\":1,\"name\":\"Hjem\",\"item\":\"https:\/\/staging.forenteforlag.no\/dreyers\/\"},{\"@type\":\"ListItem\",\"position\":2,\"name\":\"Alle b\u00f8ker\",\"item\":\"https:\/\/staging.forenteforlag.no\/dreyers\/butikk\/\"},{\"@type\":\"ListItem\",\"position\":3,\"name\":\"Hvor g\u00e5r demokratiet?\"}]},{\"@type\":\"WebSite\",\"@id\":\"https:\/\/staging.forenteforlag.no\/dreyers\/#website\",\"url\":\"https:\/\/staging.forenteforlag.no\/dreyers\/\",\"name\":\"Dreyers Forlag\",\"description\":\"\",\"potentialAction\":[{\"@type\":\"SearchAction\",\"target\":{\"@type\":\"EntryPoint\",\"urlTemplate\":\"https:\/\/staging.forenteforlag.no\/dreyers\/?s={search_term_string}\"},\"query-input\":{\"@type\":\"PropertyValueSpecification\",\"valueRequired\":true,\"valueName\":\"search_term_string\"}}],\"inLanguage\":\"nb-NO\"}]}<\/script>\n<!-- \/ Yoast SEO plugin. -->","yoast_head_json":{"title":"Hvor g\u00e5r demokratiet? - Dreyers Forlag","robots":{"index":"noindex","follow":"follow","max-snippet":"max-snippet:-1","max-image-preview":"max-image-preview:large","max-video-preview":"max-video-preview:-1"},"og_locale":"nb_NO","og_type":"article","og_title":"Hvor g\u00e5r demokratiet? - Dreyers Forlag","og_description":"De siste \u00e5rene har v\u00e6rt preget av at demokratiet er under press i en rekke land. Det Norske Videnskaps-Akademi har invitert forskere og eksperter til \u00e5 belyse demokratiets utfordringer. Hvilke trusler st\u00e5r demokratiet ovenfor i dag? Hva er politikernes rolle? Hvordan p\u00e5virkes demokratiet av populisme, \u00f8konomisk ulikhet og digitalisering? Hvordan kan en f\u00e5 gjennomslag for [&hellip;]","og_url":"https:\/\/staging.forenteforlag.no\/dreyers\/produkt\/hvor-gar-demokratiet-2\/","og_site_name":"Dreyers Forlag","article_modified_time":"2025-08-27T11:06:54+00:00","og_image":[{"width":439,"height":649,"url":"https:\/\/staging.forenteforlag.no\/dreyers\/wp-content\/uploads\/sites\/2\/2025\/08\/jpg-9790.jpg","type":"image\/jpeg"}],"twitter_card":"summary_large_image","twitter_misc":{"Ansl. lesetid":"2 minutter"},"schema":{"@context":"https:\/\/schema.org","@graph":[{"@type":"WebPage","@id":"https:\/\/staging.forenteforlag.no\/dreyers\/produkt\/hvor-gar-demokratiet-2\/","url":"https:\/\/staging.forenteforlag.no\/dreyers\/produkt\/hvor-gar-demokratiet-2\/","name":"Hvor g\u00e5r demokratiet? - Dreyers Forlag","isPartOf":{"@id":"https:\/\/staging.forenteforlag.no\/dreyers\/#website"},"primaryImageOfPage":{"@id":"https:\/\/staging.forenteforlag.no\/dreyers\/produkt\/hvor-gar-demokratiet-2\/#primaryimage"},"image":{"@id":"https:\/\/staging.forenteforlag.no\/dreyers\/produkt\/hvor-gar-demokratiet-2\/#primaryimage"},"thumbnailUrl":"https:\/\/staging.forenteforlag.no\/dreyers\/wp-content\/uploads\/sites\/2\/2025\/08\/jpg-9790.jpg","datePublished":"2023-02-14T00:00:00+00:00","dateModified":"2025-08-27T11:06:54+00:00","breadcrumb":{"@id":"https:\/\/staging.forenteforlag.no\/dreyers\/produkt\/hvor-gar-demokratiet-2\/#breadcrumb"},"inLanguage":"nb-NO","potentialAction":[{"@type":"ReadAction","target":["https:\/\/staging.forenteforlag.no\/dreyers\/produkt\/hvor-gar-demokratiet-2\/"]}]},{"@type":"ImageObject","inLanguage":"nb-NO","@id":"https:\/\/staging.forenteforlag.no\/dreyers\/produkt\/hvor-gar-demokratiet-2\/#primaryimage","url":"https:\/\/staging.forenteforlag.no\/dreyers\/wp-content\/uploads\/sites\/2\/2025\/08\/jpg-9790.jpg","contentUrl":"https:\/\/staging.forenteforlag.no\/dreyers\/wp-content\/uploads\/sites\/2\/2025\/08\/jpg-9790.jpg","width":439,"height":649},{"@type":"BreadcrumbList","@id":"https:\/\/staging.forenteforlag.no\/dreyers\/produkt\/hvor-gar-demokratiet-2\/#breadcrumb","itemListElement":[{"@type":"ListItem","position":1,"name":"Hjem","item":"https:\/\/staging.forenteforlag.no\/dreyers\/"},{"@type":"ListItem","position":2,"name":"Alle b\u00f8ker","item":"https:\/\/staging.forenteforlag.no\/dreyers\/butikk\/"},{"@type":"ListItem","position":3,"name":"Hvor g\u00e5r demokratiet?"}]},{"@type":"WebSite","@id":"https:\/\/staging.forenteforlag.no\/dreyers\/#website","url":"https:\/\/staging.forenteforlag.no\/dreyers\/","name":"Dreyers Forlag","description":"","potentialAction":[{"@type":"SearchAction","target":{"@type":"EntryPoint","urlTemplate":"https:\/\/staging.forenteforlag.no\/dreyers\/?s={search_term_string}"},"query-input":{"@type":"PropertyValueSpecification","valueRequired":true,"valueName":"search_term_string"}}],"inLanguage":"nb-NO"}]}},"_links":{"self":[{"href":"https:\/\/staging.forenteforlag.no\/dreyers\/wp-json\/wp\/v2\/product\/21194","targetHints":{"allow":["GET"]}}],"collection":[{"href":"https:\/\/staging.forenteforlag.no\/dreyers\/wp-json\/wp\/v2\/product"}],"about":[{"href":"https:\/\/staging.forenteforlag.no\/dreyers\/wp-json\/wp\/v2\/types\/product"}],"wp:featuredmedia":[{"embeddable":true,"href":"https:\/\/staging.forenteforlag.no\/dreyers\/wp-json\/wp\/v2\/media\/24474"}],"wp:attachment":[{"href":"https:\/\/staging.forenteforlag.no\/dreyers\/wp-json\/wp\/v2\/media?parent=21194"}],"wp:term":[{"taxonomy":"product_brand","embeddable":true,"href":"https:\/\/staging.forenteforlag.no\/dreyers\/wp-json\/wp\/v2\/product_brand?post=21194"},{"taxonomy":"product_cat","embeddable":true,"href":"https:\/\/staging.forenteforlag.no\/dreyers\/wp-json\/wp\/v2\/product_cat?post=21194"},{"taxonomy":"product_tag","embeddable":true,"href":"https:\/\/staging.forenteforlag.no\/dreyers\/wp-json\/wp\/v2\/product_tag?post=21194"}],"curies":[{"name":"wp","href":"https:\/\/api.w.org\/{rel}","templated":true}]}}

Hvor går demokratiet?

<p>De siste årene har vært preget av at demokratiet er under press i en rekke land. Det Norske Videnskaps-Akademi har invitert forskere og eksperter til å belyse demokratiets utfordringer. </p>
<p>Hvilke trusler står demokratiet ovenfor i dag? Hva er politikernes rolle? Hvordan påvirkes demokratiet av populisme, økonomisk ulikhet og digitalisering? Hvordan kan en få gjennomslag for upopulære klimatiltak i et demokrati? Hvordan kan man samarbeide om forskning med udemokratiske land? Hva er tilstanden for det norske demokratiet, og hva er situasjonen i EU og i USA? </p>
<p>Dette er noen av spørsmålene som tas opp i denne boken, som samler innlegg fra foredragsserien Demokratiets forutsetninger, utfordringer og konsekvenser. </p>
<p>Bidragsytere er Anders Breidlid, Grete Brochmann, Jette Christensen, .Ragnhild. Freng. Dale,. Olav. Gjelsvik,. Åse. Gornitzka,. Hans. Petter. Graver,.Mette  Halskov Hansen, Cecilie Hellestveit, Dag O. Hessen, Aanund Hylland, Carl  Henrik  Knutsen, Tomm Kristiansen, Hilmar Mjelde, Kalle Moene, Hilde Eliassen Restad, Lise Rye, Hanne Eggen Røislien, Asle Toje, Øyvind Østerud, Rolf Aaberge og Toril Aalberg.</p>

<p>De siste årene har vært preget av at demokratiet er under press i en rekke land. Det Norske Videnskaps-Akademi har invitert forskere og eksperter til å belyse demokratiets utfordringer. Hvilke trusler står demokratiet ovenfor i dag? Hva er politikernes rolle? Hvordan påvirkes demokratiet av populisme, økonomisk ulikhet og digitalisering? Hvordan kan en få gjennomslag for [&hellip;]</p>

<!-- This site is optimized with the Yoast SEO plugin v26.6 - https://yoast.com/wordpress/plugins/seo/ -->
<title>Hvor går demokratiet? - Dreyers Forlag</title>
<meta name="robots" content="noindex, follow, max-snippet:-1, max-image-preview:large, max-video-preview:-1" />
<meta property="og:locale" content="nb_NO" />
<meta property="og:type" content="article" />
<meta property="og:title" content="Hvor går demokratiet? - Dreyers Forlag" />
<meta property="og:description" content="De siste årene har vært preget av at demokratiet er under press i en rekke land. Det Norske Videnskaps-Akademi har invitert forskere og eksperter til å belyse demokratiets utfordringer. Hvilke trusler står demokratiet ovenfor i dag? Hva er politikernes rolle? Hvordan påvirkes demokratiet av populisme, økonomisk ulikhet og digitalisering? Hvordan kan en få gjennomslag for [&hellip;]" />
<meta property="og:url" content="https://staging.forenteforlag.no/dreyers/produkt/hvor-gar-demokratiet-2/" />
<meta property="og:site_name" content="Dreyers Forlag" />
<meta property="article:modified_time" content="2025-08-27T11:06:54+00:00" />
<meta property="og:image" content="https://staging.forenteforlag.no/dreyers/wp-content/uploads/sites/2/2025/08/jpg-9790.jpg" />
	<meta property="og:image:width" content="439" />
	<meta property="og:image:height" content="649" />
	<meta property="og:image:type" content="image/jpeg" />
<meta name="twitter:card" content="summary_large_image" />
<meta name="twitter:label1" content="Ansl. lesetid" />
	<meta name="twitter:data1" content="2 minutter" />
<script type="application/ld+json" class="yoast-schema-graph">{"@context":"https://schema.org","@graph":[{"@type":"WebPage","@id":"https://staging.forenteforlag.no/dreyers/produkt/hvor-gar-demokratiet-2/","url":"https://staging.forenteforlag.no/dreyers/produkt/hvor-gar-demokratiet-2/","name":"Hvor går demokratiet? - Dreyers Forlag","isPartOf":{"@id":"https://staging.forenteforlag.no/dreyers/#website"},"primaryImageOfPage":{"@id":"https://staging.forenteforlag.no/dreyers/produkt/hvor-gar-demokratiet-2/#primaryimage"},"image":{"@id":"https://staging.forenteforlag.no/dreyers/produkt/hvor-gar-demokratiet-2/#primaryimage"},"thumbnailUrl":"https://staging.forenteforlag.no/dreyers/wp-content/uploads/sites/2/2025/08/jpg-9790.jpg","datePublished":"2023-02-14T00:00:00+00:00","dateModified":"2025-08-27T11:06:54+00:00","breadcrumb":{"@id":"https://staging.forenteforlag.no/dreyers/produkt/hvor-gar-demokratiet-2/#breadcrumb"},"inLanguage":"nb-NO","potentialAction":[{"@type":"ReadAction","target":["https://staging.forenteforlag.no/dreyers/produkt/hvor-gar-demokratiet-2/"]}]},{"@type":"ImageObject","inLanguage":"nb-NO","@id":"https://staging.forenteforlag.no/dreyers/produkt/hvor-gar-demokratiet-2/#primaryimage","url":"https://staging.forenteforlag.no/dreyers/wp-content/uploads/sites/2/2025/08/jpg-9790.jpg","contentUrl":"https://staging.forenteforlag.no/dreyers/wp-content/uploads/sites/2/2025/08/jpg-9790.jpg","width":439,"height":649},{"@type":"BreadcrumbList","@id":"https://staging.forenteforlag.no/dreyers/produkt/hvor-gar-demokratiet-2/#breadcrumb","itemListElement":[{"@type":"ListItem","position":1,"name":"Hjem","item":"https://staging.forenteforlag.no/dreyers/"},{"@type":"ListItem","position":2,"name":"Alle bøker","item":"https://staging.forenteforlag.no/dreyers/butikk/"},{"@type":"ListItem","position":3,"name":"Hvor går demokratiet?"}]},{"@type":"WebSite","@id":"https://staging.forenteforlag.no/dreyers/#website","url":"https://staging.forenteforlag.no/dreyers/","name":"Dreyers Forlag","description":"","potentialAction":[{"@type":"SearchAction","target":{"@type":"EntryPoint","urlTemplate":"https://staging.forenteforlag.no/dreyers/?s={search_term_string}"},"query-input":{"@type":"PropertyValueSpecification","valueRequired":true,"valueName":"search_term_string"}}],"inLanguage":"nb-NO"}]}</script>
<!-- / Yoast SEO plugin. -->

Hvor går demokratiet? - Dreyers Forlag

De siste årene har vært preget av at demokratiet er under press i en rekke land. Det Norske Videnskaps-Akademi har invitert forskere og eksperter til å belyse demokratiets utfordringer. Hvilke trusler står demokratiet ovenfor i dag? Hva er politikernes rolle? Hvordan påvirkes demokratiet av populisme, økonomisk ulikhet og digitalisering? Hvordan kan en få gjennomslag for [&hellip;]

Alle bøker
