{"id":21192,"date":"2023-03-08T01:00:00","date_gmt":"2023-03-08T00:00:00","guid":{"rendered":"https:\/\/dreyersforlag.forenteforlag.no\/produkt\/kva-skjer-i-bygde-norge\/"},"modified":"2025-09-03T15:01:59","modified_gmt":"2025-09-03T13:01:59","slug":"kva-skjer-i-bygde-norge","status":"publish","type":"product","link":"https:\/\/staging.forenteforlag.no\/dreyers\/produkt\/kva-skjer-i-bygde-norge\/","title":{"rendered":"Kva skjer i Bygde-Norge?"},"content":{"rendered":"<p>Bygder har skifta ham og distrikta har gjort oppr\u00f8r. Reidar Alm\u00e5s tar oss i denne boka med sjumilssteg gjennom 1900-talet fram til dagens bygdesamfunn. Alm\u00e5s n\u00f8yer seg ikkje med \u00e5 beskrive og forklare, men gir ogs\u00e5 r\u00e5d om korleis bygdefolk kan skape si eiga framtid, under omstende dei sj\u00f8lve ikkje har valt. Det er viktig \u00e5 forst\u00e5 b\u00e5de fortida og notida for \u00e5 forme fram-tida.<\/p>\n<p>Med ein fot i bygda og ein fot som professor og institusjonsbyggar p\u00e5 universitetet, tar Alm\u00e5s deg med p\u00e5 ei reise gjennom eit landskap som er sterkt forandra. Tufta p\u00e5 45 \u00e5r med bygde-forsking og praktisk bygdeliv, oppdaterer han oss p\u00e5 kva som skjer med distriktsn\u00e6ringane og korleis det g\u00e5r med det gr\u00f8ne skiftet. Den skj\u00f8re balansen mellom by og land er avgjerande dersom vi skal ha tilgang til nok mat og rimeleg energi i \u00e5ra som kjem.<\/p>\n<p>I kj\u00f8lvatnet av dei mange distriktsoppr\u00f8ra har distrikts-politikken kome h\u00f8gt p\u00e5 den politiske dagsordenen. For \u00e5 skj\u00f8ne kva som skjer, m\u00e5 vi skaffe oss oversikt over dei lange linjene i forholdet mellom bygd og by. Dei overordna sp\u00f8rsm\u00e5la vil vere: Kva har skjedd med bygdene v\u00e5re, kvifor har det skjedd og kva vil og b\u00f8r skje framover.<\/p>\n","protected":false},"excerpt":{"rendered":"<p>Bygder har skifta ham og distrikta har gjort oppr\u00f8r. Reidar Alm\u00e5s tar oss i denne boka med sjumilssteg gjennom 1900-talet fram til dagens bygdesamfunn. Alm\u00e5s n\u00f8yer seg ikkje med \u00e5 beskrive og forklare, men gir ogs\u00e5 r\u00e5d om korleis bygdefolk kan skape si eiga framtid, under omstende dei sj\u00f8lve ikkje har valt. Det er viktig [&hellip;]<\/p>\n","protected":false},"featured_media":24221,"template":"","meta":{"_acf_changed":false,"inline_featured_image":false},"product_brand":[],"product_cat":[1785,32],"product_tag":[441,431,814,362,439],"class_list":{"0":"post-21192","1":"product","2":"type-product","3":"status-publish","4":"has-post-thumbnail","6":"product_cat-fripris","7":"product_cat-samfunn-og-politikk","8":"product_tag-1900-tallet","9":"product_tag-2000-2049","10":"product_tag-bygder","11":"product_tag-faglitteratur","12":"product_tag-nord-norge","13":"pa_format-innbundet","15":"first","16":"instock","17":"shipping-taxable","18":"purchasable","19":"product-type-simple"},"acf":{"anmeldelse":null},"yoast_head":"<!-- This site is optimized with the Yoast SEO plugin v26.6 - https:\/\/yoast.com\/wordpress\/plugins\/seo\/ -->\n<title>Kva skjer i Bygde-Norge? - Dreyers Forlag<\/title>\n<meta name=\"robots\" content=\"noindex, follow, max-snippet:-1, max-image-preview:large, max-video-preview:-1\" \/>\n<meta property=\"og:locale\" content=\"nb_NO\" \/>\n<meta property=\"og:type\" content=\"article\" \/>\n<meta property=\"og:title\" content=\"Kva skjer i Bygde-Norge? - Dreyers Forlag\" \/>\n<meta property=\"og:description\" content=\"Bygder har skifta ham og distrikta har gjort oppr\u00f8r. Reidar Alm\u00e5s tar oss i denne boka med sjumilssteg gjennom 1900-talet fram til dagens bygdesamfunn. Alm\u00e5s n\u00f8yer seg ikkje med \u00e5 beskrive og forklare, men gir ogs\u00e5 r\u00e5d om korleis bygdefolk kan skape si eiga framtid, under omstende dei sj\u00f8lve ikkje har valt. Det er viktig [&hellip;]\" \/>\n<meta property=\"og:url\" content=\"https:\/\/staging.forenteforlag.no\/dreyers\/produkt\/kva-skjer-i-bygde-norge\/\" \/>\n<meta property=\"og:site_name\" content=\"Dreyers Forlag\" \/>\n<meta property=\"article:modified_time\" content=\"2025-09-03T13:01:59+00:00\" \/>\n<meta property=\"og:image\" content=\"https:\/\/staging.forenteforlag.no\/dreyers\/wp-content\/uploads\/sites\/2\/2025\/08\/jpg-7437.jpg\" \/>\n\t<meta property=\"og:image:width\" content=\"446\" \/>\n\t<meta property=\"og:image:height\" content=\"700\" \/>\n\t<meta property=\"og:image:type\" content=\"image\/jpeg\" \/>\n<meta name=\"twitter:card\" content=\"summary_large_image\" \/>\n<meta name=\"twitter:label1\" content=\"Ansl. lesetid\" \/>\n\t<meta name=\"twitter:data1\" content=\"1 minutt\" \/>\n<script type=\"application\/ld+json\" class=\"yoast-schema-graph\">{\"@context\":\"https:\/\/schema.org\",\"@graph\":[{\"@type\":\"WebPage\",\"@id\":\"https:\/\/staging.forenteforlag.no\/dreyers\/produkt\/kva-skjer-i-bygde-norge\/\",\"url\":\"https:\/\/staging.forenteforlag.no\/dreyers\/produkt\/kva-skjer-i-bygde-norge\/\",\"name\":\"Kva skjer i Bygde-Norge? - Dreyers Forlag\",\"isPartOf\":{\"@id\":\"https:\/\/staging.forenteforlag.no\/dreyers\/#website\"},\"primaryImageOfPage\":{\"@id\":\"https:\/\/staging.forenteforlag.no\/dreyers\/produkt\/kva-skjer-i-bygde-norge\/#primaryimage\"},\"image\":{\"@id\":\"https:\/\/staging.forenteforlag.no\/dreyers\/produkt\/kva-skjer-i-bygde-norge\/#primaryimage\"},\"thumbnailUrl\":\"https:\/\/staging.forenteforlag.no\/dreyers\/wp-content\/uploads\/sites\/2\/2025\/08\/jpg-7437.jpg\",\"datePublished\":\"2023-03-08T00:00:00+00:00\",\"dateModified\":\"2025-09-03T13:01:59+00:00\",\"breadcrumb\":{\"@id\":\"https:\/\/staging.forenteforlag.no\/dreyers\/produkt\/kva-skjer-i-bygde-norge\/#breadcrumb\"},\"inLanguage\":\"nb-NO\",\"potentialAction\":[{\"@type\":\"ReadAction\",\"target\":[\"https:\/\/staging.forenteforlag.no\/dreyers\/produkt\/kva-skjer-i-bygde-norge\/\"]}]},{\"@type\":\"ImageObject\",\"inLanguage\":\"nb-NO\",\"@id\":\"https:\/\/staging.forenteforlag.no\/dreyers\/produkt\/kva-skjer-i-bygde-norge\/#primaryimage\",\"url\":\"https:\/\/staging.forenteforlag.no\/dreyers\/wp-content\/uploads\/sites\/2\/2025\/08\/jpg-7437.jpg\",\"contentUrl\":\"https:\/\/staging.forenteforlag.no\/dreyers\/wp-content\/uploads\/sites\/2\/2025\/08\/jpg-7437.jpg\",\"width\":446,\"height\":700},{\"@type\":\"BreadcrumbList\",\"@id\":\"https:\/\/staging.forenteforlag.no\/dreyers\/produkt\/kva-skjer-i-bygde-norge\/#breadcrumb\",\"itemListElement\":[{\"@type\":\"ListItem\",\"position\":1,\"name\":\"Hjem\",\"item\":\"https:\/\/staging.forenteforlag.no\/dreyers\/\"},{\"@type\":\"ListItem\",\"position\":2,\"name\":\"Alle b\u00f8ker\",\"item\":\"https:\/\/staging.forenteforlag.no\/dreyers\/butikk\/\"},{\"@type\":\"ListItem\",\"position\":3,\"name\":\"Kva skjer i Bygde-Norge?\"}]},{\"@type\":\"WebSite\",\"@id\":\"https:\/\/staging.forenteforlag.no\/dreyers\/#website\",\"url\":\"https:\/\/staging.forenteforlag.no\/dreyers\/\",\"name\":\"Dreyers Forlag\",\"description\":\"\",\"potentialAction\":[{\"@type\":\"SearchAction\",\"target\":{\"@type\":\"EntryPoint\",\"urlTemplate\":\"https:\/\/staging.forenteforlag.no\/dreyers\/?s={search_term_string}\"},\"query-input\":{\"@type\":\"PropertyValueSpecification\",\"valueRequired\":true,\"valueName\":\"search_term_string\"}}],\"inLanguage\":\"nb-NO\"}]}<\/script>\n<!-- \/ Yoast SEO plugin. -->","yoast_head_json":{"title":"Kva skjer i Bygde-Norge? - Dreyers Forlag","robots":{"index":"noindex","follow":"follow","max-snippet":"max-snippet:-1","max-image-preview":"max-image-preview:large","max-video-preview":"max-video-preview:-1"},"og_locale":"nb_NO","og_type":"article","og_title":"Kva skjer i Bygde-Norge? - Dreyers Forlag","og_description":"Bygder har skifta ham og distrikta har gjort oppr\u00f8r. Reidar Alm\u00e5s tar oss i denne boka med sjumilssteg gjennom 1900-talet fram til dagens bygdesamfunn. Alm\u00e5s n\u00f8yer seg ikkje med \u00e5 beskrive og forklare, men gir ogs\u00e5 r\u00e5d om korleis bygdefolk kan skape si eiga framtid, under omstende dei sj\u00f8lve ikkje har valt. Det er viktig [&hellip;]","og_url":"https:\/\/staging.forenteforlag.no\/dreyers\/produkt\/kva-skjer-i-bygde-norge\/","og_site_name":"Dreyers Forlag","article_modified_time":"2025-09-03T13:01:59+00:00","og_image":[{"width":446,"height":700,"url":"https:\/\/staging.forenteforlag.no\/dreyers\/wp-content\/uploads\/sites\/2\/2025\/08\/jpg-7437.jpg","type":"image\/jpeg"}],"twitter_card":"summary_large_image","twitter_misc":{"Ansl. lesetid":"1 minutt"},"schema":{"@context":"https:\/\/schema.org","@graph":[{"@type":"WebPage","@id":"https:\/\/staging.forenteforlag.no\/dreyers\/produkt\/kva-skjer-i-bygde-norge\/","url":"https:\/\/staging.forenteforlag.no\/dreyers\/produkt\/kva-skjer-i-bygde-norge\/","name":"Kva skjer i Bygde-Norge? - Dreyers Forlag","isPartOf":{"@id":"https:\/\/staging.forenteforlag.no\/dreyers\/#website"},"primaryImageOfPage":{"@id":"https:\/\/staging.forenteforlag.no\/dreyers\/produkt\/kva-skjer-i-bygde-norge\/#primaryimage"},"image":{"@id":"https:\/\/staging.forenteforlag.no\/dreyers\/produkt\/kva-skjer-i-bygde-norge\/#primaryimage"},"thumbnailUrl":"https:\/\/staging.forenteforlag.no\/dreyers\/wp-content\/uploads\/sites\/2\/2025\/08\/jpg-7437.jpg","datePublished":"2023-03-08T00:00:00+00:00","dateModified":"2025-09-03T13:01:59+00:00","breadcrumb":{"@id":"https:\/\/staging.forenteforlag.no\/dreyers\/produkt\/kva-skjer-i-bygde-norge\/#breadcrumb"},"inLanguage":"nb-NO","potentialAction":[{"@type":"ReadAction","target":["https:\/\/staging.forenteforlag.no\/dreyers\/produkt\/kva-skjer-i-bygde-norge\/"]}]},{"@type":"ImageObject","inLanguage":"nb-NO","@id":"https:\/\/staging.forenteforlag.no\/dreyers\/produkt\/kva-skjer-i-bygde-norge\/#primaryimage","url":"https:\/\/staging.forenteforlag.no\/dreyers\/wp-content\/uploads\/sites\/2\/2025\/08\/jpg-7437.jpg","contentUrl":"https:\/\/staging.forenteforlag.no\/dreyers\/wp-content\/uploads\/sites\/2\/2025\/08\/jpg-7437.jpg","width":446,"height":700},{"@type":"BreadcrumbList","@id":"https:\/\/staging.forenteforlag.no\/dreyers\/produkt\/kva-skjer-i-bygde-norge\/#breadcrumb","itemListElement":[{"@type":"ListItem","position":1,"name":"Hjem","item":"https:\/\/staging.forenteforlag.no\/dreyers\/"},{"@type":"ListItem","position":2,"name":"Alle b\u00f8ker","item":"https:\/\/staging.forenteforlag.no\/dreyers\/butikk\/"},{"@type":"ListItem","position":3,"name":"Kva skjer i Bygde-Norge?"}]},{"@type":"WebSite","@id":"https:\/\/staging.forenteforlag.no\/dreyers\/#website","url":"https:\/\/staging.forenteforlag.no\/dreyers\/","name":"Dreyers Forlag","description":"","potentialAction":[{"@type":"SearchAction","target":{"@type":"EntryPoint","urlTemplate":"https:\/\/staging.forenteforlag.no\/dreyers\/?s={search_term_string}"},"query-input":{"@type":"PropertyValueSpecification","valueRequired":true,"valueName":"search_term_string"}}],"inLanguage":"nb-NO"}]}},"_links":{"self":[{"href":"https:\/\/staging.forenteforlag.no\/dreyers\/wp-json\/wp\/v2\/product\/21192","targetHints":{"allow":["GET"]}}],"collection":[{"href":"https:\/\/staging.forenteforlag.no\/dreyers\/wp-json\/wp\/v2\/product"}],"about":[{"href":"https:\/\/staging.forenteforlag.no\/dreyers\/wp-json\/wp\/v2\/types\/product"}],"wp:featuredmedia":[{"embeddable":true,"href":"https:\/\/staging.forenteforlag.no\/dreyers\/wp-json\/wp\/v2\/media\/24221"}],"wp:attachment":[{"href":"https:\/\/staging.forenteforlag.no\/dreyers\/wp-json\/wp\/v2\/media?parent=21192"}],"wp:term":[{"taxonomy":"product_brand","embeddable":true,"href":"https:\/\/staging.forenteforlag.no\/dreyers\/wp-json\/wp\/v2\/product_brand?post=21192"},{"taxonomy":"product_cat","embeddable":true,"href":"https:\/\/staging.forenteforlag.no\/dreyers\/wp-json\/wp\/v2\/product_cat?post=21192"},{"taxonomy":"product_tag","embeddable":true,"href":"https:\/\/staging.forenteforlag.no\/dreyers\/wp-json\/wp\/v2\/product_tag?post=21192"}],"curies":[{"name":"wp","href":"https:\/\/api.w.org\/{rel}","templated":true}]}}

<p>Bygder har skifta ham og distrikta har gjort opprør. Reidar Almås tar oss i denne boka med sjumilssteg gjennom 1900-talet fram til dagens bygdesamfunn. Almås nøyer seg ikkje med å beskrive og forklare, men gir også råd om korleis bygdefolk kan skape si eiga framtid, under omstende dei sjølve ikkje har valt. Det er viktig å forstå både fortida og notida for å forme fram-tida.</p>
<p>Med ein fot i bygda og ein fot som professor og institusjonsbyggar på universitetet, tar Almås deg med på ei reise gjennom eit landskap som er sterkt forandra. Tufta på 45 år med bygde-forsking og praktisk bygdeliv, oppdaterer han oss på kva som skjer med distriktsnæringane og korleis det går med det grøne skiftet. Den skjøre balansen mellom by og land er avgjerande dersom vi skal ha tilgang til nok mat og rimeleg energi i åra som kjem.</p>
<p>I kjølvatnet av dei mange distriktsopprøra har distrikts-politikken kome høgt på den politiske dagsordenen. For å skjøne kva som skjer, må vi skaffe oss oversikt over dei lange linjene i forholdet mellom bygd og by. Dei overordna spørsmåla vil vere: Kva har skjedd med bygdene våre, kvifor har det skjedd og kva vil og bør skje framover.</p>

<p>Bygder har skifta ham og distrikta har gjort opprør. Reidar Almås tar oss i denne boka med sjumilssteg gjennom 1900-talet fram til dagens bygdesamfunn. Almås nøyer seg ikkje med å beskrive og forklare, men gir også råd om korleis bygdefolk kan skape si eiga framtid, under omstende dei sjølve ikkje har valt. Det er viktig [&hellip;]</p>

<!-- This site is optimized with the Yoast SEO plugin v26.6 - https://yoast.com/wordpress/plugins/seo/ -->
<title>Kva skjer i Bygde-Norge? - Dreyers Forlag</title>
<meta name="robots" content="noindex, follow, max-snippet:-1, max-image-preview:large, max-video-preview:-1" />
<meta property="og:locale" content="nb_NO" />
<meta property="og:type" content="article" />
<meta property="og:title" content="Kva skjer i Bygde-Norge? - Dreyers Forlag" />
<meta property="og:description" content="Bygder har skifta ham og distrikta har gjort opprør. Reidar Almås tar oss i denne boka med sjumilssteg gjennom 1900-talet fram til dagens bygdesamfunn. Almås nøyer seg ikkje med å beskrive og forklare, men gir også råd om korleis bygdefolk kan skape si eiga framtid, under omstende dei sjølve ikkje har valt. Det er viktig [&hellip;]" />
<meta property="og:url" content="https://staging.forenteforlag.no/dreyers/produkt/kva-skjer-i-bygde-norge/" />
<meta property="og:site_name" content="Dreyers Forlag" />
<meta property="article:modified_time" content="2025-09-03T13:01:59+00:00" />
<meta property="og:image" content="https://staging.forenteforlag.no/dreyers/wp-content/uploads/sites/2/2025/08/jpg-7437.jpg" />
	<meta property="og:image:width" content="446" />
	<meta property="og:image:height" content="700" />
	<meta property="og:image:type" content="image/jpeg" />
<meta name="twitter:card" content="summary_large_image" />
<meta name="twitter:label1" content="Ansl. lesetid" />
	<meta name="twitter:data1" content="1 minutt" />
<script type="application/ld+json" class="yoast-schema-graph">{"@context":"https://schema.org","@graph":[{"@type":"WebPage","@id":"https://staging.forenteforlag.no/dreyers/produkt/kva-skjer-i-bygde-norge/","url":"https://staging.forenteforlag.no/dreyers/produkt/kva-skjer-i-bygde-norge/","name":"Kva skjer i Bygde-Norge? - Dreyers Forlag","isPartOf":{"@id":"https://staging.forenteforlag.no/dreyers/#website"},"primaryImageOfPage":{"@id":"https://staging.forenteforlag.no/dreyers/produkt/kva-skjer-i-bygde-norge/#primaryimage"},"image":{"@id":"https://staging.forenteforlag.no/dreyers/produkt/kva-skjer-i-bygde-norge/#primaryimage"},"thumbnailUrl":"https://staging.forenteforlag.no/dreyers/wp-content/uploads/sites/2/2025/08/jpg-7437.jpg","datePublished":"2023-03-08T00:00:00+00:00","dateModified":"2025-09-03T13:01:59+00:00","breadcrumb":{"@id":"https://staging.forenteforlag.no/dreyers/produkt/kva-skjer-i-bygde-norge/#breadcrumb"},"inLanguage":"nb-NO","potentialAction":[{"@type":"ReadAction","target":["https://staging.forenteforlag.no/dreyers/produkt/kva-skjer-i-bygde-norge/"]}]},{"@type":"ImageObject","inLanguage":"nb-NO","@id":"https://staging.forenteforlag.no/dreyers/produkt/kva-skjer-i-bygde-norge/#primaryimage","url":"https://staging.forenteforlag.no/dreyers/wp-content/uploads/sites/2/2025/08/jpg-7437.jpg","contentUrl":"https://staging.forenteforlag.no/dreyers/wp-content/uploads/sites/2/2025/08/jpg-7437.jpg","width":446,"height":700},{"@type":"BreadcrumbList","@id":"https://staging.forenteforlag.no/dreyers/produkt/kva-skjer-i-bygde-norge/#breadcrumb","itemListElement":[{"@type":"ListItem","position":1,"name":"Hjem","item":"https://staging.forenteforlag.no/dreyers/"},{"@type":"ListItem","position":2,"name":"Alle bøker","item":"https://staging.forenteforlag.no/dreyers/butikk/"},{"@type":"ListItem","position":3,"name":"Kva skjer i Bygde-Norge?"}]},{"@type":"WebSite","@id":"https://staging.forenteforlag.no/dreyers/#website","url":"https://staging.forenteforlag.no/dreyers/","name":"Dreyers Forlag","description":"","potentialAction":[{"@type":"SearchAction","target":{"@type":"EntryPoint","urlTemplate":"https://staging.forenteforlag.no/dreyers/?s={search_term_string}"},"query-input":{"@type":"PropertyValueSpecification","valueRequired":true,"valueName":"search_term_string"}}],"inLanguage":"nb-NO"}]}</script>
<!-- / Yoast SEO plugin. -->

Bygder har skifta ham og distrikta har gjort opprør. Reidar Almås tar oss i denne boka med sjumilssteg gjennom 1900-talet fram til dagens bygdesamfunn. Almås nøyer seg ikkje med å beskrive og forklare, men gir også råd om korleis bygdefolk kan skape si eiga framtid, under omstende dei sjølve ikkje har valt. Det er viktig [&hellip;]

Alle bøker
