{"id":21191,"date":"2023-03-23T01:00:00","date_gmt":"2023-03-23T00:00:00","guid":{"rendered":"https:\/\/dreyersforlag.forenteforlag.no\/produkt\/tanker-tid-og-ting\/"},"modified":"2025-09-03T15:01:13","modified_gmt":"2025-09-03T13:01:13","slug":"tanker-tid-og-ting","status":"publish","type":"product","link":"https:\/\/staging.forenteforlag.no\/dreyers\/produkt\/tanker-tid-og-ting\/","title":{"rendered":"Tanker, tid og ting"},"content":{"rendered":"<p>Hva er et menneske?<\/p>\n<p>Den som stiller sp\u00f8rsm\u00e5let, er selv et menneske, s\u00e5 svaret er en form for selvkunnskap. Bokens hovedtese er at denne kunnskapen ikke gjelder et fysisk eller \u00e5ndelig objekt; et \u00abselv\u00bb. Den gjelder oss selv som fornuftsvesener, og \u00e5 avdekke fornuft i til v\u00e6relsen er fornuftens selvre.eksive bed\u00f8mmelse av noe som fornuftig.<\/p>\n<p>Historisk forf\u00f8lges denne tanken p\u00e5 fornuftens autonomi fra Sokrates, Platon og Aristoteles fram til Kants oppsummering av den moderne opplysningstanken i maksimen \u00abTenk selv!\u00bb<\/p>\n<p>Tematisk er framstillingens r\u00f8de tr\u00e5d Hans Skjervheims skille mellom deltaker og tilskuer. I henhold til denne distinksjonen er ogs\u00e5 forklaringen av andre menneskers tanker og handlinger en form for selvkunnskap, med gjensidig, dialogisk innlevelse i et jeg\/du-forhold.<\/p>\n<p>Endelig videref\u00f8res tanken p\u00e5 rasjonell autonomi til Kants s\u00e5kalte transcendentale idealisme: Ikke bare fornuften, ogs\u00e5 tiden er noe menneskelig, re.eksivt forankret i v\u00e5rt liv her og n\u00e5.<\/p>\n","protected":false},"excerpt":{"rendered":"<p>Hva er et menneske? Den som stiller sp\u00f8rsm\u00e5let, er selv et menneske, s\u00e5 svaret er en form for selvkunnskap. Bokens hovedtese er at denne kunnskapen ikke gjelder et fysisk eller \u00e5ndelig objekt; et \u00abselv\u00bb. Den gjelder oss selv som fornuftsvesener, og \u00e5 avdekke fornuft i til v\u00e6relsen er fornuftens selvre.eksive bed\u00f8mmelse av noe som fornuftig. [&hellip;]<\/p>\n","protected":false},"featured_media":24401,"template":"","meta":{"_acf_changed":false,"inline_featured_image":false},"product_brand":[],"product_cat":[21,1785],"product_tag":[1346,362,502],"class_list":{"0":"post-21191","1":"product","2":"type-product","3":"status-publish","4":"has-post-thumbnail","6":"product_cat-filosofi","7":"product_cat-fripris","8":"product_tag-antikk-filosofi","9":"product_tag-faglitteratur","10":"product_tag-laereboker-hoyere-utd","11":"pa_format-innbundet","13":"first","14":"instock","15":"shipping-taxable","16":"purchasable","17":"product-type-simple"},"acf":{"anmeldelse":null},"yoast_head":"<!-- This site is optimized with the Yoast SEO plugin v26.6 - https:\/\/yoast.com\/wordpress\/plugins\/seo\/ -->\n<title>Tanker, tid og ting - Dreyers Forlag<\/title>\n<meta name=\"robots\" content=\"noindex, follow, max-snippet:-1, max-image-preview:large, max-video-preview:-1\" \/>\n<meta property=\"og:locale\" content=\"nb_NO\" \/>\n<meta property=\"og:type\" content=\"article\" \/>\n<meta property=\"og:title\" content=\"Tanker, tid og ting - Dreyers Forlag\" \/>\n<meta property=\"og:description\" content=\"Hva er et menneske? Den som stiller sp\u00f8rsm\u00e5let, er selv et menneske, s\u00e5 svaret er en form for selvkunnskap. Bokens hovedtese er at denne kunnskapen ikke gjelder et fysisk eller \u00e5ndelig objekt; et \u00abselv\u00bb. Den gjelder oss selv som fornuftsvesener, og \u00e5 avdekke fornuft i til v\u00e6relsen er fornuftens selvre.eksive bed\u00f8mmelse av noe som fornuftig. [&hellip;]\" \/>\n<meta property=\"og:url\" content=\"https:\/\/staging.forenteforlag.no\/dreyers\/produkt\/tanker-tid-og-ting\/\" \/>\n<meta property=\"og:site_name\" content=\"Dreyers Forlag\" \/>\n<meta property=\"article:modified_time\" content=\"2025-09-03T13:01:13+00:00\" \/>\n<meta property=\"og:image\" content=\"https:\/\/staging.forenteforlag.no\/dreyers\/wp-content\/uploads\/sites\/2\/2025\/08\/jpg-9059.jpg\" \/>\n\t<meta property=\"og:image:width\" content=\"397\" \/>\n\t<meta property=\"og:image:height\" content=\"612\" \/>\n\t<meta property=\"og:image:type\" content=\"image\/jpeg\" \/>\n<meta name=\"twitter:card\" content=\"summary_large_image\" \/>\n<meta name=\"twitter:label1\" content=\"Ansl. lesetid\" \/>\n\t<meta name=\"twitter:data1\" content=\"1 minutt\" \/>\n<script type=\"application\/ld+json\" class=\"yoast-schema-graph\">{\"@context\":\"https:\/\/schema.org\",\"@graph\":[{\"@type\":\"WebPage\",\"@id\":\"https:\/\/staging.forenteforlag.no\/dreyers\/produkt\/tanker-tid-og-ting\/\",\"url\":\"https:\/\/staging.forenteforlag.no\/dreyers\/produkt\/tanker-tid-og-ting\/\",\"name\":\"Tanker, tid og ting - Dreyers Forlag\",\"isPartOf\":{\"@id\":\"https:\/\/staging.forenteforlag.no\/dreyers\/#website\"},\"primaryImageOfPage\":{\"@id\":\"https:\/\/staging.forenteforlag.no\/dreyers\/produkt\/tanker-tid-og-ting\/#primaryimage\"},\"image\":{\"@id\":\"https:\/\/staging.forenteforlag.no\/dreyers\/produkt\/tanker-tid-og-ting\/#primaryimage\"},\"thumbnailUrl\":\"https:\/\/staging.forenteforlag.no\/dreyers\/wp-content\/uploads\/sites\/2\/2025\/08\/jpg-9059.jpg\",\"datePublished\":\"2023-03-23T00:00:00+00:00\",\"dateModified\":\"2025-09-03T13:01:13+00:00\",\"breadcrumb\":{\"@id\":\"https:\/\/staging.forenteforlag.no\/dreyers\/produkt\/tanker-tid-og-ting\/#breadcrumb\"},\"inLanguage\":\"nb-NO\",\"potentialAction\":[{\"@type\":\"ReadAction\",\"target\":[\"https:\/\/staging.forenteforlag.no\/dreyers\/produkt\/tanker-tid-og-ting\/\"]}]},{\"@type\":\"ImageObject\",\"inLanguage\":\"nb-NO\",\"@id\":\"https:\/\/staging.forenteforlag.no\/dreyers\/produkt\/tanker-tid-og-ting\/#primaryimage\",\"url\":\"https:\/\/staging.forenteforlag.no\/dreyers\/wp-content\/uploads\/sites\/2\/2025\/08\/jpg-9059.jpg\",\"contentUrl\":\"https:\/\/staging.forenteforlag.no\/dreyers\/wp-content\/uploads\/sites\/2\/2025\/08\/jpg-9059.jpg\",\"width\":397,\"height\":612},{\"@type\":\"BreadcrumbList\",\"@id\":\"https:\/\/staging.forenteforlag.no\/dreyers\/produkt\/tanker-tid-og-ting\/#breadcrumb\",\"itemListElement\":[{\"@type\":\"ListItem\",\"position\":1,\"name\":\"Hjem\",\"item\":\"https:\/\/staging.forenteforlag.no\/dreyers\/\"},{\"@type\":\"ListItem\",\"position\":2,\"name\":\"Alle b\u00f8ker\",\"item\":\"https:\/\/staging.forenteforlag.no\/dreyers\/butikk\/\"},{\"@type\":\"ListItem\",\"position\":3,\"name\":\"Tanker, tid og ting\"}]},{\"@type\":\"WebSite\",\"@id\":\"https:\/\/staging.forenteforlag.no\/dreyers\/#website\",\"url\":\"https:\/\/staging.forenteforlag.no\/dreyers\/\",\"name\":\"Dreyers Forlag\",\"description\":\"\",\"potentialAction\":[{\"@type\":\"SearchAction\",\"target\":{\"@type\":\"EntryPoint\",\"urlTemplate\":\"https:\/\/staging.forenteforlag.no\/dreyers\/?s={search_term_string}\"},\"query-input\":{\"@type\":\"PropertyValueSpecification\",\"valueRequired\":true,\"valueName\":\"search_term_string\"}}],\"inLanguage\":\"nb-NO\"}]}<\/script>\n<!-- \/ Yoast SEO plugin. -->","yoast_head_json":{"title":"Tanker, tid og ting - Dreyers Forlag","robots":{"index":"noindex","follow":"follow","max-snippet":"max-snippet:-1","max-image-preview":"max-image-preview:large","max-video-preview":"max-video-preview:-1"},"og_locale":"nb_NO","og_type":"article","og_title":"Tanker, tid og ting - Dreyers Forlag","og_description":"Hva er et menneske? Den som stiller sp\u00f8rsm\u00e5let, er selv et menneske, s\u00e5 svaret er en form for selvkunnskap. Bokens hovedtese er at denne kunnskapen ikke gjelder et fysisk eller \u00e5ndelig objekt; et \u00abselv\u00bb. Den gjelder oss selv som fornuftsvesener, og \u00e5 avdekke fornuft i til v\u00e6relsen er fornuftens selvre.eksive bed\u00f8mmelse av noe som fornuftig. [&hellip;]","og_url":"https:\/\/staging.forenteforlag.no\/dreyers\/produkt\/tanker-tid-og-ting\/","og_site_name":"Dreyers Forlag","article_modified_time":"2025-09-03T13:01:13+00:00","og_image":[{"width":397,"height":612,"url":"https:\/\/staging.forenteforlag.no\/dreyers\/wp-content\/uploads\/sites\/2\/2025\/08\/jpg-9059.jpg","type":"image\/jpeg"}],"twitter_card":"summary_large_image","twitter_misc":{"Ansl. lesetid":"1 minutt"},"schema":{"@context":"https:\/\/schema.org","@graph":[{"@type":"WebPage","@id":"https:\/\/staging.forenteforlag.no\/dreyers\/produkt\/tanker-tid-og-ting\/","url":"https:\/\/staging.forenteforlag.no\/dreyers\/produkt\/tanker-tid-og-ting\/","name":"Tanker, tid og ting - Dreyers Forlag","isPartOf":{"@id":"https:\/\/staging.forenteforlag.no\/dreyers\/#website"},"primaryImageOfPage":{"@id":"https:\/\/staging.forenteforlag.no\/dreyers\/produkt\/tanker-tid-og-ting\/#primaryimage"},"image":{"@id":"https:\/\/staging.forenteforlag.no\/dreyers\/produkt\/tanker-tid-og-ting\/#primaryimage"},"thumbnailUrl":"https:\/\/staging.forenteforlag.no\/dreyers\/wp-content\/uploads\/sites\/2\/2025\/08\/jpg-9059.jpg","datePublished":"2023-03-23T00:00:00+00:00","dateModified":"2025-09-03T13:01:13+00:00","breadcrumb":{"@id":"https:\/\/staging.forenteforlag.no\/dreyers\/produkt\/tanker-tid-og-ting\/#breadcrumb"},"inLanguage":"nb-NO","potentialAction":[{"@type":"ReadAction","target":["https:\/\/staging.forenteforlag.no\/dreyers\/produkt\/tanker-tid-og-ting\/"]}]},{"@type":"ImageObject","inLanguage":"nb-NO","@id":"https:\/\/staging.forenteforlag.no\/dreyers\/produkt\/tanker-tid-og-ting\/#primaryimage","url":"https:\/\/staging.forenteforlag.no\/dreyers\/wp-content\/uploads\/sites\/2\/2025\/08\/jpg-9059.jpg","contentUrl":"https:\/\/staging.forenteforlag.no\/dreyers\/wp-content\/uploads\/sites\/2\/2025\/08\/jpg-9059.jpg","width":397,"height":612},{"@type":"BreadcrumbList","@id":"https:\/\/staging.forenteforlag.no\/dreyers\/produkt\/tanker-tid-og-ting\/#breadcrumb","itemListElement":[{"@type":"ListItem","position":1,"name":"Hjem","item":"https:\/\/staging.forenteforlag.no\/dreyers\/"},{"@type":"ListItem","position":2,"name":"Alle b\u00f8ker","item":"https:\/\/staging.forenteforlag.no\/dreyers\/butikk\/"},{"@type":"ListItem","position":3,"name":"Tanker, tid og ting"}]},{"@type":"WebSite","@id":"https:\/\/staging.forenteforlag.no\/dreyers\/#website","url":"https:\/\/staging.forenteforlag.no\/dreyers\/","name":"Dreyers Forlag","description":"","potentialAction":[{"@type":"SearchAction","target":{"@type":"EntryPoint","urlTemplate":"https:\/\/staging.forenteforlag.no\/dreyers\/?s={search_term_string}"},"query-input":{"@type":"PropertyValueSpecification","valueRequired":true,"valueName":"search_term_string"}}],"inLanguage":"nb-NO"}]}},"_links":{"self":[{"href":"https:\/\/staging.forenteforlag.no\/dreyers\/wp-json\/wp\/v2\/product\/21191","targetHints":{"allow":["GET"]}}],"collection":[{"href":"https:\/\/staging.forenteforlag.no\/dreyers\/wp-json\/wp\/v2\/product"}],"about":[{"href":"https:\/\/staging.forenteforlag.no\/dreyers\/wp-json\/wp\/v2\/types\/product"}],"wp:featuredmedia":[{"embeddable":true,"href":"https:\/\/staging.forenteforlag.no\/dreyers\/wp-json\/wp\/v2\/media\/24401"}],"wp:attachment":[{"href":"https:\/\/staging.forenteforlag.no\/dreyers\/wp-json\/wp\/v2\/media?parent=21191"}],"wp:term":[{"taxonomy":"product_brand","embeddable":true,"href":"https:\/\/staging.forenteforlag.no\/dreyers\/wp-json\/wp\/v2\/product_brand?post=21191"},{"taxonomy":"product_cat","embeddable":true,"href":"https:\/\/staging.forenteforlag.no\/dreyers\/wp-json\/wp\/v2\/product_cat?post=21191"},{"taxonomy":"product_tag","embeddable":true,"href":"https:\/\/staging.forenteforlag.no\/dreyers\/wp-json\/wp\/v2\/product_tag?post=21191"}],"curies":[{"name":"wp","href":"https:\/\/api.w.org\/{rel}","templated":true}]}}

<p>Hva er et menneske?</p>
<p>Den som stiller spørsmålet, er selv et menneske, så svaret er en form for selvkunnskap. Bokens hovedtese er at denne kunnskapen ikke gjelder et fysisk eller åndelig objekt; et «selv». Den gjelder oss selv som fornuftsvesener, og å avdekke fornuft i til værelsen er fornuftens selvre.eksive bedømmelse av noe som fornuftig.</p>
<p>Historisk forfølges denne tanken på fornuftens autonomi fra Sokrates, Platon og Aristoteles fram til Kants oppsummering av den moderne opplysningstanken i maksimen «Tenk selv!»</p>
<p>Tematisk er framstillingens røde tråd Hans Skjervheims skille mellom deltaker og tilskuer. I henhold til denne distinksjonen er også forklaringen av andre menneskers tanker og handlinger en form for selvkunnskap, med gjensidig, dialogisk innlevelse i et jeg/du-forhold.</p>
<p>Endelig videreføres tanken på rasjonell autonomi til Kants såkalte transcendentale idealisme: Ikke bare fornuften, også tiden er noe menneskelig, re.eksivt forankret i vårt liv her og nå.</p>

<p>Hva er et menneske? Den som stiller spørsmålet, er selv et menneske, så svaret er en form for selvkunnskap. Bokens hovedtese er at denne kunnskapen ikke gjelder et fysisk eller åndelig objekt; et «selv». Den gjelder oss selv som fornuftsvesener, og å avdekke fornuft i til værelsen er fornuftens selvre.eksive bedømmelse av noe som fornuftig. [&hellip;]</p>

<!-- This site is optimized with the Yoast SEO plugin v26.6 - https://yoast.com/wordpress/plugins/seo/ -->
<title>Tanker, tid og ting - Dreyers Forlag</title>
<meta name="robots" content="noindex, follow, max-snippet:-1, max-image-preview:large, max-video-preview:-1" />
<meta property="og:locale" content="nb_NO" />
<meta property="og:type" content="article" />
<meta property="og:title" content="Tanker, tid og ting - Dreyers Forlag" />
<meta property="og:description" content="Hva er et menneske? Den som stiller spørsmålet, er selv et menneske, så svaret er en form for selvkunnskap. Bokens hovedtese er at denne kunnskapen ikke gjelder et fysisk eller åndelig objekt; et «selv». Den gjelder oss selv som fornuftsvesener, og å avdekke fornuft i til værelsen er fornuftens selvre.eksive bedømmelse av noe som fornuftig. [&hellip;]" />
<meta property="og:url" content="https://staging.forenteforlag.no/dreyers/produkt/tanker-tid-og-ting/" />
<meta property="og:site_name" content="Dreyers Forlag" />
<meta property="article:modified_time" content="2025-09-03T13:01:13+00:00" />
<meta property="og:image" content="https://staging.forenteforlag.no/dreyers/wp-content/uploads/sites/2/2025/08/jpg-9059.jpg" />
	<meta property="og:image:width" content="397" />
	<meta property="og:image:height" content="612" />
	<meta property="og:image:type" content="image/jpeg" />
<meta name="twitter:card" content="summary_large_image" />
<meta name="twitter:label1" content="Ansl. lesetid" />
	<meta name="twitter:data1" content="1 minutt" />
<script type="application/ld+json" class="yoast-schema-graph">{"@context":"https://schema.org","@graph":[{"@type":"WebPage","@id":"https://staging.forenteforlag.no/dreyers/produkt/tanker-tid-og-ting/","url":"https://staging.forenteforlag.no/dreyers/produkt/tanker-tid-og-ting/","name":"Tanker, tid og ting - Dreyers Forlag","isPartOf":{"@id":"https://staging.forenteforlag.no/dreyers/#website"},"primaryImageOfPage":{"@id":"https://staging.forenteforlag.no/dreyers/produkt/tanker-tid-og-ting/#primaryimage"},"image":{"@id":"https://staging.forenteforlag.no/dreyers/produkt/tanker-tid-og-ting/#primaryimage"},"thumbnailUrl":"https://staging.forenteforlag.no/dreyers/wp-content/uploads/sites/2/2025/08/jpg-9059.jpg","datePublished":"2023-03-23T00:00:00+00:00","dateModified":"2025-09-03T13:01:13+00:00","breadcrumb":{"@id":"https://staging.forenteforlag.no/dreyers/produkt/tanker-tid-og-ting/#breadcrumb"},"inLanguage":"nb-NO","potentialAction":[{"@type":"ReadAction","target":["https://staging.forenteforlag.no/dreyers/produkt/tanker-tid-og-ting/"]}]},{"@type":"ImageObject","inLanguage":"nb-NO","@id":"https://staging.forenteforlag.no/dreyers/produkt/tanker-tid-og-ting/#primaryimage","url":"https://staging.forenteforlag.no/dreyers/wp-content/uploads/sites/2/2025/08/jpg-9059.jpg","contentUrl":"https://staging.forenteforlag.no/dreyers/wp-content/uploads/sites/2/2025/08/jpg-9059.jpg","width":397,"height":612},{"@type":"BreadcrumbList","@id":"https://staging.forenteforlag.no/dreyers/produkt/tanker-tid-og-ting/#breadcrumb","itemListElement":[{"@type":"ListItem","position":1,"name":"Hjem","item":"https://staging.forenteforlag.no/dreyers/"},{"@type":"ListItem","position":2,"name":"Alle bøker","item":"https://staging.forenteforlag.no/dreyers/butikk/"},{"@type":"ListItem","position":3,"name":"Tanker, tid og ting"}]},{"@type":"WebSite","@id":"https://staging.forenteforlag.no/dreyers/#website","url":"https://staging.forenteforlag.no/dreyers/","name":"Dreyers Forlag","description":"","potentialAction":[{"@type":"SearchAction","target":{"@type":"EntryPoint","urlTemplate":"https://staging.forenteforlag.no/dreyers/?s={search_term_string}"},"query-input":{"@type":"PropertyValueSpecification","valueRequired":true,"valueName":"search_term_string"}}],"inLanguage":"nb-NO"}]}</script>
<!-- / Yoast SEO plugin. -->

Hva er et menneske? Den som stiller spørsmålet, er selv et menneske, så svaret er en form for selvkunnskap. Bokens hovedtese er at denne kunnskapen ikke gjelder et fysisk eller åndelig objekt; et «selv». Den gjelder oss selv som fornuftsvesener, og å avdekke fornuft i til værelsen er fornuftens selvre.eksive bedømmelse av noe som fornuftig. [&hellip;]

Alle bøker
